[INFO] fetching crate qpid_proton 0.0.10...
[INFO] checking qpid_proton-0.0.10 against nightly-2024-02-05 for check-cfg
[INFO] extracting crate qpid_proton 0.0.10 into /workspace/builds/worker-5-tc1/source
[INFO] validating manifest of crates.io crate qpid_proton 0.0.10 on toolchain nightly-2024-02-05
[INFO] running `Command { std: CARGO_HOME="/workspace/cargo-home" RUSTUP_HOME="/workspace/rustup-home" "/workspace/cargo-home/bin/cargo" "+nightly-2024-02-05" "metadata" "--manifest-path" "Cargo.toml" "--no-deps", kill_on_drop: false }`
[INFO] started tweaking crates.io crate qpid_proton 0.0.10
[INFO] finished tweaking crates.io crate qpid_proton 0.0.10
[INFO] tweaked toml for crates.io crate qpid_proton 0.0.10 written to /workspace/builds/worker-5-tc1/source/Cargo.toml
[INFO] crate crates.io crate qpid_proton 0.0.10 already has a lockfile, it will not be regenerated
[INFO] running `Command { std: CARGO_HOME="/workspace/cargo-home" RUSTUP_HOME="/workspace/rustup-home" "/workspace/cargo-home/bin/cargo" "+nightly-2024-02-05" "fetch" "--manifest-path" "Cargo.toml", kill_on_drop: false }`
[INFO] [stderr]     Updating crates.io index
[INFO] [stderr]  Downloading crates ...
[INFO] [stderr]   Downloaded cmake v0.1.45
[INFO] [stderr]   Downloaded qpid_proton-sys v0.0.1
[INFO] running `Command { std: "docker" "create" "-v" "/var/lib/crater-agent-workspace/builds/worker-5-tc1/target:/opt/rustwide/target:rw,Z" "-v" "/var/lib/crater-agent-workspace/builds/worker-5-tc1/source:/opt/rustwide/workdir:ro,Z" "-v" "/var/lib/crater-agent-workspace/cargo-home:/opt/rustwide/cargo-home:ro,Z" "-v" "/var/lib/crater-agent-workspace/rustup-home:/opt/rustwide/rustup-home:ro,Z" "-e" "SOURCE_DIR=/opt/rustwide/workdir" "-e" "CARGO_TARGET_DIR=/opt/rustwide/target" "-e" "CARGO_HOME=/opt/rustwide/cargo-home" "-e" "RUSTUP_HOME=/opt/rustwide/rustup-home" "-w" "/opt/rustwide/workdir" "-m" "1610612736" "--user" "0:0" "--network" "none" "ghcr.io/rust-lang/crates-build-env/linux@sha256:2788e3201cd34a07e3172128adcd8b3090168a8e3bcc40d7c032b9dda1df7d1c" "/opt/rustwide/cargo-home/bin/cargo" "+nightly-2024-02-05" "metadata" "--no-deps" "--format-version=1", kill_on_drop: false }`
[INFO] [stdout] dec59faf3c350aeb97f5702e106a46fda07d62702fb5df59cbf03255c4c5ab82
[INFO] running `Command { std: "docker" "start" "-a" "dec59faf3c350aeb97f5702e106a46fda07d62702fb5df59cbf03255c4c5ab82", kill_on_drop: false }`
[INFO] running `Command { std: "docker" "inspect" "dec59faf3c350aeb97f5702e106a46fda07d62702fb5df59cbf03255c4c5ab82", kill_on_drop: false }`
[INFO] running `Command { std: "docker" "rm" "-f" "dec59faf3c350aeb97f5702e106a46fda07d62702fb5df59cbf03255c4c5ab82", kill_on_drop: false }`
[INFO] [stdout] dec59faf3c350aeb97f5702e106a46fda07d62702fb5df59cbf03255c4c5ab82
[INFO] running `Command { std: "docker" "create" "-v" "/var/lib/crater-agent-workspace/builds/worker-5-tc1/target:/opt/rustwide/target:rw,Z" "-v" "/var/lib/crater-agent-workspace/builds/worker-5-tc1/source:/opt/rustwide/workdir:ro,Z" "-v" "/var/lib/crater-agent-workspace/cargo-home:/opt/rustwide/cargo-home:ro,Z" "-v" "/var/lib/crater-agent-workspace/rustup-home:/opt/rustwide/rustup-home:ro,Z" "-e" "SOURCE_DIR=/opt/rustwide/workdir" "-e" "CARGO_TARGET_DIR=/opt/rustwide/target" "-e" "CARGO_INCREMENTAL=0" "-e" "RUST_BACKTRACE=full" "-e" "RUSTFLAGS=--cap-lints=forbid" "-e" "RUSTDOCFLAGS=--cap-lints=forbid" "-e" "CARGO_HOME=/opt/rustwide/cargo-home" "-e" "RUSTUP_HOME=/opt/rustwide/rustup-home" "-w" "/opt/rustwide/workdir" "-m" "1610612736" "--user" "0:0" "--network" "none" "ghcr.io/rust-lang/crates-build-env/linux@sha256:2788e3201cd34a07e3172128adcd8b3090168a8e3bcc40d7c032b9dda1df7d1c" "/opt/rustwide/cargo-home/bin/cargo" "+nightly-2024-02-05" "check" "--frozen" "--all" "--all-targets" "--message-format=json", kill_on_drop: false }`
[INFO] [stdout] 65fd25900a72aafa56ab49cf31ee5377448042d7d6798bf996d3f32ea065ce70
[INFO] running `Command { std: "docker" "start" "-a" "65fd25900a72aafa56ab49cf31ee5377448042d7d6798bf996d3f32ea065ce70", kill_on_drop: false }`
[INFO] [stderr]    Compiling libc v0.2.80
[INFO] [stderr]    Compiling getrandom v0.1.15
[INFO] [stderr]     Checking cfg-if v0.1.10
[INFO] [stderr]    Compiling cc v1.0.65
[INFO] [stderr]     Checking ppv-lite86 v0.2.10
[INFO] [stderr]    Compiling log v0.4.11
[INFO] [stderr]    Compiling cmake v0.1.45
[INFO] [stderr]    Compiling qpid_proton-sys v0.0.1
[INFO] [stderr]     Checking rand_core v0.5.1
[INFO] [stderr]     Checking rand_chacha v0.2.2
[INFO] [stderr]     Checking rand v0.7.3
[INFO] [stderr]     Checking uuid v0.8.1
[INFO] [stderr] error: failed to run custom build command for `qpid_proton-sys v0.0.1`
[INFO] [stderr] note: To improve backtraces for build dependencies, set the CARGO_PROFILE_DEV_BUILD_OVERRIDE_DEBUG=true environment variable to enable debug information generation.
[INFO] [stderr] 
[INFO] [stderr] Caused by:
[INFO] [stderr]   process didn't exit successfully: `/opt/rustwide/target/debug/build/qpid_proton-sys-3ab5f3e9d45ffbbf/build-script-build` (exit status: 101)
[INFO] [stderr]   --- stdout
[INFO] [stderr]   cargo:rustc-env=PYTHONDONTWRITEBYTECODE=1
[INFO] [stderr]   running: cd "/opt/rustwide/target/debug/build/qpid_proton-sys-fa933850ca0de057/out/build" && CMAKE_PREFIX_PATH="" PYTHONDONTWRITEBYTECODE="1" "cmake" "/opt/rustwide/cargo-home/registry/src/index.crates.io-6f17d22bba15001f/qpid_proton-sys-0.0.1/lib/qpid-proton-0.33.0" "-DBUILD_CPP=OFF" "-DBUILD_GO=OFF" "-DBUILD_PYTHON=OFF" "-DBUILD_RUBY=OFF" "-DENABLE_FUZZ_TESTING=OFF" "-DCMAKE_INSTALL_PREFIX=/opt/rustwide/target/debug/build/qpid_proton-sys-fa933850ca0de057/out" "-DCMAKE_C_FLAGS= -ffunction-sections -fdata-sections -fPIC -m64" "-DCMAKE_C_COMPILER=/usr/bin/cc" "-DCMAKE_CXX_FLAGS= -ffunction-sections -fdata-sections -fPIC -m64" "-DCMAKE_CXX_COMPILER=/usr/bin/c++" "-DCMAKE_ASM_FLAGS= -ffunction-sections -fdata-sections -fPIC -m64" "-DCMAKE_ASM_COMPILER=/usr/bin/cc" "-DCMAKE_BUILD_TYPE=Debug"
[INFO] [stderr]   -- The C compiler identification is GNU 11.4.0
[INFO] [stderr]   -- Detecting C compiler ABI info
[INFO] [stderr]   -- Detecting C compiler ABI info - done
[INFO] [stderr]   -- Check for working C compiler: /usr/bin/cc - skipped
[INFO] [stderr]   -- Detecting C compile features
[INFO] [stderr]   -- Detecting C compile features - done
[INFO] [stderr]   -- Found OpenSSL: /usr/lib/x86_64-linux-gnu/libcrypto.so (found version "3.0.2")  
[INFO] [stderr]   -- Looking for pthread.h
[INFO] [stderr]   -- Looking for pthread.h - found
[INFO] [stderr]   -- Performing Test CMAKE_HAVE_LIBC_PTHREAD
[INFO] [stderr]   -- Performing Test CMAKE_HAVE_LIBC_PTHREAD - Success
[INFO] [stderr]   -- Found Threads: TRUE  
[INFO] [stderr]   -- Found PythonInterp: /usr/bin/python3.10 (found version "3.10.12") 
[INFO] [stderr]   -- Could NOT find SWIG (missing: SWIG_EXECUTABLE SWIG_DIR) 
[INFO] [stderr]   -- Found PkgConfig: /usr/bin/pkg-config (found version "0.29.2") 
[INFO] [stderr]   -- Found CyrusSASL: /usr/lib/x86_64-linux-gnu/libsasl2.so (found version "2.1.27") 
[INFO] [stderr]   -- The CXX compiler identification is GNU 11.4.0
[INFO] [stderr]   -- Detecting CXX compiler ABI info
[INFO] [stderr]   -- Detecting CXX compiler ABI info - done
[INFO] [stderr]   -- Check for working CXX compiler: /usr/bin/c++ - skipped
[INFO] [stderr]   -- Detecting CXX compile features
[INFO] [stderr]   -- Detecting CXX compile features - done
[INFO] [stderr]   -- Build type is "Debug" (has debug symbols)
[INFO] [stderr]   -- PN_VERSION: 0.33.0 ()
[INFO] [stderr]   -- Looking for clock_gettime
[INFO] [stderr]   -- Looking for clock_gettime - found
[INFO] [stderr]   -- Looking for strerror_r
[INFO] [stderr]   -- Looking for strerror_r - found
[INFO] [stderr]   -- Looking for epoll_wait
[INFO] [stderr]   -- Looking for epoll_wait - found
[INFO] [stderr]   -- Building the epoll proactor
[INFO] [stderr]   -- Could NOT find Doxygen (missing: DOXYGEN_EXECUTABLE) 
[INFO] [stderr]   -- Configuring done
[INFO] [stderr]   -- Generating done
[INFO] [stderr]   -- Build files have been written to: /opt/rustwide/target/debug/build/qpid_proton-sys-fa933850ca0de057/out/build
[INFO] [stderr]   running: cd "/opt/rustwide/target/debug/build/qpid_proton-sys-fa933850ca0de057/out/build" && MAKEFLAGS="-j --jobserver-fds=7,8 --jobserver-auth=7,8" PYTHONDONTWRITEBYTECODE="1" "cmake" "--build" "." "--target" "install" "--config" "Debug" "--"
[INFO] [stderr]   [  1%] Building C object c/CMakeFiles/qpid-proton-platform-io-objects.dir/src/platform/platform.c.o
[INFO] [stderr]   [  2%] Building CXX object c/tests/CMakeFiles/test_main.dir/test_main.cpp.o
[INFO] [stderr]   [  3%] Building C object c/CMakeFiles/qpid-proton-platform-io-objects.dir/src/reactor/io/posix/io.c.o
[INFO] [stderr]   [  4%] Building C object c/CMakeFiles/qpid-proton-proactor-objects.dir/src/proactor/epoll.c.o
[INFO] [stderr]   [  5%] Building C object c/CMakeFiles/qpid-proton-proactor-objects.dir/src/proactor/epoll_raw_connection.c.o
[INFO] [stderr]   [  6%] Building C object c/CMakeFiles/qpid-proton-platform-io-objects.dir/src/reactor/io/posix/selector.c.o
[INFO] [stderr]   [  7%] Generating src/protocol.h
[INFO] [stderr]   [  8%] Generating src/encodings.h
[INFO] [stderr]   [  9%] Building C object c/CMakeFiles/qpid-proton-proactor-objects.dir/src/proactor/epoll_timer.c.o
[INFO] [stderr]   [  9%] Built target qpid-proton-platform-io-objects
[INFO] [stderr]   [ 10%] Building C object c/CMakeFiles/qpid-proton-proactor-objects.dir/src/proactor/proactor-internal.c.o
[INFO] [stderr]   [ 10%] Building C object c/CMakeFiles/qpid-proton-proactor-objects.dir/src/proactor/netaddr-internal.c.o
[INFO] [stderr]   [ 11%] Building C object c/CMakeFiles/qpid-proton-proactor-objects.dir/src/proactor/raw_connection.c.o
[INFO] [stderr]   [ 11%] Built target generated_c_files
[INFO] [stderr]   [ 11%] Built target qpid-proton-proactor-objects
[INFO] [stderr]   [ 12%] Building C object c/CMakeFiles/qpid-proton-core-objects.dir/src/core/object/list.c.o
[INFO] [stderr]   [ 12%] Building C object c/CMakeFiles/qpid-proton-core-objects.dir/src/core/object/map.c.o
[INFO] [stderr]   [ 13%] Building C object c/CMakeFiles/qpid-proton-core-objects.dir/src/core/object/object.c.o
[INFO] [stderr]   [ 14%] Building C object c/CMakeFiles/qpid-proton-core-objects.dir/src/core/object/record.c.o
[INFO] [stderr]   [ 15%] Building C object c/CMakeFiles/qpid-proton-core-objects.dir/src/core/init.c.o
[INFO] [stderr]   [ 16%] Building C object c/CMakeFiles/qpid-proton-core-objects.dir/src/core/object/iterator.c.o
[INFO] [stderr]   [ 17%] Building C object c/CMakeFiles/qpid-proton-core-objects.dir/src/core/object/string.c.o
[INFO] [stderr]   [ 18%] Building C object c/CMakeFiles/qpid-proton-core-objects.dir/src/core/memory.c.o
[INFO] [stderr]   [ 19%] Building C object c/CMakeFiles/qpid-proton-core-objects.dir/src/core/util.c.o
[INFO] [stderr]   [ 20%] Building C object c/CMakeFiles/qpid-proton-core-objects.dir/src/core/error.c.o
[INFO] [stderr]   [ 21%] Building C object c/CMakeFiles/qpid-proton-core-objects.dir/src/core/logger.c.o
[INFO] [stderr]   [ 21%] Building C object c/CMakeFiles/qpid-proton-core-objects.dir/src/core/buffer.c.o
[INFO] [stderr]   [ 22%] Building C object c/CMakeFiles/qpid-proton-core-objects.dir/src/core/framing.c.o
[INFO] [stderr]   [ 23%] Building C object c/CMakeFiles/qpid-proton-core-objects.dir/src/core/types.c.o
[INFO] [stderr]   [ 24%] Building C object c/CMakeFiles/qpid-proton-core-objects.dir/src/core/decoder.c.o
[INFO] [stderr]   [ 25%] Building C object c/CMakeFiles/qpid-proton-core-objects.dir/src/core/codec.c.o
[INFO] [stderr]   [ 26%] Building C object c/CMakeFiles/qpid-proton-core-objects.dir/src/core/encoder.c.o
[INFO] [stderr]   [ 27%] Building C object c/CMakeFiles/qpid-proton-core-objects.dir/src/core/dispatcher.c.o
[INFO] [stderr]   [ 28%] Building C object c/CMakeFiles/qpid-proton-core-objects.dir/src/core/connection_driver.c.o
[INFO] [stderr]   [ 29%] Building C object c/CMakeFiles/qpid-proton-core-objects.dir/src/core/event.c.o
[INFO] [stderr]   [ 29%] Building C object c/CMakeFiles/qpid-proton-core-objects.dir/src/core/engine.c.o
[INFO] [stderr]   [ 30%] Building C object c/CMakeFiles/qpid-proton-core-objects.dir/src/core/message.c.o
[INFO] [stderr]   [ 31%] Building C object c/CMakeFiles/qpid-proton-core-objects.dir/src/core/autodetect.c.o
[INFO] [stderr]   [ 32%] Building C object c/CMakeFiles/qpid-proton-core-objects.dir/src/core/transport.c.o
[INFO] [stderr]   [ 33%] Building C object c/CMakeFiles/qpid-proton-core-objects.dir/src/sasl/default_sasl.c.o
[INFO] [stderr]   [ 34%] Building C object c/CMakeFiles/qpid-proton-core-objects.dir/src/sasl/sasl.c.o
[INFO] [stderr]   [ 35%] Building C object c/CMakeFiles/qpid-proton-core-objects.dir/src/sasl/cyrus_sasl.c.o
[INFO] [stderr]   [ 36%] Building C object c/CMakeFiles/qpid-proton-core-objects.dir/src/ssl/openssl.c.o
[INFO] [stderr]   [ 36%] Building C object c/CMakeFiles/qpid-proton-core-objects.dir/src/compiler/gcc/start.c.o
[INFO] [stderr] 
[INFO] [stderr]   --- stderr
[INFO] [stderr]   CMake Warning:
[INFO] [stderr]     Manually-specified variables were not used by the project:
[INFO] [stderr] 
[INFO] [stderr]       BUILD_PYTHON
[INFO] [stderr]       BUILD_RUBY
[INFO] [stderr]       CMAKE_ASM_COMPILER
[INFO] [stderr]       CMAKE_ASM_FLAGS
[INFO] [stderr] 
[INFO] [stderr] 
[INFO] [stderr]   In file included from /usr/include/signal.h:328,
[INFO] [stderr]                    from /opt/rustwide/cargo-home/registry/src/index.crates.io-6f17d22bba15001f/qpid_proton-sys-0.0.1/lib/qpid-proton-0.33.0/tests/include/catch.hpp:6520,
[INFO] [stderr]                    from /opt/rustwide/cargo-home/registry/src/index.crates.io-6f17d22bba15001f/qpid_proton-sys-0.0.1/lib/qpid-proton-0.33.0/c/tests/test_main.cpp:21:
[INFO] [stderr]   /opt/rustwide/cargo-home/registry/src/index.crates.io-6f17d22bba15001f/qpid_proton-sys-0.0.1/lib/qpid-proton-0.33.0/tests/include/catch.hpp:6543:33: error: size of array 'altStackMem' is not an integral constant-expression
[INFO] [stderr]    6543 |         static char altStackMem[SIGSTKSZ];
[INFO] [stderr]         |                                 ^~~~~~~~
[INFO] [stderr]   /opt/rustwide/cargo-home/registry/src/index.crates.io-6f17d22bba15001f/qpid_proton-sys-0.0.1/lib/qpid-proton-0.33.0/tests/include/catch.hpp:6594:45: error: size of array 'altStackMem' is not an integral constant-expression
[INFO] [stderr]    6594 |     char FatalConditionHandler::altStackMem[SIGSTKSZ] = {};
[INFO] [stderr]         |                                             ^~~~~~~~
[INFO] [stderr]   /opt/rustwide/cargo-home/registry/src/index.crates.io-6f17d22bba15001f/qpid_proton-sys-0.0.1/lib/qpid-proton-0.33.0/c/src/ssl/openssl.c: In function 'get_dh2048':
[INFO] [stderr]   /opt/rustwide/cargo-home/registry/src/index.crates.io-6f17d22bba15001f/qpid_proton-sys-0.0.1/lib/qpid-proton-0.33.0/c/src/ssl/openssl.c:398:3: error: 'DH_new' is deprecated: Since OpenSSL 3.0 [-Werror=deprecated-declarations]
[INFO] [stderr]     398 |   DH *dh = DH_new();
[INFO] [stderr]         |   ^~
[INFO] [stderr]   In file included from /usr/include/openssl/dsa.h:51,
[INFO] [stderr]                    from /usr/include/openssl/x509.h:37,
[INFO] [stderr]                    from /usr/include/openssl/ssl.h:31,
[INFO] [stderr]                    from /opt/rustwide/cargo-home/registry/src/index.crates.io-6f17d22bba15001f/qpid_proton-sys-0.0.1/lib/qpid-proton-0.33.0/c/src/ssl/openssl.c:47:
[INFO] [stderr]   /usr/include/openssl/dh.h:203:27: note: declared here
[INFO] [stderr]     203 | OSSL_DEPRECATEDIN_3_0 DH *DH_new(void);
[INFO] [stderr]         |                           ^~~~~~
[INFO] [stderr]   /opt/rustwide/cargo-home/registry/src/index.crates.io-6f17d22bba15001f/qpid_proton-sys-0.0.1/lib/qpid-proton-0.33.0/c/src/ssl/openssl.c:406:7: error: 'DH_set0_pqg' is deprecated: Since OpenSSL 3.0 [-Werror=deprecated-declarations]
[INFO] [stderr]     406 |       || !DH_set0_pqg(dh, dhp_bn, NULL, dhg_bn)) {
[INFO] [stderr]         |       ^~
[INFO] [stderr]   In file included from /usr/include/openssl/dsa.h:51,
[INFO] [stderr]                    from /usr/include/openssl/x509.h:37,
[INFO] [stderr]                    from /usr/include/openssl/ssl.h:31,
[INFO] [stderr]                    from /opt/rustwide/cargo-home/registry/src/index.crates.io-6f17d22bba15001f/qpid_proton-sys-0.0.1/lib/qpid-proton-0.33.0/c/src/ssl/openssl.c:47:
[INFO] [stderr]   /usr/include/openssl/dh.h:259:27: note: declared here
[INFO] [stderr]     259 | OSSL_DEPRECATEDIN_3_0 int DH_set0_pqg(DH *dh, BIGNUM *p, BIGNUM *q, BIGNUM *g);
[INFO] [stderr]         |                           ^~~~~~~~~~~
[INFO] [stderr]   /opt/rustwide/cargo-home/registry/src/index.crates.io-6f17d22bba15001f/qpid_proton-sys-0.0.1/lib/qpid-proton-0.33.0/c/src/ssl/openssl.c:407:5: error: 'DH_free' is deprecated: Since OpenSSL 3.0 [-Werror=deprecated-declarations]
[INFO] [stderr]     407 |     DH_free(dh);
[INFO] [stderr]         |     ^~~~~~~
[INFO] [stderr]   In file included from /usr/include/openssl/dsa.h:51,
[INFO] [stderr]                    from /usr/include/openssl/x509.h:37,
[INFO] [stderr]                    from /usr/include/openssl/ssl.h:31,
[INFO] [stderr]                    from /opt/rustwide/cargo-home/registry/src/index.crates.io-6f17d22bba15001f/qpid_proton-sys-0.0.1/lib/qpid-proton-0.33.0/c/src/ssl/openssl.c:47:
[INFO] [stderr]   /usr/include/openssl/dh.h:204:28: note: declared here
[INFO] [stderr]     204 | OSSL_DEPRECATEDIN_3_0 void DH_free(DH *dh);
[INFO] [stderr]         |                            ^~~~~~~
[INFO] [stderr]   /opt/rustwide/cargo-home/registry/src/index.crates.io-6f17d22bba15001f/qpid_proton-sys-0.0.1/lib/qpid-proton-0.33.0/c/src/ssl/openssl.c: In function 'pni_init_ssl_domain':
[INFO] [stderr]   /opt/rustwide/cargo-home/registry/src/index.crates.io-6f17d22bba15001f/qpid_proton-sys-0.0.1/lib/qpid-proton-0.33.0/c/src/ssl/openssl.c:548:5: error: 'DH_free' is deprecated: Since OpenSSL 3.0 [-Werror=deprecated-declarations]
[INFO] [stderr]     548 |     DH_free(dh);
[INFO] [stderr]         |     ^~~~~~~
[INFO] [stderr]   In file included from /usr/include/openssl/dsa.h:51,
[INFO] [stderr]                    from /usr/include/openssl/x509.h:37,
[INFO] [stderr]                    from /usr/include/openssl/ssl.h:31,
[INFO] [stderr]                    from /opt/rustwide/cargo-home/registry/src/index.crates.io-6f17d22bba15001f/qpid_proton-sys-0.0.1/lib/qpid-proton-0.33.0/c/src/ssl/openssl.c:47:
[INFO] [stderr]   /usr/include/openssl/dh.h:204:28: note: declared here
[INFO] [stderr]     204 | OSSL_DEPRECATEDIN_3_0 void DH_free(DH *dh);
[INFO] [stderr]         |                            ^~~~~~~
[INFO] [stderr]   cc1: all warnings being treated as errors
[INFO] [stderr]   gmake[2]: *** [c/CMakeFiles/qpid-proton-core-objects.dir/build.make:462: c/CMakeFiles/qpid-proton-core-objects.dir/src/ssl/openssl.c.o] Error 1
[INFO] [stderr]   gmake[1]: *** [CMakeFiles/Makefile2:1064: c/CMakeFiles/qpid-proton-core-objects.dir/all] Error 2
[INFO] [stderr]   gmake[1]: *** Waiting for unfinished jobs....
[INFO] [stderr]   gmake[2]: *** [c/tests/CMakeFiles/test_main.dir/build.make:76: c/tests/CMakeFiles/test_main.dir/test_main.cpp.o] Error 1
[INFO] [stderr]   gmake[1]: *** [CMakeFiles/Makefile2:1439: c/tests/CMakeFiles/test_main.dir/all] Error 2
[INFO] [stderr]   gmake: *** [Makefile:146: all] Error 2
[INFO] [stderr]   thread 'main' panicked at /opt/rustwide/cargo-home/registry/src/index.crates.io-6f17d22bba15001f/cmake-0.1.45/src/lib.rs:894:5:
[INFO] [stderr] 
[INFO] [stderr]   command did not execute successfully, got: exit status: 2
[INFO] [stderr] 
[INFO] [stderr]   build script failed, must exit now
[INFO] [stderr]   stack backtrace:
[INFO] [stderr]      0:     0x561a3fc04b26 - std::backtrace_rs::backtrace::libunwind::trace::heebc7766b165eb2a
[INFO] [stderr]                                  at /rustc/268dbbbc4b3fd71c5f360a4d0728295252430b5b/library/std/src/../../backtrace/src/backtrace/libunwind.rs:104:5
[INFO] [stderr]      1:     0x561a3fc04b26 - std::backtrace_rs::backtrace::trace_unsynchronized::ha677020d8fc0296d
[INFO] [stderr]                                  at /rustc/268dbbbc4b3fd71c5f360a4d0728295252430b5b/library/std/src/../../backtrace/src/backtrace/mod.rs:66:5
[INFO] [stderr]      2:     0x561a3fc04b26 - std::sys_common::backtrace::_print_fmt::hcaff2fd86a1aeaa3
[INFO] [stderr]                                  at /rustc/268dbbbc4b3fd71c5f360a4d0728295252430b5b/library/std/src/sys_common/backtrace.rs:68:5
[INFO] [stderr]      3:     0x561a3fc04b26 - <std::sys_common::backtrace::_print::DisplayBacktrace as core::fmt::Display>::fmt::hc2446d8aa0059188
[INFO] [stderr]                                  at /rustc/268dbbbc4b3fd71c5f360a4d0728295252430b5b/library/std/src/sys_common/backtrace.rs:44:22
[INFO] [stderr]      4:     0x561a3fc2a160 - core::fmt::rt::Argument::fmt::h2fbb6454da37999b
[INFO] [stderr]                                  at /rustc/268dbbbc4b3fd71c5f360a4d0728295252430b5b/library/core/src/fmt/rt.rs:142:9
[INFO] [stderr]      5:     0x561a3fc2a160 - core::fmt::write::had96bdeda7d49d3a
[INFO] [stderr]                                  at /rustc/268dbbbc4b3fd71c5f360a4d0728295252430b5b/library/core/src/fmt/mod.rs:1120:17
[INFO] [stderr]      6:     0x561a3fc01f6f - std::io::Write::write_fmt::h30b1f36eea05b391
[INFO] [stderr]                                  at /rustc/268dbbbc4b3fd71c5f360a4d0728295252430b5b/library/std/src/io/mod.rs:1849:15
[INFO] [stderr]      7:     0x561a3fc04904 - std::sys_common::backtrace::_print::hc333bb91ae972137
[INFO] [stderr]                                  at /rustc/268dbbbc4b3fd71c5f360a4d0728295252430b5b/library/std/src/sys_common/backtrace.rs:47:5
[INFO] [stderr]      8:     0x561a3fc04904 - std::sys_common::backtrace::print::h18fd3c71a95a3169
[INFO] [stderr]                                  at /rustc/268dbbbc4b3fd71c5f360a4d0728295252430b5b/library/std/src/sys_common/backtrace.rs:34:9
[INFO] [stderr]      9:     0x561a3fc061e7 - std::panicking::default_hook::{{closure}}::ha3473f9bcb4e9a37
[INFO] [stderr]     10:     0x561a3fc05f49 - std::panicking::default_hook::h23d9d43185db6584
[INFO] [stderr]                                  at /rustc/268dbbbc4b3fd71c5f360a4d0728295252430b5b/library/std/src/panicking.rs:292:9
[INFO] [stderr]     11:     0x561a3fc06678 - std::panicking::rust_panic_with_hook::h94aceaa7df3a6edd
[INFO] [stderr]                                  at /rustc/268dbbbc4b3fd71c5f360a4d0728295252430b5b/library/std/src/panicking.rs:781:13
[INFO] [stderr]     12:     0x561a3fc06552 - std::panicking::begin_panic_handler::{{closure}}::h9905d45d1d82fc42
[INFO] [stderr]                                  at /rustc/268dbbbc4b3fd71c5f360a4d0728295252430b5b/library/std/src/panicking.rs:659:13
[INFO] [stderr]     13:     0x561a3fc05026 - std::sys_common::backtrace::__rust_end_short_backtrace::hb02085545dc143b9
[INFO] [stderr]                                  at /rustc/268dbbbc4b3fd71c5f360a4d0728295252430b5b/library/std/src/sys_common/backtrace.rs:171:18
[INFO] [stderr]     14:     0x561a3fc062a4 - rust_begin_unwind
[INFO] [stderr]                                  at /rustc/268dbbbc4b3fd71c5f360a4d0728295252430b5b/library/std/src/panicking.rs:647:5
[INFO] [stderr]     15:     0x561a3fb95635 - core::panicking::panic_fmt::h6dca3983f8a9f4d0
[INFO] [stderr]                                  at /rustc/268dbbbc4b3fd71c5f360a4d0728295252430b5b/library/core/src/panicking.rs:72:14
[INFO] [stderr]     16:     0x561a3fb9fa21 - cmake::fail::h1f85fc05b8c3f52e
[INFO] [stderr]     17:     0x561a3fb9f127 - cmake::run::h6b76aa1f60f68bb8
[INFO] [stderr]     18:     0x561a3fb9ccdf - cmake::Config::build::h1869ea4f7785f0e9
[INFO] [stderr]     19:     0x561a3fb96f6c - build_script_build::main::hfa55de01f2753bb1
[INFO] [stderr]     20:     0x561a3fb96113 - core::ops::function::FnOnce::call_once::h522afd9105ab24fb
[INFO] [stderr]     21:     0x561a3fb95e36 - std::sys_common::backtrace::__rust_begin_short_backtrace::hec4bde7bd8741c1a
[INFO] [stderr]     22:     0x561a3fb95e89 - std::rt::lang_start::{{closure}}::h76a30b0136f5de85
[INFO] [stderr]     23:     0x561a3fbfdb21 - core::ops::function::impls::<impl core::ops::function::FnOnce<A> for &F>::call_once::h298d8ff12ebcec8c
[INFO] [stderr]                                  at /rustc/268dbbbc4b3fd71c5f360a4d0728295252430b5b/library/core/src/ops/function.rs:284:13
[INFO] [stderr]     24:     0x561a3fbfdb21 - std::panicking::try::do_call::hbd0ffb05da5bd343
[INFO] [stderr]                                  at /rustc/268dbbbc4b3fd71c5f360a4d0728295252430b5b/library/std/src/panicking.rs:554:40
[INFO] [stderr]     25:     0x561a3fbfdb21 - std::panicking::try::h11c9a152defd5d2a
[INFO] [stderr]                                  at /rustc/268dbbbc4b3fd71c5f360a4d0728295252430b5b/library/std/src/panicking.rs:518:19
[INFO] [stderr]     26:     0x561a3fbfdb21 - std::panic::catch_unwind::h0d6db2fa902b4d64
[INFO] [stderr]                                  at /rustc/268dbbbc4b3fd71c5f360a4d0728295252430b5b/library/std/src/panic.rs:142:14
[INFO] [stderr]     27:     0x561a3fbfdb21 - std::rt::lang_start_internal::{{closure}}::hdcc09b4aad7ef821
[INFO] [stderr]                                  at /rustc/268dbbbc4b3fd71c5f360a4d0728295252430b5b/library/std/src/rt.rs:148:48
[INFO] [stderr]     28:     0x561a3fbfdb21 - std::panicking::try::do_call::h3ffd2f162d60900f
[INFO] [stderr]                                  at /rustc/268dbbbc4b3fd71c5f360a4d0728295252430b5b/library/std/src/panicking.rs:554:40
[INFO] [stderr]     29:     0x561a3fbfdb21 - std::panicking::try::heeba82b9c3e190fb
[INFO] [stderr]                                  at /rustc/268dbbbc4b3fd71c5f360a4d0728295252430b5b/library/std/src/panicking.rs:518:19
[INFO] [stderr]     30:     0x561a3fbfdb21 - std::panic::catch_unwind::hdaab8f1c188f387f
[INFO] [stderr]                                  at /rustc/268dbbbc4b3fd71c5f360a4d0728295252430b5b/library/std/src/panic.rs:142:14
[INFO] [stderr]     31:     0x561a3fbfdb21 - std::rt::lang_start_internal::h9989e088c48b7903
[INFO] [stderr]                                  at /rustc/268dbbbc4b3fd71c5f360a4d0728295252430b5b/library/std/src/rt.rs:148:20
[INFO] [stderr]     32:     0x561a3fb95e67 - std::rt::lang_start::hfbcee0ee6c8f2972
[INFO] [stderr]     33:     0x561a3fb97155 - main
[INFO] [stderr]     34:     0x7f86c9dc4d90 - <unknown>
[INFO] [stderr]     35:     0x7f86c9dc4e40 - __libc_start_main
[INFO] [stderr]     36:     0x561a3fb95d65 - _start
[INFO] [stderr]     37:                0x0 - <unknown>
[INFO] running `Command { std: "docker" "inspect" "65fd25900a72aafa56ab49cf31ee5377448042d7d6798bf996d3f32ea065ce70", kill_on_drop: false }`
[INFO] running `Command { std: "docker" "rm" "-f" "65fd25900a72aafa56ab49cf31ee5377448042d7d6798bf996d3f32ea065ce70", kill_on_drop: false }`
[INFO] [stdout] 65fd25900a72aafa56ab49cf31ee5377448042d7d6798bf996d3f32ea065ce70
