[INFO] fetching crate qip 1.4.0...
[INFO] checking qip-1.4.0 against nightly-2024-02-05 for check-cfg
[INFO] extracting crate qip 1.4.0 into /workspace/builds/worker-4-tc1/source
[INFO] validating manifest of crates.io crate qip 1.4.0 on toolchain nightly-2024-02-05
[INFO] running `Command { std: CARGO_HOME="/workspace/cargo-home" RUSTUP_HOME="/workspace/rustup-home" "/workspace/cargo-home/bin/cargo" "+nightly-2024-02-05" "metadata" "--manifest-path" "Cargo.toml" "--no-deps", kill_on_drop: false }`
[INFO] started tweaking crates.io crate qip 1.4.0
[INFO] finished tweaking crates.io crate qip 1.4.0
[INFO] tweaked toml for crates.io crate qip 1.4.0 written to /workspace/builds/worker-4-tc1/source/Cargo.toml
[INFO] crate crates.io crate qip 1.4.0 already has a lockfile, it will not be regenerated
[INFO] running `Command { std: CARGO_HOME="/workspace/cargo-home" RUSTUP_HOME="/workspace/rustup-home" "/workspace/cargo-home/bin/cargo" "+nightly-2024-02-05" "fetch" "--manifest-path" "Cargo.toml", kill_on_drop: false }`
[INFO] [stderr]     Updating crates.io index
[INFO] [stderr]  Downloading crates ...
[INFO] [stderr]   Downloaded qip-macros v1.0.0
[INFO] [stderr]   Downloaded qip-iterators v1.4.0
[INFO] running `Command { std: "docker" "create" "-v" "/var/lib/crater-agent-workspace/builds/worker-4-tc1/target:/opt/rustwide/target:rw,Z" "-v" "/var/lib/crater-agent-workspace/builds/worker-4-tc1/source:/opt/rustwide/workdir:ro,Z" "-v" "/var/lib/crater-agent-workspace/cargo-home:/opt/rustwide/cargo-home:ro,Z" "-v" "/var/lib/crater-agent-workspace/rustup-home:/opt/rustwide/rustup-home:ro,Z" "-e" "SOURCE_DIR=/opt/rustwide/workdir" "-e" "CARGO_TARGET_DIR=/opt/rustwide/target" "-e" "CARGO_HOME=/opt/rustwide/cargo-home" "-e" "RUSTUP_HOME=/opt/rustwide/rustup-home" "-w" "/opt/rustwide/workdir" "-m" "1610612736" "--user" "0:0" "--network" "none" "ghcr.io/rust-lang/crates-build-env/linux@sha256:2788e3201cd34a07e3172128adcd8b3090168a8e3bcc40d7c032b9dda1df7d1c" "/opt/rustwide/cargo-home/bin/cargo" "+nightly-2024-02-05" "metadata" "--no-deps" "--format-version=1", kill_on_drop: false }`
[INFO] [stdout] a369783447e1a8b99ebef0351541ac290db9ed0e8b375dbb9780c74de393d6bb
[INFO] running `Command { std: "docker" "start" "-a" "a369783447e1a8b99ebef0351541ac290db9ed0e8b375dbb9780c74de393d6bb", kill_on_drop: false }`
[INFO] running `Command { std: "docker" "inspect" "a369783447e1a8b99ebef0351541ac290db9ed0e8b375dbb9780c74de393d6bb", kill_on_drop: false }`
[INFO] running `Command { std: "docker" "rm" "-f" "a369783447e1a8b99ebef0351541ac290db9ed0e8b375dbb9780c74de393d6bb", kill_on_drop: false }`
[INFO] [stdout] a369783447e1a8b99ebef0351541ac290db9ed0e8b375dbb9780c74de393d6bb
[INFO] running `Command { std: "docker" "create" "-v" "/var/lib/crater-agent-workspace/builds/worker-4-tc1/target:/opt/rustwide/target:rw,Z" "-v" "/var/lib/crater-agent-workspace/builds/worker-4-tc1/source:/opt/rustwide/workdir:ro,Z" "-v" "/var/lib/crater-agent-workspace/cargo-home:/opt/rustwide/cargo-home:ro,Z" "-v" "/var/lib/crater-agent-workspace/rustup-home:/opt/rustwide/rustup-home:ro,Z" "-e" "SOURCE_DIR=/opt/rustwide/workdir" "-e" "CARGO_TARGET_DIR=/opt/rustwide/target" "-e" "CARGO_INCREMENTAL=0" "-e" "RUST_BACKTRACE=full" "-e" "RUSTFLAGS=--cap-lints=forbid" "-e" "RUSTDOCFLAGS=--cap-lints=forbid" "-e" "CARGO_HOME=/opt/rustwide/cargo-home" "-e" "RUSTUP_HOME=/opt/rustwide/rustup-home" "-w" "/opt/rustwide/workdir" "-m" "1610612736" "--user" "0:0" "--network" "none" "ghcr.io/rust-lang/crates-build-env/linux@sha256:2788e3201cd34a07e3172128adcd8b3090168a8e3bcc40d7c032b9dda1df7d1c" "/opt/rustwide/cargo-home/bin/cargo" "+nightly-2024-02-05" "check" "--frozen" "--all" "--all-targets" "--message-format=json", kill_on_drop: false }`
[INFO] [stdout] 9f5f65a94848d189bd082a8bf6cac5ddfe8ea5c0cb368bec68d6a936087ead0e
[INFO] running `Command { std: "docker" "start" "-a" "9f5f65a94848d189bd082a8bf6cac5ddfe8ea5c0cb368bec68d6a936087ead0e", kill_on_drop: false }`
[INFO] [stderr]    Compiling libc v0.2.144
[INFO] [stderr]    Compiling crossbeam-utils v0.8.15
[INFO] [stderr]    Compiling memoffset v0.8.0
[INFO] [stderr]    Compiling num-traits v0.2.15
[INFO] [stderr]    Compiling crossbeam-epoch v0.9.14
[INFO] [stderr]     Checking scopeguard v1.1.0
[INFO] [stderr]    Compiling num-integer v0.1.45
[INFO] [stderr]    Compiling rayon-core v1.11.0
[INFO] [stderr]    Compiling num-bigint v0.4.3
[INFO] [stderr]    Compiling num-rational v0.4.1
[INFO] [stderr]     Checking either v1.8.1
[INFO] [stderr]     Checking smallvec v1.10.0
[INFO] [stderr]     Checking crossbeam-channel v0.5.8
[INFO] [stderr]     Checking getrandom v0.2.9
[INFO] [stderr]     Checking num_cpus v1.15.0
[INFO] [stderr]     Checking rand_core v0.6.4
[INFO] [stderr]     Checking crossbeam-deque v0.8.3
[INFO] [stderr]     Checking rand_chacha v0.3.1
[INFO] [stderr]     Checking rand v0.8.5
[INFO] [stderr]     Checking num-complex v0.4.3
[INFO] [stderr]     Checking rayon v1.7.0
[INFO] [stderr]     Checking qip-iterators v1.4.0
[INFO] [stderr]     Checking qip v1.4.0 (/opt/rustwide/workdir)
[INFO] [stdout] error[E0425]: cannot find function `num_indices` in this scope
[INFO] [stdout]    --> src/state_ops/matrix_ops.rs:274:20
[INFO] [stdout]     |
[INFO] [stdout] 274 |         assert_eq!(num_indices(&op), 3);
[INFO] [stdout]     |                    ^^^^^^^^^^^ not found in this scope
[INFO] [stdout]     |
[INFO] [stdout] help: use the `.` operator to call the method `num_indices` on `&qip_iterators::iterators::MatrixOp<num_complex::Complex<f64>>`
[INFO] [stdout]     |
[INFO] [stdout] 274 |         assert_eq!((&op).num_indices(), 3);
[INFO] [stdout]     |                    ~   ~~~~~~~~~~~~~~~
[INFO] [stdout] 
[INFO] [stdout] 
[INFO] [stdout] error[E0425]: cannot find function `num_indices` in this scope
[INFO] [stdout]    --> src/state_ops/matrix_ops.rs:284:20
[INFO] [stdout]     |
[INFO] [stdout] 284 |         assert_eq!(num_indices(&op), 4);
[INFO] [stdout]     |                    ^^^^^^^^^^^ not found in this scope
[INFO] [stdout]     |
[INFO] [stdout] help: use the `.` operator to call the method `num_indices` on `&qip_iterators::iterators::MatrixOp<num_complex::Complex<f64>>`
[INFO] [stdout]     |
[INFO] [stdout] 284 |         assert_eq!((&op).num_indices(), 4);
[INFO] [stdout]     |                    ~   ~~~~~~~~~~~~~~~
[INFO] [stdout] 
[INFO] [stdout] 
[INFO] [stdout] error[E0425]: cannot find function `num_indices` in this scope
[INFO] [stdout]    --> src/state_ops/matrix_ops.rs:294:20
[INFO] [stdout]     |
[INFO] [stdout] 294 |         assert_eq!(num_indices(&op), 4);
[INFO] [stdout]     |                    ^^^^^^^^^^^ not found in this scope
[INFO] [stdout]     |
[INFO] [stdout] help: use the `.` operator to call the method `num_indices` on `&qip_iterators::iterators::MatrixOp<num_complex::Complex<f64>>`
[INFO] [stdout]     |
[INFO] [stdout] 294 |         assert_eq!((&op).num_indices(), 4);
[INFO] [stdout]     |                    ~   ~~~~~~~~~~~~~~~
[INFO] [stdout] 
[INFO] [stdout] 
[INFO] [stdout] error: aborting due to 3 previous errors
[INFO] [stdout] 
[INFO] [stdout] 
[INFO] [stdout] For more information about this error, try `rustc --explain E0425`.
[INFO] [stdout] 
[INFO] [stderr] error: could not compile `qip` (lib test) due to 4 previous errors
[INFO] [stderr] warning: build failed, waiting for other jobs to finish...
[INFO] running `Command { std: "docker" "inspect" "9f5f65a94848d189bd082a8bf6cac5ddfe8ea5c0cb368bec68d6a936087ead0e", kill_on_drop: false }`
[INFO] running `Command { std: "docker" "rm" "-f" "9f5f65a94848d189bd082a8bf6cac5ddfe8ea5c0cb368bec68d6a936087ead0e", kill_on_drop: false }`
[INFO] [stdout] 9f5f65a94848d189bd082a8bf6cac5ddfe8ea5c0cb368bec68d6a936087ead0e
[INFO] checking qip-1.4.0 against nightly-2024-02-05+rustflags=-Dunexpected_cfgs+cargoflags=-Zcheck-cfg for check-cfg
[INFO] extracting crate qip 1.4.0 into /workspace/builds/worker-4-tc2/source
[INFO] validating manifest of crates.io crate qip 1.4.0 on toolchain nightly-2024-02-05
[INFO] running `Command { std: CARGO_HOME="/workspace/cargo-home" RUSTUP_HOME="/workspace/rustup-home" "/workspace/cargo-home/bin/cargo" "+nightly-2024-02-05" "metadata" "--manifest-path" "Cargo.toml" "--no-deps", kill_on_drop: false }`
[INFO] started tweaking crates.io crate qip 1.4.0
[INFO] finished tweaking crates.io crate qip 1.4.0
[INFO] tweaked toml for crates.io crate qip 1.4.0 written to /workspace/builds/worker-4-tc2/source/Cargo.toml
[INFO] crate crates.io crate qip 1.4.0 already has a lockfile, it will not be regenerated
[INFO] running `Command { std: CARGO_HOME="/workspace/cargo-home" RUSTUP_HOME="/workspace/rustup-home" "/workspace/cargo-home/bin/cargo" "+nightly-2024-02-05" "fetch" "--manifest-path" "Cargo.toml", kill_on_drop: false }`
[INFO] running `Command { std: "docker" "create" "-v" "/var/lib/crater-agent-workspace/builds/worker-4-tc2/target:/opt/rustwide/target:rw,Z" "-v" "/var/lib/crater-agent-workspace/builds/worker-4-tc2/source:/opt/rustwide/workdir:ro,Z" "-v" "/var/lib/crater-agent-workspace/cargo-home:/opt/rustwide/cargo-home:ro,Z" "-v" "/var/lib/crater-agent-workspace/rustup-home:/opt/rustwide/rustup-home:ro,Z" "-e" "SOURCE_DIR=/opt/rustwide/workdir" "-e" "CARGO_TARGET_DIR=/opt/rustwide/target" "-e" "CARGO_HOME=/opt/rustwide/cargo-home" "-e" "RUSTUP_HOME=/opt/rustwide/rustup-home" "-w" "/opt/rustwide/workdir" "-m" "1610612736" "--user" "0:0" "--network" "none" "ghcr.io/rust-lang/crates-build-env/linux@sha256:2788e3201cd34a07e3172128adcd8b3090168a8e3bcc40d7c032b9dda1df7d1c" "/opt/rustwide/cargo-home/bin/cargo" "+nightly-2024-02-05" "metadata" "--no-deps" "--format-version=1", kill_on_drop: false }`
[INFO] [stdout] a4b3f032bc3ebc7a7a2dff06112800ba56ba75c0a8e486e9c3695eaf49ffcb9e
[INFO] running `Command { std: "docker" "start" "-a" "a4b3f032bc3ebc7a7a2dff06112800ba56ba75c0a8e486e9c3695eaf49ffcb9e", kill_on_drop: false }`
[INFO] running `Command { std: "docker" "inspect" "a4b3f032bc3ebc7a7a2dff06112800ba56ba75c0a8e486e9c3695eaf49ffcb9e", kill_on_drop: false }`
[INFO] running `Command { std: "docker" "rm" "-f" "a4b3f032bc3ebc7a7a2dff06112800ba56ba75c0a8e486e9c3695eaf49ffcb9e", kill_on_drop: false }`
[INFO] [stdout] a4b3f032bc3ebc7a7a2dff06112800ba56ba75c0a8e486e9c3695eaf49ffcb9e
[INFO] running `Command { std: "docker" "create" "-v" "/var/lib/crater-agent-workspace/builds/worker-4-tc2/target:/opt/rustwide/target:rw,Z" "-v" "/var/lib/crater-agent-workspace/builds/worker-4-tc2/source:/opt/rustwide/workdir:ro,Z" "-v" "/var/lib/crater-agent-workspace/cargo-home:/opt/rustwide/cargo-home:ro,Z" "-v" "/var/lib/crater-agent-workspace/rustup-home:/opt/rustwide/rustup-home:ro,Z" "-e" "SOURCE_DIR=/opt/rustwide/workdir" "-e" "CARGO_TARGET_DIR=/opt/rustwide/target" "-e" "CARGO_INCREMENTAL=0" "-e" "RUST_BACKTRACE=full" "-e" "RUSTFLAGS=--cap-lints=forbid -Dunexpected_cfgs" "-e" "RUSTDOCFLAGS=--cap-lints=forbid" "-e" "CARGO_HOME=/opt/rustwide/cargo-home" "-e" "RUSTUP_HOME=/opt/rustwide/rustup-home" "-w" "/opt/rustwide/workdir" "-m" "1610612736" "--user" "0:0" "--network" "none" "ghcr.io/rust-lang/crates-build-env/linux@sha256:2788e3201cd34a07e3172128adcd8b3090168a8e3bcc40d7c032b9dda1df7d1c" "/opt/rustwide/cargo-home/bin/cargo" "+nightly-2024-02-05" "check" "--frozen" "--all" "--all-targets" "--message-format=json" "-Zcheck-cfg", kill_on_drop: false }`
[INFO] [stdout] 6d92ec1bef834c0809d17a66c46f12642aabeefef3a21190b60dd202e9e7e52b
[INFO] running `Command { std: "docker" "start" "-a" "6d92ec1bef834c0809d17a66c46f12642aabeefef3a21190b60dd202e9e7e52b", kill_on_drop: false }`
[INFO] [stderr]    Compiling libc v0.2.144
[INFO] [stderr]    Compiling crossbeam-utils v0.8.15
[INFO] [stderr]    Compiling memoffset v0.8.0
[INFO] [stderr]    Compiling num-traits v0.2.15
[INFO] [stderr]    Compiling crossbeam-epoch v0.9.14
[INFO] [stderr]     Checking scopeguard v1.1.0
[INFO] [stderr]    Compiling num-integer v0.1.45
[INFO] [stderr]    Compiling rayon-core v1.11.0
[INFO] [stderr]    Compiling num-bigint v0.4.3
[INFO] [stderr]    Compiling num-rational v0.4.1
[INFO] [stderr]     Checking either v1.8.1
[INFO] [stderr]     Checking smallvec v1.10.0
[INFO] [stderr]     Checking num_cpus v1.15.0
[INFO] [stderr]     Checking getrandom v0.2.9
[INFO] [stderr]     Checking crossbeam-channel v0.5.8
[INFO] [stderr]     Checking rand_core v0.6.4
[INFO] [stderr]     Checking crossbeam-deque v0.8.3
[INFO] [stderr]     Checking rand_chacha v0.3.1
[INFO] [stderr]     Checking rand v0.8.5
[INFO] [stderr]     Checking num-complex v0.4.3
[INFO] [stderr]     Checking rayon v1.7.0
[INFO] [stderr]     Checking qip-iterators v1.4.0
[INFO] [stderr]     Checking qip v1.4.0 (/opt/rustwide/workdir)
[INFO] [stdout] error[E0425]: cannot find function `num_indices` in this scope
[INFO] [stdout]    --> src/state_ops/matrix_ops.rs:274:20
[INFO] [stdout]     |
[INFO] [stdout] 274 |         assert_eq!(num_indices(&op), 3);
[INFO] [stdout]     |                    ^^^^^^^^^^^ not found in this scope
[INFO] [stdout]     |
[INFO] [stdout] help: use the `.` operator to call the method `num_indices` on `&qip_iterators::iterators::MatrixOp<num_complex::Complex<f64>>`
[INFO] [stdout]     |
[INFO] [stdout] 274 |         assert_eq!((&op).num_indices(), 3);
[INFO] [stdout]     |                    ~   ~~~~~~~~~~~~~~~
[INFO] [stdout] 
[INFO] [stdout] 
[INFO] [stdout] error[E0425]: cannot find function `num_indices` in this scope
[INFO] [stdout]    --> src/state_ops/matrix_ops.rs:284:20
[INFO] [stdout]     |
[INFO] [stdout] 284 |         assert_eq!(num_indices(&op), 4);
[INFO] [stdout]     |                    ^^^^^^^^^^^ not found in this scope
[INFO] [stdout]     |
[INFO] [stdout] help: use the `.` operator to call the method `num_indices` on `&qip_iterators::iterators::MatrixOp<num_complex::Complex<f64>>`
[INFO] [stdout]     |
[INFO] [stdout] 284 |         assert_eq!((&op).num_indices(), 4);
[INFO] [stdout]     |                    ~   ~~~~~~~~~~~~~~~
[INFO] [stdout] 
[INFO] [stdout] 
[INFO] [stdout] error[E0425]: cannot find function `num_indices` in this scope
[INFO] [stdout]    --> src/state_ops/matrix_ops.rs:294:20
[INFO] [stdout]     |
[INFO] [stdout] 294 |         assert_eq!(num_indices(&op), 4);
[INFO] [stdout]     |                    ^^^^^^^^^^^ not found in this scope
[INFO] [stdout]     |
[INFO] [stdout] help: use the `.` operator to call the method `num_indices` on `&qip_iterators::iterators::MatrixOp<num_complex::Complex<f64>>`
[INFO] [stdout]     |
[INFO] [stdout] 294 |         assert_eq!((&op).num_indices(), 4);
[INFO] [stdout]     |                    ~   ~~~~~~~~~~~~~~~
[INFO] [stdout] 
[INFO] [stdout] 
[INFO] [stdout] error: aborting due to 3 previous errors
[INFO] [stdout] 
[INFO] [stdout] 
[INFO] [stdout] For more information about this error, try `rustc --explain E0425`.
[INFO] [stdout] 
[INFO] [stderr] error: could not compile `qip` (lib test) due to 4 previous errors
[INFO] [stderr] warning: build failed, waiting for other jobs to finish...
[INFO] running `Command { std: "docker" "inspect" "6d92ec1bef834c0809d17a66c46f12642aabeefef3a21190b60dd202e9e7e52b", kill_on_drop: false }`
[INFO] running `Command { std: "docker" "rm" "-f" "6d92ec1bef834c0809d17a66c46f12642aabeefef3a21190b60dd202e9e7e52b", kill_on_drop: false }`
[INFO] [stdout] 6d92ec1bef834c0809d17a66c46f12642aabeefef3a21190b60dd202e9e7e52b
