[INFO] fetching crate qinpel-stp 0.1.0...
[INFO] checking qinpel-stp-0.1.0 against nightly-2024-02-05 for check-cfg
[INFO] extracting crate qinpel-stp 0.1.0 into /workspace/builds/worker-0-tc1/source
[INFO] validating manifest of crates.io crate qinpel-stp 0.1.0 on toolchain nightly-2024-02-05
[INFO] running `Command { std: CARGO_HOME="/workspace/cargo-home" RUSTUP_HOME="/workspace/rustup-home" "/workspace/cargo-home/bin/cargo" "+nightly-2024-02-05" "metadata" "--manifest-path" "Cargo.toml" "--no-deps", kill_on_drop: false }`
[INFO] started tweaking crates.io crate qinpel-stp 0.1.0
[INFO] finished tweaking crates.io crate qinpel-stp 0.1.0
[INFO] tweaked toml for crates.io crate qinpel-stp 0.1.0 written to /workspace/builds/worker-0-tc1/source/Cargo.toml
[INFO] crate crates.io crate qinpel-stp 0.1.0 already has a lockfile, it will not be regenerated
[INFO] running `Command { std: CARGO_HOME="/workspace/cargo-home" RUSTUP_HOME="/workspace/rustup-home" "/workspace/cargo-home/bin/cargo" "+nightly-2024-02-05" "fetch" "--manifest-path" "Cargo.toml", kill_on_drop: false }`
[INFO] [stderr]  Downloading crates ...
[INFO] [stderr]   Downloaded httpdate v1.0.1
[INFO] [stderr]   Downloaded bumpalo v3.7.1
[INFO] [stderr]   Downloaded openssl-sys v0.9.67
[INFO] [stderr]   Downloaded tokio-macros v1.5.1
[INFO] [stderr]   Downloaded sha2 v0.9.8
[INFO] [stderr]   Downloaded tokio-util v0.6.8
[INFO] [stderr]   Downloaded hyper v0.14.13
[INFO] [stderr]   Downloaded h2 v0.3.6
[INFO] [stderr]   Downloaded openssl v0.10.36
[INFO] [stderr]   Downloaded libc v0.2.103
[INFO] [stderr]   Downloaded pkg-config v0.3.20
[INFO] [stderr]   Downloaded reqwest v0.11.5
[INFO] running `Command { std: "docker" "create" "-v" "/var/lib/crater-agent-workspace/builds/worker-0-tc1/target:/opt/rustwide/target:rw,Z" "-v" "/var/lib/crater-agent-workspace/builds/worker-0-tc1/source:/opt/rustwide/workdir:ro,Z" "-v" "/var/lib/crater-agent-workspace/cargo-home:/opt/rustwide/cargo-home:ro,Z" "-v" "/var/lib/crater-agent-workspace/rustup-home:/opt/rustwide/rustup-home:ro,Z" "-e" "SOURCE_DIR=/opt/rustwide/workdir" "-e" "CARGO_TARGET_DIR=/opt/rustwide/target" "-e" "CARGO_HOME=/opt/rustwide/cargo-home" "-e" "RUSTUP_HOME=/opt/rustwide/rustup-home" "-w" "/opt/rustwide/workdir" "-m" "1610612736" "--user" "0:0" "--network" "none" "ghcr.io/rust-lang/crates-build-env/linux@sha256:2788e3201cd34a07e3172128adcd8b3090168a8e3bcc40d7c032b9dda1df7d1c" "/opt/rustwide/cargo-home/bin/cargo" "+nightly-2024-02-05" "metadata" "--no-deps" "--format-version=1", kill_on_drop: false }`
[INFO] [stdout] 17823ad2572828f47dbb934faca0402142dfda6b47f99aab4bc79fef64309391
[INFO] running `Command { std: "docker" "start" "-a" "17823ad2572828f47dbb934faca0402142dfda6b47f99aab4bc79fef64309391", kill_on_drop: false }`
[INFO] running `Command { std: "docker" "inspect" "17823ad2572828f47dbb934faca0402142dfda6b47f99aab4bc79fef64309391", kill_on_drop: false }`
[INFO] running `Command { std: "docker" "rm" "-f" "17823ad2572828f47dbb934faca0402142dfda6b47f99aab4bc79fef64309391", kill_on_drop: false }`
[INFO] [stdout] 17823ad2572828f47dbb934faca0402142dfda6b47f99aab4bc79fef64309391
[INFO] running `Command { std: "docker" "create" "-v" "/var/lib/crater-agent-workspace/builds/worker-0-tc1/target:/opt/rustwide/target:rw,Z" "-v" "/var/lib/crater-agent-workspace/builds/worker-0-tc1/source:/opt/rustwide/workdir:ro,Z" "-v" "/var/lib/crater-agent-workspace/cargo-home:/opt/rustwide/cargo-home:ro,Z" "-v" "/var/lib/crater-agent-workspace/rustup-home:/opt/rustwide/rustup-home:ro,Z" "-e" "SOURCE_DIR=/opt/rustwide/workdir" "-e" "CARGO_TARGET_DIR=/opt/rustwide/target" "-e" "CARGO_INCREMENTAL=0" "-e" "RUST_BACKTRACE=full" "-e" "RUSTFLAGS=--cap-lints=forbid" "-e" "RUSTDOCFLAGS=--cap-lints=forbid" "-e" "CARGO_HOME=/opt/rustwide/cargo-home" "-e" "RUSTUP_HOME=/opt/rustwide/rustup-home" "-w" "/opt/rustwide/workdir" "-m" "1610612736" "--user" "0:0" "--network" "none" "ghcr.io/rust-lang/crates-build-env/linux@sha256:2788e3201cd34a07e3172128adcd8b3090168a8e3bcc40d7c032b9dda1df7d1c" "/opt/rustwide/cargo-home/bin/cargo" "+nightly-2024-02-05" "check" "--frozen" "--all" "--all-targets" "--message-format=json", kill_on_drop: false }`
[INFO] [stdout] 79c2e3590b8a56f2b29c3b5e4f07e2305680dc547158a9a55e90d2078f81b985
[INFO] running `Command { std: "docker" "start" "-a" "79c2e3590b8a56f2b29c3b5e4f07e2305680dc547158a9a55e90d2078f81b985", kill_on_drop: false }`
[INFO] [stderr]    Compiling autocfg v1.0.1
[INFO] [stderr]    Compiling libc v0.2.103
[INFO] [stderr]    Compiling proc-macro2 v1.0.30
[INFO] [stderr]    Compiling unicode-xid v0.2.2
[INFO] [stderr]    Compiling syn v1.0.80
[INFO] [stderr]    Compiling log v0.4.14
[INFO] [stderr]    Compiling pkg-config v0.3.20
[INFO] [stderr]    Compiling cc v1.0.71
[INFO] [stderr]    Compiling memchr v2.4.1
[INFO] [stderr]     Checking pin-project-lite v0.2.7
[INFO] [stderr]     Checking smallvec v1.7.0
[INFO] [stderr]     Checking once_cell v1.8.0
[INFO] [stderr]    Compiling futures-core v0.3.17
[INFO] [stderr]     Checking lock_api v0.4.5
[INFO] [stderr]    Compiling proc-macro-hack v0.5.19
[INFO] [stderr]    Compiling proc-macro-nested v0.1.7
[INFO] [stderr]    Compiling futures-task v0.3.17
[INFO] [stderr]    Compiling typenum v1.14.0
[INFO] [stderr]    Compiling version_check v0.9.3
[INFO] [stderr]     Checking foreign-types-shared v0.1.1
[INFO] [stderr]    Compiling openssl v0.10.36
[INFO] [stderr]    Compiling serde_derive v1.0.130
[INFO] [stderr]     Checking http v0.2.5
[INFO] [stderr]    Compiling tokio v1.12.0
[INFO] [stderr]    Compiling futures-macro v0.3.17
[INFO] [stderr]    Compiling futures-util v0.3.17
[INFO] [stderr]    Compiling indexmap v1.7.0
[INFO] [stderr]    Compiling generic-array v0.14.4
[INFO] [stderr]     Checking foreign-types v0.3.2
[INFO] [stderr]     Checking tracing-core v0.1.21
[INFO] [stderr]    Compiling ryu v1.0.5
[INFO] [stderr]     Checking slab v0.4.5
[INFO] [stderr]    Compiling httparse v1.5.1
[INFO] [stderr]    Compiling futures-channel v0.3.17
[INFO] [stderr]     Checking hashbrown v0.11.2
[INFO] [stderr]     Checking futures-sink v0.3.17
[INFO] [stderr]    Compiling serde v1.0.130
[INFO] [stderr]    Compiling native-tls v0.2.8
[INFO] [stderr]     Checking futures-io v0.3.17
[INFO] [stderr]     Checking tinyvec v1.5.0
[INFO] [stderr]     Checking openssl-probe v0.1.4
[INFO] [stderr]    Compiling quote v1.0.10
[INFO] [stderr]     Checking try-lock v0.2.3
[INFO] [stderr]     Checking tracing v0.1.29
[INFO] [stderr]     Checking want v0.3.0
[INFO] [stderr]     Checking parking_lot_core v0.8.5
[INFO] [stderr]     Checking mio v0.7.13
[INFO] [stderr]     Checking signal-hook-registry v1.4.0
[INFO] [stderr]     Checking num_cpus v1.13.0
[INFO] [stderr]     Checking socket2 v0.4.2
[INFO] [stderr]     Checking tower-service v0.3.1
[INFO] [stderr]    Compiling encoding_rs v0.8.28
[INFO] [stderr]     Checking unicode-bidi v0.3.7
[INFO] [stderr]     Checking httpdate v1.0.1
[INFO] [stderr]     Checking parking_lot v0.11.2
[INFO] [stderr]    Compiling serde_json v1.0.68
[INFO] [stderr]     Checking textwrap v0.11.0
[INFO] [stderr]     Checking atty v0.2.14
[INFO] [stderr]     Checking cpufeatures v0.2.1
[INFO] [stderr]    Compiling openssl-sys v0.9.67
[INFO] [stderr]     Checking base64 v0.13.0
[INFO] [stderr]     Checking ipnet v2.3.1
[INFO] [stderr]     Checking simple-error v0.2.3
[INFO] [stderr]     Checking clap v2.33.3
[INFO] [stderr]     Checking unicode-normalization v0.1.19
[INFO] [stderr]     Checking http-body v0.4.3
[INFO] [stderr]     Checking block-buffer v0.9.0
[INFO] [stderr]     Checking digest v0.9.0
[INFO] [stderr]     Checking sha2 v0.9.8
[INFO] [stderr]     Checking idna v0.2.3
[INFO] [stderr]     Checking url v2.2.2
[INFO] [stderr]    Compiling tokio-macros v1.5.1
[INFO] [stderr]     Checking tokio-util v0.6.8
[INFO] [stderr]     Checking tokio-native-tls v0.3.0
[INFO] [stderr]     Checking h2 v0.3.6
[INFO] [stderr]     Checking serde_urlencoded v0.7.0
[INFO] [stderr]     Checking hyper v0.14.13
[INFO] [stderr]     Checking hyper-tls v0.5.0
[INFO] [stderr]     Checking reqwest v0.11.5
[INFO] [stderr]     Checking qinpel-stp v0.1.0 (/opt/rustwide/workdir)
[INFO] [stdout] error[E0425]: cannot find value `destiny` in this scope
[INFO] [stdout]   --> src/utils.rs:76:30
[INFO] [stdout]    |
[INFO] [stdout] 76 |     std::fs::set_permissions(destiny, std::os::unix::fs::PermissionsExt::from_mode(0o753));
[INFO] [stdout]    |                              ^^^^^^^ not found in this scope
[INFO] [stdout] 
[INFO] [stdout] 
[INFO] [stdout] error[E0425]: cannot find value `destiny` in this scope
[INFO] [stdout]   --> src/utils.rs:76:30
[INFO] [stdout]    |
[INFO] [stdout] 76 |     std::fs::set_permissions(destiny, std::os::unix::fs::PermissionsExt::from_mode(0o753));
[INFO] [stdout]    |                              ^^^^^^^ not found in this scope
[INFO] [stdout] 
[INFO] [stdout] 
[INFO] [stdout] warning: unnecessary parentheses around `if` condition
[INFO] [stdout]   --> src/utils.rs:63:8
[INFO] [stdout]    |
[INFO] [stdout] 63 |     if (path.is_file()) {
[INFO] [stdout]    |        ^              ^
[INFO] [stdout]    |
[INFO] [stdout]    = note: `#[warn(unused_parens)]` on by default
[INFO] [stdout] help: remove these parentheses
[INFO] [stdout]    |
[INFO] [stdout] 63 -     if (path.is_file()) {
[INFO] [stdout] 63 +     if path.is_file() {
[INFO] [stdout]    |
[INFO] [stdout] 
[INFO] [stdout] 
[INFO] [stdout] warning: unnecessary parentheses around `if` condition
[INFO] [stdout]   --> src/utils.rs:63:8
[INFO] [stdout]    |
[INFO] [stdout] 63 |     if (path.is_file()) {
[INFO] [stdout]    |        ^              ^
[INFO] [stdout]    |
[INFO] [stdout]    = note: `#[warn(unused_parens)]` on by default
[INFO] [stdout] help: remove these parentheses
[INFO] [stdout]    |
[INFO] [stdout] 63 -     if (path.is_file()) {
[INFO] [stdout] 63 +     if path.is_file() {
[INFO] [stdout]    |
[INFO] [stdout] 
[INFO] [stdout] 
[INFO] [stdout] error[E0599]: no method named `mode` found for enum `std::result::Result` in the current scope
[INFO] [stdout]   --> src/utils.rs:66:25
[INFO] [stdout]    |
[INFO] [stdout] 66 |         let mode = meta.mode();
[INFO] [stdout]    |                         ^^^^ method not found in `Result<Metadata, Error>`
[INFO] [stdout]    |
[INFO] [stdout] note: the method `mode` exists on the type `Metadata`
[INFO] [stdout]   --> /rustc/268dbbbc4b3fd71c5f360a4d0728295252430b5b/library/std/src/os/unix/fs.rs:487:5
[INFO] [stdout] help: consider using `Result::expect` to unwrap the `Metadata` value, panicking if the value is a `Result::Err`
[INFO] [stdout]    |
[INFO] [stdout] 66 |         let mode = meta.expect("REASON").mode();
[INFO] [stdout]    |                        +++++++++++++++++
[INFO] [stdout] 
[INFO] [stdout] 
[INFO] [stdout] error[E0599]: no method named `mode` found for enum `std::result::Result` in the current scope
[INFO] [stdout]   --> src/utils.rs:66:25
[INFO] [stdout]    |
[INFO] [stdout] 66 |         let mode = meta.mode();
[INFO] [stdout]    |                         ^^^^ method not found in `Result<Metadata, Error>`
[INFO] [stdout]    |
[INFO] [stdout] note: the method `mode` exists on the type `Metadata`
[INFO] [stdout]   --> /rustc/268dbbbc4b3fd71c5f360a4d0728295252430b5b/library/std/src/os/unix/fs.rs:487:5
[INFO] [stdout] help: consider using `Result::expect` to unwrap the `Metadata` value, panicking if the value is a `Result::Err`
[INFO] [stdout]    |
[INFO] [stdout] 66 |         let mode = meta.expect("REASON").mode();
[INFO] [stdout]    |                        +++++++++++++++++
[INFO] [stdout] 
[INFO] [stdout] 
[INFO] [stdout] warning: unused import: `std::os::unix::fs::MetadataExt`
[INFO] [stdout]   --> src/utils.rs:64:13
[INFO] [stdout]    |
[INFO] [stdout] 64 |         use std::os::unix::fs::MetadataExt;
[INFO] [stdout]    |             ^^^^^^^^^^^^^^^^^^^^^^^^^^^^^^
[INFO] [stdout]    |
[INFO] [stdout]    = note: `#[warn(unused_imports)]` on by default
[INFO] [stdout] 
[INFO] [stdout] 
[INFO] [stdout] warning: unused import: `std::os::unix::fs::MetadataExt`
[INFO] [stdout]   --> src/utils.rs:64:13
[INFO] [stdout]    |
[INFO] [stdout] 64 |         use std::os::unix::fs::MetadataExt;
[INFO] [stdout]    |             ^^^^^^^^^^^^^^^^^^^^^^^^^^^^^^
[INFO] [stdout]    |
[INFO] [stdout]    = note: `#[warn(unused_imports)]` on by default
[INFO] [stdout] 
[INFO] [stdout] 
[INFO] [stdout] error: aborting due to 2 previous errors; 2 warnings emitted
[INFO] [stdout] 
[INFO] [stdout] 
[INFO] [stdout] Some errors have detailed explanations: E0425, E0599.
[INFO] [stdout] 
[INFO] [stdout] For more information about an error, try `rustc --explain E0425`.
[INFO] [stdout] 
[INFO] [stdout] error: aborting due to 2 previous errors; 2 warnings emitted
[INFO] [stdout] 
[INFO] [stdout] 
[INFO] [stdout] Some errors have detailed explanations: E0425, E0599.
[INFO] [stdout] 
[INFO] [stdout] For more information about an error, try `rustc --explain E0425`.
[INFO] [stdout] 
[INFO] [stderr] error: could not compile `qinpel-stp` (bin "qinpel-stp") due to 3 previous errors; 2 warnings emitted
[INFO] [stderr] warning: build failed, waiting for other jobs to finish...
[INFO] [stderr] error: could not compile `qinpel-stp` (bin "qinpel-stp" test) due to 3 previous errors; 2 warnings emitted
[INFO] running `Command { std: "docker" "inspect" "79c2e3590b8a56f2b29c3b5e4f07e2305680dc547158a9a55e90d2078f81b985", kill_on_drop: false }`
[INFO] running `Command { std: "docker" "rm" "-f" "79c2e3590b8a56f2b29c3b5e4f07e2305680dc547158a9a55e90d2078f81b985", kill_on_drop: false }`
[INFO] [stdout] 79c2e3590b8a56f2b29c3b5e4f07e2305680dc547158a9a55e90d2078f81b985
