[INFO] fetching crate qdk_sim_rs 0.28.291394...
[INFO] checking qdk_sim_rs-0.28.291394 against nightly-2024-02-05 for check-cfg
[INFO] extracting crate qdk_sim_rs 0.28.291394 into /workspace/builds/worker-5-tc1/source
[INFO] validating manifest of crates.io crate qdk_sim_rs 0.28.291394 on toolchain nightly-2024-02-05
[INFO] running `Command { std: CARGO_HOME="/workspace/cargo-home" RUSTUP_HOME="/workspace/rustup-home" "/workspace/cargo-home/bin/cargo" "+nightly-2024-02-05" "metadata" "--manifest-path" "Cargo.toml" "--no-deps", kill_on_drop: false }`
[INFO] started tweaking crates.io crate qdk_sim_rs 0.28.291394
[INFO] finished tweaking crates.io crate qdk_sim_rs 0.28.291394
[INFO] tweaked toml for crates.io crate qdk_sim_rs 0.28.291394 written to /workspace/builds/worker-5-tc1/source/Cargo.toml
[INFO] running `Command { std: CARGO_HOME="/workspace/cargo-home" RUSTUP_HOME="/workspace/rustup-home" "/workspace/cargo-home/bin/cargo" "+nightly-2024-02-05" "generate-lockfile" "--manifest-path" "Cargo.toml", kill_on_drop: false }`
[INFO] [stderr]     Updating crates.io index
[INFO] running `Command { std: CARGO_HOME="/workspace/cargo-home" RUSTUP_HOME="/workspace/rustup-home" "/workspace/cargo-home/bin/cargo" "+nightly-2024-02-05" "fetch" "--manifest-path" "Cargo.toml", kill_on_drop: false }`
[INFO] [stderr]  Downloading crates ...
[INFO] [stderr]   Downloaded miette v4.7.1
[INFO] [stderr]   Downloaded pyo3-macros v0.13.2
[INFO] [stderr]   Downloaded numpy v0.13.2
[INFO] [stderr]   Downloaded miette-derive v4.7.1
[INFO] [stderr]   Downloaded pyo3-macros-backend v0.13.2
[INFO] [stderr]   Downloaded pyo3 v0.13.2
[INFO] running `Command { std: "docker" "create" "-v" "/var/lib/crater-agent-workspace/builds/worker-5-tc1/target:/opt/rustwide/target:rw,Z" "-v" "/var/lib/crater-agent-workspace/builds/worker-5-tc1/source:/opt/rustwide/workdir:ro,Z" "-v" "/var/lib/crater-agent-workspace/cargo-home:/opt/rustwide/cargo-home:ro,Z" "-v" "/var/lib/crater-agent-workspace/rustup-home:/opt/rustwide/rustup-home:ro,Z" "-e" "SOURCE_DIR=/opt/rustwide/workdir" "-e" "CARGO_TARGET_DIR=/opt/rustwide/target" "-e" "CARGO_HOME=/opt/rustwide/cargo-home" "-e" "RUSTUP_HOME=/opt/rustwide/rustup-home" "-w" "/opt/rustwide/workdir" "-m" "1610612736" "--user" "0:0" "--network" "none" "ghcr.io/rust-lang/crates-build-env/linux@sha256:2788e3201cd34a07e3172128adcd8b3090168a8e3bcc40d7c032b9dda1df7d1c" "/opt/rustwide/cargo-home/bin/cargo" "+nightly-2024-02-05" "metadata" "--no-deps" "--format-version=1", kill_on_drop: false }`
[INFO] [stdout] 78169ee01037f84021c99d1ee940c86baf6d6535439110bb968b815f1160fd34
[INFO] running `Command { std: "docker" "start" "-a" "78169ee01037f84021c99d1ee940c86baf6d6535439110bb968b815f1160fd34", kill_on_drop: false }`
[INFO] running `Command { std: "docker" "inspect" "78169ee01037f84021c99d1ee940c86baf6d6535439110bb968b815f1160fd34", kill_on_drop: false }`
[INFO] running `Command { std: "docker" "rm" "-f" "78169ee01037f84021c99d1ee940c86baf6d6535439110bb968b815f1160fd34", kill_on_drop: false }`
[INFO] [stdout] 78169ee01037f84021c99d1ee940c86baf6d6535439110bb968b815f1160fd34
[INFO] running `Command { std: "docker" "create" "-v" "/var/lib/crater-agent-workspace/builds/worker-5-tc1/target:/opt/rustwide/target:rw,Z" "-v" "/var/lib/crater-agent-workspace/builds/worker-5-tc1/source:/opt/rustwide/workdir:ro,Z" "-v" "/var/lib/crater-agent-workspace/cargo-home:/opt/rustwide/cargo-home:ro,Z" "-v" "/var/lib/crater-agent-workspace/rustup-home:/opt/rustwide/rustup-home:ro,Z" "-e" "SOURCE_DIR=/opt/rustwide/workdir" "-e" "CARGO_TARGET_DIR=/opt/rustwide/target" "-e" "CARGO_INCREMENTAL=0" "-e" "RUST_BACKTRACE=full" "-e" "RUSTFLAGS=--cap-lints=forbid" "-e" "RUSTDOCFLAGS=--cap-lints=forbid" "-e" "CARGO_HOME=/opt/rustwide/cargo-home" "-e" "RUSTUP_HOME=/opt/rustwide/rustup-home" "-w" "/opt/rustwide/workdir" "-m" "1610612736" "--user" "0:0" "--network" "none" "ghcr.io/rust-lang/crates-build-env/linux@sha256:2788e3201cd34a07e3172128adcd8b3090168a8e3bcc40d7c032b9dda1df7d1c" "/opt/rustwide/cargo-home/bin/cargo" "+nightly-2024-02-05" "check" "--frozen" "--all" "--all-targets" "--message-format=json", kill_on_drop: false }`
[INFO] [stdout] 2af81c8f49fbf7735a1ffa6012d249aa537385f49a6b22e618d638816ceb58d5
[INFO] running `Command { std: "docker" "start" "-a" "2af81c8f49fbf7735a1ffa6012d249aa537385f49a6b22e618d638816ceb58d5", kill_on_drop: false }`
[INFO] [stderr]    Compiling serde v1.0.196
[INFO] [stderr]    Compiling semver v1.0.21
[INFO] [stderr]    Compiling num-traits v0.2.17
[INFO] [stderr]    Compiling tinyvec_macros v0.1.1
[INFO] [stderr]    Compiling unicode-bidi v0.3.15
[INFO] [stderr]    Compiling crossbeam-utils v0.8.19
[INFO] [stderr]    Compiling percent-encoding v2.3.1
[INFO] [stderr]     Checking either v1.9.0
[INFO] [stderr]    Compiling equivalent v1.0.1
[INFO] [stderr]    Compiling getrandom v0.1.16
[INFO] [stderr]    Compiling hashbrown v0.14.3
[INFO] [stderr]    Compiling toml_datetime v0.6.5
[INFO] [stderr]    Compiling winnow v0.5.37
[INFO] [stderr]    Compiling matrixmultiply v0.3.8
[INFO] [stderr]    Compiling num-integer v0.1.45
[INFO] [stderr]    Compiling rayon-core v1.12.1
[INFO] [stderr]    Compiling tinyvec v1.6.0
[INFO] [stderr]    Compiling thiserror-impl v1.0.30
[INFO] [stderr]    Compiling form_urlencoded v1.2.1
[INFO] [stderr]     Checking regex-syntax v0.8.2
[INFO] [stderr]     Checking plotters-backend v0.3.5
[INFO] [stderr]     Checking itertools v0.10.5
[INFO] [stderr]    Compiling backtrace v0.3.69
[INFO] [stderr]     Checking csv-core v0.1.11
[INFO] [stderr]     Checking plotters-svg v0.3.5
[INFO] [stderr]     Checking rand_core v0.5.1
[INFO] [stderr]    Compiling miette-derive v4.7.1
[INFO] [stderr]    Compiling convert_case v0.4.0
[INFO] [stderr]     Checking rand_chacha v0.2.2
[INFO] [stderr]     Checking miniz_oxide v0.7.2
[INFO] [stderr]     Checking clap v2.34.0
[INFO] [stderr]    Compiling indexmap v2.2.2
[INFO] [stderr]     Checking rand v0.7.3
[INFO] [stderr]     Checking walkdir v2.4.0
[INFO] [stderr]     Checking crossbeam-epoch v0.9.18
[INFO] [stderr]     Checking itertools v0.9.0
[INFO] [stderr]    Compiling derive_more v0.99.17
[INFO] [stderr]    Compiling unicode-normalization v0.1.22
[INFO] [stderr]     Checking crossbeam-deque v0.8.5
[INFO] [stderr]     Checking regex-automata v0.4.5
[INFO] [stderr]     Checking approx v0.4.0
[INFO] [stderr]     Checking plotters v0.3.5
[INFO] [stderr]    Compiling idna v0.5.0
[INFO] [stderr]     Checking rayon v1.8.1
[INFO] [stderr]     Checking criterion-plot v0.4.5
[INFO] [stderr]     Checking thiserror v1.0.30
[INFO] [stderr]    Compiling toml_edit v0.19.15
[INFO] [stderr]    Compiling url v2.5.0
[INFO] [stderr]     Checking miette v4.7.1
[INFO] [stderr]     Checking regex v1.10.3
[INFO] [stderr]     Checking num-complex v0.4.4
[INFO] [stderr]     Checking serde_json v1.0.113
[INFO] [stderr]     Checking toml v0.5.11
[INFO] [stderr]     Checking serde_cbor v0.11.2
[INFO] [stderr]     Checking csv v1.3.0
[INFO] [stderr]    Compiling proc-macro-crate v1.3.1
[INFO] [stderr]     Checking cauchy v0.4.0
[INFO] [stderr]     Checking ndarray v0.15.6
[INFO] [stderr]     Checking approx v0.5.1
[INFO] [stderr]    Compiling num_enum_derive v0.5.11
[INFO] [stderr]     Checking cargo-lock v8.0.3
[INFO] [stderr]     Checking tinytemplate v1.2.1
[INFO] [stderr]     Checking assert-json-diff v2.0.2
[INFO] [stderr]     Checking criterion v0.3.6
[INFO] [stderr]     Checking built v0.5.2
[INFO] [stderr]     Checking num_enum v0.5.11
[INFO] [stderr]    Compiling qdk_sim_rs v0.28.291394 (/opt/rustwide/workdir)
[INFO] [stdout] error[E0407]: method `backtrace` is not a member of trait `std::error::Error`
[INFO] [stdout]   --> src/error.rs:13:29
[INFO] [stdout]    |
[INFO] [stdout] 13 | #[derive(Debug, Diagnostic, Error)]
[INFO] [stdout]    |                             ^^^^^ not a member of trait `std::error::Error`
[INFO] [stdout]    |
[INFO] [stdout]    = note: this error originates in the derive macro `Error` (in Nightly builds, run with -Z macro-backtrace for more info)
[INFO] [stdout] 
[INFO] [stdout] 
[INFO] [stdout] warning: unused import: `common::*`
[INFO] [stdout]   --> src/instrument/mod.rs:18:9
[INFO] [stdout]    |
[INFO] [stdout] 18 | pub use common::*;
[INFO] [stdout]    |         ^^^^^^^^^
[INFO] [stdout]    |
[INFO] [stdout]    = note: `#[warn(unused_imports)]` on by default
[INFO] [stdout] 
[INFO] [stdout] 
[INFO] [stdout] warning: unnecessary parentheses around index expression
[INFO] [stdout]   --> src/linalg/tensor.rs:27:18
[INFO] [stdout]    |
[INFO] [stdout] 27 |             self[(i)] * other[(j)]
[INFO] [stdout]    |                  ^ ^
[INFO] [stdout]    |
[INFO] [stdout]    = note: `#[warn(unused_parens)]` on by default
[INFO] [stdout] help: remove these parentheses
[INFO] [stdout]    |
[INFO] [stdout] 27 -             self[(i)] * other[(j)]
[INFO] [stdout] 27 +             self[i] * other[(j)]
[INFO] [stdout]    |
[INFO] [stdout] 
[INFO] [stdout] 
[INFO] [stdout] warning: unnecessary parentheses around index expression
[INFO] [stdout]   --> src/linalg/tensor.rs:27:31
[INFO] [stdout]    |
[INFO] [stdout] 27 |             self[(i)] * other[(j)]
[INFO] [stdout]    |                               ^ ^
[INFO] [stdout]    |
[INFO] [stdout] help: remove these parentheses
[INFO] [stdout]    |
[INFO] [stdout] 27 -             self[(i)] * other[(j)]
[INFO] [stdout] 27 +             self[(i)] * other[j]
[INFO] [stdout]    |
[INFO] [stdout] 
[INFO] [stdout] 
[INFO] [stdout] warning: unnecessary parentheses around index expression
[INFO] [stdout]   --> src/linalg/decompositions/eig.rs:86:39
[INFO] [stdout]    |
[INFO] [stdout] 86 |                         * new_eigvals[(idx_eig)]
[INFO] [stdout]    |                                       ^       ^
[INFO] [stdout]    |
[INFO] [stdout] help: remove these parentheses
[INFO] [stdout]    |
[INFO] [stdout] 86 -                         * new_eigvals[(idx_eig)]
[INFO] [stdout] 86 +                         * new_eigvals[idx_eig]
[INFO] [stdout]    |
[INFO] [stdout] 
[INFO] [stdout] 
[INFO] [stdout] warning: unused import: `common::*`
[INFO] [stdout]  --> src/processes/generators/mod.rs:7:9
[INFO] [stdout]   |
[INFO] [stdout] 7 | pub use common::*;
[INFO] [stdout]   |         ^^^^^^^^^
[INFO] [stdout] 
[INFO] [stdout] 
[INFO] [stdout] error[E0407]: method `backtrace` is not a member of trait `std::error::Error`
[INFO] [stdout]   --> src/error.rs:13:29
[INFO] [stdout]    |
[INFO] [stdout] 13 | #[derive(Debug, Diagnostic, Error)]
[INFO] [stdout]    |                             ^^^^^ not a member of trait `std::error::Error`
[INFO] [stdout]    |
[INFO] [stdout]    = note: this error originates in the derive macro `Error` (in Nightly builds, run with -Z macro-backtrace for more info)
[INFO] [stdout] 
[INFO] [stdout] 
[INFO] [stdout] warning: unused import: `std::error::Error`
[INFO] [stdout]   --> src/c_api.rs:12:5
[INFO] [stdout]    |
[INFO] [stdout] 12 | use std::error::Error;
[INFO] [stdout]    |     ^^^^^^^^^^^^^^^^^
[INFO] [stdout]    |
[INFO] [stdout]    = note: `#[warn(unused_imports)]` on by default
[INFO] [stdout] 
[INFO] [stdout] 
[INFO] [stdout] warning: unused import: `common::*`
[INFO] [stdout]   --> src/instrument/mod.rs:18:9
[INFO] [stdout]    |
[INFO] [stdout] 18 | pub use common::*;
[INFO] [stdout]    |         ^^^^^^^^^
[INFO] [stdout] 
[INFO] [stdout] 
[INFO] [stdout] warning: unnecessary parentheses around index expression
[INFO] [stdout]   --> src/linalg/tensor.rs:27:18
[INFO] [stdout]    |
[INFO] [stdout] 27 |             self[(i)] * other[(j)]
[INFO] [stdout]    |                  ^ ^
[INFO] [stdout]    |
[INFO] [stdout]    = note: `#[warn(unused_parens)]` on by default
[INFO] [stdout] help: remove these parentheses
[INFO] [stdout]    |
[INFO] [stdout] 27 -             self[(i)] * other[(j)]
[INFO] [stdout] 27 +             self[i] * other[(j)]
[INFO] [stdout]    |
[INFO] [stdout] 
[INFO] [stdout] 
[INFO] [stdout] warning: unnecessary parentheses around index expression
[INFO] [stdout]   --> src/linalg/tensor.rs:27:31
[INFO] [stdout]    |
[INFO] [stdout] 27 |             self[(i)] * other[(j)]
[INFO] [stdout]    |                               ^ ^
[INFO] [stdout]    |
[INFO] [stdout] help: remove these parentheses
[INFO] [stdout]    |
[INFO] [stdout] 27 -             self[(i)] * other[(j)]
[INFO] [stdout] 27 +             self[(i)] * other[j]
[INFO] [stdout]    |
[INFO] [stdout] 
[INFO] [stdout] 
[INFO] [stdout] warning: unnecessary parentheses around index expression
[INFO] [stdout]   --> src/linalg/decompositions/eig.rs:86:39
[INFO] [stdout]    |
[INFO] [stdout] 86 |                         * new_eigvals[(idx_eig)]
[INFO] [stdout]    |                                       ^       ^
[INFO] [stdout]    |
[INFO] [stdout] help: remove these parentheses
[INFO] [stdout]    |
[INFO] [stdout] 86 -                         * new_eigvals[(idx_eig)]
[INFO] [stdout] 86 +                         * new_eigvals[idx_eig]
[INFO] [stdout]    |
[INFO] [stdout] 
[INFO] [stdout] 
[INFO] [stdout] warning: unused import: `common::*`
[INFO] [stdout]  --> src/processes/generators/mod.rs:7:9
[INFO] [stdout]   |
[INFO] [stdout] 7 | pub use common::*;
[INFO] [stdout]   |         ^^^^^^^^^
[INFO] [stdout] 
[INFO] [stdout] 
[INFO] [stdout] warning: the feature `backtrace` has been stable since 1.65.0 and no longer requires an attribute to enable
[INFO] [stdout]   --> src/lib.rs:20:12
[INFO] [stdout]    |
[INFO] [stdout] 20 | #![feature(backtrace)]
[INFO] [stdout]    |            ^^^^^^^^^
[INFO] [stdout]    |
[INFO] [stdout]    = note: `#[warn(stable_features)]` on by default
[INFO] [stdout] 
[INFO] [stdout] 
[INFO] [stdout] warning: the feature `backtrace` has been stable since 1.65.0 and no longer requires an attribute to enable
[INFO] [stdout]   --> src/lib.rs:20:12
[INFO] [stdout]    |
[INFO] [stdout] 20 | #![feature(backtrace)]
[INFO] [stdout]    |            ^^^^^^^^^
[INFO] [stdout]    |
[INFO] [stdout]    = note: `#[warn(stable_features)]` on by default
[INFO] [stdout] 
[INFO] [stdout] 
[INFO] [stdout] error[E0599]: no method named `backtrace` found for enum `QdkSimError` in the current scope
[INFO] [stdout]    --> src/c_api.rs:45:34
[INFO] [stdout]     |
[INFO] [stdout] 45  |                 *guard = api_err.backtrace().map(|bt| bt.to_string())
[INFO] [stdout]     |                                  ^^^^^^^^^ method not found in `QdkSimError`
[INFO] [stdout]     |
[INFO] [stdout]    ::: src/error.rs:14:1
[INFO] [stdout]     |
[INFO] [stdout] 14  | pub enum QdkSimError {
[INFO] [stdout]     | -------------------- method `backtrace` not found for this enum
[INFO] [stdout]     |
[INFO] [stdout] note: the method `backtrace` exists on the type `anyhow::Error`
[INFO] [stdout]    --> /opt/rustwide/cargo-home/registry/src/index.crates.io-6f17d22bba15001f/anyhow-1.0.79/src/error.rs:377:5
[INFO] [stdout]     |
[INFO] [stdout] 377 |     pub fn backtrace(&self) -> &impl_backtrace!() {
[INFO] [stdout]     |     ^^^^^^^^^^^^^^^^^^^^^^^^^^^^^^^^^^^^^^^^^^^^^
[INFO] [stdout] 
[INFO] [stdout] 
[INFO] [stdout] error[E0599]: no method named `backtrace` found for reference `&dyn StdError` in the current scope
[INFO] [stdout]   --> src/error.rs:66:13
[INFO] [stdout]    |
[INFO] [stdout] 66 |     #[error(transparent)]
[INFO] [stdout]    |             ^^^^^^^^^^^ method not found in `&dyn Error`
[INFO] [stdout] 
[INFO] [stdout] 
[INFO] [stdout] error[E0599]: no method named `backtrace` found for enum `error::QdkSimError` in the current scope
[INFO] [stdout]    --> src/c_api.rs:45:34
[INFO] [stdout]     |
[INFO] [stdout] 45  |                 *guard = api_err.backtrace().map(|bt| bt.to_string())
[INFO] [stdout]     |                                  ^^^^^^^^^ method not found in `QdkSimError`
[INFO] [stdout]     |
[INFO] [stdout]    ::: src/error.rs:14:1
[INFO] [stdout]     |
[INFO] [stdout] 14  | pub enum QdkSimError {
[INFO] [stdout]     | -------------------- method `backtrace` not found for this enum
[INFO] [stdout]     |
[INFO] [stdout] note: the method `backtrace` exists on the type `anyhow::Error`
[INFO] [stdout]    --> /opt/rustwide/cargo-home/registry/src/index.crates.io-6f17d22bba15001f/anyhow-1.0.79/src/error.rs:377:5
[INFO] [stdout]     |
[INFO] [stdout] 377 |     pub fn backtrace(&self) -> &impl_backtrace!() {
[INFO] [stdout]     |     ^^^^^^^^^^^^^^^^^^^^^^^^^^^^^^^^^^^^^^^^^^^^^
[INFO] [stdout] 
[INFO] [stdout] 
[INFO] [stdout] error[E0599]: no method named `backtrace` found for reference `&dyn StdError` in the current scope
[INFO] [stdout]    --> src/error.rs:125:13
[INFO] [stdout]     |
[INFO] [stdout] 125 |     #[error(transparent)]
[INFO] [stdout]     |             ^^^^^^^^^^^ method not found in `&dyn Error`
[INFO] [stdout] 
[INFO] [stdout] 
[INFO] [stdout] error[E0599]: no method named `backtrace` found for reference `&dyn StdError` in the current scope
[INFO] [stdout]    --> src/error.rs:134:13
[INFO] [stdout]     |
[INFO] [stdout] 134 |     #[error(transparent)]
[INFO] [stdout]     |             ^^^^^^^^^^^ method not found in `&dyn Error`
[INFO] [stdout] 
[INFO] [stdout] 
[INFO] [stdout] error[E0599]: no method named `backtrace` found for reference `&dyn StdError` in the current scope
[INFO] [stdout]   --> src/error.rs:66:13
[INFO] [stdout]    |
[INFO] [stdout] 66 |     #[error(transparent)]
[INFO] [stdout]    |             ^^^^^^^^^^^ method not found in `&dyn Error`
[INFO] [stdout] 
[INFO] [stdout] 
[INFO] [stdout] error[E0599]: no method named `backtrace` found for reference `&dyn StdError` in the current scope
[INFO] [stdout]    --> src/error.rs:125:13
[INFO] [stdout]     |
[INFO] [stdout] 125 |     #[error(transparent)]
[INFO] [stdout]     |             ^^^^^^^^^^^ method not found in `&dyn Error`
[INFO] [stdout] 
[INFO] [stdout] 
[INFO] [stdout] error[E0599]: no method named `backtrace` found for reference `&dyn StdError` in the current scope
[INFO] [stdout]    --> src/error.rs:134:13
[INFO] [stdout]     |
[INFO] [stdout] 134 |     #[error(transparent)]
[INFO] [stdout]     |             ^^^^^^^^^^^ method not found in `&dyn Error`
[INFO] [stdout] 
[INFO] [stdout] 
[INFO] [stdout] warning: unused import: `std::error::Error`
[INFO] [stdout]   --> src/c_api.rs:12:5
[INFO] [stdout]    |
[INFO] [stdout] 12 | use std::error::Error;
[INFO] [stdout]    |     ^^^^^^^^^^^^^^^^^
[INFO] [stdout] 
[INFO] [stdout] 
[INFO] [stdout] error: aborting due to 5 previous errors; 7 warnings emitted
[INFO] [stdout] 
[INFO] [stdout] 
[INFO] [stdout] Some errors have detailed explanations: E0407, E0599.
[INFO] [stdout] 
[INFO] [stdout] For more information about an error, try `rustc --explain E0407`.
[INFO] [stdout] 
[INFO] [stderr] error: could not compile `qdk_sim_rs` (lib) due to 6 previous errors; 7 warnings emitted
[INFO] [stderr] warning: build failed, waiting for other jobs to finish...
[INFO] [stdout] error: aborting due to 5 previous errors; 7 warnings emitted
[INFO] [stdout] 
[INFO] [stdout] 
[INFO] [stdout] Some errors have detailed explanations: E0407, E0599.
[INFO] [stdout] 
[INFO] [stdout] For more information about an error, try `rustc --explain E0407`.
[INFO] [stdout] 
[INFO] [stderr] error: could not compile `qdk_sim_rs` (lib test) due to 6 previous errors; 7 warnings emitted
[INFO] running `Command { std: "docker" "inspect" "2af81c8f49fbf7735a1ffa6012d249aa537385f49a6b22e618d638816ceb58d5", kill_on_drop: false }`
[INFO] running `Command { std: "docker" "rm" "-f" "2af81c8f49fbf7735a1ffa6012d249aa537385f49a6b22e618d638816ceb58d5", kill_on_drop: false }`
[INFO] [stdout] 2af81c8f49fbf7735a1ffa6012d249aa537385f49a6b22e618d638816ceb58d5
[INFO] checking qdk_sim_rs-0.28.291394 against nightly-2024-02-05+rustflags=-Dunexpected_cfgs+cargoflags=-Zcheck-cfg for check-cfg
[INFO] extracting crate qdk_sim_rs 0.28.291394 into /workspace/builds/worker-5-tc2/source
[INFO] validating manifest of crates.io crate qdk_sim_rs 0.28.291394 on toolchain nightly-2024-02-05
[INFO] running `Command { std: CARGO_HOME="/workspace/cargo-home" RUSTUP_HOME="/workspace/rustup-home" "/workspace/cargo-home/bin/cargo" "+nightly-2024-02-05" "metadata" "--manifest-path" "Cargo.toml" "--no-deps", kill_on_drop: false }`
[INFO] started tweaking crates.io crate qdk_sim_rs 0.28.291394
[INFO] finished tweaking crates.io crate qdk_sim_rs 0.28.291394
[INFO] tweaked toml for crates.io crate qdk_sim_rs 0.28.291394 written to /workspace/builds/worker-5-tc2/source/Cargo.toml
[INFO] running `Command { std: CARGO_HOME="/workspace/cargo-home" RUSTUP_HOME="/workspace/rustup-home" "/workspace/cargo-home/bin/cargo" "+nightly-2024-02-05" "generate-lockfile" "--manifest-path" "Cargo.toml", kill_on_drop: false }`
[INFO] [stderr]     Updating crates.io index
[INFO] running `Command { std: CARGO_HOME="/workspace/cargo-home" RUSTUP_HOME="/workspace/rustup-home" "/workspace/cargo-home/bin/cargo" "+nightly-2024-02-05" "fetch" "--manifest-path" "Cargo.toml", kill_on_drop: false }`
[INFO] running `Command { std: "docker" "create" "-v" "/var/lib/crater-agent-workspace/builds/worker-5-tc2/target:/opt/rustwide/target:rw,Z" "-v" "/var/lib/crater-agent-workspace/builds/worker-5-tc2/source:/opt/rustwide/workdir:ro,Z" "-v" "/var/lib/crater-agent-workspace/cargo-home:/opt/rustwide/cargo-home:ro,Z" "-v" "/var/lib/crater-agent-workspace/rustup-home:/opt/rustwide/rustup-home:ro,Z" "-e" "SOURCE_DIR=/opt/rustwide/workdir" "-e" "CARGO_TARGET_DIR=/opt/rustwide/target" "-e" "CARGO_HOME=/opt/rustwide/cargo-home" "-e" "RUSTUP_HOME=/opt/rustwide/rustup-home" "-w" "/opt/rustwide/workdir" "-m" "1610612736" "--user" "0:0" "--network" "none" "ghcr.io/rust-lang/crates-build-env/linux@sha256:2788e3201cd34a07e3172128adcd8b3090168a8e3bcc40d7c032b9dda1df7d1c" "/opt/rustwide/cargo-home/bin/cargo" "+nightly-2024-02-05" "metadata" "--no-deps" "--format-version=1", kill_on_drop: false }`
[INFO] [stdout] d3f4f675b786c4b335a0fda57eb60810e5b7e7f1bc92a423eb238055ee95c4d3
[INFO] running `Command { std: "docker" "start" "-a" "d3f4f675b786c4b335a0fda57eb60810e5b7e7f1bc92a423eb238055ee95c4d3", kill_on_drop: false }`
[INFO] running `Command { std: "docker" "inspect" "d3f4f675b786c4b335a0fda57eb60810e5b7e7f1bc92a423eb238055ee95c4d3", kill_on_drop: false }`
[INFO] running `Command { std: "docker" "rm" "-f" "d3f4f675b786c4b335a0fda57eb60810e5b7e7f1bc92a423eb238055ee95c4d3", kill_on_drop: false }`
[INFO] [stdout] d3f4f675b786c4b335a0fda57eb60810e5b7e7f1bc92a423eb238055ee95c4d3
[INFO] running `Command { std: "docker" "create" "-v" "/var/lib/crater-agent-workspace/builds/worker-5-tc2/target:/opt/rustwide/target:rw,Z" "-v" "/var/lib/crater-agent-workspace/builds/worker-5-tc2/source:/opt/rustwide/workdir:ro,Z" "-v" "/var/lib/crater-agent-workspace/cargo-home:/opt/rustwide/cargo-home:ro,Z" "-v" "/var/lib/crater-agent-workspace/rustup-home:/opt/rustwide/rustup-home:ro,Z" "-e" "SOURCE_DIR=/opt/rustwide/workdir" "-e" "CARGO_TARGET_DIR=/opt/rustwide/target" "-e" "CARGO_INCREMENTAL=0" "-e" "RUST_BACKTRACE=full" "-e" "RUSTFLAGS=--cap-lints=forbid -Dunexpected_cfgs" "-e" "RUSTDOCFLAGS=--cap-lints=forbid" "-e" "CARGO_HOME=/opt/rustwide/cargo-home" "-e" "RUSTUP_HOME=/opt/rustwide/rustup-home" "-w" "/opt/rustwide/workdir" "-m" "1610612736" "--user" "0:0" "--network" "none" "ghcr.io/rust-lang/crates-build-env/linux@sha256:2788e3201cd34a07e3172128adcd8b3090168a8e3bcc40d7c032b9dda1df7d1c" "/opt/rustwide/cargo-home/bin/cargo" "+nightly-2024-02-05" "check" "--frozen" "--all" "--all-targets" "--message-format=json" "-Zcheck-cfg", kill_on_drop: false }`
[INFO] [stdout] ba726647d4a906de1236f5246b2277f60ed5ee2c942f429e242db0aedcaf2e96
[INFO] running `Command { std: "docker" "start" "-a" "ba726647d4a906de1236f5246b2277f60ed5ee2c942f429e242db0aedcaf2e96", kill_on_drop: false }`
[INFO] [stderr]    Compiling serde v1.0.196
[INFO] [stderr]    Compiling num-traits v0.2.17
[INFO] [stderr]    Compiling semver v1.0.21
[INFO] [stderr]    Compiling tinyvec_macros v0.1.1
[INFO] [stderr]    Compiling unicode-bidi v0.3.15
[INFO] [stderr]    Compiling percent-encoding v2.3.1
[INFO] [stderr]    Compiling crossbeam-utils v0.8.19
[INFO] [stderr]    Compiling getrandom v0.1.16
[INFO] [stderr]     Checking either v1.9.0
[INFO] [stderr]    Compiling equivalent v1.0.1
[INFO] [stderr]    Compiling hashbrown v0.14.3
[INFO] [stderr]    Compiling toml_datetime v0.6.5
[INFO] [stderr]    Compiling winnow v0.5.37
[INFO] [stderr]    Compiling matrixmultiply v0.3.8
[INFO] [stderr]    Compiling num-integer v0.1.45
[INFO] [stderr]    Compiling tinyvec v1.6.0
[INFO] [stderr]    Compiling rayon-core v1.12.1
[INFO] [stderr]    Compiling thiserror-impl v1.0.30
[INFO] [stderr]    Compiling form_urlencoded v1.2.1
[INFO] [stderr]     Checking regex-syntax v0.8.2
[INFO] [stderr]     Checking plotters-backend v0.3.5
[INFO] [stderr]     Checking itertools v0.10.5
[INFO] [stderr]    Compiling backtrace v0.3.69
[INFO] [stderr]     Checking csv-core v0.1.11
[INFO] [stderr]     Checking rand_core v0.5.1
[INFO] [stderr]     Checking plotters-svg v0.3.5
[INFO] [stderr]    Compiling miette-derive v4.7.1
[INFO] [stderr]    Compiling convert_case v0.4.0
[INFO] [stderr]     Checking rand_chacha v0.2.2
[INFO] [stderr]     Checking miniz_oxide v0.7.2
[INFO] [stderr]    Compiling indexmap v2.2.2
[INFO] [stderr]     Checking rand v0.7.3
[INFO] [stderr]     Checking walkdir v2.4.0
[INFO] [stderr]     Checking crossbeam-epoch v0.9.18
[INFO] [stderr]     Checking clap v2.34.0
[INFO] [stderr]     Checking itertools v0.9.0
[INFO] [stderr]    Compiling unicode-normalization v0.1.22
[INFO] [stderr]     Checking crossbeam-deque v0.8.5
[INFO] [stderr]    Compiling derive_more v0.99.17
[INFO] [stderr]     Checking regex-automata v0.4.5
[INFO] [stderr]    Compiling idna v0.5.0
[INFO] [stderr]     Checking criterion-plot v0.4.5
[INFO] [stderr]     Checking approx v0.4.0
[INFO] [stderr]     Checking plotters v0.3.5
[INFO] [stderr]     Checking rayon v1.8.1
[INFO] [stderr]     Checking thiserror v1.0.30
[INFO] [stderr]    Compiling url v2.5.0
[INFO] [stderr]     Checking miette v4.7.1
[INFO] [stderr]    Compiling toml_edit v0.19.15
[INFO] [stderr]     Checking regex v1.10.3
[INFO] [stderr]     Checking serde_json v1.0.113
[INFO] [stderr]     Checking num-complex v0.4.4
[INFO] [stderr]     Checking toml v0.5.11
[INFO] [stderr]     Checking serde_cbor v0.11.2
[INFO] [stderr]     Checking csv v1.3.0
[INFO] [stderr]     Checking cauchy v0.4.0
[INFO] [stderr]     Checking ndarray v0.15.6
[INFO] [stderr]     Checking approx v0.5.1
[INFO] [stderr]    Compiling proc-macro-crate v1.3.1
[INFO] [stderr]     Checking cargo-lock v8.0.3
[INFO] [stderr]     Checking tinytemplate v1.2.1
[INFO] [stderr]     Checking assert-json-diff v2.0.2
[INFO] [stderr]    Compiling num_enum_derive v0.5.11
[INFO] [stderr]     Checking criterion v0.3.6
[INFO] [stderr]     Checking built v0.5.2
[INFO] [stderr]     Checking num_enum v0.5.11
[INFO] [stderr]    Compiling qdk_sim_rs v0.28.291394 (/opt/rustwide/workdir)
[INFO] [stdout] error[E0407]: method `backtrace` is not a member of trait `std::error::Error`
[INFO] [stdout]   --> src/error.rs:13:29
[INFO] [stdout]    |
[INFO] [stdout] 13 | #[derive(Debug, Diagnostic, Error)]
[INFO] [stdout]    |                             ^^^^^ not a member of trait `std::error::Error`
[INFO] [stdout]    |
[INFO] [stdout]    = note: this error originates in the derive macro `Error` (in Nightly builds, run with -Z macro-backtrace for more info)
[INFO] [stdout] 
[INFO] [stdout] 
[INFO] [stdout] warning: unused import: `common::*`
[INFO] [stdout]   --> src/instrument/mod.rs:18:9
[INFO] [stdout]    |
[INFO] [stdout] 18 | pub use common::*;
[INFO] [stdout]    |         ^^^^^^^^^
[INFO] [stdout]    |
[INFO] [stdout]    = note: `#[warn(unused_imports)]` on by default
[INFO] [stdout] 
[INFO] [stdout] 
[INFO] [stdout] warning: unnecessary parentheses around index expression
[INFO] [stdout]   --> src/linalg/tensor.rs:27:18
[INFO] [stdout]    |
[INFO] [stdout] 27 |             self[(i)] * other[(j)]
[INFO] [stdout]    |                  ^ ^
[INFO] [stdout]    |
[INFO] [stdout]    = note: `#[warn(unused_parens)]` on by default
[INFO] [stdout] help: remove these parentheses
[INFO] [stdout]    |
[INFO] [stdout] 27 -             self[(i)] * other[(j)]
[INFO] [stdout] 27 +             self[i] * other[(j)]
[INFO] [stdout]    |
[INFO] [stdout] 
[INFO] [stdout] 
[INFO] [stdout] warning: unnecessary parentheses around index expression
[INFO] [stdout]   --> src/linalg/tensor.rs:27:31
[INFO] [stdout]    |
[INFO] [stdout] 27 |             self[(i)] * other[(j)]
[INFO] [stdout]    |                               ^ ^
[INFO] [stdout]    |
[INFO] [stdout] help: remove these parentheses
[INFO] [stdout]    |
[INFO] [stdout] 27 -             self[(i)] * other[(j)]
[INFO] [stdout] 27 +             self[(i)] * other[j]
[INFO] [stdout]    |
[INFO] [stdout] 
[INFO] [stdout] 
[INFO] [stdout] warning: unnecessary parentheses around index expression
[INFO] [stdout]   --> src/linalg/decompositions/eig.rs:86:39
[INFO] [stdout]    |
[INFO] [stdout] 86 |                         * new_eigvals[(idx_eig)]
[INFO] [stdout]    |                                       ^       ^
[INFO] [stdout]    |
[INFO] [stdout] help: remove these parentheses
[INFO] [stdout]    |
[INFO] [stdout] 86 -                         * new_eigvals[(idx_eig)]
[INFO] [stdout] 86 +                         * new_eigvals[idx_eig]
[INFO] [stdout]    |
[INFO] [stdout] 
[INFO] [stdout] 
[INFO] [stdout] warning: unused import: `common::*`
[INFO] [stdout]  --> src/processes/generators/mod.rs:7:9
[INFO] [stdout]   |
[INFO] [stdout] 7 | pub use common::*;
[INFO] [stdout]   |         ^^^^^^^^^
[INFO] [stdout] 
[INFO] [stdout] 
[INFO] [stdout] error: unexpected `cfg` condition value: `web-sys-log`
[INFO] [stdout]   --> src/utils.rs:31:7
[INFO] [stdout]    |
[INFO] [stdout] 31 | #[cfg(feature = "web-sys-log")]
[INFO] [stdout]    |       ^^^^^^^^^^^^^^^^^^^^^^^
[INFO] [stdout]    |
[INFO] [stdout]    = note: expected values for `feature` are: `default`, `document-features`, `numpy`, `pade`, `pyo3`, `python`, `trace_c_api`, `wasm`, `web-sys`
[INFO] [stdout]    = help: consider adding `web-sys-log` as a feature in `Cargo.toml`
[INFO] [stdout]    = note: see <https://doc.rust-lang.org/nightly/cargo/reference/unstable.html#check-cfg> for more information about checking conditional configuration
[INFO] [stdout]    = note: requested on the command line with `-D unexpected-cfgs`
[INFO] [stdout] 
[INFO] [stdout] 
[INFO] [stdout] error: unexpected `cfg` condition value: `web-sys-log`
[INFO] [stdout]   --> src/utils.rs:36:11
[INFO] [stdout]    |
[INFO] [stdout] 36 | #[cfg(not(feature = "web-sys-log"))]
[INFO] [stdout]    |           ^^^^^^^^^^^^^^^^^^^^^^^
[INFO] [stdout]    |
[INFO] [stdout]    = note: expected values for `feature` are: `default`, `document-features`, `numpy`, `pade`, `pyo3`, `python`, `trace_c_api`, `wasm`, `web-sys`
[INFO] [stdout]    = help: consider adding `web-sys-log` as a feature in `Cargo.toml`
[INFO] [stdout]    = note: see <https://doc.rust-lang.org/nightly/cargo/reference/unstable.html#check-cfg> for more information about checking conditional configuration
[INFO] [stdout] 
[INFO] [stdout] 
[INFO] [stdout] error[E0407]: method `backtrace` is not a member of trait `std::error::Error`
[INFO] [stdout]   --> src/error.rs:13:29
[INFO] [stdout]    |
[INFO] [stdout] 13 | #[derive(Debug, Diagnostic, Error)]
[INFO] [stdout]    |                             ^^^^^ not a member of trait `std::error::Error`
[INFO] [stdout]    |
[INFO] [stdout]    = note: this error originates in the derive macro `Error` (in Nightly builds, run with -Z macro-backtrace for more info)
[INFO] [stdout] 
[INFO] [stdout] 
[INFO] [stdout] warning: unused import: `std::error::Error`
[INFO] [stdout]   --> src/c_api.rs:12:5
[INFO] [stdout]    |
[INFO] [stdout] 12 | use std::error::Error;
[INFO] [stdout]    |     ^^^^^^^^^^^^^^^^^
[INFO] [stdout]    |
[INFO] [stdout]    = note: `#[warn(unused_imports)]` on by default
[INFO] [stdout] 
[INFO] [stdout] 
[INFO] [stdout] warning: unused import: `common::*`
[INFO] [stdout]   --> src/instrument/mod.rs:18:9
[INFO] [stdout]    |
[INFO] [stdout] 18 | pub use common::*;
[INFO] [stdout]    |         ^^^^^^^^^
[INFO] [stdout] 
[INFO] [stdout] 
[INFO] [stdout] warning: unnecessary parentheses around index expression
[INFO] [stdout]   --> src/linalg/tensor.rs:27:18
[INFO] [stdout]    |
[INFO] [stdout] 27 |             self[(i)] * other[(j)]
[INFO] [stdout]    |                  ^ ^
[INFO] [stdout]    |
[INFO] [stdout]    = note: `#[warn(unused_parens)]` on by default
[INFO] [stdout] help: remove these parentheses
[INFO] [stdout]    |
[INFO] [stdout] 27 -             self[(i)] * other[(j)]
[INFO] [stdout] 27 +             self[i] * other[(j)]
[INFO] [stdout]    |
[INFO] [stdout] 
[INFO] [stdout] 
[INFO] [stdout] warning: unnecessary parentheses around index expression
[INFO] [stdout]   --> src/linalg/tensor.rs:27:31
[INFO] [stdout]    |
[INFO] [stdout] 27 |             self[(i)] * other[(j)]
[INFO] [stdout]    |                               ^ ^
[INFO] [stdout]    |
[INFO] [stdout] help: remove these parentheses
[INFO] [stdout]    |
[INFO] [stdout] 27 -             self[(i)] * other[(j)]
[INFO] [stdout] 27 +             self[(i)] * other[j]
[INFO] [stdout]    |
[INFO] [stdout] 
[INFO] [stdout] 
[INFO] [stdout] warning: unnecessary parentheses around index expression
[INFO] [stdout]   --> src/linalg/decompositions/eig.rs:86:39
[INFO] [stdout]    |
[INFO] [stdout] 86 |                         * new_eigvals[(idx_eig)]
[INFO] [stdout]    |                                       ^       ^
[INFO] [stdout]    |
[INFO] [stdout] help: remove these parentheses
[INFO] [stdout]    |
[INFO] [stdout] 86 -                         * new_eigvals[(idx_eig)]
[INFO] [stdout] 86 +                         * new_eigvals[idx_eig]
[INFO] [stdout]    |
[INFO] [stdout] 
[INFO] [stdout] 
[INFO] [stdout] warning: unused import: `common::*`
[INFO] [stdout]  --> src/processes/generators/mod.rs:7:9
[INFO] [stdout]   |
[INFO] [stdout] 7 | pub use common::*;
[INFO] [stdout]   |         ^^^^^^^^^
[INFO] [stdout] 
[INFO] [stdout] 
[INFO] [stdout] error: unexpected `cfg` condition value: `web-sys-log`
[INFO] [stdout]   --> src/utils.rs:31:7
[INFO] [stdout]    |
[INFO] [stdout] 31 | #[cfg(feature = "web-sys-log")]
[INFO] [stdout]    |       ^^^^^^^^^^^^^^^^^^^^^^^
[INFO] [stdout]    |
[INFO] [stdout]    = note: expected values for `feature` are: `default`, `document-features`, `numpy`, `pade`, `pyo3`, `python`, `trace_c_api`, `wasm`, `web-sys`
[INFO] [stdout]    = help: consider adding `web-sys-log` as a feature in `Cargo.toml`
[INFO] [stdout]    = note: see <https://doc.rust-lang.org/nightly/cargo/reference/unstable.html#check-cfg> for more information about checking conditional configuration
[INFO] [stdout]    = note: requested on the command line with `-D unexpected-cfgs`
[INFO] [stdout] 
[INFO] [stdout] 
[INFO] [stdout] error: unexpected `cfg` condition value: `web-sys-log`
[INFO] [stdout]   --> src/utils.rs:36:11
[INFO] [stdout]    |
[INFO] [stdout] 36 | #[cfg(not(feature = "web-sys-log"))]
[INFO] [stdout]    |           ^^^^^^^^^^^^^^^^^^^^^^^
[INFO] [stdout]    |
[INFO] [stdout]    = note: expected values for `feature` are: `default`, `document-features`, `numpy`, `pade`, `pyo3`, `python`, `trace_c_api`, `wasm`, `web-sys`
[INFO] [stdout]    = help: consider adding `web-sys-log` as a feature in `Cargo.toml`
[INFO] [stdout]    = note: see <https://doc.rust-lang.org/nightly/cargo/reference/unstable.html#check-cfg> for more information about checking conditional configuration
[INFO] [stdout] 
[INFO] [stdout] 
[INFO] [stdout] warning: the feature `backtrace` has been stable since 1.65.0 and no longer requires an attribute to enable
[INFO] [stdout]   --> src/lib.rs:20:12
[INFO] [stdout]    |
[INFO] [stdout] 20 | #![feature(backtrace)]
[INFO] [stdout]    |            ^^^^^^^^^
[INFO] [stdout]    |
[INFO] [stdout]    = note: `#[warn(stable_features)]` on by default
[INFO] [stdout] 
[INFO] [stdout] 
[INFO] [stdout] warning: the feature `backtrace` has been stable since 1.65.0 and no longer requires an attribute to enable
[INFO] [stdout]   --> src/lib.rs:20:12
[INFO] [stdout]    |
[INFO] [stdout] 20 | #![feature(backtrace)]
[INFO] [stdout]    |            ^^^^^^^^^
[INFO] [stdout]    |
[INFO] [stdout]    = note: `#[warn(stable_features)]` on by default
[INFO] [stdout] 
[INFO] [stdout] 
[INFO] [stdout] error[E0599]: no method named `backtrace` found for enum `QdkSimError` in the current scope
[INFO] [stdout]    --> src/c_api.rs:45:34
[INFO] [stdout]     |
[INFO] [stdout] 45  |                 *guard = api_err.backtrace().map(|bt| bt.to_string())
[INFO] [stdout]     |                                  ^^^^^^^^^ method not found in `QdkSimError`
[INFO] [stdout]     |
[INFO] [stdout]    ::: src/error.rs:14:1
[INFO] [stdout]     |
[INFO] [stdout] 14  | pub enum QdkSimError {
[INFO] [stdout]     | -------------------- method `backtrace` not found for this enum
[INFO] [stdout]     |
[INFO] [stdout] note: the method `backtrace` exists on the type `anyhow::Error`
[INFO] [stdout]    --> /opt/rustwide/cargo-home/registry/src/index.crates.io-6f17d22bba15001f/anyhow-1.0.79/src/error.rs:377:5
[INFO] [stdout]     |
[INFO] [stdout] 377 |     pub fn backtrace(&self) -> &impl_backtrace!() {
[INFO] [stdout]     |     ^^^^^^^^^^^^^^^^^^^^^^^^^^^^^^^^^^^^^^^^^^^^^
[INFO] [stdout] 
[INFO] [stdout] 
[INFO] [stdout] error[E0599]: no method named `backtrace` found for reference `&dyn StdError` in the current scope
[INFO] [stdout]   --> src/error.rs:66:13
[INFO] [stdout]    |
[INFO] [stdout] 66 |     #[error(transparent)]
[INFO] [stdout]    |             ^^^^^^^^^^^ method not found in `&dyn Error`
[INFO] [stdout] 
[INFO] [stdout] 
[INFO] [stdout] error[E0599]: no method named `backtrace` found for reference `&dyn StdError` in the current scope
[INFO] [stdout]    --> src/error.rs:125:13
[INFO] [stdout]     |
[INFO] [stdout] 125 |     #[error(transparent)]
[INFO] [stdout]     |             ^^^^^^^^^^^ method not found in `&dyn Error`
[INFO] [stdout] 
[INFO] [stdout] 
[INFO] [stdout] error[E0599]: no method named `backtrace` found for reference `&dyn StdError` in the current scope
[INFO] [stdout]    --> src/error.rs:134:13
[INFO] [stdout]     |
[INFO] [stdout] 134 |     #[error(transparent)]
[INFO] [stdout]     |             ^^^^^^^^^^^ method not found in `&dyn Error`
[INFO] [stdout] 
[INFO] [stdout] 
[INFO] [stdout] error[E0599]: no method named `backtrace` found for enum `error::QdkSimError` in the current scope
[INFO] [stdout]    --> src/c_api.rs:45:34
[INFO] [stdout]     |
[INFO] [stdout] 45  |                 *guard = api_err.backtrace().map(|bt| bt.to_string())
[INFO] [stdout]     |                                  ^^^^^^^^^ method not found in `QdkSimError`
[INFO] [stdout]     |
[INFO] [stdout]    ::: src/error.rs:14:1
[INFO] [stdout]     |
[INFO] [stdout] 14  | pub enum QdkSimError {
[INFO] [stdout]     | -------------------- method `backtrace` not found for this enum
[INFO] [stdout]     |
[INFO] [stdout] note: the method `backtrace` exists on the type `anyhow::Error`
[INFO] [stdout]    --> /opt/rustwide/cargo-home/registry/src/index.crates.io-6f17d22bba15001f/anyhow-1.0.79/src/error.rs:377:5
[INFO] [stdout]     |
[INFO] [stdout] 377 |     pub fn backtrace(&self) -> &impl_backtrace!() {
[INFO] [stdout]     |     ^^^^^^^^^^^^^^^^^^^^^^^^^^^^^^^^^^^^^^^^^^^^^
[INFO] [stdout] 
[INFO] [stdout] 
[INFO] [stdout] error[E0599]: no method named `backtrace` found for reference `&dyn StdError` in the current scope
[INFO] [stdout]   --> src/error.rs:66:13
[INFO] [stdout]    |
[INFO] [stdout] 66 |     #[error(transparent)]
[INFO] [stdout]    |             ^^^^^^^^^^^ method not found in `&dyn Error`
[INFO] [stdout] 
[INFO] [stdout] 
[INFO] [stdout] error[E0599]: no method named `backtrace` found for reference `&dyn StdError` in the current scope
[INFO] [stdout]    --> src/error.rs:125:13
[INFO] [stdout]     |
[INFO] [stdout] 125 |     #[error(transparent)]
[INFO] [stdout]     |             ^^^^^^^^^^^ method not found in `&dyn Error`
[INFO] [stdout] 
[INFO] [stdout] 
[INFO] [stdout] error[E0599]: no method named `backtrace` found for reference `&dyn StdError` in the current scope
[INFO] [stdout]    --> src/error.rs:134:13
[INFO] [stdout]     |
[INFO] [stdout] 134 |     #[error(transparent)]
[INFO] [stdout]     |             ^^^^^^^^^^^ method not found in `&dyn Error`
[INFO] [stdout] 
[INFO] [stdout] 
[INFO] [stdout] warning: unused import: `std::error::Error`
[INFO] [stdout]   --> src/c_api.rs:12:5
[INFO] [stdout]    |
[INFO] [stdout] 12 | use std::error::Error;
[INFO] [stdout]    |     ^^^^^^^^^^^^^^^^^
[INFO] [stdout] 
[INFO] [stdout] 
[INFO] [stdout] error: aborting due to 7 previous errors; 7 warnings emitted
[INFO] [stdout] 
[INFO] [stdout] 
[INFO] [stdout] Some errors have detailed explanations: E0407, E0599.
[INFO] [stdout] 
[INFO] [stdout] For more information about an error, try `rustc --explain E0407`.
[INFO] [stdout] 
[INFO] [stderr] error: could not compile `qdk_sim_rs` (lib) due to 8 previous errors; 7 warnings emitted
[INFO] [stderr] warning: build failed, waiting for other jobs to finish...
[INFO] [stdout] error: aborting due to 7 previous errors; 7 warnings emitted
[INFO] [stdout] 
[INFO] [stdout] 
[INFO] [stdout] Some errors have detailed explanations: E0407, E0599.
[INFO] [stdout] 
[INFO] [stdout] For more information about an error, try `rustc --explain E0407`.
[INFO] [stdout] 
[INFO] [stderr] error: could not compile `qdk_sim_rs` (lib test) due to 8 previous errors; 7 warnings emitted
[INFO] running `Command { std: "docker" "inspect" "ba726647d4a906de1236f5246b2277f60ed5ee2c942f429e242db0aedcaf2e96", kill_on_drop: false }`
[INFO] running `Command { std: "docker" "rm" "-f" "ba726647d4a906de1236f5246b2277f60ed5ee2c942f429e242db0aedcaf2e96", kill_on_drop: false }`
[INFO] [stdout] ba726647d4a906de1236f5246b2277f60ed5ee2c942f429e242db0aedcaf2e96
