[INFO] fetching crate python-ast 0.1.6...
[INFO] checking python-ast-0.1.6 against nightly-2024-02-05 for check-cfg
[INFO] extracting crate python-ast 0.1.6 into /workspace/builds/worker-0-tc1/source
[INFO] validating manifest of crates.io crate python-ast 0.1.6 on toolchain nightly-2024-02-05
[INFO] running `Command { std: CARGO_HOME="/workspace/cargo-home" RUSTUP_HOME="/workspace/rustup-home" "/workspace/cargo-home/bin/cargo" "+nightly-2024-02-05" "metadata" "--manifest-path" "Cargo.toml" "--no-deps", kill_on_drop: false }`
[INFO] started tweaking crates.io crate python-ast 0.1.6
[INFO] finished tweaking crates.io crate python-ast 0.1.6
[INFO] tweaked toml for crates.io crate python-ast 0.1.6 written to /workspace/builds/worker-0-tc1/source/Cargo.toml
[INFO] running `Command { std: CARGO_HOME="/workspace/cargo-home" RUSTUP_HOME="/workspace/rustup-home" "/workspace/cargo-home/bin/cargo" "+nightly-2024-02-05" "generate-lockfile" "--manifest-path" "Cargo.toml", kill_on_drop: false }`
[INFO] [stderr]     Updating crates.io index
[INFO] running `Command { std: CARGO_HOME="/workspace/cargo-home" RUSTUP_HOME="/workspace/rustup-home" "/workspace/cargo-home/bin/cargo" "+nightly-2024-02-05" "fetch" "--manifest-path" "Cargo.toml", kill_on_drop: false }`
[INFO] [stderr]  Downloading crates ...
[INFO] [stderr]   Downloaded unindent v0.2.3
[INFO] [stderr]   Downloaded pyo3-build-config v0.20.2
[INFO] [stderr]   Downloaded pyo3-macros v0.20.2
[INFO] [stderr]   Downloaded pyo3-ffi v0.20.2
[INFO] [stderr]   Downloaded pyo3-macros-backend v0.20.2
[INFO] [stderr]   Downloaded pyo3 v0.20.2
[INFO] [stderr]   Downloaded to_tokenstream v0.1.3
[INFO] running `Command { std: "docker" "create" "-v" "/var/lib/crater-agent-workspace/builds/worker-0-tc1/target:/opt/rustwide/target:rw,Z" "-v" "/var/lib/crater-agent-workspace/builds/worker-0-tc1/source:/opt/rustwide/workdir:ro,Z" "-v" "/var/lib/crater-agent-workspace/cargo-home:/opt/rustwide/cargo-home:ro,Z" "-v" "/var/lib/crater-agent-workspace/rustup-home:/opt/rustwide/rustup-home:ro,Z" "-e" "SOURCE_DIR=/opt/rustwide/workdir" "-e" "CARGO_TARGET_DIR=/opt/rustwide/target" "-e" "CARGO_HOME=/opt/rustwide/cargo-home" "-e" "RUSTUP_HOME=/opt/rustwide/rustup-home" "-w" "/opt/rustwide/workdir" "-m" "1610612736" "--user" "0:0" "--network" "none" "ghcr.io/rust-lang/crates-build-env/linux@sha256:2788e3201cd34a07e3172128adcd8b3090168a8e3bcc40d7c032b9dda1df7d1c" "/opt/rustwide/cargo-home/bin/cargo" "+nightly-2024-02-05" "metadata" "--no-deps" "--format-version=1", kill_on_drop: false }`
[INFO] [stdout] 701fb765d487541220dd25a33eaf8972880f30e074cdf1c84baedd9cd0c9abac
[INFO] running `Command { std: "docker" "start" "-a" "701fb765d487541220dd25a33eaf8972880f30e074cdf1c84baedd9cd0c9abac", kill_on_drop: false }`
[INFO] running `Command { std: "docker" "inspect" "701fb765d487541220dd25a33eaf8972880f30e074cdf1c84baedd9cd0c9abac", kill_on_drop: false }`
[INFO] running `Command { std: "docker" "rm" "-f" "701fb765d487541220dd25a33eaf8972880f30e074cdf1c84baedd9cd0c9abac", kill_on_drop: false }`
[INFO] [stdout] 701fb765d487541220dd25a33eaf8972880f30e074cdf1c84baedd9cd0c9abac
[INFO] running `Command { std: "docker" "create" "-v" "/var/lib/crater-agent-workspace/builds/worker-0-tc1/target:/opt/rustwide/target:rw,Z" "-v" "/var/lib/crater-agent-workspace/builds/worker-0-tc1/source:/opt/rustwide/workdir:ro,Z" "-v" "/var/lib/crater-agent-workspace/cargo-home:/opt/rustwide/cargo-home:ro,Z" "-v" "/var/lib/crater-agent-workspace/rustup-home:/opt/rustwide/rustup-home:ro,Z" "-e" "SOURCE_DIR=/opt/rustwide/workdir" "-e" "CARGO_TARGET_DIR=/opt/rustwide/target" "-e" "CARGO_INCREMENTAL=0" "-e" "RUST_BACKTRACE=full" "-e" "RUSTFLAGS=--cap-lints=forbid" "-e" "RUSTDOCFLAGS=--cap-lints=forbid" "-e" "CARGO_HOME=/opt/rustwide/cargo-home" "-e" "RUSTUP_HOME=/opt/rustwide/rustup-home" "-w" "/opt/rustwide/workdir" "-m" "1610612736" "--user" "0:0" "--network" "none" "ghcr.io/rust-lang/crates-build-env/linux@sha256:2788e3201cd34a07e3172128adcd8b3090168a8e3bcc40d7c032b9dda1df7d1c" "/opt/rustwide/cargo-home/bin/cargo" "+nightly-2024-02-05" "check" "--frozen" "--all" "--all-targets" "--message-format=json", kill_on_drop: false }`
[INFO] [stdout] 3221eccf7bcdf8acde66481f0dbcfc9aaa7f0929788903614f1c27249c4ea29a
[INFO] running `Command { std: "docker" "start" "-a" "3221eccf7bcdf8acde66481f0dbcfc9aaa7f0929788903614f1c27249c4ea29a", kill_on_drop: false }`
[INFO] [stderr]    Compiling proc-macro2 v1.0.78
[INFO] [stderr]    Compiling target-lexicon v0.12.13
[INFO] [stderr]     Checking unicode-ident v1.0.12
[INFO] [stderr]     Checking encoding_index_tests v0.1.4
[INFO] [stderr]    Compiling rustix v0.38.31
[INFO] [stderr]     Checking linux-raw-sys v0.4.13
[INFO] [stderr]     Checking regex-automata v0.4.5
[INFO] [stderr]    Compiling memoffset v0.9.0
[INFO] [stderr]    Compiling proc-macro-error-attr v1.0.4
[INFO] [stderr]    Compiling syn v1.0.109
[INFO] [stderr]     Checking parking_lot_core v0.9.9
[INFO] [stderr]    Compiling proc-macro-error v1.0.4
[INFO] [stderr]     Checking termcolor v1.4.1
[INFO] [stderr]     Checking quote v1.0.35
[INFO] [stderr]     Checking parking_lot v0.12.1
[INFO] [stderr]     Checking encoding-index-simpchinese v1.20141219.5
[INFO] [stderr]    Compiling syn v2.0.48
[INFO] [stderr]     Checking encoding-index-singlebyte v1.20141219.5
[INFO] [stderr]     Checking encoding-index-japanese v1.20141219.5
[INFO] [stderr]     Checking encoding-index-korean v1.20141219.5
[INFO] [stderr]    Compiling pyo3-build-config v0.20.2
[INFO] [stderr]     Checking encoding-index-tradchinese v1.20141219.5
[INFO] [stderr]    Compiling indoc v2.0.4
[INFO] [stderr]     Checking is-terminal v0.4.10
[INFO] [stderr]     Checking unindent v0.2.3
[INFO] [stderr]     Checking litrs v0.4.1
[INFO] [stderr]     Checking encoding v0.2.33
[INFO] [stderr]     Checking to_tokenstream v0.1.3
[INFO] [stderr]     Checking regex v1.10.3
[INFO] [stderr]     Checking env_logger v0.10.2
[INFO] [stderr]    Compiling pyo3-ffi v0.20.2
[INFO] [stderr]    Compiling pyo3 v0.20.2
[INFO] [stderr]    Compiling pyo3-macros-backend v0.20.2
[INFO] [stderr]    Compiling test-log-macros v0.2.14
[INFO] [stderr]    Compiling num-derive v0.4.1
[INFO] [stderr]     Checking test-log v0.2.14
[INFO] [stderr]    Compiling pyo3-macros v0.20.2
[INFO] [stderr]     Checking python-ast v0.1.6 (/opt/rustwide/workdir)
[INFO] [stdout] warning: unused import: `Statement`
[INFO] [stdout]    --> src/tree/parameters.rs:142:34
[INFO] [stdout]     |
[INFO] [stdout] 142 |     use crate::tree::statement::{Statement, StatementType};
[INFO] [stdout]     |                                  ^^^^^^^^^
[INFO] [stdout]     |
[INFO] [stdout]     = note: `#[warn(unused_imports)]` on by default
[INFO] [stdout] 
[INFO] [stdout] 
[INFO] [stdout] error[E0050]: method `to_rust` has 3 parameters but the declaration in trait `to_rust` has 4
[INFO] [stdout]   --> src/tree/mod.rs:72:16
[INFO] [stdout]    |
[INFO] [stdout] 72 |     fn to_rust(self, ctx: Self::Context, options: Self::Options) -> Result<TokenStream, Box<dyn std::error::Error>> {
[INFO] [stdout]    |                ^^^^^^^^^^^^^^^^^^^^^^^^^^^^^^^^^^^^^^^^^^^^^^^^ expected 4 parameters, found 3
[INFO] [stdout]    |
[INFO] [stdout]    = note: `to_rust` from trait: `fn(Self, <Self as to_tokenstream::CodeGen>::Context, <Self as to_tokenstream::CodeGen>::Options, <Self as to_tokenstream::CodeGen>::SymbolTable) -> Result<proc_macro2::TokenStream, Box<(dyn std::error::Error + 'static)>>`
[INFO] [stdout] 
[INFO] [stdout] 
[INFO] [stdout] error[E0046]: not all trait items implemented, missing: `SymbolTable`
[INFO] [stdout]   --> src/tree/mod.rs:68:1
[INFO] [stdout]    |
[INFO] [stdout] 68 | impl<'a> CodeGen for Module {
[INFO] [stdout]    | ^^^^^^^^^^^^^^^^^^^^^^^^^^^ missing `SymbolTable` in implementation
[INFO] [stdout]    |
[INFO] [stdout]    = help: implement the missing item: `type SymbolTable = /* Type */;`
[INFO] [stdout] 
[INFO] [stdout] 
[INFO] [stdout] error[E0050]: method `to_rust` has 3 parameters but the declaration in trait `to_rust` has 4
[INFO] [stdout]   --> src/tree/statement.rs:50:16
[INFO] [stdout]    |
[INFO] [stdout] 50 |     fn to_rust(self, ctx: Self::Context, options: Self::Options) -> Result<TokenStream, Box<dyn std::error::Error>> {
[INFO] [stdout]    |                ^^^^^^^^^^^^^^^^^^^^^^^^^^^^^^^^^^^^^^^^^^^^^^^^ expected 4 parameters, found 3
[INFO] [stdout]    |
[INFO] [stdout]    = note: `to_rust` from trait: `fn(Self, <Self as to_tokenstream::CodeGen>::Context, <Self as to_tokenstream::CodeGen>::Options, <Self as to_tokenstream::CodeGen>::SymbolTable) -> Result<proc_macro2::TokenStream, Box<(dyn std::error::Error + 'static)>>`
[INFO] [stdout] 
[INFO] [stdout] 
[INFO] [stdout] error[E0046]: not all trait items implemented, missing: `SymbolTable`
[INFO] [stdout]   --> src/tree/statement.rs:46:1
[INFO] [stdout]    |
[INFO] [stdout] 46 | impl<'a> CodeGen for Statement {
[INFO] [stdout]    | ^^^^^^^^^^^^^^^^^^^^^^^^^^^^^^ missing `SymbolTable` in implementation
[INFO] [stdout]    |
[INFO] [stdout]    = help: implement the missing item: `type SymbolTable = /* Type */;`
[INFO] [stdout] 
[INFO] [stdout] 
[INFO] [stdout] error[E0050]: method `to_rust` has 3 parameters but the declaration in trait `to_rust` has 4
[INFO] [stdout]    --> src/tree/statement.rs:122:16
[INFO] [stdout]     |
[INFO] [stdout] 122 |     fn to_rust(self, ctx: Self::Context, options: Self::Options) -> Result<TokenStream, Box<dyn std::error::Error>> {
[INFO] [stdout]     |                ^^^^^^^^^^^^^^^^^^^^^^^^^^^^^^^^^^^^^^^^^^^^^^^^ expected 4 parameters, found 3
[INFO] [stdout]     |
[INFO] [stdout]     = note: `to_rust` from trait: `fn(Self, <Self as to_tokenstream::CodeGen>::Context, <Self as to_tokenstream::CodeGen>::Options, <Self as to_tokenstream::CodeGen>::SymbolTable) -> Result<proc_macro2::TokenStream, Box<(dyn std::error::Error + 'static)>>`
[INFO] [stdout] 
[INFO] [stdout] 
[INFO] [stdout] error[E0046]: not all trait items implemented, missing: `SymbolTable`
[INFO] [stdout]    --> src/tree/statement.rs:118:1
[INFO] [stdout]     |
[INFO] [stdout] 118 | impl<'a> CodeGen for StatementType {
[INFO] [stdout]     | ^^^^^^^^^^^^^^^^^^^^^^^^^^^^^^^^^^ missing `SymbolTable` in implementation
[INFO] [stdout]     |
[INFO] [stdout]     = help: implement the missing item: `type SymbolTable = /* Type */;`
[INFO] [stdout] 
[INFO] [stdout] 
[INFO] [stdout] error[E0050]: method `to_rust` has 3 parameters but the declaration in trait `to_rust` has 4
[INFO] [stdout]   --> src/tree/function_def.rs:23:16
[INFO] [stdout]    |
[INFO] [stdout] 23 |     fn to_rust(self, ctx: Self::Context, options: Self::Options) -> Result<TokenStream, Box<dyn std::error::Error>> {
[INFO] [stdout]    |                ^^^^^^^^^^^^^^^^^^^^^^^^^^^^^^^^^^^^^^^^^^^^^^^^ expected 4 parameters, found 3
[INFO] [stdout]    |
[INFO] [stdout]    = note: `to_rust` from trait: `fn(Self, <Self as to_tokenstream::CodeGen>::Context, <Self as to_tokenstream::CodeGen>::Options, <Self as to_tokenstream::CodeGen>::SymbolTable) -> Result<proc_macro2::TokenStream, Box<(dyn std::error::Error + 'static)>>`
[INFO] [stdout] 
[INFO] [stdout] 
[INFO] [stdout] error[E0046]: not all trait items implemented, missing: `SymbolTable`
[INFO] [stdout]   --> src/tree/function_def.rs:19:1
[INFO] [stdout]    |
[INFO] [stdout] 19 | impl<'a> CodeGen for FunctionDef {
[INFO] [stdout]    | ^^^^^^^^^^^^^^^^^^^^^^^^^^^^^^^^ missing `SymbolTable` in implementation
[INFO] [stdout]    |
[INFO] [stdout]    = help: implement the missing item: `type SymbolTable = /* Type */;`
[INFO] [stdout] 
[INFO] [stdout] 
[INFO] [stdout] error[E0050]: method `to_rust` has 3 parameters but the declaration in trait `to_rust` has 4
[INFO] [stdout]   --> src/tree/arguments.rs:25:16
[INFO] [stdout]    |
[INFO] [stdout] 25 |     fn to_rust(self, ctx: Self::Context, options: Self::Options) -> Result<TokenStream, Box<dyn std::error::Error>> {
[INFO] [stdout]    |                ^^^^^^^^^^^^^^^^^^^^^^^^^^^^^^^^^^^^^^^^^^^^^^^^ expected 4 parameters, found 3
[INFO] [stdout]    |
[INFO] [stdout]    = note: `to_rust` from trait: `fn(Self, <Self as to_tokenstream::CodeGen>::Context, <Self as to_tokenstream::CodeGen>::Options, <Self as to_tokenstream::CodeGen>::SymbolTable) -> Result<proc_macro2::TokenStream, Box<(dyn std::error::Error + 'static)>>`
[INFO] [stdout] 
[INFO] [stdout] 
[INFO] [stdout] error[E0046]: not all trait items implemented, missing: `SymbolTable`
[INFO] [stdout]   --> src/tree/arguments.rs:21:1
[INFO] [stdout]    |
[INFO] [stdout] 21 | impl<'a> CodeGen for Arg {
[INFO] [stdout]    | ^^^^^^^^^^^^^^^^^^^^^^^^ missing `SymbolTable` in implementation
[INFO] [stdout]    |
[INFO] [stdout]    = help: implement the missing item: `type SymbolTable = /* Type */;`
[INFO] [stdout] 
[INFO] [stdout] 
[INFO] [stdout] error[E0050]: method `to_rust` has 3 parameters but the declaration in trait `to_rust` has 4
[INFO] [stdout]   --> src/tree/assign.rs:37:16
[INFO] [stdout]    |
[INFO] [stdout] 37 |     fn to_rust(self, ctx: Self::Context, options: Self::Options) -> Result<TokenStream, Box<dyn std::error::Error>> {
[INFO] [stdout]    |                ^^^^^^^^^^^^^^^^^^^^^^^^^^^^^^^^^^^^^^^^^^^^^^^^ expected 4 parameters, found 3
[INFO] [stdout]    |
[INFO] [stdout]    = note: `to_rust` from trait: `fn(Self, <Self as to_tokenstream::CodeGen>::Context, <Self as to_tokenstream::CodeGen>::Options, <Self as to_tokenstream::CodeGen>::SymbolTable) -> Result<proc_macro2::TokenStream, Box<(dyn std::error::Error + 'static)>>`
[INFO] [stdout] 
[INFO] [stdout] 
[INFO] [stdout] error[E0046]: not all trait items implemented, missing: `SymbolTable`
[INFO] [stdout]   --> src/tree/assign.rs:33:1
[INFO] [stdout]    |
[INFO] [stdout] 33 | impl<'a> CodeGen for Assign {
[INFO] [stdout]    | ^^^^^^^^^^^^^^^^^^^^^^^^^^^ missing `SymbolTable` in implementation
[INFO] [stdout]    |
[INFO] [stdout]    = help: implement the missing item: `type SymbolTable = /* Type */;`
[INFO] [stdout] 
[INFO] [stdout] 
[INFO] [stdout] error[E0050]: method `to_rust` has 3 parameters but the declaration in trait `to_rust` has 4
[INFO] [stdout]   --> src/tree/call.rs:35:16
[INFO] [stdout]    |
[INFO] [stdout] 35 |     fn to_rust(self, ctx: Self::Context, options: Self::Options) -> Result<TokenStream, Box<dyn std::error::Error>> {
[INFO] [stdout]    |                ^^^^^^^^^^^^^^^^^^^^^^^^^^^^^^^^^^^^^^^^^^^^^^^^ expected 4 parameters, found 3
[INFO] [stdout]    |
[INFO] [stdout]    = note: `to_rust` from trait: `fn(Self, <Self as to_tokenstream::CodeGen>::Context, <Self as to_tokenstream::CodeGen>::Options, <Self as to_tokenstream::CodeGen>::SymbolTable) -> Result<proc_macro2::TokenStream, Box<(dyn std::error::Error + 'static)>>`
[INFO] [stdout] 
[INFO] [stdout] 
[INFO] [stdout] error[E0046]: not all trait items implemented, missing: `SymbolTable`
[INFO] [stdout]   --> src/tree/call.rs:31:1
[INFO] [stdout]    |
[INFO] [stdout] 31 | impl<'a> CodeGen for Call {
[INFO] [stdout]    | ^^^^^^^^^^^^^^^^^^^^^^^^^ missing `SymbolTable` in implementation
[INFO] [stdout]    |
[INFO] [stdout]    = help: implement the missing item: `type SymbolTable = /* Type */;`
[INFO] [stdout] 
[INFO] [stdout] 
[INFO] [stdout] error[E0050]: method `to_rust` has 3 parameters but the declaration in trait `to_rust` has 4
[INFO] [stdout]   --> src/tree/class_def.rs:47:16
[INFO] [stdout]    |
[INFO] [stdout] 47 |     fn to_rust(self, _ctx: Self::Context, options: Self::Options) -> Result<TokenStream, Box<dyn std::error::Error>> {
[INFO] [stdout]    |                ^^^^^^^^^^^^^^^^^^^^^^^^^^^^^^^^^^^^^^^^^^^^^^^^^ expected 4 parameters, found 3
[INFO] [stdout]    |
[INFO] [stdout]    = note: `to_rust` from trait: `fn(Self, <Self as to_tokenstream::CodeGen>::Context, <Self as to_tokenstream::CodeGen>::Options, <Self as to_tokenstream::CodeGen>::SymbolTable) -> Result<proc_macro2::TokenStream, Box<(dyn std::error::Error + 'static)>>`
[INFO] [stdout] 
[INFO] [stdout] 
[INFO] [stdout] error[E0046]: not all trait items implemented, missing: `SymbolTable`
[INFO] [stdout]   --> src/tree/class_def.rs:43:1
[INFO] [stdout]    |
[INFO] [stdout] 43 | impl CodeGen for ClassDef {
[INFO] [stdout]    | ^^^^^^^^^^^^^^^^^^^^^^^^^ missing `SymbolTable` in implementation
[INFO] [stdout]    |
[INFO] [stdout]    = help: implement the missing item: `type SymbolTable = /* Type */;`
[INFO] [stdout] 
[INFO] [stdout] 
[INFO] [stdout] error[E0050]: method `to_rust` has 3 parameters but the declaration in trait `to_rust` has 4
[INFO] [stdout]    --> src/tree/constant.rs:109:16
[INFO] [stdout]     |
[INFO] [stdout] 109 |     fn to_rust(self, _ctx: Self::Context, _options: Self::Options) -> std::result::Result<TokenStream, Box<dyn std::error::Error>> {
[INFO] [stdout]     |                ^^^^^^^^^^^^^^^^^^^^^^^^^^^^^^^^^^^^^^^^^^^^^^^^^^ expected 4 parameters, found 3
[INFO] [stdout]     |
[INFO] [stdout]     = note: `to_rust` from trait: `fn(Self, <Self as to_tokenstream::CodeGen>::Context, <Self as to_tokenstream::CodeGen>::Options, <Self as to_tokenstream::CodeGen>::SymbolTable) -> Result<proc_macro2::TokenStream, Box<(dyn std::error::Error + 'static)>>`
[INFO] [stdout] 
[INFO] [stdout] 
[INFO] [stdout] error[E0046]: not all trait items implemented, missing: `SymbolTable`
[INFO] [stdout]    --> src/tree/constant.rs:105:1
[INFO] [stdout]     |
[INFO] [stdout] 105 | impl CodeGen for Constant {
[INFO] [stdout]     | ^^^^^^^^^^^^^^^^^^^^^^^^^ missing `SymbolTable` in implementation
[INFO] [stdout]     |
[INFO] [stdout]     = help: implement the missing item: `type SymbolTable = /* Type */;`
[INFO] [stdout] 
[INFO] [stdout] 
[INFO] [stdout] error[E0050]: method `to_rust` has 3 parameters but the declaration in trait `to_rust` has 4
[INFO] [stdout]    --> src/tree/expression.rs:125:16
[INFO] [stdout]     |
[INFO] [stdout] 125 |     fn to_rust(self, ctx: Self::Context, options: Self::Options) -> Result<TokenStream, Box<dyn std::error::Error>> {
[INFO] [stdout]     |                ^^^^^^^^^^^^^^^^^^^^^^^^^^^^^^^^^^^^^^^^^^^^^^^^ expected 4 parameters, found 3
[INFO] [stdout]     |
[INFO] [stdout]     = note: `to_rust` from trait: `fn(Self, <Self as to_tokenstream::CodeGen>::Context, <Self as to_tokenstream::CodeGen>::Options, <Self as to_tokenstream::CodeGen>::SymbolTable) -> Result<proc_macro2::TokenStream, Box<(dyn std::error::Error + 'static)>>`
[INFO] [stdout] 
[INFO] [stdout] 
[INFO] [stdout] error[E0046]: not all trait items implemented, missing: `SymbolTable`
[INFO] [stdout]    --> src/tree/expression.rs:121:1
[INFO] [stdout]     |
[INFO] [stdout] 121 | impl<'a> CodeGen for Expr {
[INFO] [stdout]     | ^^^^^^^^^^^^^^^^^^^^^^^^^ missing `SymbolTable` in implementation
[INFO] [stdout]     |
[INFO] [stdout]     = help: implement the missing item: `type SymbolTable = /* Type */;`
[INFO] [stdout] 
[INFO] [stdout] 
[INFO] [stdout] error[E0050]: method `to_rust` has 3 parameters but the declaration in trait `to_rust` has 4
[INFO] [stdout]   --> src/tree/import.rs:28:16
[INFO] [stdout]    |
[INFO] [stdout] 28 |     fn to_rust(self, ctx: Self::Context, options: Self::Options) -> Result<TokenStream, Box<dyn std::error::Error>> {
[INFO] [stdout]    |                ^^^^^^^^^^^^^^^^^^^^^^^^^^^^^^^^^^^^^^^^^^^^^^^^ expected 4 parameters, found 3
[INFO] [stdout]    |
[INFO] [stdout]    = note: `to_rust` from trait: `fn(Self, <Self as to_tokenstream::CodeGen>::Context, <Self as to_tokenstream::CodeGen>::Options, <Self as to_tokenstream::CodeGen>::SymbolTable) -> Result<proc_macro2::TokenStream, Box<(dyn std::error::Error + 'static)>>`
[INFO] [stdout] 
[INFO] [stdout] 
[INFO] [stdout] error[E0046]: not all trait items implemented, missing: `SymbolTable`
[INFO] [stdout]   --> src/tree/import.rs:24:1
[INFO] [stdout]    |
[INFO] [stdout] 24 | impl CodeGen for Import {
[INFO] [stdout]    | ^^^^^^^^^^^^^^^^^^^^^^^ missing `SymbolTable` in implementation
[INFO] [stdout]    |
[INFO] [stdout]    = help: implement the missing item: `type SymbolTable = /* Type */;`
[INFO] [stdout] 
[INFO] [stdout] 
[INFO] [stdout] error[E0050]: method `to_rust` has 3 parameters but the declaration in trait `to_rust` has 4
[INFO] [stdout]   --> src/tree/import.rs:69:16
[INFO] [stdout]    |
[INFO] [stdout] 69 |     fn to_rust(self, ctx: Self::Context, _options: Self::Options) -> Result<TokenStream, Box<dyn std::error::Error>> {
[INFO] [stdout]    |                ^^^^^^^^^^^^^^^^^^^^^^^^^^^^^^^^^^^^^^^^^^^^^^^^^ expected 4 parameters, found 3
[INFO] [stdout]    |
[INFO] [stdout]    = note: `to_rust` from trait: `fn(Self, <Self as to_tokenstream::CodeGen>::Context, <Self as to_tokenstream::CodeGen>::Options, <Self as to_tokenstream::CodeGen>::SymbolTable) -> Result<proc_macro2::TokenStream, Box<(dyn std::error::Error + 'static)>>`
[INFO] [stdout] 
[INFO] [stdout] 
[INFO] [stdout] error[E0046]: not all trait items implemented, missing: `SymbolTable`
[INFO] [stdout]   --> src/tree/import.rs:65:1
[INFO] [stdout]    |
[INFO] [stdout] 65 | impl CodeGen for ImportFrom {
[INFO] [stdout]    | ^^^^^^^^^^^^^^^^^^^^^^^^^^^ missing `SymbolTable` in implementation
[INFO] [stdout]    |
[INFO] [stdout]    = help: implement the missing item: `type SymbolTable = /* Type */;`
[INFO] [stdout] 
[INFO] [stdout] 
[INFO] [stdout] error[E0050]: method `to_rust` has 3 parameters but the declaration in trait `to_rust` has 4
[INFO] [stdout]   --> src/tree/parameters.rs:21:16
[INFO] [stdout]    |
[INFO] [stdout] 21 |     fn to_rust(self, _ctx: Self::Context, _options: Self::Options) -> Result<TokenStream, Box<dyn std::error::Error>> {
[INFO] [stdout]    |                ^^^^^^^^^^^^^^^^^^^^^^^^^^^^^^^^^^^^^^^^^^^^^^^^^^ expected 4 parameters, found 3
[INFO] [stdout]    |
[INFO] [stdout]    = note: `to_rust` from trait: `fn(Self, <Self as to_tokenstream::CodeGen>::Context, <Self as to_tokenstream::CodeGen>::Options, <Self as to_tokenstream::CodeGen>::SymbolTable) -> Result<proc_macro2::TokenStream, Box<(dyn std::error::Error + 'static)>>`
[INFO] [stdout] 
[INFO] [stdout] 
[INFO] [stdout] error[E0046]: not all trait items implemented, missing: `SymbolTable`
[INFO] [stdout]   --> src/tree/parameters.rs:17:1
[INFO] [stdout]    |
[INFO] [stdout] 17 | impl CodeGen for Parameter {
[INFO] [stdout]    | ^^^^^^^^^^^^^^^^^^^^^^^^^^ missing `SymbolTable` in implementation
[INFO] [stdout]    |
[INFO] [stdout]    = help: implement the missing item: `type SymbolTable = /* Type */;`
[INFO] [stdout] 
[INFO] [stdout] 
[INFO] [stdout] error[E0050]: method `to_rust` has 3 parameters but the declaration in trait `to_rust` has 4
[INFO] [stdout]    --> src/tree/parameters.rs:100:16
[INFO] [stdout]     |
[INFO] [stdout] 100 |     fn to_rust(self, ctx: Self::Context, options: Self::Options) -> Result<TokenStream, Box<dyn std::error::Error>> {
[INFO] [stdout]     |                ^^^^^^^^^^^^^^^^^^^^^^^^^^^^^^^^^^^^^^^^^^^^^^^^ expected 4 parameters, found 3
[INFO] [stdout]     |
[INFO] [stdout]     = note: `to_rust` from trait: `fn(Self, <Self as to_tokenstream::CodeGen>::Context, <Self as to_tokenstream::CodeGen>::Options, <Self as to_tokenstream::CodeGen>::SymbolTable) -> Result<proc_macro2::TokenStream, Box<(dyn std::error::Error + 'static)>>`
[INFO] [stdout] 
[INFO] [stdout] 
[INFO] [stdout] error[E0046]: not all trait items implemented, missing: `SymbolTable`
[INFO] [stdout]   --> src/tree/parameters.rs:96:1
[INFO] [stdout]    |
[INFO] [stdout] 96 | impl<'a> CodeGen for ParameterList {
[INFO] [stdout]    | ^^^^^^^^^^^^^^^^^^^^^^^^^^^^^^^^^^ missing `SymbolTable` in implementation
[INFO] [stdout]    |
[INFO] [stdout]    = help: implement the missing item: `type SymbolTable = /* Type */;`
[INFO] [stdout] 
[INFO] [stdout] 
[INFO] [stdout] error[E0050]: method `to_rust` has 3 parameters but the declaration in trait `to_rust` has 4
[INFO] [stdout]   --> src/tree/name.rs:17:16
[INFO] [stdout]    |
[INFO] [stdout] 17 |     fn to_rust(self, _ctx: Self::Context, _options: Self::Options) -> Result<TokenStream, Box<dyn std::error::Error>> {
[INFO] [stdout]    |                ^^^^^^^^^^^^^^^^^^^^^^^^^^^^^^^^^^^^^^^^^^^^^^^^^^ expected 4 parameters, found 3
[INFO] [stdout]    |
[INFO] [stdout]    = note: `to_rust` from trait: `fn(Self, <Self as to_tokenstream::CodeGen>::Context, <Self as to_tokenstream::CodeGen>::Options, <Self as to_tokenstream::CodeGen>::SymbolTable) -> Result<proc_macro2::TokenStream, Box<(dyn std::error::Error + 'static)>>`
[INFO] [stdout] 
[INFO] [stdout] 
[INFO] [stdout] error[E0046]: not all trait items implemented, missing: `SymbolTable`
[INFO] [stdout]   --> src/tree/name.rs:13:1
[INFO] [stdout]    |
[INFO] [stdout] 13 | impl<'a> CodeGen for Name {
[INFO] [stdout]    | ^^^^^^^^^^^^^^^^^^^^^^^^^ missing `SymbolTable` in implementation
[INFO] [stdout]    |
[INFO] [stdout]    = help: implement the missing item: `type SymbolTable = /* Type */;`
[INFO] [stdout] 
[INFO] [stdout] 
[INFO] [stdout] error[E0050]: method `to_rust` has 3 parameters but the declaration in trait `to_rust` has 4
[INFO] [stdout]   --> src/tree/unary_op.rs:67:16
[INFO] [stdout]    |
[INFO] [stdout] 67 |     fn to_rust(self, ctx: Self::Context, options: Self::Options) -> Result<TokenStream, Box<dyn std::error::Error>> {
[INFO] [stdout]    |                ^^^^^^^^^^^^^^^^^^^^^^^^^^^^^^^^^^^^^^^^^^^^^^^^ expected 4 parameters, found 3
[INFO] [stdout]    |
[INFO] [stdout]    = note: `to_rust` from trait: `fn(Self, <Self as to_tokenstream::CodeGen>::Context, <Self as to_tokenstream::CodeGen>::Options, <Self as to_tokenstream::CodeGen>::SymbolTable) -> Result<proc_macro2::TokenStream, Box<(dyn std::error::Error + 'static)>>`
[INFO] [stdout] 
[INFO] [stdout] 
[INFO] [stdout] error[E0046]: not all trait items implemented, missing: `SymbolTable`
[INFO] [stdout]   --> src/tree/unary_op.rs:63:1
[INFO] [stdout]    |
[INFO] [stdout] 63 | impl<'a> CodeGen for UnaryOp {
[INFO] [stdout]    | ^^^^^^^^^^^^^^^^^^^^^^^^^^^^ missing `SymbolTable` in implementation
[INFO] [stdout]    |
[INFO] [stdout]    = help: implement the missing item: `type SymbolTable = /* Type */;`
[INFO] [stdout] 
[INFO] [stdout] 
[INFO] [stdout] error[E0050]: method `to_rust` has 3 parameters but the declaration in trait `to_rust` has 4
[INFO] [stdout]   --> src/tree/mod.rs:72:16
[INFO] [stdout]    |
[INFO] [stdout] 72 |     fn to_rust(self, ctx: Self::Context, options: Self::Options) -> Result<TokenStream, Box<dyn std::error::Error>> {
[INFO] [stdout]    |                ^^^^^^^^^^^^^^^^^^^^^^^^^^^^^^^^^^^^^^^^^^^^^^^^ expected 4 parameters, found 3
[INFO] [stdout]    |
[INFO] [stdout]    = note: `to_rust` from trait: `fn(Self, <Self as to_tokenstream::CodeGen>::Context, <Self as to_tokenstream::CodeGen>::Options, <Self as to_tokenstream::CodeGen>::SymbolTable) -> Result<proc_macro2::TokenStream, Box<(dyn std::error::Error + 'static)>>`
[INFO] [stdout] 
[INFO] [stdout] 
[INFO] [stdout] error[E0046]: not all trait items implemented, missing: `SymbolTable`
[INFO] [stdout]   --> src/tree/mod.rs:68:1
[INFO] [stdout]    |
[INFO] [stdout] 68 | impl<'a> CodeGen for Module {
[INFO] [stdout]    | ^^^^^^^^^^^^^^^^^^^^^^^^^^^ missing `SymbolTable` in implementation
[INFO] [stdout]    |
[INFO] [stdout]    = help: implement the missing item: `type SymbolTable = /* Type */;`
[INFO] [stdout] 
[INFO] [stdout] 
[INFO] [stdout] error[E0050]: method `to_rust` has 3 parameters but the declaration in trait `to_rust` has 4
[INFO] [stdout]   --> src/tree/statement.rs:50:16
[INFO] [stdout]    |
[INFO] [stdout] 50 |     fn to_rust(self, ctx: Self::Context, options: Self::Options) -> Result<TokenStream, Box<dyn std::error::Error>> {
[INFO] [stdout]    |                ^^^^^^^^^^^^^^^^^^^^^^^^^^^^^^^^^^^^^^^^^^^^^^^^ expected 4 parameters, found 3
[INFO] [stdout]    |
[INFO] [stdout]    = note: `to_rust` from trait: `fn(Self, <Self as to_tokenstream::CodeGen>::Context, <Self as to_tokenstream::CodeGen>::Options, <Self as to_tokenstream::CodeGen>::SymbolTable) -> Result<proc_macro2::TokenStream, Box<(dyn std::error::Error + 'static)>>`
[INFO] [stdout] 
[INFO] [stdout] 
[INFO] [stdout] error[E0046]: not all trait items implemented, missing: `SymbolTable`
[INFO] [stdout]   --> src/tree/statement.rs:46:1
[INFO] [stdout]    |
[INFO] [stdout] 46 | impl<'a> CodeGen for Statement {
[INFO] [stdout]    | ^^^^^^^^^^^^^^^^^^^^^^^^^^^^^^ missing `SymbolTable` in implementation
[INFO] [stdout]    |
[INFO] [stdout]    = help: implement the missing item: `type SymbolTable = /* Type */;`
[INFO] [stdout] 
[INFO] [stdout] 
[INFO] [stdout] error[E0050]: method `to_rust` has 3 parameters but the declaration in trait `to_rust` has 4
[INFO] [stdout]    --> src/tree/statement.rs:122:16
[INFO] [stdout]     |
[INFO] [stdout] 122 |     fn to_rust(self, ctx: Self::Context, options: Self::Options) -> Result<TokenStream, Box<dyn std::error::Error>> {
[INFO] [stdout]     |                ^^^^^^^^^^^^^^^^^^^^^^^^^^^^^^^^^^^^^^^^^^^^^^^^ expected 4 parameters, found 3
[INFO] [stdout]     |
[INFO] [stdout]     = note: `to_rust` from trait: `fn(Self, <Self as to_tokenstream::CodeGen>::Context, <Self as to_tokenstream::CodeGen>::Options, <Self as to_tokenstream::CodeGen>::SymbolTable) -> Result<proc_macro2::TokenStream, Box<(dyn std::error::Error + 'static)>>`
[INFO] [stdout] 
[INFO] [stdout] 
[INFO] [stdout] error[E0046]: not all trait items implemented, missing: `SymbolTable`
[INFO] [stdout]    --> src/tree/statement.rs:118:1
[INFO] [stdout]     |
[INFO] [stdout] 118 | impl<'a> CodeGen for StatementType {
[INFO] [stdout]     | ^^^^^^^^^^^^^^^^^^^^^^^^^^^^^^^^^^ missing `SymbolTable` in implementation
[INFO] [stdout]     |
[INFO] [stdout]     = help: implement the missing item: `type SymbolTable = /* Type */;`
[INFO] [stdout] 
[INFO] [stdout] 
[INFO] [stdout] error[E0050]: method `to_rust` has 3 parameters but the declaration in trait `to_rust` has 4
[INFO] [stdout]   --> src/tree/function_def.rs:23:16
[INFO] [stdout]    |
[INFO] [stdout] 23 |     fn to_rust(self, ctx: Self::Context, options: Self::Options) -> Result<TokenStream, Box<dyn std::error::Error>> {
[INFO] [stdout]    |                ^^^^^^^^^^^^^^^^^^^^^^^^^^^^^^^^^^^^^^^^^^^^^^^^ expected 4 parameters, found 3
[INFO] [stdout]    |
[INFO] [stdout]    = note: `to_rust` from trait: `fn(Self, <Self as to_tokenstream::CodeGen>::Context, <Self as to_tokenstream::CodeGen>::Options, <Self as to_tokenstream::CodeGen>::SymbolTable) -> Result<proc_macro2::TokenStream, Box<(dyn std::error::Error + 'static)>>`
[INFO] [stdout] 
[INFO] [stdout] 
[INFO] [stdout] error[E0046]: not all trait items implemented, missing: `SymbolTable`
[INFO] [stdout]   --> src/tree/function_def.rs:19:1
[INFO] [stdout]    |
[INFO] [stdout] 19 | impl<'a> CodeGen for FunctionDef {
[INFO] [stdout]    | ^^^^^^^^^^^^^^^^^^^^^^^^^^^^^^^^ missing `SymbolTable` in implementation
[INFO] [stdout]    |
[INFO] [stdout]    = help: implement the missing item: `type SymbolTable = /* Type */;`
[INFO] [stdout] 
[INFO] [stdout] 
[INFO] [stdout] error[E0050]: method `to_rust` has 3 parameters but the declaration in trait `to_rust` has 4
[INFO] [stdout]   --> src/tree/arguments.rs:25:16
[INFO] [stdout]    |
[INFO] [stdout] 25 |     fn to_rust(self, ctx: Self::Context, options: Self::Options) -> Result<TokenStream, Box<dyn std::error::Error>> {
[INFO] [stdout]    |                ^^^^^^^^^^^^^^^^^^^^^^^^^^^^^^^^^^^^^^^^^^^^^^^^ expected 4 parameters, found 3
[INFO] [stdout]    |
[INFO] [stdout]    = note: `to_rust` from trait: `fn(Self, <Self as to_tokenstream::CodeGen>::Context, <Self as to_tokenstream::CodeGen>::Options, <Self as to_tokenstream::CodeGen>::SymbolTable) -> Result<proc_macro2::TokenStream, Box<(dyn std::error::Error + 'static)>>`
[INFO] [stdout] 
[INFO] [stdout] 
[INFO] [stdout] error[E0046]: not all trait items implemented, missing: `SymbolTable`
[INFO] [stdout]   --> src/tree/arguments.rs:21:1
[INFO] [stdout]    |
[INFO] [stdout] 21 | impl<'a> CodeGen for Arg {
[INFO] [stdout]    | ^^^^^^^^^^^^^^^^^^^^^^^^ missing `SymbolTable` in implementation
[INFO] [stdout]    |
[INFO] [stdout]    = help: implement the missing item: `type SymbolTable = /* Type */;`
[INFO] [stdout] 
[INFO] [stdout] 
[INFO] [stdout] error[E0050]: method `to_rust` has 3 parameters but the declaration in trait `to_rust` has 4
[INFO] [stdout]   --> src/tree/assign.rs:37:16
[INFO] [stdout]    |
[INFO] [stdout] 37 |     fn to_rust(self, ctx: Self::Context, options: Self::Options) -> Result<TokenStream, Box<dyn std::error::Error>> {
[INFO] [stdout]    |                ^^^^^^^^^^^^^^^^^^^^^^^^^^^^^^^^^^^^^^^^^^^^^^^^ expected 4 parameters, found 3
[INFO] [stdout]    |
[INFO] [stdout]    = note: `to_rust` from trait: `fn(Self, <Self as to_tokenstream::CodeGen>::Context, <Self as to_tokenstream::CodeGen>::Options, <Self as to_tokenstream::CodeGen>::SymbolTable) -> Result<proc_macro2::TokenStream, Box<(dyn std::error::Error + 'static)>>`
[INFO] [stdout] 
[INFO] [stdout] 
[INFO] [stdout] error[E0046]: not all trait items implemented, missing: `SymbolTable`
[INFO] [stdout]   --> src/tree/assign.rs:33:1
[INFO] [stdout]    |
[INFO] [stdout] 33 | impl<'a> CodeGen for Assign {
[INFO] [stdout]    | ^^^^^^^^^^^^^^^^^^^^^^^^^^^ missing `SymbolTable` in implementation
[INFO] [stdout]    |
[INFO] [stdout]    = help: implement the missing item: `type SymbolTable = /* Type */;`
[INFO] [stdout] 
[INFO] [stdout] 
[INFO] [stdout] error[E0050]: method `to_rust` has 3 parameters but the declaration in trait `to_rust` has 4
[INFO] [stdout]   --> src/tree/call.rs:35:16
[INFO] [stdout]    |
[INFO] [stdout] 35 |     fn to_rust(self, ctx: Self::Context, options: Self::Options) -> Result<TokenStream, Box<dyn std::error::Error>> {
[INFO] [stdout]    |                ^^^^^^^^^^^^^^^^^^^^^^^^^^^^^^^^^^^^^^^^^^^^^^^^ expected 4 parameters, found 3
[INFO] [stdout]    |
[INFO] [stdout]    = note: `to_rust` from trait: `fn(Self, <Self as to_tokenstream::CodeGen>::Context, <Self as to_tokenstream::CodeGen>::Options, <Self as to_tokenstream::CodeGen>::SymbolTable) -> Result<proc_macro2::TokenStream, Box<(dyn std::error::Error + 'static)>>`
[INFO] [stdout] 
[INFO] [stdout] 
[INFO] [stdout] error[E0046]: not all trait items implemented, missing: `SymbolTable`
[INFO] [stdout]   --> src/tree/call.rs:31:1
[INFO] [stdout]    |
[INFO] [stdout] 31 | impl<'a> CodeGen for Call {
[INFO] [stdout]    | ^^^^^^^^^^^^^^^^^^^^^^^^^ missing `SymbolTable` in implementation
[INFO] [stdout]    |
[INFO] [stdout]    = help: implement the missing item: `type SymbolTable = /* Type */;`
[INFO] [stdout] 
[INFO] [stdout] 
[INFO] [stdout] error[E0050]: method `to_rust` has 3 parameters but the declaration in trait `to_rust` has 4
[INFO] [stdout]   --> src/tree/class_def.rs:47:16
[INFO] [stdout]    |
[INFO] [stdout] 47 |     fn to_rust(self, _ctx: Self::Context, options: Self::Options) -> Result<TokenStream, Box<dyn std::error::Error>> {
[INFO] [stdout]    |                ^^^^^^^^^^^^^^^^^^^^^^^^^^^^^^^^^^^^^^^^^^^^^^^^^ expected 4 parameters, found 3
[INFO] [stdout]    |
[INFO] [stdout]    = note: `to_rust` from trait: `fn(Self, <Self as to_tokenstream::CodeGen>::Context, <Self as to_tokenstream::CodeGen>::Options, <Self as to_tokenstream::CodeGen>::SymbolTable) -> Result<proc_macro2::TokenStream, Box<(dyn std::error::Error + 'static)>>`
[INFO] [stdout] 
[INFO] [stdout] 
[INFO] [stdout] error[E0046]: not all trait items implemented, missing: `SymbolTable`
[INFO] [stdout]   --> src/tree/class_def.rs:43:1
[INFO] [stdout]    |
[INFO] [stdout] 43 | impl CodeGen for ClassDef {
[INFO] [stdout]    | ^^^^^^^^^^^^^^^^^^^^^^^^^ missing `SymbolTable` in implementation
[INFO] [stdout]    |
[INFO] [stdout]    = help: implement the missing item: `type SymbolTable = /* Type */;`
[INFO] [stdout] 
[INFO] [stdout] 
[INFO] [stdout] error[E0050]: method `to_rust` has 3 parameters but the declaration in trait `to_rust` has 4
[INFO] [stdout]    --> src/tree/constant.rs:109:16
[INFO] [stdout]     |
[INFO] [stdout] 109 |     fn to_rust(self, _ctx: Self::Context, _options: Self::Options) -> std::result::Result<TokenStream, Box<dyn std::error::Error>> {
[INFO] [stdout]     |                ^^^^^^^^^^^^^^^^^^^^^^^^^^^^^^^^^^^^^^^^^^^^^^^^^^ expected 4 parameters, found 3
[INFO] [stdout]     |
[INFO] [stdout]     = note: `to_rust` from trait: `fn(Self, <Self as to_tokenstream::CodeGen>::Context, <Self as to_tokenstream::CodeGen>::Options, <Self as to_tokenstream::CodeGen>::SymbolTable) -> Result<proc_macro2::TokenStream, Box<(dyn std::error::Error + 'static)>>`
[INFO] [stdout] 
[INFO] [stdout] 
[INFO] [stdout] error[E0046]: not all trait items implemented, missing: `SymbolTable`
[INFO] [stdout]    --> src/tree/constant.rs:105:1
[INFO] [stdout]     |
[INFO] [stdout] 105 | impl CodeGen for Constant {
[INFO] [stdout]     | ^^^^^^^^^^^^^^^^^^^^^^^^^ missing `SymbolTable` in implementation
[INFO] [stdout]     |
[INFO] [stdout]     = help: implement the missing item: `type SymbolTable = /* Type */;`
[INFO] [stdout] 
[INFO] [stdout] 
[INFO] [stdout] error[E0050]: method `to_rust` has 3 parameters but the declaration in trait `to_rust` has 4
[INFO] [stdout]    --> src/tree/expression.rs:125:16
[INFO] [stdout]     |
[INFO] [stdout] 125 |     fn to_rust(self, ctx: Self::Context, options: Self::Options) -> Result<TokenStream, Box<dyn std::error::Error>> {
[INFO] [stdout]     |                ^^^^^^^^^^^^^^^^^^^^^^^^^^^^^^^^^^^^^^^^^^^^^^^^ expected 4 parameters, found 3
[INFO] [stdout]     |
[INFO] [stdout]     = note: `to_rust` from trait: `fn(Self, <Self as to_tokenstream::CodeGen>::Context, <Self as to_tokenstream::CodeGen>::Options, <Self as to_tokenstream::CodeGen>::SymbolTable) -> Result<proc_macro2::TokenStream, Box<(dyn std::error::Error + 'static)>>`
[INFO] [stdout] 
[INFO] [stdout] 
[INFO] [stdout] error[E0046]: not all trait items implemented, missing: `SymbolTable`
[INFO] [stdout]    --> src/tree/expression.rs:121:1
[INFO] [stdout]     |
[INFO] [stdout] 121 | impl<'a> CodeGen for Expr {
[INFO] [stdout]     | ^^^^^^^^^^^^^^^^^^^^^^^^^ missing `SymbolTable` in implementation
[INFO] [stdout]     |
[INFO] [stdout]     = help: implement the missing item: `type SymbolTable = /* Type */;`
[INFO] [stdout] 
[INFO] [stdout] 
[INFO] [stdout] error[E0050]: method `to_rust` has 3 parameters but the declaration in trait `to_rust` has 4
[INFO] [stdout]   --> src/tree/import.rs:28:16
[INFO] [stdout]    |
[INFO] [stdout] 28 |     fn to_rust(self, ctx: Self::Context, options: Self::Options) -> Result<TokenStream, Box<dyn std::error::Error>> {
[INFO] [stdout]    |                ^^^^^^^^^^^^^^^^^^^^^^^^^^^^^^^^^^^^^^^^^^^^^^^^ expected 4 parameters, found 3
[INFO] [stdout]    |
[INFO] [stdout]    = note: `to_rust` from trait: `fn(Self, <Self as to_tokenstream::CodeGen>::Context, <Self as to_tokenstream::CodeGen>::Options, <Self as to_tokenstream::CodeGen>::SymbolTable) -> Result<proc_macro2::TokenStream, Box<(dyn std::error::Error + 'static)>>`
[INFO] [stdout] 
[INFO] [stdout] 
[INFO] [stdout] error[E0046]: not all trait items implemented, missing: `SymbolTable`
[INFO] [stdout]   --> src/tree/import.rs:24:1
[INFO] [stdout]    |
[INFO] [stdout] 24 | impl CodeGen for Import {
[INFO] [stdout]    | ^^^^^^^^^^^^^^^^^^^^^^^ missing `SymbolTable` in implementation
[INFO] [stdout]    |
[INFO] [stdout]    = help: implement the missing item: `type SymbolTable = /* Type */;`
[INFO] [stdout] 
[INFO] [stdout] 
[INFO] [stdout] error[E0050]: method `to_rust` has 3 parameters but the declaration in trait `to_rust` has 4
[INFO] [stdout]   --> src/tree/import.rs:69:16
[INFO] [stdout]    |
[INFO] [stdout] 69 |     fn to_rust(self, ctx: Self::Context, _options: Self::Options) -> Result<TokenStream, Box<dyn std::error::Error>> {
[INFO] [stdout]    |                ^^^^^^^^^^^^^^^^^^^^^^^^^^^^^^^^^^^^^^^^^^^^^^^^^ expected 4 parameters, found 3
[INFO] [stdout]    |
[INFO] [stdout]    = note: `to_rust` from trait: `fn(Self, <Self as to_tokenstream::CodeGen>::Context, <Self as to_tokenstream::CodeGen>::Options, <Self as to_tokenstream::CodeGen>::SymbolTable) -> Result<proc_macro2::TokenStream, Box<(dyn std::error::Error + 'static)>>`
[INFO] [stdout] 
[INFO] [stdout] 
[INFO] [stdout] error[E0046]: not all trait items implemented, missing: `SymbolTable`
[INFO] [stdout]   --> src/tree/import.rs:65:1
[INFO] [stdout]    |
[INFO] [stdout] 65 | impl CodeGen for ImportFrom {
[INFO] [stdout]    | ^^^^^^^^^^^^^^^^^^^^^^^^^^^ missing `SymbolTable` in implementation
[INFO] [stdout]    |
[INFO] [stdout]    = help: implement the missing item: `type SymbolTable = /* Type */;`
[INFO] [stdout] 
[INFO] [stdout] 
[INFO] [stdout] error[E0050]: method `to_rust` has 3 parameters but the declaration in trait `to_rust` has 4
[INFO] [stdout]   --> src/tree/parameters.rs:21:16
[INFO] [stdout]    |
[INFO] [stdout] 21 |     fn to_rust(self, _ctx: Self::Context, _options: Self::Options) -> Result<TokenStream, Box<dyn std::error::Error>> {
[INFO] [stdout]    |                ^^^^^^^^^^^^^^^^^^^^^^^^^^^^^^^^^^^^^^^^^^^^^^^^^^ expected 4 parameters, found 3
[INFO] [stdout]    |
[INFO] [stdout]    = note: `to_rust` from trait: `fn(Self, <Self as to_tokenstream::CodeGen>::Context, <Self as to_tokenstream::CodeGen>::Options, <Self as to_tokenstream::CodeGen>::SymbolTable) -> Result<proc_macro2::TokenStream, Box<(dyn std::error::Error + 'static)>>`
[INFO] [stdout] 
[INFO] [stdout] 
[INFO] [stdout] error[E0046]: not all trait items implemented, missing: `SymbolTable`
[INFO] [stdout]   --> src/tree/parameters.rs:17:1
[INFO] [stdout]    |
[INFO] [stdout] 17 | impl CodeGen for Parameter {
[INFO] [stdout]    | ^^^^^^^^^^^^^^^^^^^^^^^^^^ missing `SymbolTable` in implementation
[INFO] [stdout]    |
[INFO] [stdout]    = help: implement the missing item: `type SymbolTable = /* Type */;`
[INFO] [stdout] 
[INFO] [stdout] 
[INFO] [stdout] error[E0050]: method `to_rust` has 3 parameters but the declaration in trait `to_rust` has 4
[INFO] [stdout]    --> src/tree/parameters.rs:100:16
[INFO] [stdout]     |
[INFO] [stdout] 100 |     fn to_rust(self, ctx: Self::Context, options: Self::Options) -> Result<TokenStream, Box<dyn std::error::Error>> {
[INFO] [stdout]     |                ^^^^^^^^^^^^^^^^^^^^^^^^^^^^^^^^^^^^^^^^^^^^^^^^ expected 4 parameters, found 3
[INFO] [stdout]     |
[INFO] [stdout]     = note: `to_rust` from trait: `fn(Self, <Self as to_tokenstream::CodeGen>::Context, <Self as to_tokenstream::CodeGen>::Options, <Self as to_tokenstream::CodeGen>::SymbolTable) -> Result<proc_macro2::TokenStream, Box<(dyn std::error::Error + 'static)>>`
[INFO] [stdout] 
[INFO] [stdout] 
[INFO] [stdout] error[E0046]: not all trait items implemented, missing: `SymbolTable`
[INFO] [stdout]   --> src/tree/parameters.rs:96:1
[INFO] [stdout]    |
[INFO] [stdout] 96 | impl<'a> CodeGen for ParameterList {
[INFO] [stdout]    | ^^^^^^^^^^^^^^^^^^^^^^^^^^^^^^^^^^ missing `SymbolTable` in implementation
[INFO] [stdout]    |
[INFO] [stdout]    = help: implement the missing item: `type SymbolTable = /* Type */;`
[INFO] [stdout] 
[INFO] [stdout] 
[INFO] [stdout] error[E0050]: method `to_rust` has 3 parameters but the declaration in trait `to_rust` has 4
[INFO] [stdout]   --> src/tree/name.rs:17:16
[INFO] [stdout]    |
[INFO] [stdout] 17 |     fn to_rust(self, _ctx: Self::Context, _options: Self::Options) -> Result<TokenStream, Box<dyn std::error::Error>> {
[INFO] [stdout]    |                ^^^^^^^^^^^^^^^^^^^^^^^^^^^^^^^^^^^^^^^^^^^^^^^^^^ expected 4 parameters, found 3
[INFO] [stdout]    |
[INFO] [stdout]    = note: `to_rust` from trait: `fn(Self, <Self as to_tokenstream::CodeGen>::Context, <Self as to_tokenstream::CodeGen>::Options, <Self as to_tokenstream::CodeGen>::SymbolTable) -> Result<proc_macro2::TokenStream, Box<(dyn std::error::Error + 'static)>>`
[INFO] [stdout] 
[INFO] [stdout] 
[INFO] [stdout] error[E0046]: not all trait items implemented, missing: `SymbolTable`
[INFO] [stdout]   --> src/tree/name.rs:13:1
[INFO] [stdout]    |
[INFO] [stdout] 13 | impl<'a> CodeGen for Name {
[INFO] [stdout]    | ^^^^^^^^^^^^^^^^^^^^^^^^^ missing `SymbolTable` in implementation
[INFO] [stdout]    |
[INFO] [stdout]    = help: implement the missing item: `type SymbolTable = /* Type */;`
[INFO] [stdout] 
[INFO] [stdout] 
[INFO] [stdout] error[E0050]: method `to_rust` has 3 parameters but the declaration in trait `to_rust` has 4
[INFO] [stdout]   --> src/tree/unary_op.rs:67:16
[INFO] [stdout]    |
[INFO] [stdout] 67 |     fn to_rust(self, ctx: Self::Context, options: Self::Options) -> Result<TokenStream, Box<dyn std::error::Error>> {
[INFO] [stdout]    |                ^^^^^^^^^^^^^^^^^^^^^^^^^^^^^^^^^^^^^^^^^^^^^^^^ expected 4 parameters, found 3
[INFO] [stdout]    |
[INFO] [stdout]    = note: `to_rust` from trait: `fn(Self, <Self as to_tokenstream::CodeGen>::Context, <Self as to_tokenstream::CodeGen>::Options, <Self as to_tokenstream::CodeGen>::SymbolTable) -> Result<proc_macro2::TokenStream, Box<(dyn std::error::Error + 'static)>>`
[INFO] [stdout] 
[INFO] [stdout] 
[INFO] [stdout] error[E0046]: not all trait items implemented, missing: `SymbolTable`
[INFO] [stdout]   --> src/tree/unary_op.rs:63:1
[INFO] [stdout]    |
[INFO] [stdout] 63 | impl<'a> CodeGen for UnaryOp {
[INFO] [stdout]    | ^^^^^^^^^^^^^^^^^^^^^^^^^^^^ missing `SymbolTable` in implementation
[INFO] [stdout]    |
[INFO] [stdout]    = help: implement the missing item: `type SymbolTable = /* Type */;`
[INFO] [stdout] 
[INFO] [stdout] 
[INFO] [stdout] error: aborting due to 32 previous errors
[INFO] [stdout] 
[INFO] [stdout] 
[INFO] [stdout] Some errors have detailed explanations: E0046, E0050.
[INFO] [stdout] 
[INFO] [stdout] For more information about an error, try `rustc --explain E0046`.
[INFO] [stdout] 
[INFO] [stderr] error: could not compile `python-ast` (lib) due to 33 previous errors
[INFO] [stderr] warning: build failed, waiting for other jobs to finish...
[INFO] [stdout] error: aborting due to 32 previous errors; 1 warning emitted
[INFO] [stdout] 
[INFO] [stdout] 
[INFO] [stdout] Some errors have detailed explanations: E0046, E0050.
[INFO] [stdout] 
[INFO] [stdout] For more information about an error, try `rustc --explain E0046`.
[INFO] [stdout] 
[INFO] [stderr] error: could not compile `python-ast` (lib test) due to 33 previous errors; 1 warning emitted
[INFO] running `Command { std: "docker" "inspect" "3221eccf7bcdf8acde66481f0dbcfc9aaa7f0929788903614f1c27249c4ea29a", kill_on_drop: false }`
[INFO] running `Command { std: "docker" "rm" "-f" "3221eccf7bcdf8acde66481f0dbcfc9aaa7f0929788903614f1c27249c4ea29a", kill_on_drop: false }`
[INFO] [stdout] 3221eccf7bcdf8acde66481f0dbcfc9aaa7f0929788903614f1c27249c4ea29a
[INFO] checking python-ast-0.1.6 against nightly-2024-02-05+rustflags=-Dunexpected_cfgs+cargoflags=-Zcheck-cfg for check-cfg
[INFO] extracting crate python-ast 0.1.6 into /workspace/builds/worker-0-tc2/source
[INFO] validating manifest of crates.io crate python-ast 0.1.6 on toolchain nightly-2024-02-05
[INFO] running `Command { std: CARGO_HOME="/workspace/cargo-home" RUSTUP_HOME="/workspace/rustup-home" "/workspace/cargo-home/bin/cargo" "+nightly-2024-02-05" "metadata" "--manifest-path" "Cargo.toml" "--no-deps", kill_on_drop: false }`
[INFO] started tweaking crates.io crate python-ast 0.1.6
[INFO] finished tweaking crates.io crate python-ast 0.1.6
[INFO] tweaked toml for crates.io crate python-ast 0.1.6 written to /workspace/builds/worker-0-tc2/source/Cargo.toml
[INFO] running `Command { std: CARGO_HOME="/workspace/cargo-home" RUSTUP_HOME="/workspace/rustup-home" "/workspace/cargo-home/bin/cargo" "+nightly-2024-02-05" "generate-lockfile" "--manifest-path" "Cargo.toml", kill_on_drop: false }`
[INFO] [stderr]     Updating crates.io index
[INFO] running `Command { std: CARGO_HOME="/workspace/cargo-home" RUSTUP_HOME="/workspace/rustup-home" "/workspace/cargo-home/bin/cargo" "+nightly-2024-02-05" "fetch" "--manifest-path" "Cargo.toml", kill_on_drop: false }`
[INFO] running `Command { std: "docker" "create" "-v" "/var/lib/crater-agent-workspace/builds/worker-0-tc2/target:/opt/rustwide/target:rw,Z" "-v" "/var/lib/crater-agent-workspace/builds/worker-0-tc2/source:/opt/rustwide/workdir:ro,Z" "-v" "/var/lib/crater-agent-workspace/cargo-home:/opt/rustwide/cargo-home:ro,Z" "-v" "/var/lib/crater-agent-workspace/rustup-home:/opt/rustwide/rustup-home:ro,Z" "-e" "SOURCE_DIR=/opt/rustwide/workdir" "-e" "CARGO_TARGET_DIR=/opt/rustwide/target" "-e" "CARGO_HOME=/opt/rustwide/cargo-home" "-e" "RUSTUP_HOME=/opt/rustwide/rustup-home" "-w" "/opt/rustwide/workdir" "-m" "1610612736" "--user" "0:0" "--network" "none" "ghcr.io/rust-lang/crates-build-env/linux@sha256:2788e3201cd34a07e3172128adcd8b3090168a8e3bcc40d7c032b9dda1df7d1c" "/opt/rustwide/cargo-home/bin/cargo" "+nightly-2024-02-05" "metadata" "--no-deps" "--format-version=1", kill_on_drop: false }`
[INFO] [stdout] 0bdb544fe3d55634de60152f8496aa36aa2fadddc7ca5cadcb3d1e5ccadf6aa1
[INFO] running `Command { std: "docker" "start" "-a" "0bdb544fe3d55634de60152f8496aa36aa2fadddc7ca5cadcb3d1e5ccadf6aa1", kill_on_drop: false }`
[INFO] running `Command { std: "docker" "inspect" "0bdb544fe3d55634de60152f8496aa36aa2fadddc7ca5cadcb3d1e5ccadf6aa1", kill_on_drop: false }`
[INFO] running `Command { std: "docker" "rm" "-f" "0bdb544fe3d55634de60152f8496aa36aa2fadddc7ca5cadcb3d1e5ccadf6aa1", kill_on_drop: false }`
[INFO] [stdout] 0bdb544fe3d55634de60152f8496aa36aa2fadddc7ca5cadcb3d1e5ccadf6aa1
[INFO] running `Command { std: "docker" "create" "-v" "/var/lib/crater-agent-workspace/builds/worker-0-tc2/target:/opt/rustwide/target:rw,Z" "-v" "/var/lib/crater-agent-workspace/builds/worker-0-tc2/source:/opt/rustwide/workdir:ro,Z" "-v" "/var/lib/crater-agent-workspace/cargo-home:/opt/rustwide/cargo-home:ro,Z" "-v" "/var/lib/crater-agent-workspace/rustup-home:/opt/rustwide/rustup-home:ro,Z" "-e" "SOURCE_DIR=/opt/rustwide/workdir" "-e" "CARGO_TARGET_DIR=/opt/rustwide/target" "-e" "CARGO_INCREMENTAL=0" "-e" "RUST_BACKTRACE=full" "-e" "RUSTFLAGS=--cap-lints=forbid -Dunexpected_cfgs" "-e" "RUSTDOCFLAGS=--cap-lints=forbid" "-e" "CARGO_HOME=/opt/rustwide/cargo-home" "-e" "RUSTUP_HOME=/opt/rustwide/rustup-home" "-w" "/opt/rustwide/workdir" "-m" "1610612736" "--user" "0:0" "--network" "none" "ghcr.io/rust-lang/crates-build-env/linux@sha256:2788e3201cd34a07e3172128adcd8b3090168a8e3bcc40d7c032b9dda1df7d1c" "/opt/rustwide/cargo-home/bin/cargo" "+nightly-2024-02-05" "check" "--frozen" "--all" "--all-targets" "--message-format=json" "-Zcheck-cfg", kill_on_drop: false }`
[INFO] [stdout] 79245494be8c076d46a06bd45cca07a08a298d2557ef7a4c53fd5355a9fbeba2
[INFO] running `Command { std: "docker" "start" "-a" "79245494be8c076d46a06bd45cca07a08a298d2557ef7a4c53fd5355a9fbeba2", kill_on_drop: false }`
[INFO] [stderr]    Compiling proc-macro2 v1.0.78
[INFO] [stderr]    Compiling target-lexicon v0.12.13
[INFO] [stderr]     Checking unicode-ident v1.0.12
[INFO] [stderr]     Checking encoding_index_tests v0.1.4
[INFO] [stderr]    Compiling rustix v0.38.31
[INFO] [stderr]     Checking linux-raw-sys v0.4.13
[INFO] [stderr]     Checking regex-automata v0.4.5
[INFO] [stderr]    Compiling proc-macro-error-attr v1.0.4
[INFO] [stderr]    Compiling memoffset v0.9.0
[INFO] [stderr]    Compiling syn v1.0.109
[INFO] [stderr]     Checking parking_lot_core v0.9.9
[INFO] [stderr]    Compiling proc-macro-error v1.0.4
[INFO] [stderr]     Checking termcolor v1.4.1
[INFO] [stderr]     Checking quote v1.0.35
[INFO] [stderr]     Checking parking_lot v0.12.1
[INFO] [stderr]     Checking encoding-index-korean v1.20141219.5
[INFO] [stderr]     Checking encoding-index-simpchinese v1.20141219.5
[INFO] [stderr]    Compiling syn v2.0.48
[INFO] [stderr]    Compiling pyo3-build-config v0.20.2
[INFO] [stderr]     Checking encoding-index-tradchinese v1.20141219.5
[INFO] [stderr]     Checking encoding-index-japanese v1.20141219.5
[INFO] [stderr]     Checking encoding-index-singlebyte v1.20141219.5
[INFO] [stderr]     Checking is-terminal v0.4.10
[INFO] [stderr]    Compiling indoc v2.0.4
[INFO] [stderr]     Checking unindent v0.2.3
[INFO] [stderr]     Checking encoding v0.2.33
[INFO] [stderr]     Checking to_tokenstream v0.1.3
[INFO] [stderr]     Checking litrs v0.4.1
[INFO] [stderr]     Checking regex v1.10.3
[INFO] [stderr]     Checking env_logger v0.10.2
[INFO] [stderr]    Compiling pyo3-ffi v0.20.2
[INFO] [stderr]    Compiling pyo3 v0.20.2
[INFO] [stderr]    Compiling pyo3-macros-backend v0.20.2
[INFO] [stderr]    Compiling test-log-macros v0.2.14
[INFO] [stderr]    Compiling num-derive v0.4.1
[INFO] [stderr]     Checking test-log v0.2.14
[INFO] [stderr]    Compiling pyo3-macros v0.20.2
[INFO] [stderr]     Checking python-ast v0.1.6 (/opt/rustwide/workdir)
[INFO] [stdout] warning: unused import: `Statement`
[INFO] [stdout]    --> src/tree/parameters.rs:142:34
[INFO] [stdout]     |
[INFO] [stdout] 142 |     use crate::tree::statement::{Statement, StatementType};
[INFO] [stdout]     |                                  ^^^^^^^^^
[INFO] [stdout]     |
[INFO] [stdout]     = note: `#[warn(unused_imports)]` on by default
[INFO] [stdout] 
[INFO] [stdout] 
[INFO] [stdout] error[E0050]: method `to_rust` has 3 parameters but the declaration in trait `to_rust` has 4
[INFO] [stdout]   --> src/tree/mod.rs:72:16
[INFO] [stdout]    |
[INFO] [stdout] 72 |     fn to_rust(self, ctx: Self::Context, options: Self::Options) -> Result<TokenStream, Box<dyn std::error::Error>> {
[INFO] [stdout]    |                ^^^^^^^^^^^^^^^^^^^^^^^^^^^^^^^^^^^^^^^^^^^^^^^^ expected 4 parameters, found 3
[INFO] [stdout]    |
[INFO] [stdout]    = note: `to_rust` from trait: `fn(Self, <Self as to_tokenstream::CodeGen>::Context, <Self as to_tokenstream::CodeGen>::Options, <Self as to_tokenstream::CodeGen>::SymbolTable) -> Result<proc_macro2::TokenStream, Box<(dyn std::error::Error + 'static)>>`
[INFO] [stdout] 
[INFO] [stdout] 
[INFO] [stdout] error[E0050]: method `to_rust` has 3 parameters but the declaration in trait `to_rust` has 4
[INFO] [stdout]   --> src/tree/mod.rs:72:16
[INFO] [stdout]    |
[INFO] [stdout] 72 |     fn to_rust(self, ctx: Self::Context, options: Self::Options) -> Result<TokenStream, Box<dyn std::error::Error>> {
[INFO] [stdout]    |                ^^^^^^^^^^^^^^^^^^^^^^^^^^^^^^^^^^^^^^^^^^^^^^^^ expected 4 parameters, found 3
[INFO] [stdout]    |
[INFO] [stdout]    = note: `to_rust` from trait: `fn(Self, <Self as to_tokenstream::CodeGen>::Context, <Self as to_tokenstream::CodeGen>::Options, <Self as to_tokenstream::CodeGen>::SymbolTable) -> Result<proc_macro2::TokenStream, Box<(dyn std::error::Error + 'static)>>`
[INFO] [stdout] 
[INFO] [stdout] 
[INFO] [stdout] error[E0046]: not all trait items implemented, missing: `SymbolTable`
[INFO] [stdout]   --> src/tree/mod.rs:68:1
[INFO] [stdout]    |
[INFO] [stdout] 68 | impl<'a> CodeGen for Module {
[INFO] [stdout]    | ^^^^^^^^^^^^^^^^^^^^^^^^^^^ missing `SymbolTable` in implementation
[INFO] [stdout]    |
[INFO] [stdout]    = help: implement the missing item: `type SymbolTable = /* Type */;`
[INFO] [stdout] 
[INFO] [stdout] 
[INFO] [stdout] error[E0050]: method `to_rust` has 3 parameters but the declaration in trait `to_rust` has 4
[INFO] [stdout]   --> src/tree/statement.rs:50:16
[INFO] [stdout]    |
[INFO] [stdout] 50 |     fn to_rust(self, ctx: Self::Context, options: Self::Options) -> Result<TokenStream, Box<dyn std::error::Error>> {
[INFO] [stdout]    |                ^^^^^^^^^^^^^^^^^^^^^^^^^^^^^^^^^^^^^^^^^^^^^^^^ expected 4 parameters, found 3
[INFO] [stdout]    |
[INFO] [stdout]    = note: `to_rust` from trait: `fn(Self, <Self as to_tokenstream::CodeGen>::Context, <Self as to_tokenstream::CodeGen>::Options, <Self as to_tokenstream::CodeGen>::SymbolTable) -> Result<proc_macro2::TokenStream, Box<(dyn std::error::Error + 'static)>>`
[INFO] [stdout] 
[INFO] [stdout] 
[INFO] [stdout] error[E0046]: not all trait items implemented, missing: `SymbolTable`
[INFO] [stdout]   --> src/tree/statement.rs:46:1
[INFO] [stdout]    |
[INFO] [stdout] 46 | impl<'a> CodeGen for Statement {
[INFO] [stdout]    | ^^^^^^^^^^^^^^^^^^^^^^^^^^^^^^ missing `SymbolTable` in implementation
[INFO] [stdout]    |
[INFO] [stdout]    = help: implement the missing item: `type SymbolTable = /* Type */;`
[INFO] [stdout] 
[INFO] [stdout] 
[INFO] [stdout] error[E0046]: not all trait items implemented, missing: `SymbolTable`
[INFO] [stdout]   --> src/tree/mod.rs:68:1
[INFO] [stdout]    |
[INFO] [stdout] 68 | impl<'a> CodeGen for Module {
[INFO] [stdout]    | ^^^^^^^^^^^^^^^^^^^^^^^^^^^ missing `SymbolTable` in implementation
[INFO] [stdout]    |
[INFO] [stdout]    = help: implement the missing item: `type SymbolTable = /* Type */;`
[INFO] [stdout] 
[INFO] [stdout] 
[INFO] [stdout] error[E0050]: method `to_rust` has 3 parameters but the declaration in trait `to_rust` has 4
[INFO] [stdout]    --> src/tree/statement.rs:122:16
[INFO] [stdout]     |
[INFO] [stdout] 122 |     fn to_rust(self, ctx: Self::Context, options: Self::Options) -> Result<TokenStream, Box<dyn std::error::Error>> {
[INFO] [stdout]     |                ^^^^^^^^^^^^^^^^^^^^^^^^^^^^^^^^^^^^^^^^^^^^^^^^ expected 4 parameters, found 3
[INFO] [stdout]     |
[INFO] [stdout]     = note: `to_rust` from trait: `fn(Self, <Self as to_tokenstream::CodeGen>::Context, <Self as to_tokenstream::CodeGen>::Options, <Self as to_tokenstream::CodeGen>::SymbolTable) -> Result<proc_macro2::TokenStream, Box<(dyn std::error::Error + 'static)>>`
[INFO] [stdout] 
[INFO] [stdout] 
[INFO] [stdout] error[E0046]: not all trait items implemented, missing: `SymbolTable`
[INFO] [stdout]    --> src/tree/statement.rs:118:1
[INFO] [stdout]     |
[INFO] [stdout] 118 | impl<'a> CodeGen for StatementType {
[INFO] [stdout]     | ^^^^^^^^^^^^^^^^^^^^^^^^^^^^^^^^^^ missing `SymbolTable` in implementation
[INFO] [stdout]     |
[INFO] [stdout]     = help: implement the missing item: `type SymbolTable = /* Type */;`
[INFO] [stdout] 
[INFO] [stdout] 
[INFO] [stdout] error[E0050]: method `to_rust` has 3 parameters but the declaration in trait `to_rust` has 4
[INFO] [stdout]   --> src/tree/statement.rs:50:16
[INFO] [stdout]    |
[INFO] [stdout] 50 |     fn to_rust(self, ctx: Self::Context, options: Self::Options) -> Result<TokenStream, Box<dyn std::error::Error>> {
[INFO] [stdout]    |                ^^^^^^^^^^^^^^^^^^^^^^^^^^^^^^^^^^^^^^^^^^^^^^^^ expected 4 parameters, found 3
[INFO] [stdout]    |
[INFO] [stdout]    = note: `to_rust` from trait: `fn(Self, <Self as to_tokenstream::CodeGen>::Context, <Self as to_tokenstream::CodeGen>::Options, <Self as to_tokenstream::CodeGen>::SymbolTable) -> Result<proc_macro2::TokenStream, Box<(dyn std::error::Error + 'static)>>`
[INFO] [stdout] 
[INFO] [stdout] 
[INFO] [stdout] error[E0046]: not all trait items implemented, missing: `SymbolTable`
[INFO] [stdout]   --> src/tree/statement.rs:46:1
[INFO] [stdout]    |
[INFO] [stdout] 46 | impl<'a> CodeGen for Statement {
[INFO] [stdout]    | ^^^^^^^^^^^^^^^^^^^^^^^^^^^^^^ missing `SymbolTable` in implementation
[INFO] [stdout]    |
[INFO] [stdout]    = help: implement the missing item: `type SymbolTable = /* Type */;`
[INFO] [stdout] 
[INFO] [stdout] 
[INFO] [stdout] error[E0050]: method `to_rust` has 3 parameters but the declaration in trait `to_rust` has 4
[INFO] [stdout]   --> src/tree/function_def.rs:23:16
[INFO] [stdout]    |
[INFO] [stdout] 23 |     fn to_rust(self, ctx: Self::Context, options: Self::Options) -> Result<TokenStream, Box<dyn std::error::Error>> {
[INFO] [stdout]    |                ^^^^^^^^^^^^^^^^^^^^^^^^^^^^^^^^^^^^^^^^^^^^^^^^ expected 4 parameters, found 3
[INFO] [stdout]    |
[INFO] [stdout]    = note: `to_rust` from trait: `fn(Self, <Self as to_tokenstream::CodeGen>::Context, <Self as to_tokenstream::CodeGen>::Options, <Self as to_tokenstream::CodeGen>::SymbolTable) -> Result<proc_macro2::TokenStream, Box<(dyn std::error::Error + 'static)>>`
[INFO] [stdout] 
[INFO] [stdout] 
[INFO] [stdout] error[E0050]: method `to_rust` has 3 parameters but the declaration in trait `to_rust` has 4
[INFO] [stdout]    --> src/tree/statement.rs:122:16
[INFO] [stdout]     |
[INFO] [stdout] 122 |     fn to_rust(self, ctx: Self::Context, options: Self::Options) -> Result<TokenStream, Box<dyn std::error::Error>> {
[INFO] [stdout]     |                ^^^^^^^^^^^^^^^^^^^^^^^^^^^^^^^^^^^^^^^^^^^^^^^^ expected 4 parameters, found 3
[INFO] [stdout]     |
[INFO] [stdout]     = note: `to_rust` from trait: `fn(Self, <Self as to_tokenstream::CodeGen>::Context, <Self as to_tokenstream::CodeGen>::Options, <Self as to_tokenstream::CodeGen>::SymbolTable) -> Result<proc_macro2::TokenStream, Box<(dyn std::error::Error + 'static)>>`
[INFO] [stdout] 
[INFO] [stdout] 
[INFO] [stdout] error[E0046]: not all trait items implemented, missing: `SymbolTable`
[INFO] [stdout]    --> src/tree/statement.rs:118:1
[INFO] [stdout]     |
[INFO] [stdout] 118 | impl<'a> CodeGen for StatementType {
[INFO] [stdout]     | ^^^^^^^^^^^^^^^^^^^^^^^^^^^^^^^^^^ missing `SymbolTable` in implementation
[INFO] [stdout]     |
[INFO] [stdout]     = help: implement the missing item: `type SymbolTable = /* Type */;`
[INFO] [stdout] 
[INFO] [stdout] 
[INFO] [stdout] error[E0046]: not all trait items implemented, missing: `SymbolTable`
[INFO] [stdout]   --> src/tree/function_def.rs:19:1
[INFO] [stdout]    |
[INFO] [stdout] 19 | impl<'a> CodeGen for FunctionDef {
[INFO] [stdout]    | ^^^^^^^^^^^^^^^^^^^^^^^^^^^^^^^^ missing `SymbolTable` in implementation
[INFO] [stdout]    |
[INFO] [stdout]    = help: implement the missing item: `type SymbolTable = /* Type */;`
[INFO] [stdout] 
[INFO] [stdout] 
[INFO] [stdout] error[E0050]: method `to_rust` has 3 parameters but the declaration in trait `to_rust` has 4
[INFO] [stdout]   --> src/tree/arguments.rs:25:16
[INFO] [stdout]    |
[INFO] [stdout] 25 |     fn to_rust(self, ctx: Self::Context, options: Self::Options) -> Result<TokenStream, Box<dyn std::error::Error>> {
[INFO] [stdout]    |                ^^^^^^^^^^^^^^^^^^^^^^^^^^^^^^^^^^^^^^^^^^^^^^^^ expected 4 parameters, found 3
[INFO] [stdout]    |
[INFO] [stdout]    = note: `to_rust` from trait: `fn(Self, <Self as to_tokenstream::CodeGen>::Context, <Self as to_tokenstream::CodeGen>::Options, <Self as to_tokenstream::CodeGen>::SymbolTable) -> Result<proc_macro2::TokenStream, Box<(dyn std::error::Error + 'static)>>`
[INFO] [stdout] 
[INFO] [stdout] 
[INFO] [stdout] error[E0046]: not all trait items implemented, missing: `SymbolTable`
[INFO] [stdout]   --> src/tree/arguments.rs:21:1
[INFO] [stdout]    |
[INFO] [stdout] 21 | impl<'a> CodeGen for Arg {
[INFO] [stdout]    | ^^^^^^^^^^^^^^^^^^^^^^^^ missing `SymbolTable` in implementation
[INFO] [stdout]    |
[INFO] [stdout]    = help: implement the missing item: `type SymbolTable = /* Type */;`
[INFO] [stdout] 
[INFO] [stdout] 
[INFO] [stdout] error[E0050]: method `to_rust` has 3 parameters but the declaration in trait `to_rust` has 4
[INFO] [stdout]   --> src/tree/assign.rs:37:16
[INFO] [stdout]    |
[INFO] [stdout] 37 |     fn to_rust(self, ctx: Self::Context, options: Self::Options) -> Result<TokenStream, Box<dyn std::error::Error>> {
[INFO] [stdout]    |                ^^^^^^^^^^^^^^^^^^^^^^^^^^^^^^^^^^^^^^^^^^^^^^^^ expected 4 parameters, found 3
[INFO] [stdout]    |
[INFO] [stdout]    = note: `to_rust` from trait: `fn(Self, <Self as to_tokenstream::CodeGen>::Context, <Self as to_tokenstream::CodeGen>::Options, <Self as to_tokenstream::CodeGen>::SymbolTable) -> Result<proc_macro2::TokenStream, Box<(dyn std::error::Error + 'static)>>`
[INFO] [stdout] 
[INFO] [stdout] 
[INFO] [stdout] error[E0050]: method `to_rust` has 3 parameters but the declaration in trait `to_rust` has 4
[INFO] [stdout]   --> src/tree/function_def.rs:23:16
[INFO] [stdout]    |
[INFO] [stdout] 23 |     fn to_rust(self, ctx: Self::Context, options: Self::Options) -> Result<TokenStream, Box<dyn std::error::Error>> {
[INFO] [stdout]    |                ^^^^^^^^^^^^^^^^^^^^^^^^^^^^^^^^^^^^^^^^^^^^^^^^ expected 4 parameters, found 3
[INFO] [stdout]    |
[INFO] [stdout]    = note: `to_rust` from trait: `fn(Self, <Self as to_tokenstream::CodeGen>::Context, <Self as to_tokenstream::CodeGen>::Options, <Self as to_tokenstream::CodeGen>::SymbolTable) -> Result<proc_macro2::TokenStream, Box<(dyn std::error::Error + 'static)>>`
[INFO] [stdout] 
[INFO] [stdout] 
[INFO] [stdout] error[E0046]: not all trait items implemented, missing: `SymbolTable`
[INFO] [stdout]   --> src/tree/function_def.rs:19:1
[INFO] [stdout]    |
[INFO] [stdout] 19 | impl<'a> CodeGen for FunctionDef {
[INFO] [stdout]    | ^^^^^^^^^^^^^^^^^^^^^^^^^^^^^^^^ missing `SymbolTable` in implementation
[INFO] [stdout]    |
[INFO] [stdout]    = help: implement the missing item: `type SymbolTable = /* Type */;`
[INFO] [stdout] 
[INFO] [stdout] 
[INFO] [stdout] error[E0046]: not all trait items implemented, missing: `SymbolTable`
[INFO] [stdout]   --> src/tree/assign.rs:33:1
[INFO] [stdout]    |
[INFO] [stdout] 33 | impl<'a> CodeGen for Assign {
[INFO] [stdout]    | ^^^^^^^^^^^^^^^^^^^^^^^^^^^ missing `SymbolTable` in implementation
[INFO] [stdout]    |
[INFO] [stdout]    = help: implement the missing item: `type SymbolTable = /* Type */;`
[INFO] [stdout] 
[INFO] [stdout] 
[INFO] [stdout] error[E0050]: method `to_rust` has 3 parameters but the declaration in trait `to_rust` has 4
[INFO] [stdout]   --> src/tree/arguments.rs:25:16
[INFO] [stdout]    |
[INFO] [stdout] 25 |     fn to_rust(self, ctx: Self::Context, options: Self::Options) -> Result<TokenStream, Box<dyn std::error::Error>> {
[INFO] [stdout]    |                ^^^^^^^^^^^^^^^^^^^^^^^^^^^^^^^^^^^^^^^^^^^^^^^^ expected 4 parameters, found 3
[INFO] [stdout]    |
[INFO] [stdout]    = note: `to_rust` from trait: `fn(Self, <Self as to_tokenstream::CodeGen>::Context, <Self as to_tokenstream::CodeGen>::Options, <Self as to_tokenstream::CodeGen>::SymbolTable) -> Result<proc_macro2::TokenStream, Box<(dyn std::error::Error + 'static)>>`
[INFO] [stdout] 
[INFO] [stdout] 
[INFO] [stdout] error[E0046]: not all trait items implemented, missing: `SymbolTable`
[INFO] [stdout]   --> src/tree/arguments.rs:21:1
[INFO] [stdout]    |
[INFO] [stdout] 21 | impl<'a> CodeGen for Arg {
[INFO] [stdout]    | ^^^^^^^^^^^^^^^^^^^^^^^^ missing `SymbolTable` in implementation
[INFO] [stdout]    |
[INFO] [stdout]    = help: implement the missing item: `type SymbolTable = /* Type */;`
[INFO] [stdout] 
[INFO] [stdout] 
[INFO] [stdout] error[E0050]: method `to_rust` has 3 parameters but the declaration in trait `to_rust` has 4
[INFO] [stdout]   --> src/tree/assign.rs:37:16
[INFO] [stdout]    |
[INFO] [stdout] 37 |     fn to_rust(self, ctx: Self::Context, options: Self::Options) -> Result<TokenStream, Box<dyn std::error::Error>> {
[INFO] [stdout]    |                ^^^^^^^^^^^^^^^^^^^^^^^^^^^^^^^^^^^^^^^^^^^^^^^^ expected 4 parameters, found 3
[INFO] [stdout]    |
[INFO] [stdout]    = note: `to_rust` from trait: `fn(Self, <Self as to_tokenstream::CodeGen>::Context, <Self as to_tokenstream::CodeGen>::Options, <Self as to_tokenstream::CodeGen>::SymbolTable) -> Result<proc_macro2::TokenStream, Box<(dyn std::error::Error + 'static)>>`
[INFO] [stdout] 
[INFO] [stdout] 
[INFO] [stdout] error[E0046]: not all trait items implemented, missing: `SymbolTable`
[INFO] [stdout]   --> src/tree/assign.rs:33:1
[INFO] [stdout]    |
[INFO] [stdout] 33 | impl<'a> CodeGen for Assign {
[INFO] [stdout]    | ^^^^^^^^^^^^^^^^^^^^^^^^^^^ missing `SymbolTable` in implementation
[INFO] [stdout]    |
[INFO] [stdout]    = help: implement the missing item: `type SymbolTable = /* Type */;`
[INFO] [stdout] 
[INFO] [stdout] 
[INFO] [stdout] error[E0050]: method `to_rust` has 3 parameters but the declaration in trait `to_rust` has 4
[INFO] [stdout]   --> src/tree/call.rs:35:16
[INFO] [stdout]    |
[INFO] [stdout] 35 |     fn to_rust(self, ctx: Self::Context, options: Self::Options) -> Result<TokenStream, Box<dyn std::error::Error>> {
[INFO] [stdout]    |                ^^^^^^^^^^^^^^^^^^^^^^^^^^^^^^^^^^^^^^^^^^^^^^^^ expected 4 parameters, found 3
[INFO] [stdout]    |
[INFO] [stdout]    = note: `to_rust` from trait: `fn(Self, <Self as to_tokenstream::CodeGen>::Context, <Self as to_tokenstream::CodeGen>::Options, <Self as to_tokenstream::CodeGen>::SymbolTable) -> Result<proc_macro2::TokenStream, Box<(dyn std::error::Error + 'static)>>`
[INFO] [stdout] 
[INFO] [stdout] 
[INFO] [stdout] error[E0046]: not all trait items implemented, missing: `SymbolTable`
[INFO] [stdout]   --> src/tree/call.rs:31:1
[INFO] [stdout]    |
[INFO] [stdout] 31 | impl<'a> CodeGen for Call {
[INFO] [stdout]    | ^^^^^^^^^^^^^^^^^^^^^^^^^ missing `SymbolTable` in implementation
[INFO] [stdout]    |
[INFO] [stdout]    = help: implement the missing item: `type SymbolTable = /* Type */;`
[INFO] [stdout] 
[INFO] [stdout] 
[INFO] [stdout] error[E0050]: method `to_rust` has 3 parameters but the declaration in trait `to_rust` has 4
[INFO] [stdout]   --> src/tree/call.rs:35:16
[INFO] [stdout]    |
[INFO] [stdout] 35 |     fn to_rust(self, ctx: Self::Context, options: Self::Options) -> Result<TokenStream, Box<dyn std::error::Error>> {
[INFO] [stdout]    |                ^^^^^^^^^^^^^^^^^^^^^^^^^^^^^^^^^^^^^^^^^^^^^^^^ expected 4 parameters, found 3
[INFO] [stdout]    |
[INFO] [stdout]    = note: `to_rust` from trait: `fn(Self, <Self as to_tokenstream::CodeGen>::Context, <Self as to_tokenstream::CodeGen>::Options, <Self as to_tokenstream::CodeGen>::SymbolTable) -> Result<proc_macro2::TokenStream, Box<(dyn std::error::Error + 'static)>>`
[INFO] [stdout] 
[INFO] [stdout] 
[INFO] [stdout] error[E0046]: not all trait items implemented, missing: `SymbolTable`
[INFO] [stdout]   --> src/tree/call.rs:31:1
[INFO] [stdout]    |
[INFO] [stdout] 31 | impl<'a> CodeGen for Call {
[INFO] [stdout]    | ^^^^^^^^^^^^^^^^^^^^^^^^^ missing `SymbolTable` in implementation
[INFO] [stdout]    |
[INFO] [stdout]    = help: implement the missing item: `type SymbolTable = /* Type */;`
[INFO] [stdout] 
[INFO] [stdout] 
[INFO] [stdout] error[E0050]: method `to_rust` has 3 parameters but the declaration in trait `to_rust` has 4
[INFO] [stdout]   --> src/tree/class_def.rs:47:16
[INFO] [stdout]    |
[INFO] [stdout] 47 |     fn to_rust(self, _ctx: Self::Context, options: Self::Options) -> Result<TokenStream, Box<dyn std::error::Error>> {
[INFO] [stdout]    |                ^^^^^^^^^^^^^^^^^^^^^^^^^^^^^^^^^^^^^^^^^^^^^^^^^ expected 4 parameters, found 3
[INFO] [stdout]    |
[INFO] [stdout]    = note: `to_rust` from trait: `fn(Self, <Self as to_tokenstream::CodeGen>::Context, <Self as to_tokenstream::CodeGen>::Options, <Self as to_tokenstream::CodeGen>::SymbolTable) -> Result<proc_macro2::TokenStream, Box<(dyn std::error::Error + 'static)>>`
[INFO] [stdout] 
[INFO] [stdout] 
[INFO] [stdout] error[E0046]: not all trait items implemented, missing: `SymbolTable`
[INFO] [stdout]   --> src/tree/class_def.rs:43:1
[INFO] [stdout]    |
[INFO] [stdout] 43 | impl CodeGen for ClassDef {
[INFO] [stdout]    | ^^^^^^^^^^^^^^^^^^^^^^^^^ missing `SymbolTable` in implementation
[INFO] [stdout]    |
[INFO] [stdout]    = help: implement the missing item: `type SymbolTable = /* Type */;`
[INFO] [stdout] 
[INFO] [stdout] 
[INFO] [stdout] error[E0050]: method `to_rust` has 3 parameters but the declaration in trait `to_rust` has 4
[INFO] [stdout]   --> src/tree/class_def.rs:47:16
[INFO] [stdout]    |
[INFO] [stdout] 47 |     fn to_rust(self, _ctx: Self::Context, options: Self::Options) -> Result<TokenStream, Box<dyn std::error::Error>> {
[INFO] [stdout]    |                ^^^^^^^^^^^^^^^^^^^^^^^^^^^^^^^^^^^^^^^^^^^^^^^^^ expected 4 parameters, found 3
[INFO] [stdout]    |
[INFO] [stdout]    = note: `to_rust` from trait: `fn(Self, <Self as to_tokenstream::CodeGen>::Context, <Self as to_tokenstream::CodeGen>::Options, <Self as to_tokenstream::CodeGen>::SymbolTable) -> Result<proc_macro2::TokenStream, Box<(dyn std::error::Error + 'static)>>`
[INFO] [stdout] 
[INFO] [stdout] 
[INFO] [stdout] error[E0046]: not all trait items implemented, missing: `SymbolTable`
[INFO] [stdout]   --> src/tree/class_def.rs:43:1
[INFO] [stdout]    |
[INFO] [stdout] 43 | impl CodeGen for ClassDef {
[INFO] [stdout]    | ^^^^^^^^^^^^^^^^^^^^^^^^^ missing `SymbolTable` in implementation
[INFO] [stdout]    |
[INFO] [stdout]    = help: implement the missing item: `type SymbolTable = /* Type */;`
[INFO] [stdout] 
[INFO] [stdout] 
[INFO] [stdout] error[E0050]: method `to_rust` has 3 parameters but the declaration in trait `to_rust` has 4
[INFO] [stdout]    --> src/tree/constant.rs:109:16
[INFO] [stdout]     |
[INFO] [stdout] 109 |     fn to_rust(self, _ctx: Self::Context, _options: Self::Options) -> std::result::Result<TokenStream, Box<dyn std::error::Error>> {
[INFO] [stdout]     |                ^^^^^^^^^^^^^^^^^^^^^^^^^^^^^^^^^^^^^^^^^^^^^^^^^^ expected 4 parameters, found 3
[INFO] [stdout]     |
[INFO] [stdout]     = note: `to_rust` from trait: `fn(Self, <Self as to_tokenstream::CodeGen>::Context, <Self as to_tokenstream::CodeGen>::Options, <Self as to_tokenstream::CodeGen>::SymbolTable) -> Result<proc_macro2::TokenStream, Box<(dyn std::error::Error + 'static)>>`
[INFO] [stdout] 
[INFO] [stdout] 
[INFO] [stdout] error[E0050]: method `to_rust` has 3 parameters but the declaration in trait `to_rust` has 4
[INFO] [stdout]    --> src/tree/constant.rs:109:16
[INFO] [stdout]     |
[INFO] [stdout] 109 |     fn to_rust(self, _ctx: Self::Context, _options: Self::Options) -> std::result::Result<TokenStream, Box<dyn std::error::Error>> {
[INFO] [stdout]     |                ^^^^^^^^^^^^^^^^^^^^^^^^^^^^^^^^^^^^^^^^^^^^^^^^^^ expected 4 parameters, found 3
[INFO] [stdout]     |
[INFO] [stdout]     = note: `to_rust` from trait: `fn(Self, <Self as to_tokenstream::CodeGen>::Context, <Self as to_tokenstream::CodeGen>::Options, <Self as to_tokenstream::CodeGen>::SymbolTable) -> Result<proc_macro2::TokenStream, Box<(dyn std::error::Error + 'static)>>`
[INFO] [stdout] 
[INFO] [stdout] 
[INFO] [stdout] error[E0046]: not all trait items implemented, missing: `SymbolTable`
[INFO] [stdout]    --> src/tree/constant.rs:105:1
[INFO] [stdout]     |
[INFO] [stdout] 105 | impl CodeGen for Constant {
[INFO] [stdout]     | ^^^^^^^^^^^^^^^^^^^^^^^^^ missing `SymbolTable` in implementation
[INFO] [stdout]     |
[INFO] [stdout]     = help: implement the missing item: `type SymbolTable = /* Type */;`
[INFO] [stdout] 
[INFO] [stdout] 
[INFO] [stdout] error[E0046]: not all trait items implemented, missing: `SymbolTable`
[INFO] [stdout]    --> src/tree/constant.rs:105:1
[INFO] [stdout]     |
[INFO] [stdout] 105 | impl CodeGen for Constant {
[INFO] [stdout]     | ^^^^^^^^^^^^^^^^^^^^^^^^^ missing `SymbolTable` in implementation
[INFO] [stdout]     |
[INFO] [stdout]     = help: implement the missing item: `type SymbolTable = /* Type */;`
[INFO] [stdout] 
[INFO] [stdout] 
[INFO] [stdout] error[E0050]: method `to_rust` has 3 parameters but the declaration in trait `to_rust` has 4
[INFO] [stdout]    --> src/tree/expression.rs:125:16
[INFO] [stdout]     |
[INFO] [stdout] 125 |     fn to_rust(self, ctx: Self::Context, options: Self::Options) -> Result<TokenStream, Box<dyn std::error::Error>> {
[INFO] [stdout]     |                ^^^^^^^^^^^^^^^^^^^^^^^^^^^^^^^^^^^^^^^^^^^^^^^^ expected 4 parameters, found 3
[INFO] [stdout]     |
[INFO] [stdout]     = note: `to_rust` from trait: `fn(Self, <Self as to_tokenstream::CodeGen>::Context, <Self as to_tokenstream::CodeGen>::Options, <Self as to_tokenstream::CodeGen>::SymbolTable) -> Result<proc_macro2::TokenStream, Box<(dyn std::error::Error + 'static)>>`
[INFO] [stdout] 
[INFO] [stdout] 
[INFO] [stdout] error[E0046]: not all trait items implemented, missing: `SymbolTable`
[INFO] [stdout]    --> src/tree/expression.rs:121:1
[INFO] [stdout]     |
[INFO] [stdout] 121 | impl<'a> CodeGen for Expr {
[INFO] [stdout]     | ^^^^^^^^^^^^^^^^^^^^^^^^^ missing `SymbolTable` in implementation
[INFO] [stdout]     |
[INFO] [stdout]     = help: implement the missing item: `type SymbolTable = /* Type */;`
[INFO] [stdout] 
[INFO] [stdout] 
[INFO] [stdout] error[E0050]: method `to_rust` has 3 parameters but the declaration in trait `to_rust` has 4
[INFO] [stdout]    --> src/tree/expression.rs:125:16
[INFO] [stdout]     |
[INFO] [stdout] 125 |     fn to_rust(self, ctx: Self::Context, options: Self::Options) -> Result<TokenStream, Box<dyn std::error::Error>> {
[INFO] [stdout]     |                ^^^^^^^^^^^^^^^^^^^^^^^^^^^^^^^^^^^^^^^^^^^^^^^^ expected 4 parameters, found 3
[INFO] [stdout]     |
[INFO] [stdout]     = note: `to_rust` from trait: `fn(Self, <Self as to_tokenstream::CodeGen>::Context, <Self as to_tokenstream::CodeGen>::Options, <Self as to_tokenstream::CodeGen>::SymbolTable) -> Result<proc_macro2::TokenStream, Box<(dyn std::error::Error + 'static)>>`
[INFO] [stdout] 
[INFO] [stdout] 
[INFO] [stdout] error[E0046]: not all trait items implemented, missing: `SymbolTable`
[INFO] [stdout]    --> src/tree/expression.rs:121:1
[INFO] [stdout]     |
[INFO] [stdout] 121 | impl<'a> CodeGen for Expr {
[INFO] [stdout]     | ^^^^^^^^^^^^^^^^^^^^^^^^^ missing `SymbolTable` in implementation
[INFO] [stdout]     |
[INFO] [stdout]     = help: implement the missing item: `type SymbolTable = /* Type */;`
[INFO] [stdout] 
[INFO] [stdout] 
[INFO] [stdout] error[E0050]: method `to_rust` has 3 parameters but the declaration in trait `to_rust` has 4
[INFO] [stdout]   --> src/tree/import.rs:28:16
[INFO] [stdout]    |
[INFO] [stdout] 28 |     fn to_rust(self, ctx: Self::Context, options: Self::Options) -> Result<TokenStream, Box<dyn std::error::Error>> {
[INFO] [stdout]    |                ^^^^^^^^^^^^^^^^^^^^^^^^^^^^^^^^^^^^^^^^^^^^^^^^ expected 4 parameters, found 3
[INFO] [stdout]    |
[INFO] [stdout]    = note: `to_rust` from trait: `fn(Self, <Self as to_tokenstream::CodeGen>::Context, <Self as to_tokenstream::CodeGen>::Options, <Self as to_tokenstream::CodeGen>::SymbolTable) -> Result<proc_macro2::TokenStream, Box<(dyn std::error::Error + 'static)>>`
[INFO] [stdout] 
[INFO] [stdout] 
[INFO] [stdout] error[E0046]: not all trait items implemented, missing: `SymbolTable`
[INFO] [stdout]   --> src/tree/import.rs:24:1
[INFO] [stdout]    |
[INFO] [stdout] 24 | impl CodeGen for Import {
[INFO] [stdout]    | ^^^^^^^^^^^^^^^^^^^^^^^ missing `SymbolTable` in implementation
[INFO] [stdout]    |
[INFO] [stdout]    = help: implement the missing item: `type SymbolTable = /* Type */;`
[INFO] [stdout] 
[INFO] [stdout] 
[INFO] [stdout] error[E0050]: method `to_rust` has 3 parameters but the declaration in trait `to_rust` has 4
[INFO] [stdout]   --> src/tree/import.rs:28:16
[INFO] [stdout]    |
[INFO] [stdout] 28 |     fn to_rust(self, ctx: Self::Context, options: Self::Options) -> Result<TokenStream, Box<dyn std::error::Error>> {
[INFO] [stdout]    |                ^^^^^^^^^^^^^^^^^^^^^^^^^^^^^^^^^^^^^^^^^^^^^^^^ expected 4 parameters, found 3
[INFO] [stdout]    |
[INFO] [stdout]    = note: `to_rust` from trait: `fn(Self, <Self as to_tokenstream::CodeGen>::Context, <Self as to_tokenstream::CodeGen>::Options, <Self as to_tokenstream::CodeGen>::SymbolTable) -> Result<proc_macro2::TokenStream, Box<(dyn std::error::Error + 'static)>>`
[INFO] [stdout] 
[INFO] [stdout] 
[INFO] [stdout] error[E0050]: method `to_rust` has 3 parameters but the declaration in trait `to_rust` has 4
[INFO] [stdout]   --> src/tree/import.rs:69:16
[INFO] [stdout]    |
[INFO] [stdout] 69 |     fn to_rust(self, ctx: Self::Context, _options: Self::Options) -> Result<TokenStream, Box<dyn std::error::Error>> {
[INFO] [stdout]    |                ^^^^^^^^^^^^^^^^^^^^^^^^^^^^^^^^^^^^^^^^^^^^^^^^^ expected 4 parameters, found 3
[INFO] [stdout]    |
[INFO] [stdout]    = note: `to_rust` from trait: `fn(Self, <Self as to_tokenstream::CodeGen>::Context, <Self as to_tokenstream::CodeGen>::Options, <Self as to_tokenstream::CodeGen>::SymbolTable) -> Result<proc_macro2::TokenStream, Box<(dyn std::error::Error + 'static)>>`
[INFO] [stdout] 
[INFO] [stdout] 
[INFO] [stdout] error[E0046]: not all trait items implemented, missing: `SymbolTable`
[INFO] [stdout]   --> src/tree/import.rs:65:1
[INFO] [stdout]    |
[INFO] [stdout] 65 | impl CodeGen for ImportFrom {
[INFO] [stdout]    | ^^^^^^^^^^^^^^^^^^^^^^^^^^^ missing `SymbolTable` in implementation
[INFO] [stdout]    |
[INFO] [stdout]    = help: implement the missing item: `type SymbolTable = /* Type */;`
[INFO] [stdout] 
[INFO] [stdout] 
[INFO] [stdout] error[E0050]: method `to_rust` has 3 parameters but the declaration in trait `to_rust` has 4
[INFO] [stdout]   --> src/tree/parameters.rs:21:16
[INFO] [stdout]    |
[INFO] [stdout] 21 |     fn to_rust(self, _ctx: Self::Context, _options: Self::Options) -> Result<TokenStream, Box<dyn std::error::Error>> {
[INFO] [stdout]    |                ^^^^^^^^^^^^^^^^^^^^^^^^^^^^^^^^^^^^^^^^^^^^^^^^^^ expected 4 parameters, found 3
[INFO] [stdout]    |
[INFO] [stdout]    = note: `to_rust` from trait: `fn(Self, <Self as to_tokenstream::CodeGen>::Context, <Self as to_tokenstream::CodeGen>::Options, <Self as to_tokenstream::CodeGen>::SymbolTable) -> Result<proc_macro2::TokenStream, Box<(dyn std::error::Error + 'static)>>`
[INFO] [stdout] 
[INFO] [stdout] 
[INFO] [stdout] error[E0046]: not all trait items implemented, missing: `SymbolTable`
[INFO] [stdout]   --> src/tree/parameters.rs:17:1
[INFO] [stdout]    |
[INFO] [stdout] 17 | impl CodeGen for Parameter {
[INFO] [stdout]    | ^^^^^^^^^^^^^^^^^^^^^^^^^^ missing `SymbolTable` in implementation
[INFO] [stdout]    |
[INFO] [stdout]    = help: implement the missing item: `type SymbolTable = /* Type */;`
[INFO] [stdout] 
[INFO] [stdout] 
[INFO] [stdout] error[E0050]: method `to_rust` has 3 parameters but the declaration in trait `to_rust` has 4
[INFO] [stdout]    --> src/tree/parameters.rs:100:16
[INFO] [stdout]     |
[INFO] [stdout] 100 |     fn to_rust(self, ctx: Self::Context, options: Self::Options) -> Result<TokenStream, Box<dyn std::error::Error>> {
[INFO] [stdout]     |                ^^^^^^^^^^^^^^^^^^^^^^^^^^^^^^^^^^^^^^^^^^^^^^^^ expected 4 parameters, found 3
[INFO] [stdout]     |
[INFO] [stdout]     = note: `to_rust` from trait: `fn(Self, <Self as to_tokenstream::CodeGen>::Context, <Self as to_tokenstream::CodeGen>::Options, <Self as to_tokenstream::CodeGen>::SymbolTable) -> Result<proc_macro2::TokenStream, Box<(dyn std::error::Error + 'static)>>`
[INFO] [stdout] 
[INFO] [stdout] 
[INFO] [stdout] error[E0046]: not all trait items implemented, missing: `SymbolTable`
[INFO] [stdout]   --> src/tree/parameters.rs:96:1
[INFO] [stdout]    |
[INFO] [stdout] 96 | impl<'a> CodeGen for ParameterList {
[INFO] [stdout]    | ^^^^^^^^^^^^^^^^^^^^^^^^^^^^^^^^^^ missing `SymbolTable` in implementation
[INFO] [stdout]    |
[INFO] [stdout]    = help: implement the missing item: `type SymbolTable = /* Type */;`
[INFO] [stdout] 
[INFO] [stdout] 
[INFO] [stdout] error[E0050]: method `to_rust` has 3 parameters but the declaration in trait `to_rust` has 4
[INFO] [stdout]   --> src/tree/name.rs:17:16
[INFO] [stdout]    |
[INFO] [stdout] 17 |     fn to_rust(self, _ctx: Self::Context, _options: Self::Options) -> Result<TokenStream, Box<dyn std::error::Error>> {
[INFO] [stdout]    |                ^^^^^^^^^^^^^^^^^^^^^^^^^^^^^^^^^^^^^^^^^^^^^^^^^^ expected 4 parameters, found 3
[INFO] [stdout]    |
[INFO] [stdout]    = note: `to_rust` from trait: `fn(Self, <Self as to_tokenstream::CodeGen>::Context, <Self as to_tokenstream::CodeGen>::Options, <Self as to_tokenstream::CodeGen>::SymbolTable) -> Result<proc_macro2::TokenStream, Box<(dyn std::error::Error + 'static)>>`
[INFO] [stdout] 
[INFO] [stdout] 
[INFO] [stdout] error[E0046]: not all trait items implemented, missing: `SymbolTable`
[INFO] [stdout]   --> src/tree/name.rs:13:1
[INFO] [stdout]    |
[INFO] [stdout] 13 | impl<'a> CodeGen for Name {
[INFO] [stdout]    | ^^^^^^^^^^^^^^^^^^^^^^^^^ missing `SymbolTable` in implementation
[INFO] [stdout]    |
[INFO] [stdout]    = help: implement the missing item: `type SymbolTable = /* Type */;`
[INFO] [stdout] 
[INFO] [stdout] 
[INFO] [stdout] error[E0050]: method `to_rust` has 3 parameters but the declaration in trait `to_rust` has 4
[INFO] [stdout]   --> src/tree/unary_op.rs:67:16
[INFO] [stdout]    |
[INFO] [stdout] 67 |     fn to_rust(self, ctx: Self::Context, options: Self::Options) -> Result<TokenStream, Box<dyn std::error::Error>> {
[INFO] [stdout]    |                ^^^^^^^^^^^^^^^^^^^^^^^^^^^^^^^^^^^^^^^^^^^^^^^^ expected 4 parameters, found 3
[INFO] [stdout]    |
[INFO] [stdout]    = note: `to_rust` from trait: `fn(Self, <Self as to_tokenstream::CodeGen>::Context, <Self as to_tokenstream::CodeGen>::Options, <Self as to_tokenstream::CodeGen>::SymbolTable) -> Result<proc_macro2::TokenStream, Box<(dyn std::error::Error + 'static)>>`
[INFO] [stdout] 
[INFO] [stdout] 
[INFO] [stdout] error[E0046]: not all trait items implemented, missing: `SymbolTable`
[INFO] [stdout]   --> src/tree/import.rs:24:1
[INFO] [stdout]    |
[INFO] [stdout] 24 | impl CodeGen for Import {
[INFO] [stdout]    | ^^^^^^^^^^^^^^^^^^^^^^^ missing `SymbolTable` in implementation
[INFO] [stdout]    |
[INFO] [stdout]    = help: implement the missing item: `type SymbolTable = /* Type */;`
[INFO] [stdout] 
[INFO] [stdout] 
[INFO] [stdout] error[E0046]: not all trait items implemented, missing: `SymbolTable`
[INFO] [stdout]   --> src/tree/unary_op.rs:63:1
[INFO] [stdout]    |
[INFO] [stdout] 63 | impl<'a> CodeGen for UnaryOp {
[INFO] [stdout]    | ^^^^^^^^^^^^^^^^^^^^^^^^^^^^ missing `SymbolTable` in implementation
[INFO] [stdout]    |
[INFO] [stdout]    = help: implement the missing item: `type SymbolTable = /* Type */;`
[INFO] [stdout] 
[INFO] [stdout] 
[INFO] [stdout] error[E0050]: method `to_rust` has 3 parameters but the declaration in trait `to_rust` has 4
[INFO] [stdout]   --> src/tree/import.rs:69:16
[INFO] [stdout]    |
[INFO] [stdout] 69 |     fn to_rust(self, ctx: Self::Context, _options: Self::Options) -> Result<TokenStream, Box<dyn std::error::Error>> {
[INFO] [stdout]    |                ^^^^^^^^^^^^^^^^^^^^^^^^^^^^^^^^^^^^^^^^^^^^^^^^^ expected 4 parameters, found 3
[INFO] [stdout]    |
[INFO] [stdout]    = note: `to_rust` from trait: `fn(Self, <Self as to_tokenstream::CodeGen>::Context, <Self as to_tokenstream::CodeGen>::Options, <Self as to_tokenstream::CodeGen>::SymbolTable) -> Result<proc_macro2::TokenStream, Box<(dyn std::error::Error + 'static)>>`
[INFO] [stdout] 
[INFO] [stdout] 
[INFO] [stdout] error[E0046]: not all trait items implemented, missing: `SymbolTable`
[INFO] [stdout]   --> src/tree/import.rs:65:1
[INFO] [stdout]    |
[INFO] [stdout] 65 | impl CodeGen for ImportFrom {
[INFO] [stdout]    | ^^^^^^^^^^^^^^^^^^^^^^^^^^^ missing `SymbolTable` in implementation
[INFO] [stdout]    |
[INFO] [stdout]    = help: implement the missing item: `type SymbolTable = /* Type */;`
[INFO] [stdout] 
[INFO] [stdout] 
[INFO] [stdout] error[E0050]: method `to_rust` has 3 parameters but the declaration in trait `to_rust` has 4
[INFO] [stdout]   --> src/tree/parameters.rs:21:16
[INFO] [stdout]    |
[INFO] [stdout] 21 |     fn to_rust(self, _ctx: Self::Context, _options: Self::Options) -> Result<TokenStream, Box<dyn std::error::Error>> {
[INFO] [stdout]    |                ^^^^^^^^^^^^^^^^^^^^^^^^^^^^^^^^^^^^^^^^^^^^^^^^^^ expected 4 parameters, found 3
[INFO] [stdout]    |
[INFO] [stdout]    = note: `to_rust` from trait: `fn(Self, <Self as to_tokenstream::CodeGen>::Context, <Self as to_tokenstream::CodeGen>::Options, <Self as to_tokenstream::CodeGen>::SymbolTable) -> Result<proc_macro2::TokenStream, Box<(dyn std::error::Error + 'static)>>`
[INFO] [stdout] 
[INFO] [stdout] 
[INFO] [stdout] error[E0046]: not all trait items implemented, missing: `SymbolTable`
[INFO] [stdout]   --> src/tree/parameters.rs:17:1
[INFO] [stdout]    |
[INFO] [stdout] 17 | impl CodeGen for Parameter {
[INFO] [stdout]    | ^^^^^^^^^^^^^^^^^^^^^^^^^^ missing `SymbolTable` in implementation
[INFO] [stdout]    |
[INFO] [stdout]    = help: implement the missing item: `type SymbolTable = /* Type */;`
[INFO] [stdout] 
[INFO] [stdout] 
[INFO] [stdout] error[E0050]: method `to_rust` has 3 parameters but the declaration in trait `to_rust` has 4
[INFO] [stdout]    --> src/tree/parameters.rs:100:16
[INFO] [stdout]     |
[INFO] [stdout] 100 |     fn to_rust(self, ctx: Self::Context, options: Self::Options) -> Result<TokenStream, Box<dyn std::error::Error>> {
[INFO] [stdout]     |                ^^^^^^^^^^^^^^^^^^^^^^^^^^^^^^^^^^^^^^^^^^^^^^^^ expected 4 parameters, found 3
[INFO] [stdout]     |
[INFO] [stdout]     = note: `to_rust` from trait: `fn(Self, <Self as to_tokenstream::CodeGen>::Context, <Self as to_tokenstream::CodeGen>::Options, <Self as to_tokenstream::CodeGen>::SymbolTable) -> Result<proc_macro2::TokenStream, Box<(dyn std::error::Error + 'static)>>`
[INFO] [stdout] 
[INFO] [stdout] 
[INFO] [stdout] error[E0046]: not all trait items implemented, missing: `SymbolTable`
[INFO] [stdout]   --> src/tree/parameters.rs:96:1
[INFO] [stdout]    |
[INFO] [stdout] 96 | impl<'a> CodeGen for ParameterList {
[INFO] [stdout]    | ^^^^^^^^^^^^^^^^^^^^^^^^^^^^^^^^^^ missing `SymbolTable` in implementation
[INFO] [stdout]    |
[INFO] [stdout]    = help: implement the missing item: `type SymbolTable = /* Type */;`
[INFO] [stdout] 
[INFO] [stdout] 
[INFO] [stdout] error[E0050]: method `to_rust` has 3 parameters but the declaration in trait `to_rust` has 4
[INFO] [stdout]   --> src/tree/name.rs:17:16
[INFO] [stdout]    |
[INFO] [stdout] 17 |     fn to_rust(self, _ctx: Self::Context, _options: Self::Options) -> Result<TokenStream, Box<dyn std::error::Error>> {
[INFO] [stdout]    |                ^^^^^^^^^^^^^^^^^^^^^^^^^^^^^^^^^^^^^^^^^^^^^^^^^^ expected 4 parameters, found 3
[INFO] [stdout]    |
[INFO] [stdout]    = note: `to_rust` from trait: `fn(Self, <Self as to_tokenstream::CodeGen>::Context, <Self as to_tokenstream::CodeGen>::Options, <Self as to_tokenstream::CodeGen>::SymbolTable) -> Result<proc_macro2::TokenStream, Box<(dyn std::error::Error + 'static)>>`
[INFO] [stdout] 
[INFO] [stdout] 
[INFO] [stdout] error[E0046]: not all trait items implemented, missing: `SymbolTable`
[INFO] [stdout]   --> src/tree/name.rs:13:1
[INFO] [stdout]    |
[INFO] [stdout] 13 | impl<'a> CodeGen for Name {
[INFO] [stdout]    | ^^^^^^^^^^^^^^^^^^^^^^^^^ missing `SymbolTable` in implementation
[INFO] [stdout]    |
[INFO] [stdout]    = help: implement the missing item: `type SymbolTable = /* Type */;`
[INFO] [stdout] 
[INFO] [stdout] 
[INFO] [stdout] error[E0050]: method `to_rust` has 3 parameters but the declaration in trait `to_rust` has 4
[INFO] [stdout]   --> src/tree/unary_op.rs:67:16
[INFO] [stdout]    |
[INFO] [stdout] 67 |     fn to_rust(self, ctx: Self::Context, options: Self::Options) -> Result<TokenStream, Box<dyn std::error::Error>> {
[INFO] [stdout]    |                ^^^^^^^^^^^^^^^^^^^^^^^^^^^^^^^^^^^^^^^^^^^^^^^^ expected 4 parameters, found 3
[INFO] [stdout]    |
[INFO] [stdout]    = note: `to_rust` from trait: `fn(Self, <Self as to_tokenstream::CodeGen>::Context, <Self as to_tokenstream::CodeGen>::Options, <Self as to_tokenstream::CodeGen>::SymbolTable) -> Result<proc_macro2::TokenStream, Box<(dyn std::error::Error + 'static)>>`
[INFO] [stdout] 
[INFO] [stdout] 
[INFO] [stdout] error[E0046]: not all trait items implemented, missing: `SymbolTable`
[INFO] [stdout]   --> src/tree/unary_op.rs:63:1
[INFO] [stdout]    |
[INFO] [stdout] 63 | impl<'a> CodeGen for UnaryOp {
[INFO] [stdout]    | ^^^^^^^^^^^^^^^^^^^^^^^^^^^^ missing `SymbolTable` in implementation
[INFO] [stdout]    |
[INFO] [stdout]    = help: implement the missing item: `type SymbolTable = /* Type */;`
[INFO] [stdout] 
[INFO] [stdout] 
[INFO] [stdout] error: aborting due to 32 previous errors
[INFO] [stdout] 
[INFO] [stdout] 
[INFO] [stdout] Some errors have detailed explanations: E0046, E0050.
[INFO] [stdout] 
[INFO] [stdout] For more information about an error, try `rustc --explain E0046`.
[INFO] [stdout] 
[INFO] [stderr] error: could not compile `python-ast` (lib) due to 33 previous errors
[INFO] [stderr] warning: build failed, waiting for other jobs to finish...
[INFO] [stdout] error: aborting due to 32 previous errors; 1 warning emitted
[INFO] [stdout] 
[INFO] [stdout] 
[INFO] [stdout] Some errors have detailed explanations: E0046, E0050.
[INFO] [stdout] 
[INFO] [stdout] For more information about an error, try `rustc --explain E0046`.
[INFO] [stdout] 
[INFO] [stderr] error: could not compile `python-ast` (lib test) due to 33 previous errors; 1 warning emitted
[INFO] running `Command { std: "docker" "inspect" "79245494be8c076d46a06bd45cca07a08a298d2557ef7a4c53fd5355a9fbeba2", kill_on_drop: false }`
[INFO] running `Command { std: "docker" "rm" "-f" "79245494be8c076d46a06bd45cca07a08a298d2557ef7a4c53fd5355a9fbeba2", kill_on_drop: false }`
[INFO] [stdout] 79245494be8c076d46a06bd45cca07a08a298d2557ef7a4c53fd5355a9fbeba2
