[INFO] fetching crate pylyzer 0.0.49...
[INFO] checking pylyzer-0.0.49 against nightly-2024-02-05 for check-cfg
[INFO] extracting crate pylyzer 0.0.49 into /workspace/builds/worker-5-tc1/source
[INFO] validating manifest of crates.io crate pylyzer 0.0.49 on toolchain nightly-2024-02-05
[INFO] running `Command { std: CARGO_HOME="/workspace/cargo-home" RUSTUP_HOME="/workspace/rustup-home" "/workspace/cargo-home/bin/cargo" "+nightly-2024-02-05" "metadata" "--manifest-path" "Cargo.toml" "--no-deps", kill_on_drop: false }`
[INFO] removed /workspace/builds/worker-5-tc1/source/.cargo/config.toml
[INFO] started tweaking crates.io crate pylyzer 0.0.49
[INFO] finished tweaking crates.io crate pylyzer 0.0.49
[INFO] tweaked toml for crates.io crate pylyzer 0.0.49 written to /workspace/builds/worker-5-tc1/source/Cargo.toml
[INFO] crate crates.io crate pylyzer 0.0.49 already has a lockfile, it will not be regenerated
[INFO] running `Command { std: CARGO_HOME="/workspace/cargo-home" RUSTUP_HOME="/workspace/rustup-home" "/workspace/cargo-home/bin/cargo" "+nightly-2024-02-05" "fetch" "--manifest-path" "Cargo.toml", kill_on_drop: false }`
[INFO] [stderr]     Updating crates.io index
[INFO] [stderr]  Downloading crates ...
[INFO] [stderr]   Downloaded pmutil v0.5.3
[INFO] [stderr]   Downloaded is-macro v0.2.2
[INFO] [stderr]   Downloaded molc v0.2.7
[INFO] [stderr]   Downloaded malachite v0.4.4
[INFO] [stderr]   Downloaded rustpython-parser-core v0.3.0
[INFO] [stderr]   Downloaded py2erg v0.0.49
[INFO] [stderr]   Downloaded backtrace-on-stack-overflow v0.3.0
[INFO] [stderr]   Downloaded malachite-bigint v0.1.1
[INFO] [stderr]   Downloaded rustpython-ast v0.3.0
[INFO] [stderr]   Downloaded rustpython-parser-vendored v0.3.0
[INFO] [stderr]   Downloaded malachite-q v0.4.4
[INFO] [stderr]   Downloaded rustpython-parser v0.3.0
[INFO] [stderr]   Downloaded unicode_names2 v0.6.0
[INFO] [stderr]   Downloaded erg_common v0.6.25-nightly.1
[INFO] [stderr]   Downloaded els v0.1.37-nightly.1
[INFO] [stderr]   Downloaded erg_parser v0.6.25-nightly.1
[INFO] [stderr]   Downloaded erg_compiler v0.6.25-nightly.1
[INFO] running `Command { std: "docker" "create" "-v" "/var/lib/crater-agent-workspace/builds/worker-5-tc1/target:/opt/rustwide/target:rw,Z" "-v" "/var/lib/crater-agent-workspace/builds/worker-5-tc1/source:/opt/rustwide/workdir:ro,Z" "-v" "/var/lib/crater-agent-workspace/cargo-home:/opt/rustwide/cargo-home:ro,Z" "-v" "/var/lib/crater-agent-workspace/rustup-home:/opt/rustwide/rustup-home:ro,Z" "-e" "SOURCE_DIR=/opt/rustwide/workdir" "-e" "CARGO_TARGET_DIR=/opt/rustwide/target" "-e" "CARGO_HOME=/opt/rustwide/cargo-home" "-e" "RUSTUP_HOME=/opt/rustwide/rustup-home" "-w" "/opt/rustwide/workdir" "-m" "1610612736" "--user" "0:0" "--network" "none" "ghcr.io/rust-lang/crates-build-env/linux@sha256:2788e3201cd34a07e3172128adcd8b3090168a8e3bcc40d7c032b9dda1df7d1c" "/opt/rustwide/cargo-home/bin/cargo" "+nightly-2024-02-05" "metadata" "--no-deps" "--format-version=1", kill_on_drop: false }`
[INFO] [stdout] e0101ce6907777a3815ad2708fd0878d268a04784555ae42f931b64f68fd163e
[INFO] running `Command { std: "docker" "start" "-a" "e0101ce6907777a3815ad2708fd0878d268a04784555ae42f931b64f68fd163e", kill_on_drop: false }`
[INFO] running `Command { std: "docker" "inspect" "e0101ce6907777a3815ad2708fd0878d268a04784555ae42f931b64f68fd163e", kill_on_drop: false }`
[INFO] running `Command { std: "docker" "rm" "-f" "e0101ce6907777a3815ad2708fd0878d268a04784555ae42f931b64f68fd163e", kill_on_drop: false }`
[INFO] [stdout] e0101ce6907777a3815ad2708fd0878d268a04784555ae42f931b64f68fd163e
[INFO] running `Command { std: "docker" "create" "-v" "/var/lib/crater-agent-workspace/builds/worker-5-tc1/target:/opt/rustwide/target:rw,Z" "-v" "/var/lib/crater-agent-workspace/builds/worker-5-tc1/source:/opt/rustwide/workdir:ro,Z" "-v" "/var/lib/crater-agent-workspace/cargo-home:/opt/rustwide/cargo-home:ro,Z" "-v" "/var/lib/crater-agent-workspace/rustup-home:/opt/rustwide/rustup-home:ro,Z" "-e" "SOURCE_DIR=/opt/rustwide/workdir" "-e" "CARGO_TARGET_DIR=/opt/rustwide/target" "-e" "CARGO_INCREMENTAL=0" "-e" "RUST_BACKTRACE=full" "-e" "RUSTFLAGS=--cap-lints=forbid" "-e" "RUSTDOCFLAGS=--cap-lints=forbid" "-e" "CARGO_HOME=/opt/rustwide/cargo-home" "-e" "RUSTUP_HOME=/opt/rustwide/rustup-home" "-w" "/opt/rustwide/workdir" "-m" "1610612736" "--user" "0:0" "--network" "none" "ghcr.io/rust-lang/crates-build-env/linux@sha256:2788e3201cd34a07e3172128adcd8b3090168a8e3bcc40d7c032b9dda1df7d1c" "/opt/rustwide/cargo-home/bin/cargo" "+nightly-2024-02-05" "check" "--frozen" "--all" "--all-targets" "--message-format=json", kill_on_drop: false }`
[INFO] [stdout] d6b47b45424454cd0ecb1a8c8a08ef5ba1bf0c75a0b4f48f12c835317020806b
[INFO] running `Command { std: "docker" "start" "-a" "d6b47b45424454cd0ecb1a8c8a08ef5ba1bf0c75a0b4f48f12c835317020806b", kill_on_drop: false }`
[INFO] [stderr]    Compiling syn v1.0.109
[INFO] [stderr]    Compiling erg_common v0.6.25-nightly.1
[INFO] [stderr]    Compiling smallvec v1.11.1
[INFO] [stderr]    Compiling base64 v0.13.1
[INFO] [stderr]     Checking itertools v0.11.0
[INFO] [stderr]    Compiling num-traits v0.2.17
[INFO] [stderr]    Compiling serde v1.0.190
[INFO] [stderr]    Compiling rand_core v0.6.4
[INFO] [stderr]    Compiling once_cell v1.18.0
[INFO] [stderr]    Compiling siphasher v0.3.11
[INFO] [stderr]    Compiling libc v0.2.149
[INFO] [stderr]    Compiling crunchy v0.2.2
[INFO] [stderr]    Compiling syn v2.0.38
[INFO] [stderr]    Compiling lock_api v0.4.11
[INFO] [stderr]    Compiling num-integer v0.1.45
[INFO] [stderr]    Compiling tiny-keccak v2.0.2
[INFO] [stderr]    Compiling rand v0.8.5
[INFO] [stderr]    Compiling thread_local v1.1.7
[INFO] [stderr]    Compiling phf_shared v0.11.2
[INFO] [stderr]    Compiling anyhow v1.0.75
[INFO] [stderr]    Compiling Inflector v0.11.4
[INFO] [stderr]    Compiling serde_json v1.0.108
[INFO] [stderr]     Checking rustpython-parser-vendored v0.3.0
[INFO] [stderr]     Checking unicode-xid v0.2.4
[INFO] [stderr]     Checking unic-emoji-char v0.9.0
[INFO] [stderr]     Checking unic-ucd-ident v0.9.0
[INFO] [stderr]     Checking itertools v0.10.5
[INFO] [stderr]     Checking lalrpop-util v0.20.0
[INFO] [stderr]     Checking unicode_names2 v0.6.0
[INFO] [stderr]     Checking phf v0.11.2
[INFO] [stderr]    Compiling parking_lot_core v0.9.9
[INFO] [stderr]    Compiling phf_generator v0.11.2
[INFO] [stderr]    Compiling phf_codegen v0.11.2
[INFO] [stderr]    Compiling rustpython-parser v0.3.0
[INFO] [stderr]    Compiling parking_lot v0.12.1
[INFO] [stderr]     Checking malachite-base v0.4.4
[INFO] [stderr]     Checking erg_parser v0.6.25-nightly.1
[INFO] [stderr]    Compiling serde_derive v1.0.190
[INFO] [stderr]    Compiling serde_repr v0.1.17
[INFO] [stderr]    Compiling erg_compiler v0.6.25-nightly.1
[INFO] [stderr]    Compiling pmutil v0.5.3
[INFO] [stderr]    Compiling embed-doc-image v0.1.4
[INFO] [stderr]    Compiling derive_more v0.99.17
[INFO] [stderr]    Compiling is-macro v0.2.2
[INFO] [stderr]     Checking rustpython-parser-core v0.3.0
[INFO] [stderr]     Checking url v2.4.1
[INFO] [stderr]     Checking malachite-nz v0.4.4
[INFO] [stderr]     Checking lsp-types v0.93.2
[INFO] [stderr]     Checking malachite-q v0.4.4
[INFO] [stderr]     Checking malachite v0.4.4
[INFO] [stderr]     Checking malachite-bigint v0.1.1
[INFO] [stderr]     Checking rustpython-ast v0.3.0
[INFO] [stdout] error[E0512]: cannot transmute between types of different sizes, or dependently-sized types
[INFO] [stdout]   --> /opt/rustwide/cargo-home/registry/src/index.crates.io-6f17d22bba15001f/rustpython-ast-0.3.0/src/impls.rs:60:1
[INFO] [stdout]    |
[INFO] [stdout] 60 | static_assertions::assert_eq_size!(crate::Stmt, [u8; 160]);
[INFO] [stdout]    | ^^^^^^^^^^^^^^^^^^^^^^^^^^^^^^^^^^^^^^^^^^^^^^^^^^^^^^^^^^
[INFO] [stdout]    |
[INFO] [stdout]    = note: source type: `generic::Stmt` (1216 bits)
[INFO] [stdout]    = note: target type: `[u8; 160]` (1280 bits)
[INFO] [stdout]    = note: this error originates in the macro `static_assertions::assert_eq_size` (in Nightly builds, run with -Z macro-backtrace for more info)
[INFO] [stdout] 
[INFO] [stdout] 
[INFO] [stdout] error[E0512]: cannot transmute between types of different sizes, or dependently-sized types
[INFO] [stdout]   --> /opt/rustwide/cargo-home/registry/src/index.crates.io-6f17d22bba15001f/rustpython-ast-0.3.0/src/impls.rs:62:1
[INFO] [stdout]    |
[INFO] [stdout] 62 | static_assertions::assert_eq_size!(crate::Pattern, [u8; 96]);
[INFO] [stdout]    | ^^^^^^^^^^^^^^^^^^^^^^^^^^^^^^^^^^^^^^^^^^^^^^^^^^^^^^^^^^^^
[INFO] [stdout]    |
[INFO] [stdout]    = note: source type: `generic::Pattern` (704 bits)
[INFO] [stdout]    = note: target type: `[u8; 96]` (768 bits)
[INFO] [stdout]    = note: this error originates in the macro `static_assertions::assert_eq_size` (in Nightly builds, run with -Z macro-backtrace for more info)
[INFO] [stdout] 
[INFO] [stdout] 
[INFO] [stdout] error: aborting due to 2 previous errors
[INFO] [stdout] 
[INFO] [stdout] 
[INFO] [stdout] For more information about this error, try `rustc --explain E0512`.
[INFO] [stdout] 
[INFO] [stderr] error: could not compile `rustpython-ast` (lib) due to 3 previous errors
[INFO] [stderr] warning: build failed, waiting for other jobs to finish...
[INFO] running `Command { std: "docker" "inspect" "d6b47b45424454cd0ecb1a8c8a08ef5ba1bf0c75a0b4f48f12c835317020806b", kill_on_drop: false }`
[INFO] running `Command { std: "docker" "rm" "-f" "d6b47b45424454cd0ecb1a8c8a08ef5ba1bf0c75a0b4f48f12c835317020806b", kill_on_drop: false }`
[INFO] [stdout] d6b47b45424454cd0ecb1a8c8a08ef5ba1bf0c75a0b4f48f12c835317020806b
[INFO] checking pylyzer-0.0.49 against nightly-2024-02-05+rustflags=-Dunexpected_cfgs+cargoflags=-Zcheck-cfg for check-cfg
[INFO] extracting crate pylyzer 0.0.49 into /workspace/builds/worker-5-tc2/source
[INFO] validating manifest of crates.io crate pylyzer 0.0.49 on toolchain nightly-2024-02-05
[INFO] running `Command { std: CARGO_HOME="/workspace/cargo-home" RUSTUP_HOME="/workspace/rustup-home" "/workspace/cargo-home/bin/cargo" "+nightly-2024-02-05" "metadata" "--manifest-path" "Cargo.toml" "--no-deps", kill_on_drop: false }`
[INFO] removed /workspace/builds/worker-5-tc2/source/.cargo/config.toml
[INFO] started tweaking crates.io crate pylyzer 0.0.49
[INFO] finished tweaking crates.io crate pylyzer 0.0.49
[INFO] tweaked toml for crates.io crate pylyzer 0.0.49 written to /workspace/builds/worker-5-tc2/source/Cargo.toml
[INFO] crate crates.io crate pylyzer 0.0.49 already has a lockfile, it will not be regenerated
[INFO] running `Command { std: CARGO_HOME="/workspace/cargo-home" RUSTUP_HOME="/workspace/rustup-home" "/workspace/cargo-home/bin/cargo" "+nightly-2024-02-05" "fetch" "--manifest-path" "Cargo.toml", kill_on_drop: false }`
[INFO] running `Command { std: "docker" "create" "-v" "/var/lib/crater-agent-workspace/builds/worker-5-tc2/target:/opt/rustwide/target:rw,Z" "-v" "/var/lib/crater-agent-workspace/builds/worker-5-tc2/source:/opt/rustwide/workdir:ro,Z" "-v" "/var/lib/crater-agent-workspace/cargo-home:/opt/rustwide/cargo-home:ro,Z" "-v" "/var/lib/crater-agent-workspace/rustup-home:/opt/rustwide/rustup-home:ro,Z" "-e" "SOURCE_DIR=/opt/rustwide/workdir" "-e" "CARGO_TARGET_DIR=/opt/rustwide/target" "-e" "CARGO_HOME=/opt/rustwide/cargo-home" "-e" "RUSTUP_HOME=/opt/rustwide/rustup-home" "-w" "/opt/rustwide/workdir" "-m" "1610612736" "--user" "0:0" "--network" "none" "ghcr.io/rust-lang/crates-build-env/linux@sha256:2788e3201cd34a07e3172128adcd8b3090168a8e3bcc40d7c032b9dda1df7d1c" "/opt/rustwide/cargo-home/bin/cargo" "+nightly-2024-02-05" "metadata" "--no-deps" "--format-version=1", kill_on_drop: false }`
[INFO] [stdout] b19a18e95ff6734d07028e62e7c82768d205a95a100e959dc02a7a5170288bec
[INFO] running `Command { std: "docker" "start" "-a" "b19a18e95ff6734d07028e62e7c82768d205a95a100e959dc02a7a5170288bec", kill_on_drop: false }`
[INFO] running `Command { std: "docker" "inspect" "b19a18e95ff6734d07028e62e7c82768d205a95a100e959dc02a7a5170288bec", kill_on_drop: false }`
[INFO] running `Command { std: "docker" "rm" "-f" "b19a18e95ff6734d07028e62e7c82768d205a95a100e959dc02a7a5170288bec", kill_on_drop: false }`
[INFO] [stdout] b19a18e95ff6734d07028e62e7c82768d205a95a100e959dc02a7a5170288bec
[INFO] running `Command { std: "docker" "create" "-v" "/var/lib/crater-agent-workspace/builds/worker-5-tc2/target:/opt/rustwide/target:rw,Z" "-v" "/var/lib/crater-agent-workspace/builds/worker-5-tc2/source:/opt/rustwide/workdir:ro,Z" "-v" "/var/lib/crater-agent-workspace/cargo-home:/opt/rustwide/cargo-home:ro,Z" "-v" "/var/lib/crater-agent-workspace/rustup-home:/opt/rustwide/rustup-home:ro,Z" "-e" "SOURCE_DIR=/opt/rustwide/workdir" "-e" "CARGO_TARGET_DIR=/opt/rustwide/target" "-e" "CARGO_INCREMENTAL=0" "-e" "RUST_BACKTRACE=full" "-e" "RUSTFLAGS=--cap-lints=forbid -Dunexpected_cfgs" "-e" "RUSTDOCFLAGS=--cap-lints=forbid" "-e" "CARGO_HOME=/opt/rustwide/cargo-home" "-e" "RUSTUP_HOME=/opt/rustwide/rustup-home" "-w" "/opt/rustwide/workdir" "-m" "1610612736" "--user" "0:0" "--network" "none" "ghcr.io/rust-lang/crates-build-env/linux@sha256:2788e3201cd34a07e3172128adcd8b3090168a8e3bcc40d7c032b9dda1df7d1c" "/opt/rustwide/cargo-home/bin/cargo" "+nightly-2024-02-05" "check" "--frozen" "--all" "--all-targets" "--message-format=json" "-Zcheck-cfg", kill_on_drop: false }`
[INFO] [stdout] 300f1a89f68d8384de30572d48676c3a7c83816d1863bd69c0a4e893120b7e87
[INFO] running `Command { std: "docker" "start" "-a" "300f1a89f68d8384de30572d48676c3a7c83816d1863bd69c0a4e893120b7e87", kill_on_drop: false }`
[INFO] [stderr]    Compiling syn v1.0.109
[INFO] [stderr]    Compiling erg_common v0.6.25-nightly.1
[INFO] [stderr]    Compiling base64 v0.13.1
[INFO] [stderr]    Compiling smallvec v1.11.1
[INFO] [stderr]     Checking itertools v0.11.0
[INFO] [stderr]    Compiling num-traits v0.2.17
[INFO] [stderr]    Compiling rand_core v0.6.4
[INFO] [stderr]    Compiling serde v1.0.190
[INFO] [stderr]    Compiling siphasher v0.3.11
[INFO] [stderr]    Compiling crunchy v0.2.2
[INFO] [stderr]    Compiling libc v0.2.149
[INFO] [stderr]    Compiling once_cell v1.18.0
[INFO] [stderr]    Compiling syn v2.0.38
[INFO] [stderr]    Compiling lock_api v0.4.11
[INFO] [stderr]    Compiling num-integer v0.1.45
[INFO] [stderr]    Compiling tiny-keccak v2.0.2
[INFO] [stderr]    Compiling thread_local v1.1.7
[INFO] [stderr]    Compiling anyhow v1.0.75
[INFO] [stderr]    Compiling phf_shared v0.11.2
[INFO] [stderr]    Compiling rand v0.8.5
[INFO] [stderr]    Compiling serde_json v1.0.108
[INFO] [stderr]    Compiling Inflector v0.11.4
[INFO] [stderr]     Checking rustpython-parser-vendored v0.3.0
[INFO] [stderr]     Checking unicode-xid v0.2.4
[INFO] [stderr]     Checking unic-ucd-ident v0.9.0
[INFO] [stderr]     Checking unic-emoji-char v0.9.0
[INFO] [stderr]     Checking itertools v0.10.5
[INFO] [stderr]     Checking unicode_names2 v0.6.0
[INFO] [stderr]     Checking lalrpop-util v0.20.0
[INFO] [stderr]     Checking phf v0.11.2
[INFO] [stderr]    Compiling parking_lot_core v0.9.9
[INFO] [stderr]    Compiling phf_generator v0.11.2
[INFO] [stderr]    Compiling phf_codegen v0.11.2
[INFO] [stderr]    Compiling parking_lot v0.12.1
[INFO] [stderr]    Compiling rustpython-parser v0.3.0
[INFO] [stderr]     Checking malachite-base v0.4.4
[INFO] [stderr]     Checking erg_parser v0.6.25-nightly.1
[INFO] [stderr]    Compiling serde_derive v1.0.190
[INFO] [stderr]    Compiling serde_repr v0.1.17
[INFO] [stderr]    Compiling erg_compiler v0.6.25-nightly.1
[INFO] [stderr]    Compiling pmutil v0.5.3
[INFO] [stderr]    Compiling embed-doc-image v0.1.4
[INFO] [stderr]    Compiling is-macro v0.2.2
[INFO] [stderr]    Compiling derive_more v0.99.17
[INFO] [stderr]     Checking rustpython-parser-core v0.3.0
[INFO] [stderr]     Checking malachite-nz v0.4.4
[INFO] [stderr]     Checking url v2.4.1
[INFO] [stderr]     Checking lsp-types v0.93.2
[INFO] [stderr]     Checking malachite-q v0.4.4
[INFO] [stderr]     Checking malachite v0.4.4
[INFO] [stderr]     Checking malachite-bigint v0.1.1
[INFO] [stderr]     Checking rustpython-ast v0.3.0
[INFO] [stdout] error[E0512]: cannot transmute between types of different sizes, or dependently-sized types
[INFO] [stdout]   --> /opt/rustwide/cargo-home/registry/src/index.crates.io-6f17d22bba15001f/rustpython-ast-0.3.0/src/impls.rs:60:1
[INFO] [stdout]    |
[INFO] [stdout] 60 | static_assertions::assert_eq_size!(crate::Stmt, [u8; 160]);
[INFO] [stdout]    | ^^^^^^^^^^^^^^^^^^^^^^^^^^^^^^^^^^^^^^^^^^^^^^^^^^^^^^^^^^
[INFO] [stdout]    |
[INFO] [stdout]    = note: source type: `generic::Stmt` (1216 bits)
[INFO] [stdout]    = note: target type: `[u8; 160]` (1280 bits)
[INFO] [stdout]    = note: this error originates in the macro `static_assertions::assert_eq_size` (in Nightly builds, run with -Z macro-backtrace for more info)
[INFO] [stdout] 
[INFO] [stdout] 
[INFO] [stdout] error[E0512]: cannot transmute between types of different sizes, or dependently-sized types
[INFO] [stdout]   --> /opt/rustwide/cargo-home/registry/src/index.crates.io-6f17d22bba15001f/rustpython-ast-0.3.0/src/impls.rs:62:1
[INFO] [stdout]    |
[INFO] [stdout] 62 | static_assertions::assert_eq_size!(crate::Pattern, [u8; 96]);
[INFO] [stdout]    | ^^^^^^^^^^^^^^^^^^^^^^^^^^^^^^^^^^^^^^^^^^^^^^^^^^^^^^^^^^^^
[INFO] [stdout]    |
[INFO] [stdout]    = note: source type: `generic::Pattern` (704 bits)
[INFO] [stdout]    = note: target type: `[u8; 96]` (768 bits)
[INFO] [stdout]    = note: this error originates in the macro `static_assertions::assert_eq_size` (in Nightly builds, run with -Z macro-backtrace for more info)
[INFO] [stdout] 
[INFO] [stdout] 
[INFO] [stdout] error: aborting due to 2 previous errors
[INFO] [stdout] 
[INFO] [stdout] 
[INFO] [stdout] For more information about this error, try `rustc --explain E0512`.
[INFO] [stdout] 
[INFO] [stderr] error: could not compile `rustpython-ast` (lib) due to 3 previous errors
[INFO] [stderr] warning: build failed, waiting for other jobs to finish...
[INFO] running `Command { std: "docker" "inspect" "300f1a89f68d8384de30572d48676c3a7c83816d1863bd69c0a4e893120b7e87", kill_on_drop: false }`
[INFO] running `Command { std: "docker" "rm" "-f" "300f1a89f68d8384de30572d48676c3a7c83816d1863bd69c0a4e893120b7e87", kill_on_drop: false }`
[INFO] [stdout] 300f1a89f68d8384de30572d48676c3a7c83816d1863bd69c0a4e893120b7e87
