[INFO] fetching crate pwnd 0.1.1...
[INFO] checking pwnd-0.1.1 against nightly-2024-02-05 for check-cfg
[INFO] extracting crate pwnd 0.1.1 into /workspace/builds/worker-4-tc1/source
[INFO] validating manifest of crates.io crate pwnd 0.1.1 on toolchain nightly-2024-02-05
[INFO] running `Command { std: CARGO_HOME="/workspace/cargo-home" RUSTUP_HOME="/workspace/rustup-home" "/workspace/cargo-home/bin/cargo" "+nightly-2024-02-05" "metadata" "--manifest-path" "Cargo.toml" "--no-deps", kill_on_drop: false }`
[INFO] started tweaking crates.io crate pwnd 0.1.1
[INFO] finished tweaking crates.io crate pwnd 0.1.1
[INFO] tweaked toml for crates.io crate pwnd 0.1.1 written to /workspace/builds/worker-4-tc1/source/Cargo.toml
[INFO] running `Command { std: CARGO_HOME="/workspace/cargo-home" RUSTUP_HOME="/workspace/rustup-home" "/workspace/cargo-home/bin/cargo" "+nightly-2024-02-05" "generate-lockfile" "--manifest-path" "Cargo.toml", kill_on_drop: false }`
[INFO] [stderr]     Updating crates.io index
[INFO] running `Command { std: CARGO_HOME="/workspace/cargo-home" RUSTUP_HOME="/workspace/rustup-home" "/workspace/cargo-home/bin/cargo" "+nightly-2024-02-05" "fetch" "--manifest-path" "Cargo.toml", kill_on_drop: false }`
[INFO] running `Command { std: "docker" "create" "-v" "/var/lib/crater-agent-workspace/builds/worker-4-tc1/target:/opt/rustwide/target:rw,Z" "-v" "/var/lib/crater-agent-workspace/builds/worker-4-tc1/source:/opt/rustwide/workdir:ro,Z" "-v" "/var/lib/crater-agent-workspace/cargo-home:/opt/rustwide/cargo-home:ro,Z" "-v" "/var/lib/crater-agent-workspace/rustup-home:/opt/rustwide/rustup-home:ro,Z" "-e" "SOURCE_DIR=/opt/rustwide/workdir" "-e" "CARGO_TARGET_DIR=/opt/rustwide/target" "-e" "CARGO_HOME=/opt/rustwide/cargo-home" "-e" "RUSTUP_HOME=/opt/rustwide/rustup-home" "-w" "/opt/rustwide/workdir" "-m" "1610612736" "--user" "0:0" "--network" "none" "ghcr.io/rust-lang/crates-build-env/linux@sha256:2788e3201cd34a07e3172128adcd8b3090168a8e3bcc40d7c032b9dda1df7d1c" "/opt/rustwide/cargo-home/bin/cargo" "+nightly-2024-02-05" "metadata" "--no-deps" "--format-version=1", kill_on_drop: false }`
[INFO] [stdout] 7c5a6360083e5e4d7df3ced8a03e155113a46127c895c6826e8c7e2cd88c605d
[INFO] running `Command { std: "docker" "start" "-a" "7c5a6360083e5e4d7df3ced8a03e155113a46127c895c6826e8c7e2cd88c605d", kill_on_drop: false }`
[INFO] running `Command { std: "docker" "inspect" "7c5a6360083e5e4d7df3ced8a03e155113a46127c895c6826e8c7e2cd88c605d", kill_on_drop: false }`
[INFO] running `Command { std: "docker" "rm" "-f" "7c5a6360083e5e4d7df3ced8a03e155113a46127c895c6826e8c7e2cd88c605d", kill_on_drop: false }`
[INFO] [stdout] 7c5a6360083e5e4d7df3ced8a03e155113a46127c895c6826e8c7e2cd88c605d
[INFO] running `Command { std: "docker" "create" "-v" "/var/lib/crater-agent-workspace/builds/worker-4-tc1/target:/opt/rustwide/target:rw,Z" "-v" "/var/lib/crater-agent-workspace/builds/worker-4-tc1/source:/opt/rustwide/workdir:ro,Z" "-v" "/var/lib/crater-agent-workspace/cargo-home:/opt/rustwide/cargo-home:ro,Z" "-v" "/var/lib/crater-agent-workspace/rustup-home:/opt/rustwide/rustup-home:ro,Z" "-e" "SOURCE_DIR=/opt/rustwide/workdir" "-e" "CARGO_TARGET_DIR=/opt/rustwide/target" "-e" "CARGO_INCREMENTAL=0" "-e" "RUST_BACKTRACE=full" "-e" "RUSTFLAGS=--cap-lints=forbid" "-e" "RUSTDOCFLAGS=--cap-lints=forbid" "-e" "CARGO_HOME=/opt/rustwide/cargo-home" "-e" "RUSTUP_HOME=/opt/rustwide/rustup-home" "-w" "/opt/rustwide/workdir" "-m" "1610612736" "--user" "0:0" "--network" "none" "ghcr.io/rust-lang/crates-build-env/linux@sha256:2788e3201cd34a07e3172128adcd8b3090168a8e3bcc40d7c032b9dda1df7d1c" "/opt/rustwide/cargo-home/bin/cargo" "+nightly-2024-02-05" "check" "--frozen" "--all" "--all-targets" "--message-format=json", kill_on_drop: false }`
[INFO] [stdout] 038941e3807d58a7820e42dcfbd0d2787831543677bd71198e6b381fc02fa1cb
[INFO] running `Command { std: "docker" "start" "-a" "038941e3807d58a7820e42dcfbd0d2787831543677bd71198e6b381fc02fa1cb", kill_on_drop: false }`
[INFO] [stderr]    Compiling syn v2.0.48
[INFO] [stderr]    Compiling async-trait v0.1.77
[INFO] [stderr]     Checking socket2 v0.5.5
[INFO] [stderr]     Checking signal-hook-registry v1.4.1
[INFO] [stderr]     Checking num_cpus v1.16.0
[INFO] [stderr]     Checking mio v0.8.10
[INFO] [stderr]     Checking tracing-core v0.1.32
[INFO] [stderr]     Checking bytes v1.5.0
[INFO] [stderr]    Compiling tracing-attributes v0.1.27
[INFO] [stderr]    Compiling tokio-macros v2.2.0
[INFO] [stderr]     Checking tokio v1.36.0
[INFO] [stderr]     Checking tracing v0.1.40
[INFO] [stderr]     Checking pwnd v0.1.1 (/opt/rustwide/workdir)
[INFO] [stdout] warning: trait objects without an explicit `dyn` are deprecated
[INFO] [stdout]   --> src/tubes.rs:24:128
[INFO] [stdout]    |
[INFO] [stdout] 24 | pub fn create_process(file_name: &str, args: Option<Vec<&str>>, env: Option<HashMap<String, String>>) -> tokio::io::Result<Box<Tube>> {
[INFO] [stdout]    |                                                                                                                                ^^^^
[INFO] [stdout]    |
[INFO] [stdout]    = warning: this is accepted in the current edition (Rust 2018) but is a hard error in Rust 2021!
[INFO] [stdout]    = note: for more information, see <https://doc.rust-lang.org/nightly/edition-guide/rust-2021/warnings-promoted-to-error.html>
[INFO] [stdout]    = note: `#[warn(bare_trait_objects)]` on by default
[INFO] [stdout] help: use `dyn`
[INFO] [stdout]    |
[INFO] [stdout] 24 | pub fn create_process(file_name: &str, args: Option<Vec<&str>>, env: Option<HashMap<String, String>>) -> tokio::io::Result<Box<dyn Tube>> {
[INFO] [stdout]    |                                                                                                                                +++
[INFO] [stdout] 
[INFO] [stdout] 
[INFO] [stdout] warning: trait objects without an explicit `dyn` are deprecated
[INFO] [stdout]   --> src/tubes.rs:24:128
[INFO] [stdout]    |
[INFO] [stdout] 24 | pub fn create_process(file_name: &str, args: Option<Vec<&str>>, env: Option<HashMap<String, String>>) -> tokio::io::Result<Box<Tube>> {
[INFO] [stdout]    |                                                                                                                                ^^^^
[INFO] [stdout]    |
[INFO] [stdout]    = warning: this is accepted in the current edition (Rust 2018) but is a hard error in Rust 2021!
[INFO] [stdout]    = note: for more information, see <https://doc.rust-lang.org/nightly/edition-guide/rust-2021/warnings-promoted-to-error.html>
[INFO] [stdout]    = note: `#[warn(bare_trait_objects)]` on by default
[INFO] [stdout] help: use `dyn`
[INFO] [stdout]    |
[INFO] [stdout] 24 | pub fn create_process(file_name: &str, args: Option<Vec<&str>>, env: Option<HashMap<String, String>>) -> tokio::io::Result<Box<dyn Tube>> {
[INFO] [stdout]    |                                                                                                                                +++
[INFO] [stdout] 
[INFO] [stdout] 
[INFO] [stdout] warning: trait objects without an explicit `dyn` are deprecated
[INFO] [stdout]   --> src/tubes.rs:38:77
[INFO] [stdout]    |
[INFO] [stdout] 38 | pub async fn remote(hostname: &str, port: u16, kind: NetType) -> Result<Box<Tube>, Box<dyn std::error::Error>> {
[INFO] [stdout]    |                                                                             ^^^^
[INFO] [stdout]    |
[INFO] [stdout]    = warning: this is accepted in the current edition (Rust 2018) but is a hard error in Rust 2021!
[INFO] [stdout]    = note: for more information, see <https://doc.rust-lang.org/nightly/edition-guide/rust-2021/warnings-promoted-to-error.html>
[INFO] [stdout] help: use `dyn`
[INFO] [stdout]    |
[INFO] [stdout] 38 | pub async fn remote(hostname: &str, port: u16, kind: NetType) -> Result<Box<dyn Tube>, Box<dyn std::error::Error>> {
[INFO] [stdout]    |                                                                             +++
[INFO] [stdout] 
[INFO] [stdout] 
[INFO] [stdout] warning: trait objects without an explicit `dyn` are deprecated
[INFO] [stdout]   --> src/tubes.rs:38:77
[INFO] [stdout]    |
[INFO] [stdout] 38 | pub async fn remote(hostname: &str, port: u16, kind: NetType) -> Result<Box<Tube>, Box<dyn std::error::Error>> {
[INFO] [stdout]    |                                                                             ^^^^
[INFO] [stdout]    |
[INFO] [stdout]    = warning: this is accepted in the current edition (Rust 2018) but is a hard error in Rust 2021!
[INFO] [stdout]    = note: for more information, see <https://doc.rust-lang.org/nightly/edition-guide/rust-2021/warnings-promoted-to-error.html>
[INFO] [stdout] help: use `dyn`
[INFO] [stdout]    |
[INFO] [stdout] 38 | pub async fn remote(hostname: &str, port: u16, kind: NetType) -> Result<Box<dyn Tube>, Box<dyn std::error::Error>> {
[INFO] [stdout]    |                                                                             +++
[INFO] [stdout] 
[INFO] [stdout] 
[INFO] [stdout] error[E0170]: pattern binding `TCP` is named the same as one of the variants of the type `tubes::NetType`
[INFO] [stdout]   --> src/tubes.rs:40:9
[INFO] [stdout]    |
[INFO] [stdout] 40 |         TCP => {
[INFO] [stdout]    |         ^^^ help: to match on the variant, qualify the path: `tubes::NetType::TCP`
[INFO] [stdout]    |
[INFO] [stdout]    = note: `#[deny(bindings_with_variant_name)]` on by default
[INFO] [stdout] 
[INFO] [stdout] 
[INFO] [stdout] error[E0170]: pattern binding `UDP` is named the same as one of the variants of the type `tubes::NetType`
[INFO] [stdout]   --> src/tubes.rs:45:9
[INFO] [stdout]    |
[INFO] [stdout] 45 |         UDP => todo!(),
[INFO] [stdout]    |         ^^^ help: to match on the variant, qualify the path: `tubes::NetType::UDP`
[INFO] [stdout] 
[INFO] [stdout] 
[INFO] [stdout] error[E0170]: pattern binding `RAW` is named the same as one of the variants of the type `tubes::NetType`
[INFO] [stdout]   --> src/tubes.rs:46:9
[INFO] [stdout]    |
[INFO] [stdout] 46 |         RAW => todo!()
[INFO] [stdout]    |         ^^^ help: to match on the variant, qualify the path: `tubes::NetType::RAW`
[INFO] [stdout] 
[INFO] [stdout] 
[INFO] [stdout] warning: unreachable pattern
[INFO] [stdout]   --> src/tubes.rs:45:9
[INFO] [stdout]    |
[INFO] [stdout] 40 |         TCP => {
[INFO] [stdout]    |         --- matches any value
[INFO] [stdout] ...
[INFO] [stdout] 45 |         UDP => todo!(),
[INFO] [stdout]    |         ^^^ unreachable pattern
[INFO] [stdout]    |
[INFO] [stdout]    = note: `#[warn(unreachable_patterns)]` on by default
[INFO] [stdout] 
[INFO] [stdout] 
[INFO] [stdout] warning: unreachable pattern
[INFO] [stdout]   --> src/tubes.rs:46:9
[INFO] [stdout]    |
[INFO] [stdout] 40 |         TCP => {
[INFO] [stdout]    |         --- matches any value
[INFO] [stdout] ...
[INFO] [stdout] 46 |         RAW => todo!()
[INFO] [stdout]    |         ^^^ unreachable pattern
[INFO] [stdout] 
[INFO] [stdout] 
[INFO] [stdout] warning: unused variable: `TCP`
[INFO] [stdout]   --> src/tubes.rs:40:9
[INFO] [stdout]    |
[INFO] [stdout] 40 |         TCP => {
[INFO] [stdout]    |         ^^^ help: if this is intentional, prefix it with an underscore: `_TCP`
[INFO] [stdout]    |
[INFO] [stdout]    = note: `#[warn(unused_variables)]` on by default
[INFO] [stdout] 
[INFO] [stdout] 
[INFO] [stdout] warning: unused variable: `UDP`
[INFO] [stdout]   --> src/tubes.rs:45:9
[INFO] [stdout]    |
[INFO] [stdout] 45 |         UDP => todo!(),
[INFO] [stdout]    |         ^^^ help: if this is intentional, prefix it with an underscore: `_UDP`
[INFO] [stdout] 
[INFO] [stdout] 
[INFO] [stdout] warning: unused variable: `RAW`
[INFO] [stdout]   --> src/tubes.rs:46:9
[INFO] [stdout]    |
[INFO] [stdout] 46 |         RAW => todo!()
[INFO] [stdout]    |         ^^^ help: if this is intentional, prefix it with an underscore: `_RAW`
[INFO] [stdout] 
[INFO] [stdout] 
[INFO] [stdout] error[E0170]: pattern binding `TCP` is named the same as one of the variants of the type `tubes::NetType`
[INFO] [stdout]   --> src/tubes.rs:40:9
[INFO] [stdout]    |
[INFO] [stdout] 40 |         TCP => {
[INFO] [stdout]    |         ^^^ help: to match on the variant, qualify the path: `tubes::NetType::TCP`
[INFO] [stdout]    |
[INFO] [stdout]    = note: `#[deny(bindings_with_variant_name)]` on by default
[INFO] [stdout] 
[INFO] [stdout] 
[INFO] [stdout] error[E0170]: pattern binding `UDP` is named the same as one of the variants of the type `tubes::NetType`
[INFO] [stdout]   --> src/tubes.rs:45:9
[INFO] [stdout]    |
[INFO] [stdout] 45 |         UDP => todo!(),
[INFO] [stdout]    |         ^^^ help: to match on the variant, qualify the path: `tubes::NetType::UDP`
[INFO] [stdout] 
[INFO] [stdout] 
[INFO] [stdout] error[E0170]: pattern binding `RAW` is named the same as one of the variants of the type `tubes::NetType`
[INFO] [stdout]   --> src/tubes.rs:46:9
[INFO] [stdout]    |
[INFO] [stdout] 46 |         RAW => todo!()
[INFO] [stdout]    |         ^^^ help: to match on the variant, qualify the path: `tubes::NetType::RAW`
[INFO] [stdout] 
[INFO] [stdout] 
[INFO] [stdout] warning: unreachable pattern
[INFO] [stdout]   --> src/tubes.rs:45:9
[INFO] [stdout]    |
[INFO] [stdout] 40 |         TCP => {
[INFO] [stdout]    |         --- matches any value
[INFO] [stdout] ...
[INFO] [stdout] 45 |         UDP => todo!(),
[INFO] [stdout]    |         ^^^ unreachable pattern
[INFO] [stdout]    |
[INFO] [stdout]    = note: `#[warn(unreachable_patterns)]` on by default
[INFO] [stdout] 
[INFO] [stdout] 
[INFO] [stdout] warning: unreachable pattern
[INFO] [stdout]   --> src/tubes.rs:46:9
[INFO] [stdout]    |
[INFO] [stdout] 40 |         TCP => {
[INFO] [stdout]    |         --- matches any value
[INFO] [stdout] ...
[INFO] [stdout] 46 |         RAW => todo!()
[INFO] [stdout]    |         ^^^ unreachable pattern
[INFO] [stdout] 
[INFO] [stdout] 
[INFO] [stdout] warning: unused variable: `TCP`
[INFO] [stdout]   --> src/tubes.rs:40:9
[INFO] [stdout]    |
[INFO] [stdout] 40 |         TCP => {
[INFO] [stdout]    |         ^^^ help: if this is intentional, prefix it with an underscore: `_TCP`
[INFO] [stdout]    |
[INFO] [stdout]    = note: `#[warn(unused_variables)]` on by default
[INFO] [stdout] 
[INFO] [stdout] 
[INFO] [stdout] warning: unused variable: `UDP`
[INFO] [stdout]   --> src/tubes.rs:45:9
[INFO] [stdout]    |
[INFO] [stdout] 45 |         UDP => todo!(),
[INFO] [stdout]    |         ^^^ help: if this is intentional, prefix it with an underscore: `_UDP`
[INFO] [stdout] 
[INFO] [stdout] 
[INFO] [stdout] warning: unused variable: `RAW`
[INFO] [stdout]   --> src/tubes.rs:46:9
[INFO] [stdout]    |
[INFO] [stdout] 46 |         RAW => todo!()
[INFO] [stdout]    |         ^^^ help: if this is intentional, prefix it with an underscore: `_RAW`
[INFO] [stdout] 
[INFO] [stdout] 
[INFO] [stdout] warning: fields `file_name` and `stderr` are never read
[INFO] [stdout]   --> src/tubes/process.rs:13:5
[INFO] [stdout]    |
[INFO] [stdout] 12 | pub struct Process {
[INFO] [stdout]    |            ------- fields in this struct
[INFO] [stdout] 13 |     file_name: String,
[INFO] [stdout]    |     ^^^^^^^^^
[INFO] [stdout] ...
[INFO] [stdout] 16 |     stderr: Option<ChildStderr>,
[INFO] [stdout]    |     ^^^^^^
[INFO] [stdout]    |
[INFO] [stdout]    = note: `Process` has a derived impl for the trait `Debug`, but this is intentionally ignored during dead code analysis
[INFO] [stdout]    = note: `#[warn(dead_code)]` on by default
[INFO] [stdout] 
[INFO] [stdout] 
[INFO] [stdout] warning: variable `TCP` should have a snake case name
[INFO] [stdout]   --> src/tubes.rs:40:9
[INFO] [stdout]    |
[INFO] [stdout] 40 |         TCP => {
[INFO] [stdout]    |         ^^^ help: convert the identifier to snake case: `tcp`
[INFO] [stdout]    |
[INFO] [stdout]    = note: `#[warn(non_snake_case)]` on by default
[INFO] [stdout] 
[INFO] [stdout] 
[INFO] [stdout] warning: variable `UDP` should have a snake case name
[INFO] [stdout]   --> src/tubes.rs:45:9
[INFO] [stdout]    |
[INFO] [stdout] 45 |         UDP => todo!(),
[INFO] [stdout]    |         ^^^ help: convert the identifier to snake case: `udp`
[INFO] [stdout] 
[INFO] [stdout] 
[INFO] [stdout] warning: variable `RAW` should have a snake case name
[INFO] [stdout]   --> src/tubes.rs:46:9
[INFO] [stdout]    |
[INFO] [stdout] 46 |         RAW => todo!()
[INFO] [stdout]    |         ^^^ help: convert the identifier to snake case: `raw`
[INFO] [stdout] 
[INFO] [stdout] 
[INFO] [stdout] error: aborting due to 3 previous errors; 11 warnings emitted
[INFO] [stdout] 
[INFO] [stdout] 
[INFO] [stdout] For more information about this error, try `rustc --explain E0170`.
[INFO] [stdout] 
[INFO] [stderr] error: could not compile `pwnd` (lib) due to 4 previous errors; 11 warnings emitted
[INFO] [stderr] warning: build failed, waiting for other jobs to finish...
[INFO] [stdout] warning: fields `file_name` and `stderr` are never read
[INFO] [stdout]   --> src/tubes/process.rs:13:5
[INFO] [stdout]    |
[INFO] [stdout] 12 | pub struct Process {
[INFO] [stdout]    |            ------- fields in this struct
[INFO] [stdout] 13 |     file_name: String,
[INFO] [stdout]    |     ^^^^^^^^^
[INFO] [stdout] ...
[INFO] [stdout] 16 |     stderr: Option<ChildStderr>,
[INFO] [stdout]    |     ^^^^^^
[INFO] [stdout]    |
[INFO] [stdout]    = note: `Process` has a derived impl for the trait `Debug`, but this is intentionally ignored during dead code analysis
[INFO] [stdout]    = note: `#[warn(dead_code)]` on by default
[INFO] [stdout] 
[INFO] [stdout] 
[INFO] [stdout] warning: variable `TCP` should have a snake case name
[INFO] [stdout]   --> src/tubes.rs:40:9
[INFO] [stdout]    |
[INFO] [stdout] 40 |         TCP => {
[INFO] [stdout]    |         ^^^ help: convert the identifier to snake case: `tcp`
[INFO] [stdout]    |
[INFO] [stdout]    = note: `#[warn(non_snake_case)]` on by default
[INFO] [stdout] 
[INFO] [stdout] 
[INFO] [stdout] warning: variable `UDP` should have a snake case name
[INFO] [stdout]   --> src/tubes.rs:45:9
[INFO] [stdout]    |
[INFO] [stdout] 45 |         UDP => todo!(),
[INFO] [stdout]    |         ^^^ help: convert the identifier to snake case: `udp`
[INFO] [stdout] 
[INFO] [stdout] 
[INFO] [stdout] warning: variable `RAW` should have a snake case name
[INFO] [stdout]   --> src/tubes.rs:46:9
[INFO] [stdout]    |
[INFO] [stdout] 46 |         RAW => todo!()
[INFO] [stdout]    |         ^^^ help: convert the identifier to snake case: `raw`
[INFO] [stdout] 
[INFO] [stdout] 
[INFO] [stdout] error: aborting due to 3 previous errors; 11 warnings emitted
[INFO] [stdout] 
[INFO] [stdout] 
[INFO] [stdout] For more information about this error, try `rustc --explain E0170`.
[INFO] [stdout] 
[INFO] [stderr] error: could not compile `pwnd` (lib test) due to 4 previous errors; 11 warnings emitted
[INFO] running `Command { std: "docker" "inspect" "038941e3807d58a7820e42dcfbd0d2787831543677bd71198e6b381fc02fa1cb", kill_on_drop: false }`
[INFO] running `Command { std: "docker" "rm" "-f" "038941e3807d58a7820e42dcfbd0d2787831543677bd71198e6b381fc02fa1cb", kill_on_drop: false }`
[INFO] [stdout] 038941e3807d58a7820e42dcfbd0d2787831543677bd71198e6b381fc02fa1cb
