[INFO] fetching crate pscontroller-rs 0.6.0...
[INFO] checking pscontroller-rs-0.6.0 against nightly-2024-02-05 for check-cfg
[INFO] extracting crate pscontroller-rs 0.6.0 into /workspace/builds/worker-5-tc1/source
[INFO] validating manifest of crates.io crate pscontroller-rs 0.6.0 on toolchain nightly-2024-02-05
[INFO] running `Command { std: CARGO_HOME="/workspace/cargo-home" RUSTUP_HOME="/workspace/rustup-home" "/workspace/cargo-home/bin/cargo" "+nightly-2024-02-05" "metadata" "--manifest-path" "Cargo.toml" "--no-deps", kill_on_drop: false }`
[INFO] started tweaking crates.io crate pscontroller-rs 0.6.0
[INFO] finished tweaking crates.io crate pscontroller-rs 0.6.0
[INFO] tweaked toml for crates.io crate pscontroller-rs 0.6.0 written to /workspace/builds/worker-5-tc1/source/Cargo.toml
[INFO] running `Command { std: CARGO_HOME="/workspace/cargo-home" RUSTUP_HOME="/workspace/rustup-home" "/workspace/cargo-home/bin/cargo" "+nightly-2024-02-05" "generate-lockfile" "--manifest-path" "Cargo.toml", kill_on_drop: false }`
[INFO] [stderr]     Updating crates.io index
[INFO] running `Command { std: CARGO_HOME="/workspace/cargo-home" RUSTUP_HOME="/workspace/rustup-home" "/workspace/cargo-home/bin/cargo" "+nightly-2024-02-05" "fetch" "--manifest-path" "Cargo.toml", kill_on_drop: false }`
[INFO] [stderr]  Downloading crates ...
[INFO] [stderr]   Downloaded spidev v0.3.0
[INFO] [stderr]   Downloaded embedded-hal v0.1.3
[INFO] [stderr]   Downloaded bit_reverse v0.1.8
[INFO] [stderr]   Downloaded linux-embedded-hal v0.1.1
[INFO] [stderr]   Downloaded nix v0.6.0
[INFO] running `Command { std: "docker" "create" "-v" "/var/lib/crater-agent-workspace/builds/worker-5-tc1/target:/opt/rustwide/target:rw,Z" "-v" "/var/lib/crater-agent-workspace/builds/worker-5-tc1/source:/opt/rustwide/workdir:ro,Z" "-v" "/var/lib/crater-agent-workspace/cargo-home:/opt/rustwide/cargo-home:ro,Z" "-v" "/var/lib/crater-agent-workspace/rustup-home:/opt/rustwide/rustup-home:ro,Z" "-e" "SOURCE_DIR=/opt/rustwide/workdir" "-e" "CARGO_TARGET_DIR=/opt/rustwide/target" "-e" "CARGO_HOME=/opt/rustwide/cargo-home" "-e" "RUSTUP_HOME=/opt/rustwide/rustup-home" "-w" "/opt/rustwide/workdir" "-m" "1610612736" "--user" "0:0" "--network" "none" "ghcr.io/rust-lang/crates-build-env/linux@sha256:2788e3201cd34a07e3172128adcd8b3090168a8e3bcc40d7c032b9dda1df7d1c" "/opt/rustwide/cargo-home/bin/cargo" "+nightly-2024-02-05" "metadata" "--no-deps" "--format-version=1", kill_on_drop: false }`
[INFO] [stdout] 13969c7fa49b7ecb89205d39559027a94f8ebf66902b773e83562762e7c29448
[INFO] running `Command { std: "docker" "start" "-a" "13969c7fa49b7ecb89205d39559027a94f8ebf66902b773e83562762e7c29448", kill_on_drop: false }`
[INFO] running `Command { std: "docker" "inspect" "13969c7fa49b7ecb89205d39559027a94f8ebf66902b773e83562762e7c29448", kill_on_drop: false }`
[INFO] running `Command { std: "docker" "rm" "-f" "13969c7fa49b7ecb89205d39559027a94f8ebf66902b773e83562762e7c29448", kill_on_drop: false }`
[INFO] [stdout] 13969c7fa49b7ecb89205d39559027a94f8ebf66902b773e83562762e7c29448
[INFO] running `Command { std: "docker" "create" "-v" "/var/lib/crater-agent-workspace/builds/worker-5-tc1/target:/opt/rustwide/target:rw,Z" "-v" "/var/lib/crater-agent-workspace/builds/worker-5-tc1/source:/opt/rustwide/workdir:ro,Z" "-v" "/var/lib/crater-agent-workspace/cargo-home:/opt/rustwide/cargo-home:ro,Z" "-v" "/var/lib/crater-agent-workspace/rustup-home:/opt/rustwide/rustup-home:ro,Z" "-e" "SOURCE_DIR=/opt/rustwide/workdir" "-e" "CARGO_TARGET_DIR=/opt/rustwide/target" "-e" "CARGO_INCREMENTAL=0" "-e" "RUST_BACKTRACE=full" "-e" "RUSTFLAGS=--cap-lints=forbid" "-e" "RUSTDOCFLAGS=--cap-lints=forbid" "-e" "CARGO_HOME=/opt/rustwide/cargo-home" "-e" "RUSTUP_HOME=/opt/rustwide/rustup-home" "-w" "/opt/rustwide/workdir" "-m" "1610612736" "--user" "0:0" "--network" "none" "ghcr.io/rust-lang/crates-build-env/linux@sha256:2788e3201cd34a07e3172128adcd8b3090168a8e3bcc40d7c032b9dda1df7d1c" "/opt/rustwide/cargo-home/bin/cargo" "+nightly-2024-02-05" "check" "--frozen" "--all" "--all-targets" "--message-format=json", kill_on_drop: false }`
[INFO] [stdout] 74205d5d65189fb99da1a9ba2426e16d7b6f4a8f622fbc135087dc903d840b2c
[INFO] running `Command { std: "docker" "start" "-a" "74205d5d65189fb99da1a9ba2426e16d7b6f4a8f622fbc135087dc903d840b2c", kill_on_drop: false }`
[INFO] [stderr]    Compiling semver v1.0.21
[INFO] [stderr]     Checking void v1.0.2
[INFO] [stderr]    Compiling camino v1.1.6
[INFO] [stderr]    Compiling serde v1.0.196
[INFO] [stderr]    Compiling unicase v2.7.0
[INFO] [stderr]    Compiling rustix v0.38.31
[INFO] [stderr]    Compiling syn v2.0.48
[INFO] [stderr]    Compiling serde_json v1.0.113
[INFO] [stderr]    Compiling error-chain v0.12.4
[INFO] [stderr]    Compiling pulldown-cmark v0.9.6
[INFO] [stderr]     Checking cfg-if v0.1.10
[INFO] [stderr]    Compiling ryu v1.0.16
[INFO] [stderr]    Compiling itoa v1.0.10
[INFO] [stderr]    Compiling semver v0.1.20
[INFO] [stderr]    Compiling same-file v1.0.6
[INFO] [stderr]     Checking nb v1.1.0
[INFO] [stderr]    Compiling walkdir v2.4.0
[INFO] [stderr]    Compiling bytecount v0.6.7
[INFO] [stderr]     Checking nb v0.1.3
[INFO] [stderr]    Compiling rustc_version v0.1.7
[INFO] [stderr]     Checking iovec v0.1.4
[INFO] [stderr]    Compiling nix v0.10.0
[INFO] [stderr]    Compiling nix v0.14.1
[INFO] [stderr]     Checking bytes v0.4.12
[INFO] [stderr]    Compiling nix v0.6.0
[INFO] [stderr]     Checking embedded-hal v0.2.7
[INFO] [stderr]     Checking bitflags v0.4.0
[INFO] [stderr]     Checking bitflags v0.3.3
[INFO] [stderr]     Checking bit_reverse v0.1.8
[INFO] [stderr]     Checking embedded-hal v0.1.3
[INFO] [stderr]     Checking pscontroller-rs v0.6.0 (/opt/rustwide/workdir)
[INFO] [stdout] error[E0557]: feature has been removed
[INFO] [stdout]   --> src/lib.rs:51:12
[INFO] [stdout]    |
[INFO] [stdout] 51 | #![feature(untagged_unions)]
[INFO] [stdout]    |            ^^^^^^^^^^^^^^^ feature has been removed
[INFO] [stdout]    |
[INFO] [stdout]    = note: unions with `Copy` and `ManuallyDrop` fields are stable; there is no intent to stabilize more
[INFO] [stdout] 
[INFO] [stdout] 
[INFO] [stdout] warning: anonymous parameters are deprecated and will be removed in the next edition
[INFO] [stdout]    --> src/lib.rs:195:27
[INFO] [stdout]     |
[INFO] [stdout] 195 |     fn set_command(&self, &mut [u8]);
[INFO] [stdout]     |                           ^^^^^^^^^ help: try naming the parameter or explicitly ignoring it: `_: &mut [u8]`
[INFO] [stdout]     |
[INFO] [stdout]     = warning: this is accepted in the current edition (Rust 2015) but is a hard error in Rust 2018!
[INFO] [stdout]     = note: for more information, see issue #41686 <https://github.com/rust-lang/rust/issues/41686>
[INFO] [stdout]     = note: `#[warn(anonymous_parameters)]` on by default
[INFO] [stdout] 
[INFO] [stdout] 
[INFO] [stdout] warning: trait objects without an explicit `dyn` are deprecated
[INFO] [stdout]    --> src/lib.rs:400:46
[INFO] [stdout]     |
[INFO] [stdout] 400 |     fn read_port(&mut self, command: Option<&PollCommand>) -> Result<[u8; MESSAGE_MAX_LENGTH], Error<E>> {
[INFO] [stdout]     |                                              ^^^^^^^^^^^
[INFO] [stdout]     |
[INFO] [stdout]     = warning: this is accepted in the current edition (Rust 2015) but is a hard error in Rust 2021!
[INFO] [stdout]     = note: for more information, see <https://doc.rust-lang.org/nightly/edition-guide/rust-2021/warnings-promoted-to-error.html>
[INFO] [stdout]     = note: `#[warn(bare_trait_objects)]` on by default
[INFO] [stdout] help: use `dyn`
[INFO] [stdout]     |
[INFO] [stdout] 400 |     fn read_port(&mut self, command: Option<&dyn PollCommand>) -> Result<[u8; MESSAGE_MAX_LENGTH], Error<E>> {
[INFO] [stdout]     |                                              +++
[INFO] [stdout] 
[INFO] [stdout] 
[INFO] [stdout] warning: trait objects without an explicit `dyn` are deprecated
[INFO] [stdout]    --> src/lib.rs:432:49
[INFO] [stdout]     |
[INFO] [stdout] 432 |     pub fn read_raw(&mut self, command: Option<&PollCommand>) -> Result<ControllerData, Error<E>> {
[INFO] [stdout]     |                                                 ^^^^^^^^^^^
[INFO] [stdout]     |
[INFO] [stdout]     = warning: this is accepted in the current edition (Rust 2015) but is a hard error in Rust 2021!
[INFO] [stdout]     = note: for more information, see <https://doc.rust-lang.org/nightly/edition-guide/rust-2021/warnings-promoted-to-error.html>
[INFO] [stdout] help: use `dyn`
[INFO] [stdout]     |
[INFO] [stdout] 432 |     pub fn read_raw(&mut self, command: Option<&dyn PollCommand>) -> Result<ControllerData, Error<E>> {
[INFO] [stdout]     |                                                 +++
[INFO] [stdout] 
[INFO] [stdout] 
[INFO] [stdout] warning: trait objects without an explicit `dyn` are deprecated
[INFO] [stdout]    --> src/lib.rs:444:51
[INFO] [stdout]     |
[INFO] [stdout] 444 |     pub fn read_input(&mut self, command: Option<&PollCommand>) -> Result<Device, Error<E>> {
[INFO] [stdout]     |                                                   ^^^^^^^^^^^
[INFO] [stdout]     |
[INFO] [stdout]     = warning: this is accepted in the current edition (Rust 2015) but is a hard error in Rust 2021!
[INFO] [stdout]     = note: for more information, see <https://doc.rust-lang.org/nightly/edition-guide/rust-2021/warnings-promoted-to-error.html>
[INFO] [stdout] help: use `dyn`
[INFO] [stdout]     |
[INFO] [stdout] 444 |     pub fn read_input(&mut self, command: Option<&dyn PollCommand>) -> Result<Device, Error<E>> {
[INFO] [stdout]     |                                                   +++
[INFO] [stdout] 
[INFO] [stdout] 
[INFO] [stdout] error[E0740]: field must implement `Copy` or be wrapped in `ManuallyDrop<...>` to be used in a union
[INFO] [stdout]    --> src/lib.rs:145:5
[INFO] [stdout]     |
[INFO] [stdout] 145 |     pub gh: GuitarHero,
[INFO] [stdout]     |     ^^^^^^^^^^^^^^^^^^
[INFO] [stdout]     |
[INFO] [stdout]     = note: union fields must not have drop side-effects, which is currently enforced via either `Copy` or `ManuallyDrop<...>`
[INFO] [stdout] help: wrap the field type in `ManuallyDrop<...>`
[INFO] [stdout]     |
[INFO] [stdout] 145 |     pub gh: std::mem::ManuallyDrop<GuitarHero>,
[INFO] [stdout]     |             +++++++++++++++++++++++          +
[INFO] [stdout] 
[INFO] [stdout] 
[INFO] [stdout] error: aborting due to 2 previous errors; 4 warnings emitted
[INFO] [stdout] 
[INFO] [stdout] 
[INFO] [stdout] Some errors have detailed explanations: E0557, E0740.
[INFO] [stdout] 
[INFO] [stdout] For more information about an error, try `rustc --explain E0557`.
[INFO] [stdout] 
[INFO] [stderr] error: could not compile `pscontroller-rs` (lib) due to 3 previous errors; 4 warnings emitted
[INFO] [stderr] warning: build failed, waiting for other jobs to finish...
[INFO] running `Command { std: "docker" "inspect" "74205d5d65189fb99da1a9ba2426e16d7b6f4a8f622fbc135087dc903d840b2c", kill_on_drop: false }`
[INFO] running `Command { std: "docker" "rm" "-f" "74205d5d65189fb99da1a9ba2426e16d7b6f4a8f622fbc135087dc903d840b2c", kill_on_drop: false }`
[INFO] [stdout] 74205d5d65189fb99da1a9ba2426e16d7b6f4a8f622fbc135087dc903d840b2c
[INFO] checking pscontroller-rs-0.6.0 against nightly-2024-02-05+rustflags=-Dunexpected_cfgs+cargoflags=-Zcheck-cfg for check-cfg
[INFO] extracting crate pscontroller-rs 0.6.0 into /workspace/builds/worker-5-tc2/source
[INFO] validating manifest of crates.io crate pscontroller-rs 0.6.0 on toolchain nightly-2024-02-05
[INFO] running `Command { std: CARGO_HOME="/workspace/cargo-home" RUSTUP_HOME="/workspace/rustup-home" "/workspace/cargo-home/bin/cargo" "+nightly-2024-02-05" "metadata" "--manifest-path" "Cargo.toml" "--no-deps", kill_on_drop: false }`
[INFO] started tweaking crates.io crate pscontroller-rs 0.6.0
[INFO] finished tweaking crates.io crate pscontroller-rs 0.6.0
[INFO] tweaked toml for crates.io crate pscontroller-rs 0.6.0 written to /workspace/builds/worker-5-tc2/source/Cargo.toml
[INFO] running `Command { std: CARGO_HOME="/workspace/cargo-home" RUSTUP_HOME="/workspace/rustup-home" "/workspace/cargo-home/bin/cargo" "+nightly-2024-02-05" "generate-lockfile" "--manifest-path" "Cargo.toml", kill_on_drop: false }`
[INFO] [stderr]     Updating crates.io index
[INFO] running `Command { std: CARGO_HOME="/workspace/cargo-home" RUSTUP_HOME="/workspace/rustup-home" "/workspace/cargo-home/bin/cargo" "+nightly-2024-02-05" "fetch" "--manifest-path" "Cargo.toml", kill_on_drop: false }`
[INFO] running `Command { std: "docker" "create" "-v" "/var/lib/crater-agent-workspace/builds/worker-5-tc2/target:/opt/rustwide/target:rw,Z" "-v" "/var/lib/crater-agent-workspace/builds/worker-5-tc2/source:/opt/rustwide/workdir:ro,Z" "-v" "/var/lib/crater-agent-workspace/cargo-home:/opt/rustwide/cargo-home:ro,Z" "-v" "/var/lib/crater-agent-workspace/rustup-home:/opt/rustwide/rustup-home:ro,Z" "-e" "SOURCE_DIR=/opt/rustwide/workdir" "-e" "CARGO_TARGET_DIR=/opt/rustwide/target" "-e" "CARGO_HOME=/opt/rustwide/cargo-home" "-e" "RUSTUP_HOME=/opt/rustwide/rustup-home" "-w" "/opt/rustwide/workdir" "-m" "1610612736" "--user" "0:0" "--network" "none" "ghcr.io/rust-lang/crates-build-env/linux@sha256:2788e3201cd34a07e3172128adcd8b3090168a8e3bcc40d7c032b9dda1df7d1c" "/opt/rustwide/cargo-home/bin/cargo" "+nightly-2024-02-05" "metadata" "--no-deps" "--format-version=1", kill_on_drop: false }`
[INFO] [stdout] 3d152c8a846e93ccb7d12ea9a68bbeb38dddaac6c7e0d8e09a1eb9f8de454bfa
[INFO] running `Command { std: "docker" "start" "-a" "3d152c8a846e93ccb7d12ea9a68bbeb38dddaac6c7e0d8e09a1eb9f8de454bfa", kill_on_drop: false }`
[INFO] running `Command { std: "docker" "inspect" "3d152c8a846e93ccb7d12ea9a68bbeb38dddaac6c7e0d8e09a1eb9f8de454bfa", kill_on_drop: false }`
[INFO] running `Command { std: "docker" "rm" "-f" "3d152c8a846e93ccb7d12ea9a68bbeb38dddaac6c7e0d8e09a1eb9f8de454bfa", kill_on_drop: false }`
[INFO] [stdout] 3d152c8a846e93ccb7d12ea9a68bbeb38dddaac6c7e0d8e09a1eb9f8de454bfa
[INFO] running `Command { std: "docker" "create" "-v" "/var/lib/crater-agent-workspace/builds/worker-5-tc2/target:/opt/rustwide/target:rw,Z" "-v" "/var/lib/crater-agent-workspace/builds/worker-5-tc2/source:/opt/rustwide/workdir:ro,Z" "-v" "/var/lib/crater-agent-workspace/cargo-home:/opt/rustwide/cargo-home:ro,Z" "-v" "/var/lib/crater-agent-workspace/rustup-home:/opt/rustwide/rustup-home:ro,Z" "-e" "SOURCE_DIR=/opt/rustwide/workdir" "-e" "CARGO_TARGET_DIR=/opt/rustwide/target" "-e" "CARGO_INCREMENTAL=0" "-e" "RUST_BACKTRACE=full" "-e" "RUSTFLAGS=--cap-lints=forbid -Dunexpected_cfgs" "-e" "RUSTDOCFLAGS=--cap-lints=forbid" "-e" "CARGO_HOME=/opt/rustwide/cargo-home" "-e" "RUSTUP_HOME=/opt/rustwide/rustup-home" "-w" "/opt/rustwide/workdir" "-m" "1610612736" "--user" "0:0" "--network" "none" "ghcr.io/rust-lang/crates-build-env/linux@sha256:2788e3201cd34a07e3172128adcd8b3090168a8e3bcc40d7c032b9dda1df7d1c" "/opt/rustwide/cargo-home/bin/cargo" "+nightly-2024-02-05" "check" "--frozen" "--all" "--all-targets" "--message-format=json" "-Zcheck-cfg", kill_on_drop: false }`
[INFO] [stdout] 287a914e6c92c28d2b68c80ed7117c3a87560be55375af01ffa0d632708b69db
[INFO] running `Command { std: "docker" "start" "-a" "287a914e6c92c28d2b68c80ed7117c3a87560be55375af01ffa0d632708b69db", kill_on_drop: false }`
[INFO] [stderr]    Compiling semver v1.0.21
[INFO] [stderr]     Checking void v1.0.2
[INFO] [stderr]    Compiling rustix v0.38.31
[INFO] [stderr]    Compiling serde v1.0.196
[INFO] [stderr]    Compiling unicase v2.7.0
[INFO] [stderr]    Compiling serde_json v1.0.113
[INFO] [stderr]    Compiling syn v2.0.48
[INFO] [stderr]    Compiling camino v1.1.6
[INFO] [stderr]    Compiling error-chain v0.12.4
[INFO] [stderr]     Checking cfg-if v0.1.10
[INFO] [stderr]    Compiling ryu v1.0.16
[INFO] [stderr]    Compiling pulldown-cmark v0.9.6
[INFO] [stderr]    Compiling itoa v1.0.10
[INFO] [stderr]    Compiling semver v0.1.20
[INFO] [stderr]    Compiling same-file v1.0.6
[INFO] [stderr]     Checking nb v1.1.0
[INFO] [stderr]    Compiling walkdir v2.4.0
[INFO] [stderr]    Compiling bytecount v0.6.7
[INFO] [stderr]    Compiling rustc_version v0.1.7
[INFO] [stderr]     Checking nb v0.1.3
[INFO] [stderr]     Checking iovec v0.1.4
[INFO] [stderr]    Compiling nix v0.14.1
[INFO] [stderr]    Compiling nix v0.10.0
[INFO] [stderr]     Checking bytes v0.4.12
[INFO] [stderr]    Compiling nix v0.6.0
[INFO] [stderr]     Checking embedded-hal v0.2.7
[INFO] [stderr]     Checking bitflags v0.4.0
[INFO] [stderr]     Checking bitflags v0.3.3
[INFO] [stderr]     Checking bit_reverse v0.1.8
[INFO] [stderr]     Checking embedded-hal v0.1.3
[INFO] [stderr]     Checking pscontroller-rs v0.6.0 (/opt/rustwide/workdir)
[INFO] [stdout] error[E0557]: feature has been removed
[INFO] [stdout]   --> src/lib.rs:51:12
[INFO] [stdout]    |
[INFO] [stdout] 51 | #![feature(untagged_unions)]
[INFO] [stdout]    |            ^^^^^^^^^^^^^^^ feature has been removed
[INFO] [stdout]    |
[INFO] [stdout]    = note: unions with `Copy` and `ManuallyDrop` fields are stable; there is no intent to stabilize more
[INFO] [stdout] 
[INFO] [stdout] 
[INFO] [stdout] warning: anonymous parameters are deprecated and will be removed in the next edition
[INFO] [stdout]    --> src/lib.rs:195:27
[INFO] [stdout]     |
[INFO] [stdout] 195 |     fn set_command(&self, &mut [u8]);
[INFO] [stdout]     |                           ^^^^^^^^^ help: try naming the parameter or explicitly ignoring it: `_: &mut [u8]`
[INFO] [stdout]     |
[INFO] [stdout]     = warning: this is accepted in the current edition (Rust 2015) but is a hard error in Rust 2018!
[INFO] [stdout]     = note: for more information, see issue #41686 <https://github.com/rust-lang/rust/issues/41686>
[INFO] [stdout]     = note: `#[warn(anonymous_parameters)]` on by default
[INFO] [stdout] 
[INFO] [stdout] 
[INFO] [stdout] warning: trait objects without an explicit `dyn` are deprecated
[INFO] [stdout]    --> src/lib.rs:400:46
[INFO] [stdout]     |
[INFO] [stdout] 400 |     fn read_port(&mut self, command: Option<&PollCommand>) -> Result<[u8; MESSAGE_MAX_LENGTH], Error<E>> {
[INFO] [stdout]     |                                              ^^^^^^^^^^^
[INFO] [stdout]     |
[INFO] [stdout]     = warning: this is accepted in the current edition (Rust 2015) but is a hard error in Rust 2021!
[INFO] [stdout]     = note: for more information, see <https://doc.rust-lang.org/nightly/edition-guide/rust-2021/warnings-promoted-to-error.html>
[INFO] [stdout]     = note: `#[warn(bare_trait_objects)]` on by default
[INFO] [stdout] help: use `dyn`
[INFO] [stdout]     |
[INFO] [stdout] 400 |     fn read_port(&mut self, command: Option<&dyn PollCommand>) -> Result<[u8; MESSAGE_MAX_LENGTH], Error<E>> {
[INFO] [stdout]     |                                              +++
[INFO] [stdout] 
[INFO] [stdout] 
[INFO] [stdout] warning: trait objects without an explicit `dyn` are deprecated
[INFO] [stdout]    --> src/lib.rs:432:49
[INFO] [stdout]     |
[INFO] [stdout] 432 |     pub fn read_raw(&mut self, command: Option<&PollCommand>) -> Result<ControllerData, Error<E>> {
[INFO] [stdout]     |                                                 ^^^^^^^^^^^
[INFO] [stdout]     |
[INFO] [stdout]     = warning: this is accepted in the current edition (Rust 2015) but is a hard error in Rust 2021!
[INFO] [stdout]     = note: for more information, see <https://doc.rust-lang.org/nightly/edition-guide/rust-2021/warnings-promoted-to-error.html>
[INFO] [stdout] help: use `dyn`
[INFO] [stdout]     |
[INFO] [stdout] 432 |     pub fn read_raw(&mut self, command: Option<&dyn PollCommand>) -> Result<ControllerData, Error<E>> {
[INFO] [stdout]     |                                                 +++
[INFO] [stdout] 
[INFO] [stdout] 
[INFO] [stdout] warning: trait objects without an explicit `dyn` are deprecated
[INFO] [stdout]    --> src/lib.rs:444:51
[INFO] [stdout]     |
[INFO] [stdout] 444 |     pub fn read_input(&mut self, command: Option<&PollCommand>) -> Result<Device, Error<E>> {
[INFO] [stdout]     |                                                   ^^^^^^^^^^^
[INFO] [stdout]     |
[INFO] [stdout]     = warning: this is accepted in the current edition (Rust 2015) but is a hard error in Rust 2021!
[INFO] [stdout]     = note: for more information, see <https://doc.rust-lang.org/nightly/edition-guide/rust-2021/warnings-promoted-to-error.html>
[INFO] [stdout] help: use `dyn`
[INFO] [stdout]     |
[INFO] [stdout] 444 |     pub fn read_input(&mut self, command: Option<&dyn PollCommand>) -> Result<Device, Error<E>> {
[INFO] [stdout]     |                                                   +++
[INFO] [stdout] 
[INFO] [stdout] 
[INFO] [stdout] error[E0740]: field must implement `Copy` or be wrapped in `ManuallyDrop<...>` to be used in a union
[INFO] [stdout]    --> src/lib.rs:145:5
[INFO] [stdout]     |
[INFO] [stdout] 145 |     pub gh: GuitarHero,
[INFO] [stdout]     |     ^^^^^^^^^^^^^^^^^^
[INFO] [stdout]     |
[INFO] [stdout]     = note: union fields must not have drop side-effects, which is currently enforced via either `Copy` or `ManuallyDrop<...>`
[INFO] [stdout] help: wrap the field type in `ManuallyDrop<...>`
[INFO] [stdout]     |
[INFO] [stdout] 145 |     pub gh: std::mem::ManuallyDrop<GuitarHero>,
[INFO] [stdout]     |             +++++++++++++++++++++++          +
[INFO] [stdout] 
[INFO] [stdout] 
[INFO] [stdout] error: aborting due to 2 previous errors; 4 warnings emitted
[INFO] [stdout] 
[INFO] [stdout] 
[INFO] [stdout] Some errors have detailed explanations: E0557, E0740.
[INFO] [stdout] 
[INFO] [stdout] For more information about an error, try `rustc --explain E0557`.
[INFO] [stdout] 
[INFO] [stderr] error: could not compile `pscontroller-rs` (lib) due to 3 previous errors; 4 warnings emitted
[INFO] [stderr] warning: build failed, waiting for other jobs to finish...
[INFO] running `Command { std: "docker" "inspect" "287a914e6c92c28d2b68c80ed7117c3a87560be55375af01ffa0d632708b69db", kill_on_drop: false }`
[INFO] running `Command { std: "docker" "rm" "-f" "287a914e6c92c28d2b68c80ed7117c3a87560be55375af01ffa0d632708b69db", kill_on_drop: false }`
[INFO] [stdout] 287a914e6c92c28d2b68c80ed7117c3a87560be55375af01ffa0d632708b69db
