[INFO] fetching crate pschema-rs 0.0.2...
[INFO] checking pschema-rs-0.0.2 against nightly-2024-02-05 for check-cfg
[INFO] extracting crate pschema-rs 0.0.2 into /workspace/builds/worker-7-tc1/source
[INFO] validating manifest of crates.io crate pschema-rs 0.0.2 on toolchain nightly-2024-02-05
[INFO] running `Command { std: CARGO_HOME="/workspace/cargo-home" RUSTUP_HOME="/workspace/rustup-home" "/workspace/cargo-home/bin/cargo" "+nightly-2024-02-05" "metadata" "--manifest-path" "Cargo.toml" "--no-deps", kill_on_drop: false }`
[INFO] started tweaking crates.io crate pschema-rs 0.0.2
[INFO] finished tweaking crates.io crate pschema-rs 0.0.2
[INFO] tweaked toml for crates.io crate pschema-rs 0.0.2 written to /workspace/builds/worker-7-tc1/source/Cargo.toml
[INFO] crate crates.io crate pschema-rs 0.0.2 already has a lockfile, it will not be regenerated
[INFO] running `Command { std: CARGO_HOME="/workspace/cargo-home" RUSTUP_HOME="/workspace/rustup-home" "/workspace/cargo-home/bin/cargo" "+nightly-2024-02-05" "fetch" "--manifest-path" "Cargo.toml", kill_on_drop: false }`
[INFO] [stderr]     Updating crates.io index
[INFO] [stderr]     Blocking waiting for file lock on package cache
[INFO] [stderr]  Downloading crates ...
[INFO] [stderr]   Downloaded polars-error v0.29.0
[INFO] [stderr]   Downloaded arrow-string v34.0.0
[INFO] [stderr]   Downloaded target-features v0.1.4
[INFO] [stderr]   Downloaded streaming-decompression v0.1.2
[INFO] [stderr]   Downloaded mimalloc v0.1.37
[INFO] [stderr]   Downloaded seq-macro v0.3.3
[INFO] [stderr]   Downloaded polars-utils v0.29.0
[INFO] [stderr]   Downloaded polars-sql v0.29.0
[INFO] [stderr]   Downloaded multiversion-macros v0.7.2
[INFO] [stderr]   Downloaded zstd-safe v6.0.5+zstd.1.5.4
[INFO] [stderr]   Downloaded polars-ops v0.29.0
[INFO] [stderr]   Downloaded parquet-format-safe v0.2.4
[INFO] [stderr]   Downloaded rust_decimal v1.29.1
[INFO] [stderr]   Downloaded parquet2 v0.17.2
[INFO] [stderr]   Downloaded arrow2 v0.17.2
[INFO] [stderr]   Downloaded libduckdb-sys v0.7.1
[INFO] [stderr]   Downloaded jemalloc-sys v0.5.3+5.3.0-patched
[INFO] [stderr]   Downloaded wikidata-rs v0.0.1
[INFO] [stderr]   Downloaded polars-row v0.29.0
[INFO] [stderr]   Downloaded libmimalloc-sys v0.1.33
[INFO] [stderr]   Downloaded polars v0.29.0
[INFO] [stderr]   Downloaded arrow-array v34.0.0
[INFO] [stderr]   Downloaded pregel-rs v0.0.9
[INFO] [stderr]   Downloaded polars-core v0.29.0
[INFO] [stderr]   Downloaded arrow-data v34.0.0
[INFO] [stderr]   Downloaded polars-time v0.29.0
[INFO] [stderr]   Downloaded ethnum v1.3.2
[INFO] [stderr]   Downloaded arrow v34.0.0
[INFO] [stderr]   Downloaded polars-pipe v0.29.0
[INFO] [stderr]   Downloaded sqlparser v0.30.0
[INFO] [stderr]   Downloaded jemallocator v0.5.0
[INFO] [stderr]   Downloaded polars-lazy v0.29.0
[INFO] [stderr]   Downloaded arrow-arith v34.0.0
[INFO] [stderr]   Downloaded arrow-cast v34.0.0
[INFO] [stderr]   Downloaded arrow-ord v34.0.0
[INFO] [stderr]   Downloaded arrow-row v34.0.0
[INFO] [stderr]   Downloaded arrow-buffer v34.0.0
[INFO] [stderr]   Downloaded arrow-select v34.0.0
[INFO] [stderr]   Downloaded polars-plan v0.29.0
[INFO] [stderr]   Downloaded polars-io v0.29.0
[INFO] [stderr]   Downloaded duckdb v0.7.1
[INFO] [stderr]   Downloaded comfy-table v6.2.0
[INFO] [stderr]   Downloaded polars-arrow v0.29.0
[INFO] [stderr]   Downloaded multiversion v0.7.2
[INFO] [stderr]   Downloaded xxhash-rust v0.8.6
[INFO] [stderr]   Downloaded enum_dispatch v0.3.11
[INFO] [stderr]   Downloaded arrow-schema v34.0.0
[INFO] [stderr]   Downloaded streaming-iterator v0.1.9
[INFO] [stderr]   Downloaded wikidata v0.3.0
[INFO] running `Command { std: "docker" "create" "-v" "/var/lib/crater-agent-workspace/builds/worker-7-tc1/target:/opt/rustwide/target:rw,Z" "-v" "/var/lib/crater-agent-workspace/builds/worker-7-tc1/source:/opt/rustwide/workdir:ro,Z" "-v" "/var/lib/crater-agent-workspace/cargo-home:/opt/rustwide/cargo-home:ro,Z" "-v" "/var/lib/crater-agent-workspace/rustup-home:/opt/rustwide/rustup-home:ro,Z" "-e" "SOURCE_DIR=/opt/rustwide/workdir" "-e" "CARGO_TARGET_DIR=/opt/rustwide/target" "-e" "CARGO_HOME=/opt/rustwide/cargo-home" "-e" "RUSTUP_HOME=/opt/rustwide/rustup-home" "-w" "/opt/rustwide/workdir" "-m" "1610612736" "--user" "0:0" "--network" "none" "ghcr.io/rust-lang/crates-build-env/linux@sha256:2788e3201cd34a07e3172128adcd8b3090168a8e3bcc40d7c032b9dda1df7d1c" "/opt/rustwide/cargo-home/bin/cargo" "+nightly-2024-02-05" "metadata" "--no-deps" "--format-version=1", kill_on_drop: false }`
[INFO] [stdout] de804882ca7a10a883bd4c013c4e18d3b4ca52a416479864080ff7a1a31e7b5b
[INFO] running `Command { std: "docker" "start" "-a" "de804882ca7a10a883bd4c013c4e18d3b4ca52a416479864080ff7a1a31e7b5b", kill_on_drop: false }`
[INFO] running `Command { std: "docker" "inspect" "de804882ca7a10a883bd4c013c4e18d3b4ca52a416479864080ff7a1a31e7b5b", kill_on_drop: false }`
[INFO] running `Command { std: "docker" "rm" "-f" "de804882ca7a10a883bd4c013c4e18d3b4ca52a416479864080ff7a1a31e7b5b", kill_on_drop: false }`
[INFO] [stdout] de804882ca7a10a883bd4c013c4e18d3b4ca52a416479864080ff7a1a31e7b5b
[INFO] running `Command { std: "docker" "create" "-v" "/var/lib/crater-agent-workspace/builds/worker-7-tc1/target:/opt/rustwide/target:rw,Z" "-v" "/var/lib/crater-agent-workspace/builds/worker-7-tc1/source:/opt/rustwide/workdir:ro,Z" "-v" "/var/lib/crater-agent-workspace/cargo-home:/opt/rustwide/cargo-home:ro,Z" "-v" "/var/lib/crater-agent-workspace/rustup-home:/opt/rustwide/rustup-home:ro,Z" "-e" "SOURCE_DIR=/opt/rustwide/workdir" "-e" "CARGO_TARGET_DIR=/opt/rustwide/target" "-e" "CARGO_INCREMENTAL=0" "-e" "RUST_BACKTRACE=full" "-e" "RUSTFLAGS=--cap-lints=forbid" "-e" "RUSTDOCFLAGS=--cap-lints=forbid" "-e" "CARGO_HOME=/opt/rustwide/cargo-home" "-e" "RUSTUP_HOME=/opt/rustwide/rustup-home" "-w" "/opt/rustwide/workdir" "-m" "1610612736" "--user" "0:0" "--network" "none" "ghcr.io/rust-lang/crates-build-env/linux@sha256:2788e3201cd34a07e3172128adcd8b3090168a8e3bcc40d7c032b9dda1df7d1c" "/opt/rustwide/cargo-home/bin/cargo" "+nightly-2024-02-05" "check" "--frozen" "--all" "--all-targets" "--message-format=json", kill_on_drop: false }`
[INFO] [stdout] 230d0e11b180486af978c7ebd9271a8c73537cc5e35e413cd73f5ce8dcf2f935
[INFO] running `Command { std: "docker" "start" "-a" "230d0e11b180486af978c7ebd9271a8c73537cc5e35e413cd73f5ce8dcf2f935", kill_on_drop: false }`
[INFO] [stderr]    Compiling proc-macro2 v1.0.60
[INFO] [stderr]    Compiling quote v1.0.28
[INFO] [stderr]    Compiling unicode-ident v1.0.9
[INFO] [stderr]    Compiling libm v0.2.7
[INFO] [stderr]    Compiling num-traits v0.2.15
[INFO] [stderr]    Compiling crossbeam-utils v0.8.15
[INFO] [stderr]    Compiling libc v0.2.146
[INFO] [stderr]    Compiling serde v1.0.164
[INFO] [stderr]     Checking getrandom v0.2.10
[INFO] [stderr]    Compiling crossbeam-epoch v0.9.14
[INFO] [stderr]     Checking once_cell v1.18.0
[INFO] [stderr]    Compiling ahash v0.8.3
[INFO] [stderr]     Checking either v1.8.1
[INFO] [stderr]    Compiling rayon-core v1.11.0
[INFO] [stderr]     Checking num_cpus v1.15.0
[INFO] [stderr]    Compiling jobserver v0.1.26
[INFO] [stderr]     Checking crossbeam-channel v0.5.8
[INFO] [stderr]     Checking time v0.1.45
[INFO] [stderr]     Checking iana-time-zone v0.1.57
[INFO] [stderr]    Compiling cc v1.0.79
[INFO] [stderr]     Checking crossbeam-deque v0.8.3
[INFO] [stderr]    Compiling syn v2.0.18
[INFO] [stderr]    Compiling syn v1.0.109
[INFO] [stderr]     Checking lexical-util v0.8.5
[INFO] [stderr]    Compiling futures-channel v0.3.28
[INFO] [stderr]     Checking futures-sink v0.3.28
[INFO] [stderr]    Compiling log v0.4.18
[INFO] [stderr]    Compiling futures-util v0.3.28
[INFO] [stderr]    Compiling semver v1.0.17
[INFO] [stderr]     Checking rayon v1.7.0
[INFO] [stderr]     Checking lexical-write-integer v0.8.5
[INFO] [stderr]     Checking lexical-parse-integer v0.8.6
[INFO] [stderr]     Checking lexical-write-float v0.8.5
[INFO] [stderr]    Compiling target-features v0.1.4
[INFO] [stderr]     Checking lexical-parse-float v0.8.5
[INFO] [stderr]    Compiling zstd-sys v2.0.8+zstd.1.5.5
[INFO] [stderr]    Compiling lz4-sys v1.9.4
[INFO] [stderr]     Checking aho-corasick v1.0.2
[INFO] [stderr]     Checking lexical-core v0.8.5
[INFO] [stderr]     Checking alloc-no-stdlib v2.0.4
[INFO] [stderr]    Compiling async-trait v0.1.68
[INFO] [stderr]    Compiling zstd-safe v6.0.5+zstd.1.5.4
[INFO] [stderr]     Checking regex-syntax v0.7.2
[INFO] [stderr]     Checking alloc-stdlib v0.2.2
[INFO] [stderr]    Compiling lock_api v0.4.10
[INFO] [stderr]    Compiling snap v1.1.0
[INFO] [stderr]    Compiling parking_lot_core v0.9.8
[INFO] [stderr]    Compiling signal-hook v0.3.15
[INFO] [stderr]     Checking fallible-streaming-iterator v0.1.9
[INFO] [stderr]    Compiling rustversion v1.0.12
[INFO] [stderr]    Compiling rustc_version v0.4.0
[INFO] [stderr]     Checking miniz_oxide v0.7.1
[INFO] [stderr]     Checking hashbrown v0.13.2
[INFO] [stderr]     Checking brotli-decompressor v2.3.4
[INFO] [stderr]     Checking mio v0.8.8
[INFO] [stderr]     Checking signal-hook-registry v1.4.1
[INFO] [stderr]     Checking array-init-cursor v0.2.0
[INFO] [stderr]     Checking planus v0.3.1
[INFO] [stderr]     Checking flate2 v1.0.26
[INFO] [stderr]     Checking regex v1.8.4
[INFO] [stderr]     Checking num-integer v0.1.45
[INFO] [stderr]    Compiling arrow2 v0.17.2
[INFO] [stderr]     Checking brotli v3.3.4
[INFO] [stderr]     Checking streaming-decompression v0.1.2
[INFO] [stderr]    Compiling num-bigint v0.4.3
[INFO] [stderr]    Compiling thiserror v1.0.40
[INFO] [stderr]    Compiling seq-macro v0.3.3
[INFO] [stderr]     Checking parking_lot v0.12.1
[INFO] [stderr]     Checking signal-hook-mio v0.2.3
[INFO] [stderr]    Compiling smartstring v1.0.1
[INFO] [stderr]    Compiling num-rational v0.4.1
[INFO] [stderr]    Compiling num-iter v0.1.43
[INFO] [stderr]     Checking simdutf8 v0.1.4
[INFO] [stderr]     Checking dyn-clone v1.0.11
[INFO] [stderr]     Checking streaming-iterator v0.1.9
[INFO] [stderr]     Checking hash_hasher v2.0.3
[INFO] [stderr]     Checking foreign_vec v0.1.0
[INFO] [stderr]     Checking strength_reduce v0.2.4
[INFO] [stderr]     Checking base64 v0.21.2
[INFO] [stderr]     Checking ethnum v1.3.2
[INFO] [stderr]    Compiling serde_derive v1.0.164
[INFO] [stderr]    Compiling futures-macro v0.3.28
[INFO] [stderr]    Compiling async-stream-impl v0.3.5
[INFO] [stderr]    Compiling bytemuck_derive v1.4.1
[INFO] [stderr]    Compiling multiversion-macros v0.7.2
[INFO] [stderr]     Checking async-stream v0.3.5
[INFO] [stderr]    Compiling strum_macros v0.24.3
[INFO] [stderr]    Compiling thiserror-impl v1.0.40
[INFO] [stderr]     Checking bytemuck v1.13.1
[INFO] [stderr]     Checking crossterm v0.26.1
[INFO] [stderr]     Checking rand_core v0.6.4
[INFO] [stderr]     Checking multiversion v0.7.2
[INFO] [stderr]     Checking unicode-width v0.1.10
[INFO] [stderr]     Checking rand_chacha v0.3.1
[INFO] [stderr]     Checking strum v0.24.1
[INFO] [stderr]     Checking num-complex v0.4.3
[INFO] [stderr]     Checking comfy-table v6.2.0
[INFO] [stderr]     Checking sysinfo v0.28.4
[INFO] [stderr]    Compiling indexmap v1.9.3
[INFO] [stderr]     Checking rand v0.8.5
[INFO] [stderr]     Checking half v2.2.1
[INFO] [stderr]     Checking arrow-schema v34.0.0
[INFO] [stderr]     Checking num v0.4.0
[INFO] [stderr]     Checking xxhash-rust v0.8.6
[INFO] [stderr]     Checking polars-utils v0.29.0
[INFO] [stderr]     Checking arrow-buffer v34.0.0
[INFO] [stderr]     Checking argminmax v0.6.1
[INFO] [stderr]     Checking rand_distr v0.4.3
[INFO] [stderr]    Compiling tokio v1.28.2
[INFO] [stderr]     Checking atoi v2.0.0
[INFO] [stderr]     Checking socket2 v0.4.9
[INFO] [stderr]     Checking arrow-data v34.0.0
[INFO] [stderr]     Checking lexical v6.1.1
[INFO] [stderr]     Checking memmap2 v0.5.10
[INFO] [stderr]     Checking fast-float v0.2.0
[INFO] [stderr]     Checking futures-executor v0.3.28
[INFO] [stderr]     Checking home v0.5.5
[INFO] [stderr]    Compiling crossbeam-queue v0.3.8
[INFO] [stderr]     Checking futures v0.3.28
[INFO] [stderr]     Checking parquet-format-safe v0.2.4
[INFO] [stderr]    Compiling serde_json v1.0.96
[INFO] [stderr]    Compiling enum_dispatch v0.3.11
[INFO] [stderr]     Checking ryu v1.0.13
[INFO] [stderr]     Checking glob v0.3.1
[INFO] [stderr]    Compiling libduckdb-sys v0.7.1
[INFO] [stderr]     Checking sqlparser v0.30.0
[INFO] [stderr]    Compiling polars v0.29.0
[INFO] [stderr]    Compiling rust_decimal v1.29.1
[INFO] [stderr]    Compiling jemalloc-sys v0.5.3+5.3.0-patched
[INFO] [stderr]     Checking arrayvec v0.7.2
[INFO] [stderr]     Checking hashlink v0.8.2
[INFO] [stderr]     Checking cast v0.3.0
[INFO] [stderr]     Checking fallible-iterator v0.2.0
[INFO] [stderr]     Checking bimap v0.6.3
[INFO] [stderr]     Checking chrono v0.4.26
[INFO] [stderr]     Checking arrow-format v0.8.1
[INFO] [stderr]     Checking arrow-array v34.0.0
[INFO] [stderr]     Checking now v0.1.3
[INFO] [stderr]     Checking wikidata v0.3.0
[INFO] [stderr]     Checking arrow-select v34.0.0
[INFO] [stderr]     Checking arrow-arith v34.0.0
[INFO] [stderr]     Checking arrow-row v34.0.0
[INFO] [stderr]     Checking arrow-cast v34.0.0
[INFO] [stderr]     Checking lz4 v1.24.0
[INFO] [stderr]     Checking arrow-ord v34.0.0
[INFO] [stderr]     Checking arrow-string v34.0.0
[INFO] [stderr]     Checking arrow v34.0.0
[INFO] [stderr]     Checking zstd v0.12.3+zstd.1.5.2
[INFO] [stderr]     Checking parquet2 v0.17.2
[INFO] [stderr] The following warnings were emitted during compilation:
[INFO] [stderr] 
[INFO] [stderr] warning: libduckdb-sys@0.7.1: c++: fatal error: Killed signal terminated program cc1plus
[INFO] [stderr] warning: libduckdb-sys@0.7.1: compilation terminated.
[INFO] [stderr] 
[INFO] [stderr] error: failed to run custom build command for `libduckdb-sys v0.7.1`
[INFO] [stderr] note: To improve backtraces for build dependencies, set the CARGO_PROFILE_DEV_BUILD_OVERRIDE_DEBUG=true environment variable to enable debug information generation.
[INFO] [stderr] 
[INFO] [stderr] Caused by:
[INFO] [stderr]   process didn't exit successfully: `/opt/rustwide/target/debug/build/libduckdb-sys-27bcd2e15ad07182/build-script-build` (exit status: 1)
[INFO] [stderr]   --- stdout
[INFO] [stderr]   cargo:rerun-if-changed=duckdb/duckdb.hpp
[INFO] [stderr]   cargo:rerun-if-changed=duckdb/duckdb.cpp
[INFO] [stderr]   TARGET = Some("x86_64-unknown-linux-gnu")
[INFO] [stderr]   OPT_LEVEL = Some("0")
[INFO] [stderr]   HOST = Some("x86_64-unknown-linux-gnu")
[INFO] [stderr]   cargo:rerun-if-env-changed=CXX_x86_64-unknown-linux-gnu
[INFO] [stderr]   CXX_x86_64-unknown-linux-gnu = None
[INFO] [stderr]   cargo:rerun-if-env-changed=CXX_x86_64_unknown_linux_gnu
[INFO] [stderr]   CXX_x86_64_unknown_linux_gnu = None
[INFO] [stderr]   cargo:rerun-if-env-changed=HOST_CXX
[INFO] [stderr]   HOST_CXX = None
[INFO] [stderr]   cargo:rerun-if-env-changed=CXX
[INFO] [stderr]   CXX = None
[INFO] [stderr]   cargo:rerun-if-env-changed=CXXFLAGS_x86_64-unknown-linux-gnu
[INFO] [stderr]   CXXFLAGS_x86_64-unknown-linux-gnu = None
[INFO] [stderr]   cargo:rerun-if-env-changed=CXXFLAGS_x86_64_unknown_linux_gnu
[INFO] [stderr]   CXXFLAGS_x86_64_unknown_linux_gnu = None
[INFO] [stderr]   cargo:rerun-if-env-changed=HOST_CXXFLAGS
[INFO] [stderr]   HOST_CXXFLAGS = None
[INFO] [stderr]   cargo:rerun-if-env-changed=CXXFLAGS
[INFO] [stderr]   CXXFLAGS = None
[INFO] [stderr]   cargo:rerun-if-env-changed=CRATE_CC_NO_DEFAULTS
[INFO] [stderr]   CRATE_CC_NO_DEFAULTS = None
[INFO] [stderr]   DEBUG = Some("true")
[INFO] [stderr]   CARGO_CFG_TARGET_FEATURE = Some("fxsr,sse,sse2")
[INFO] [stderr]   cargo:rerun-if-env-changed=CXX_x86_64-unknown-linux-gnu
[INFO] [stderr]   CXX_x86_64-unknown-linux-gnu = None
[INFO] [stderr]   cargo:rerun-if-env-changed=CXX_x86_64_unknown_linux_gnu
[INFO] [stderr]   CXX_x86_64_unknown_linux_gnu = None
[INFO] [stderr]   cargo:rerun-if-env-changed=HOST_CXX
[INFO] [stderr]   HOST_CXX = None
[INFO] [stderr]   cargo:rerun-if-env-changed=CXX
[INFO] [stderr]   CXX = None
[INFO] [stderr]   cargo:rerun-if-env-changed=CXXFLAGS_x86_64-unknown-linux-gnu
[INFO] [stderr]   CXXFLAGS_x86_64-unknown-linux-gnu = None
[INFO] [stderr]   cargo:rerun-if-env-changed=CXXFLAGS_x86_64_unknown_linux_gnu
[INFO] [stderr]   CXXFLAGS_x86_64_unknown_linux_gnu = None
[INFO] [stderr]   cargo:rerun-if-env-changed=HOST_CXXFLAGS
[INFO] [stderr]   HOST_CXXFLAGS = None
[INFO] [stderr]   cargo:rerun-if-env-changed=CXXFLAGS
[INFO] [stderr]   CXXFLAGS = None
[INFO] [stderr]   cargo:rerun-if-env-changed=CRATE_CC_NO_DEFAULTS
[INFO] [stderr]   CRATE_CC_NO_DEFAULTS = None
[INFO] [stderr]   CARGO_CFG_TARGET_FEATURE = Some("fxsr,sse,sse2")
[INFO] [stderr]   cargo:rerun-if-env-changed=CXX_x86_64-unknown-linux-gnu
[INFO] [stderr]   CXX_x86_64-unknown-linux-gnu = None
[INFO] [stderr]   cargo:rerun-if-env-changed=CXX_x86_64_unknown_linux_gnu
[INFO] [stderr]   CXX_x86_64_unknown_linux_gnu = None
[INFO] [stderr]   cargo:rerun-if-env-changed=HOST_CXX
[INFO] [stderr]   HOST_CXX = None
[INFO] [stderr]   cargo:rerun-if-env-changed=CXX
[INFO] [stderr]   CXX = None
[INFO] [stderr]   cargo:rerun-if-env-changed=CXXFLAGS_x86_64-unknown-linux-gnu
[INFO] [stderr]   CXXFLAGS_x86_64-unknown-linux-gnu = None
[INFO] [stderr]   cargo:rerun-if-env-changed=CXXFLAGS_x86_64_unknown_linux_gnu
[INFO] [stderr]   CXXFLAGS_x86_64_unknown_linux_gnu = None
[INFO] [stderr]   cargo:rerun-if-env-changed=HOST_CXXFLAGS
[INFO] [stderr]   HOST_CXXFLAGS = None
[INFO] [stderr]   cargo:rerun-if-env-changed=CXXFLAGS
[INFO] [stderr]   CXXFLAGS = None
[INFO] [stderr]   cargo:rerun-if-env-changed=CRATE_CC_NO_DEFAULTS
[INFO] [stderr]   CRATE_CC_NO_DEFAULTS = None
[INFO] [stderr]   CARGO_CFG_TARGET_FEATURE = Some("fxsr,sse,sse2")
[INFO] [stderr]   cargo:rerun-if-env-changed=CXX_x86_64-unknown-linux-gnu
[INFO] [stderr]   CXX_x86_64-unknown-linux-gnu = None
[INFO] [stderr]   cargo:rerun-if-env-changed=CXX_x86_64_unknown_linux_gnu
[INFO] [stderr]   CXX_x86_64_unknown_linux_gnu = None
[INFO] [stderr]   cargo:rerun-if-env-changed=HOST_CXX
[INFO] [stderr]   HOST_CXX = None
[INFO] [stderr]   cargo:rerun-if-env-changed=CXX
[INFO] [stderr]   CXX = None
[INFO] [stderr]   cargo:rerun-if-env-changed=CXXFLAGS_x86_64-unknown-linux-gnu
[INFO] [stderr]   CXXFLAGS_x86_64-unknown-linux-gnu = None
[INFO] [stderr]   cargo:rerun-if-env-changed=CXXFLAGS_x86_64_unknown_linux_gnu
[INFO] [stderr]   CXXFLAGS_x86_64_unknown_linux_gnu = None
[INFO] [stderr]   cargo:rerun-if-env-changed=HOST_CXXFLAGS
[INFO] [stderr]   HOST_CXXFLAGS = None
[INFO] [stderr]   cargo:rerun-if-env-changed=CXXFLAGS
[INFO] [stderr]   CXXFLAGS = None
[INFO] [stderr]   cargo:rerun-if-env-changed=CRATE_CC_NO_DEFAULTS
[INFO] [stderr]   CRATE_CC_NO_DEFAULTS = None
[INFO] [stderr]   CARGO_CFG_TARGET_FEATURE = Some("fxsr,sse,sse2")
[INFO] [stderr]   cargo:rerun-if-env-changed=CXX_x86_64-unknown-linux-gnu
[INFO] [stderr]   CXX_x86_64-unknown-linux-gnu = None
[INFO] [stderr]   cargo:rerun-if-env-changed=CXX_x86_64_unknown_linux_gnu
[INFO] [stderr]   CXX_x86_64_unknown_linux_gnu = None
[INFO] [stderr]   cargo:rerun-if-env-changed=HOST_CXX
[INFO] [stderr]   HOST_CXX = None
[INFO] [stderr]   cargo:rerun-if-env-changed=CXX
[INFO] [stderr]   CXX = None
[INFO] [stderr]   cargo:rerun-if-env-changed=CXXFLAGS_x86_64-unknown-linux-gnu
[INFO] [stderr]   CXXFLAGS_x86_64-unknown-linux-gnu = None
[INFO] [stderr]   cargo:rerun-if-env-changed=CXXFLAGS_x86_64_unknown_linux_gnu
[INFO] [stderr]   CXXFLAGS_x86_64_unknown_linux_gnu = None
[INFO] [stderr]   cargo:rerun-if-env-changed=HOST_CXXFLAGS
[INFO] [stderr]   HOST_CXXFLAGS = None
[INFO] [stderr]   cargo:rerun-if-env-changed=CXXFLAGS
[INFO] [stderr]   CXXFLAGS = None
[INFO] [stderr]   cargo:rerun-if-env-changed=CRATE_CC_NO_DEFAULTS
[INFO] [stderr]   CRATE_CC_NO_DEFAULTS = None
[INFO] [stderr]   CARGO_CFG_TARGET_FEATURE = Some("fxsr,sse,sse2")
[INFO] [stderr]   running: "c++" "-O0" "-ffunction-sections" "-fdata-sections" "-fPIC" "-gdwarf-4" "-fno-omit-frame-pointer" "-m64" "-std=c++11" "-o" "/opt/rustwide/target/debug/build/libduckdb-sys-30103e215e94f581/out/duckdb/duckdb.o" "-c" "duckdb/duckdb.cpp"
[INFO] [stderr]   cargo:warning=c++: fatal error: Killed signal terminated program cc1plus
[INFO] [stderr]   cargo:warning=compilation terminated.
[INFO] [stderr]   exit status: 1
[INFO] [stderr] 
[INFO] [stderr]   --- stderr
[INFO] [stderr] 
[INFO] [stderr] 
[INFO] [stderr]   error occurred: Command "c++" "-O0" "-ffunction-sections" "-fdata-sections" "-fPIC" "-gdwarf-4" "-fno-omit-frame-pointer" "-m64" "-std=c++11" "-o" "/opt/rustwide/target/debug/build/libduckdb-sys-30103e215e94f581/out/duckdb/duckdb.o" "-c" "duckdb/duckdb.cpp" with args "c++" did not execute successfully (status code exit status: 1).
[INFO] [stderr] 
[INFO] [stderr] 
[INFO] [stderr] warning: build failed, waiting for other jobs to finish...
[INFO] running `Command { std: "docker" "inspect" "230d0e11b180486af978c7ebd9271a8c73537cc5e35e413cd73f5ce8dcf2f935", kill_on_drop: false }`
[INFO] running `Command { std: "docker" "rm" "-f" "230d0e11b180486af978c7ebd9271a8c73537cc5e35e413cd73f5ce8dcf2f935", kill_on_drop: false }`
[INFO] [stdout] 230d0e11b180486af978c7ebd9271a8c73537cc5e35e413cd73f5ce8dcf2f935
[INFO] checking pschema-rs-0.0.2 against nightly-2024-02-05+rustflags=-Dunexpected_cfgs+cargoflags=-Zcheck-cfg for check-cfg
[INFO] extracting crate pschema-rs 0.0.2 into /workspace/builds/worker-7-tc2/source
[INFO] validating manifest of crates.io crate pschema-rs 0.0.2 on toolchain nightly-2024-02-05
[INFO] running `Command { std: CARGO_HOME="/workspace/cargo-home" RUSTUP_HOME="/workspace/rustup-home" "/workspace/cargo-home/bin/cargo" "+nightly-2024-02-05" "metadata" "--manifest-path" "Cargo.toml" "--no-deps", kill_on_drop: false }`
[INFO] started tweaking crates.io crate pschema-rs 0.0.2
[INFO] finished tweaking crates.io crate pschema-rs 0.0.2
[INFO] tweaked toml for crates.io crate pschema-rs 0.0.2 written to /workspace/builds/worker-7-tc2/source/Cargo.toml
[INFO] crate crates.io crate pschema-rs 0.0.2 already has a lockfile, it will not be regenerated
[INFO] running `Command { std: CARGO_HOME="/workspace/cargo-home" RUSTUP_HOME="/workspace/rustup-home" "/workspace/cargo-home/bin/cargo" "+nightly-2024-02-05" "fetch" "--manifest-path" "Cargo.toml", kill_on_drop: false }`
[INFO] running `Command { std: "docker" "create" "-v" "/var/lib/crater-agent-workspace/builds/worker-7-tc2/target:/opt/rustwide/target:rw,Z" "-v" "/var/lib/crater-agent-workspace/builds/worker-7-tc2/source:/opt/rustwide/workdir:ro,Z" "-v" "/var/lib/crater-agent-workspace/cargo-home:/opt/rustwide/cargo-home:ro,Z" "-v" "/var/lib/crater-agent-workspace/rustup-home:/opt/rustwide/rustup-home:ro,Z" "-e" "SOURCE_DIR=/opt/rustwide/workdir" "-e" "CARGO_TARGET_DIR=/opt/rustwide/target" "-e" "CARGO_HOME=/opt/rustwide/cargo-home" "-e" "RUSTUP_HOME=/opt/rustwide/rustup-home" "-w" "/opt/rustwide/workdir" "-m" "1610612736" "--user" "0:0" "--network" "none" "ghcr.io/rust-lang/crates-build-env/linux@sha256:2788e3201cd34a07e3172128adcd8b3090168a8e3bcc40d7c032b9dda1df7d1c" "/opt/rustwide/cargo-home/bin/cargo" "+nightly-2024-02-05" "metadata" "--no-deps" "--format-version=1", kill_on_drop: false }`
[INFO] [stdout] 4a5992d8417b4bcc45f7ae56ec57484d80a7fa8045e6832ef55914f7b31d9650
[INFO] running `Command { std: "docker" "start" "-a" "4a5992d8417b4bcc45f7ae56ec57484d80a7fa8045e6832ef55914f7b31d9650", kill_on_drop: false }`
[INFO] running `Command { std: "docker" "inspect" "4a5992d8417b4bcc45f7ae56ec57484d80a7fa8045e6832ef55914f7b31d9650", kill_on_drop: false }`
[INFO] running `Command { std: "docker" "rm" "-f" "4a5992d8417b4bcc45f7ae56ec57484d80a7fa8045e6832ef55914f7b31d9650", kill_on_drop: false }`
[INFO] [stdout] 4a5992d8417b4bcc45f7ae56ec57484d80a7fa8045e6832ef55914f7b31d9650
[INFO] running `Command { std: "docker" "create" "-v" "/var/lib/crater-agent-workspace/builds/worker-7-tc2/target:/opt/rustwide/target:rw,Z" "-v" "/var/lib/crater-agent-workspace/builds/worker-7-tc2/source:/opt/rustwide/workdir:ro,Z" "-v" "/var/lib/crater-agent-workspace/cargo-home:/opt/rustwide/cargo-home:ro,Z" "-v" "/var/lib/crater-agent-workspace/rustup-home:/opt/rustwide/rustup-home:ro,Z" "-e" "SOURCE_DIR=/opt/rustwide/workdir" "-e" "CARGO_TARGET_DIR=/opt/rustwide/target" "-e" "CARGO_INCREMENTAL=0" "-e" "RUST_BACKTRACE=full" "-e" "RUSTFLAGS=--cap-lints=forbid -Dunexpected_cfgs" "-e" "RUSTDOCFLAGS=--cap-lints=forbid" "-e" "CARGO_HOME=/opt/rustwide/cargo-home" "-e" "RUSTUP_HOME=/opt/rustwide/rustup-home" "-w" "/opt/rustwide/workdir" "-m" "1610612736" "--user" "0:0" "--network" "none" "ghcr.io/rust-lang/crates-build-env/linux@sha256:2788e3201cd34a07e3172128adcd8b3090168a8e3bcc40d7c032b9dda1df7d1c" "/opt/rustwide/cargo-home/bin/cargo" "+nightly-2024-02-05" "check" "--frozen" "--all" "--all-targets" "--message-format=json" "-Zcheck-cfg", kill_on_drop: false }`
[INFO] [stdout] 9a9b4b02883411101077551e9f1c7409edddfe144e114629baa1d86c8b243db2
[INFO] running `Command { std: "docker" "start" "-a" "9a9b4b02883411101077551e9f1c7409edddfe144e114629baa1d86c8b243db2", kill_on_drop: false }`
[INFO] [stderr]    Compiling proc-macro2 v1.0.60
[INFO] [stderr]    Compiling quote v1.0.28
[INFO] [stderr]    Compiling unicode-ident v1.0.9
[INFO] [stderr]    Compiling libm v0.2.7
[INFO] [stderr]    Compiling num-traits v0.2.15
[INFO] [stderr]    Compiling crossbeam-utils v0.8.15
[INFO] [stderr]    Compiling libc v0.2.146
[INFO] [stderr]    Compiling serde v1.0.164
[INFO] [stderr]     Checking getrandom v0.2.10
[INFO] [stderr]    Compiling crossbeam-epoch v0.9.14
[INFO] [stderr]     Checking once_cell v1.18.0
[INFO] [stderr]    Compiling ahash v0.8.3
[INFO] [stderr]    Compiling rayon-core v1.11.0
[INFO] [stderr]     Checking either v1.8.1
[INFO] [stderr]     Checking num_cpus v1.15.0
[INFO] [stderr]    Compiling jobserver v0.1.26
[INFO] [stderr]     Checking crossbeam-channel v0.5.8
[INFO] [stderr]     Checking time v0.1.45
[INFO] [stderr]     Checking iana-time-zone v0.1.57
[INFO] [stderr]    Compiling cc v1.0.79
[INFO] [stderr]     Checking crossbeam-deque v0.8.3
[INFO] [stderr]    Compiling syn v1.0.109
[INFO] [stderr]     Checking lexical-util v0.8.5
[INFO] [stderr]    Compiling syn v2.0.18
[INFO] [stderr]    Compiling futures-channel v0.3.28
[INFO] [stderr]    Compiling futures-util v0.3.28
[INFO] [stderr]    Compiling log v0.4.18
[INFO] [stderr]     Checking futures-sink v0.3.28
[INFO] [stderr]     Checking lexical-write-integer v0.8.5
[INFO] [stderr]     Checking lexical-parse-integer v0.8.6
[INFO] [stderr]     Checking rayon v1.7.0
[INFO] [stderr]    Compiling semver v1.0.17
[INFO] [stderr]    Compiling target-features v0.1.4
[INFO] [stderr]     Checking lexical-parse-float v0.8.5
[INFO] [stderr]     Checking lexical-write-float v0.8.5
[INFO] [stderr]     Checking aho-corasick v1.0.2
[INFO] [stderr]    Compiling zstd-sys v2.0.8+zstd.1.5.5
[INFO] [stderr]    Compiling lz4-sys v1.9.4
[INFO] [stderr]     Checking lexical-core v0.8.5
[INFO] [stderr]     Checking alloc-no-stdlib v2.0.4
[INFO] [stderr]    Compiling async-trait v0.1.68
[INFO] [stderr]     Checking regex-syntax v0.7.2
[INFO] [stderr]    Compiling zstd-safe v6.0.5+zstd.1.5.4
[INFO] [stderr]     Checking alloc-stdlib v0.2.2
[INFO] [stderr]    Compiling lock_api v0.4.10
[INFO] [stderr]    Compiling signal-hook v0.3.15
[INFO] [stderr]    Compiling parking_lot_core v0.9.8
[INFO] [stderr]     Checking fallible-streaming-iterator v0.1.9
[INFO] [stderr]    Compiling rustversion v1.0.12
[INFO] [stderr]    Compiling snap v1.1.0
[INFO] [stderr]     Checking miniz_oxide v0.7.1
[INFO] [stderr]    Compiling rustc_version v0.4.0
[INFO] [stderr]     Checking brotli-decompressor v2.3.4
[INFO] [stderr]     Checking mio v0.8.8
[INFO] [stderr]     Checking signal-hook-registry v1.4.1
[INFO] [stderr]     Checking array-init-cursor v0.2.0
[INFO] [stderr]     Checking planus v0.3.1
[INFO] [stderr]     Checking hashbrown v0.13.2
[INFO] [stderr]    Compiling arrow2 v0.17.2
[INFO] [stderr]     Checking flate2 v1.0.26
[INFO] [stderr]     Checking num-integer v0.1.45
[INFO] [stderr]     Checking regex v1.8.4
[INFO] [stderr]     Checking brotli v3.3.4
[INFO] [stderr]     Checking streaming-decompression v0.1.2
[INFO] [stderr]    Compiling num-bigint v0.4.3
[INFO] [stderr]    Compiling seq-macro v0.3.3
[INFO] [stderr]    Compiling thiserror v1.0.40
[INFO] [stderr]     Checking parking_lot v0.12.1
[INFO] [stderr]     Checking signal-hook-mio v0.2.3
[INFO] [stderr]    Compiling smartstring v1.0.1
[INFO] [stderr]    Compiling num-iter v0.1.43
[INFO] [stderr]    Compiling num-rational v0.4.1
[INFO] [stderr]     Checking dyn-clone v1.0.11
[INFO] [stderr]     Checking simdutf8 v0.1.4
[INFO] [stderr]     Checking hash_hasher v2.0.3
[INFO] [stderr]     Checking ethnum v1.3.2
[INFO] [stderr]     Checking strength_reduce v0.2.4
[INFO] [stderr]     Checking foreign_vec v0.1.0
[INFO] [stderr]     Checking streaming-iterator v0.1.9
[INFO] [stderr]     Checking base64 v0.21.2
[INFO] [stderr]     Checking crossterm v0.26.1
[INFO] [stderr]     Checking rand_core v0.6.4
[INFO] [stderr]     Checking unicode-width v0.1.10
[INFO] [stderr]     Checking rand_chacha v0.3.1
[INFO] [stderr]     Checking num-complex v0.4.3
[INFO] [stderr]     Checking sysinfo v0.28.4
[INFO] [stderr]    Compiling indexmap v1.9.3
[INFO] [stderr]     Checking rand v0.8.5
[INFO] [stderr]     Checking half v2.2.1
[INFO] [stderr]    Compiling serde_derive v1.0.164
[INFO] [stderr]    Compiling futures-macro v0.3.28
[INFO] [stderr]    Compiling async-stream-impl v0.3.5
[INFO] [stderr]    Compiling bytemuck_derive v1.4.1
[INFO] [stderr]    Compiling thiserror-impl v1.0.40
[INFO] [stderr]     Checking async-stream v0.3.5
[INFO] [stderr]    Compiling multiversion-macros v0.7.2
[INFO] [stderr]    Compiling strum_macros v0.24.3
[INFO] [stderr]     Checking num v0.4.0
[INFO] [stderr]     Checking polars-utils v0.29.0
[INFO] [stderr]     Checking bytemuck v1.13.1
[INFO] [stderr]     Checking arrow-buffer v34.0.0
[INFO] [stderr]     Checking rand_distr v0.4.3
[INFO] [stderr]     Checking arrow-schema v34.0.0
[INFO] [stderr]     Checking xxhash-rust v0.8.6
[INFO] [stderr]     Checking argminmax v0.6.1
[INFO] [stderr]     Checking arrow-data v34.0.0
[INFO] [stderr]    Compiling tokio v1.28.2
[INFO] [stderr]     Checking atoi v2.0.0
[INFO] [stderr]     Checking socket2 v0.4.9
[INFO] [stderr]     Checking lexical v6.1.1
[INFO] [stderr]     Checking memmap2 v0.5.10
[INFO] [stderr]     Checking fast-float v0.2.0
[INFO] [stderr]     Checking home v0.5.5
[INFO] [stderr]    Compiling crossbeam-queue v0.3.8
[INFO] [stderr]    Compiling serde_json v1.0.96
[INFO] [stderr]     Checking ryu v1.0.13
[INFO] [stderr]    Compiling enum_dispatch v0.3.11
[INFO] [stderr]     Checking glob v0.3.1
[INFO] [stderr]    Compiling libduckdb-sys v0.7.1
[INFO] [stderr]     Checking multiversion v0.7.2
[INFO] [stderr]     Checking sqlparser v0.30.0
[INFO] [stderr]    Compiling polars v0.29.0
[INFO] [stderr]    Compiling rust_decimal v1.29.1
[INFO] [stderr]     Checking strum v0.24.1
[INFO] [stderr]    Compiling jemalloc-sys v0.5.3+5.3.0-patched
[INFO] [stderr]     Checking arrayvec v0.7.2
[INFO] [stderr]     Checking comfy-table v6.2.0
[INFO] [stderr]     Checking hashlink v0.8.2
[INFO] [stderr]     Checking fallible-iterator v0.2.0
[INFO] [stderr]     Checking cast v0.3.0
[INFO] [stderr]     Checking futures-executor v0.3.28
[INFO] [stderr]     Checking bimap v0.6.3
[INFO] [stderr]     Checking futures v0.3.28
[INFO] [stderr]     Checking parquet-format-safe v0.2.4
[INFO] [stderr]     Checking chrono v0.4.26
[INFO] [stderr]     Checking arrow-format v0.8.1
[INFO] [stderr]     Checking now v0.1.3
[INFO] [stderr]     Checking arrow-array v34.0.0
[INFO] [stderr]     Checking wikidata v0.3.0
[INFO] [stderr]     Checking arrow-select v34.0.0
[INFO] [stderr]     Checking arrow-row v34.0.0
[INFO] [stderr]     Checking arrow-arith v34.0.0
[INFO] [stderr]     Checking arrow-string v34.0.0
[INFO] [stderr]     Checking lz4 v1.24.0
[INFO] [stderr]     Checking arrow-cast v34.0.0
[INFO] [stderr]     Checking arrow-ord v34.0.0
[INFO] [stderr]     Checking arrow v34.0.0
[INFO] [stderr]     Checking zstd v0.12.3+zstd.1.5.2
[INFO] [stderr]     Checking parquet2 v0.17.2
[INFO] [stderr] The following warnings were emitted during compilation:
[INFO] [stderr] 
[INFO] [stderr] warning: libduckdb-sys@0.7.1: c++: fatal error: Killed signal terminated program cc1plus
[INFO] [stderr] warning: libduckdb-sys@0.7.1: compilation terminated.
[INFO] [stderr] 
[INFO] [stderr] error: failed to run custom build command for `libduckdb-sys v0.7.1`
[INFO] [stderr] note: To improve backtraces for build dependencies, set the CARGO_PROFILE_DEV_BUILD_OVERRIDE_DEBUG=true environment variable to enable debug information generation.
[INFO] [stderr] 
[INFO] [stderr] Caused by:
[INFO] [stderr]   process didn't exit successfully: `/opt/rustwide/target/debug/build/libduckdb-sys-27bcd2e15ad07182/build-script-build` (exit status: 1)
[INFO] [stderr]   --- stdout
[INFO] [stderr]   cargo:rerun-if-changed=duckdb/duckdb.hpp
[INFO] [stderr]   cargo:rerun-if-changed=duckdb/duckdb.cpp
[INFO] [stderr]   TARGET = Some("x86_64-unknown-linux-gnu")
[INFO] [stderr]   OPT_LEVEL = Some("0")
[INFO] [stderr]   HOST = Some("x86_64-unknown-linux-gnu")
[INFO] [stderr]   cargo:rerun-if-env-changed=CXX_x86_64-unknown-linux-gnu
[INFO] [stderr]   CXX_x86_64-unknown-linux-gnu = None
[INFO] [stderr]   cargo:rerun-if-env-changed=CXX_x86_64_unknown_linux_gnu
[INFO] [stderr]   CXX_x86_64_unknown_linux_gnu = None
[INFO] [stderr]   cargo:rerun-if-env-changed=HOST_CXX
[INFO] [stderr]   HOST_CXX = None
[INFO] [stderr]   cargo:rerun-if-env-changed=CXX
[INFO] [stderr]   CXX = None
[INFO] [stderr]   cargo:rerun-if-env-changed=CXXFLAGS_x86_64-unknown-linux-gnu
[INFO] [stderr]   CXXFLAGS_x86_64-unknown-linux-gnu = None
[INFO] [stderr]   cargo:rerun-if-env-changed=CXXFLAGS_x86_64_unknown_linux_gnu
[INFO] [stderr]   CXXFLAGS_x86_64_unknown_linux_gnu = None
[INFO] [stderr]   cargo:rerun-if-env-changed=HOST_CXXFLAGS
[INFO] [stderr]   HOST_CXXFLAGS = None
[INFO] [stderr]   cargo:rerun-if-env-changed=CXXFLAGS
[INFO] [stderr]   CXXFLAGS = None
[INFO] [stderr]   cargo:rerun-if-env-changed=CRATE_CC_NO_DEFAULTS
[INFO] [stderr]   CRATE_CC_NO_DEFAULTS = None
[INFO] [stderr]   DEBUG = Some("true")
[INFO] [stderr]   CARGO_CFG_TARGET_FEATURE = Some("fxsr,sse,sse2")
[INFO] [stderr]   cargo:rerun-if-env-changed=CXX_x86_64-unknown-linux-gnu
[INFO] [stderr]   CXX_x86_64-unknown-linux-gnu = None
[INFO] [stderr]   cargo:rerun-if-env-changed=CXX_x86_64_unknown_linux_gnu
[INFO] [stderr]   CXX_x86_64_unknown_linux_gnu = None
[INFO] [stderr]   cargo:rerun-if-env-changed=HOST_CXX
[INFO] [stderr]   HOST_CXX = None
[INFO] [stderr]   cargo:rerun-if-env-changed=CXX
[INFO] [stderr]   CXX = None
[INFO] [stderr]   cargo:rerun-if-env-changed=CXXFLAGS_x86_64-unknown-linux-gnu
[INFO] [stderr]   CXXFLAGS_x86_64-unknown-linux-gnu = None
[INFO] [stderr]   cargo:rerun-if-env-changed=CXXFLAGS_x86_64_unknown_linux_gnu
[INFO] [stderr]   CXXFLAGS_x86_64_unknown_linux_gnu = None
[INFO] [stderr]   cargo:rerun-if-env-changed=HOST_CXXFLAGS
[INFO] [stderr]   HOST_CXXFLAGS = None
[INFO] [stderr]   cargo:rerun-if-env-changed=CXXFLAGS
[INFO] [stderr]   CXXFLAGS = None
[INFO] [stderr]   cargo:rerun-if-env-changed=CRATE_CC_NO_DEFAULTS
[INFO] [stderr]   CRATE_CC_NO_DEFAULTS = None
[INFO] [stderr]   CARGO_CFG_TARGET_FEATURE = Some("fxsr,sse,sse2")
[INFO] [stderr]   cargo:rerun-if-env-changed=CXX_x86_64-unknown-linux-gnu
[INFO] [stderr]   CXX_x86_64-unknown-linux-gnu = None
[INFO] [stderr]   cargo:rerun-if-env-changed=CXX_x86_64_unknown_linux_gnu
[INFO] [stderr]   CXX_x86_64_unknown_linux_gnu = None
[INFO] [stderr]   cargo:rerun-if-env-changed=HOST_CXX
[INFO] [stderr]   HOST_CXX = None
[INFO] [stderr]   cargo:rerun-if-env-changed=CXX
[INFO] [stderr]   CXX = None
[INFO] [stderr]   cargo:rerun-if-env-changed=CXXFLAGS_x86_64-unknown-linux-gnu
[INFO] [stderr]   CXXFLAGS_x86_64-unknown-linux-gnu = None
[INFO] [stderr]   cargo:rerun-if-env-changed=CXXFLAGS_x86_64_unknown_linux_gnu
[INFO] [stderr]   CXXFLAGS_x86_64_unknown_linux_gnu = None
[INFO] [stderr]   cargo:rerun-if-env-changed=HOST_CXXFLAGS
[INFO] [stderr]   HOST_CXXFLAGS = None
[INFO] [stderr]   cargo:rerun-if-env-changed=CXXFLAGS
[INFO] [stderr]   CXXFLAGS = None
[INFO] [stderr]   cargo:rerun-if-env-changed=CRATE_CC_NO_DEFAULTS
[INFO] [stderr]   CRATE_CC_NO_DEFAULTS = None
[INFO] [stderr]   CARGO_CFG_TARGET_FEATURE = Some("fxsr,sse,sse2")
[INFO] [stderr]   cargo:rerun-if-env-changed=CXX_x86_64-unknown-linux-gnu
[INFO] [stderr]   CXX_x86_64-unknown-linux-gnu = None
[INFO] [stderr]   cargo:rerun-if-env-changed=CXX_x86_64_unknown_linux_gnu
[INFO] [stderr]   CXX_x86_64_unknown_linux_gnu = None
[INFO] [stderr]   cargo:rerun-if-env-changed=HOST_CXX
[INFO] [stderr]   HOST_CXX = None
[INFO] [stderr]   cargo:rerun-if-env-changed=CXX
[INFO] [stderr]   CXX = None
[INFO] [stderr]   cargo:rerun-if-env-changed=CXXFLAGS_x86_64-unknown-linux-gnu
[INFO] [stderr]   CXXFLAGS_x86_64-unknown-linux-gnu = None
[INFO] [stderr]   cargo:rerun-if-env-changed=CXXFLAGS_x86_64_unknown_linux_gnu
[INFO] [stderr]   CXXFLAGS_x86_64_unknown_linux_gnu = None
[INFO] [stderr]   cargo:rerun-if-env-changed=HOST_CXXFLAGS
[INFO] [stderr]   HOST_CXXFLAGS = None
[INFO] [stderr]   cargo:rerun-if-env-changed=CXXFLAGS
[INFO] [stderr]   CXXFLAGS = None
[INFO] [stderr]   cargo:rerun-if-env-changed=CRATE_CC_NO_DEFAULTS
[INFO] [stderr]   CRATE_CC_NO_DEFAULTS = None
[INFO] [stderr]   CARGO_CFG_TARGET_FEATURE = Some("fxsr,sse,sse2")
[INFO] [stderr]   cargo:rerun-if-env-changed=CXX_x86_64-unknown-linux-gnu
[INFO] [stderr]   CXX_x86_64-unknown-linux-gnu = None
[INFO] [stderr]   cargo:rerun-if-env-changed=CXX_x86_64_unknown_linux_gnu
[INFO] [stderr]   CXX_x86_64_unknown_linux_gnu = None
[INFO] [stderr]   cargo:rerun-if-env-changed=HOST_CXX
[INFO] [stderr]   HOST_CXX = None
[INFO] [stderr]   cargo:rerun-if-env-changed=CXX
[INFO] [stderr]   CXX = None
[INFO] [stderr]   cargo:rerun-if-env-changed=CXXFLAGS_x86_64-unknown-linux-gnu
[INFO] [stderr]   CXXFLAGS_x86_64-unknown-linux-gnu = None
[INFO] [stderr]   cargo:rerun-if-env-changed=CXXFLAGS_x86_64_unknown_linux_gnu
[INFO] [stderr]   CXXFLAGS_x86_64_unknown_linux_gnu = None
[INFO] [stderr]   cargo:rerun-if-env-changed=HOST_CXXFLAGS
[INFO] [stderr]   HOST_CXXFLAGS = None
[INFO] [stderr]   cargo:rerun-if-env-changed=CXXFLAGS
[INFO] [stderr]   CXXFLAGS = None
[INFO] [stderr]   cargo:rerun-if-env-changed=CRATE_CC_NO_DEFAULTS
[INFO] [stderr]   CRATE_CC_NO_DEFAULTS = None
[INFO] [stderr]   CARGO_CFG_TARGET_FEATURE = Some("fxsr,sse,sse2")
[INFO] [stderr]   running: "c++" "-O0" "-ffunction-sections" "-fdata-sections" "-fPIC" "-gdwarf-4" "-fno-omit-frame-pointer" "-m64" "-std=c++11" "-o" "/opt/rustwide/target/debug/build/libduckdb-sys-30103e215e94f581/out/duckdb/duckdb.o" "-c" "duckdb/duckdb.cpp"
[INFO] [stderr]   cargo:warning=c++: fatal error: Killed signal terminated program cc1plus
[INFO] [stderr]   cargo:warning=compilation terminated.
[INFO] [stderr]   exit status: 1
[INFO] [stderr] 
[INFO] [stderr]   --- stderr
[INFO] [stderr] 
[INFO] [stderr] 
[INFO] [stderr]   error occurred: Command "c++" "-O0" "-ffunction-sections" "-fdata-sections" "-fPIC" "-gdwarf-4" "-fno-omit-frame-pointer" "-m64" "-std=c++11" "-o" "/opt/rustwide/target/debug/build/libduckdb-sys-30103e215e94f581/out/duckdb/duckdb.o" "-c" "duckdb/duckdb.cpp" with args "c++" did not execute successfully (status code exit status: 1).
[INFO] [stderr] 
[INFO] [stderr] 
[INFO] [stderr] warning: build failed, waiting for other jobs to finish...
[INFO] running `Command { std: "docker" "inspect" "9a9b4b02883411101077551e9f1c7409edddfe144e114629baa1d86c8b243db2", kill_on_drop: false }`
[INFO] running `Command { std: "docker" "rm" "-f" "9a9b4b02883411101077551e9f1c7409edddfe144e114629baa1d86c8b243db2", kill_on_drop: false }`
[INFO] [stdout] 9a9b4b02883411101077551e9f1c7409edddfe144e114629baa1d86c8b243db2
