[INFO] fetching crate prs-cli 0.5.0...
[INFO] checking prs-cli-0.5.0 against nightly-2024-02-05 for check-cfg
[INFO] extracting crate prs-cli 0.5.0 into /workspace/builds/worker-5-tc1/source
[INFO] validating manifest of crates.io crate prs-cli 0.5.0 on toolchain nightly-2024-02-05
[INFO] running `Command { std: CARGO_HOME="/workspace/cargo-home" RUSTUP_HOME="/workspace/rustup-home" "/workspace/cargo-home/bin/cargo" "+nightly-2024-02-05" "metadata" "--manifest-path" "Cargo.toml" "--no-deps", kill_on_drop: false }`
[INFO] started tweaking crates.io crate prs-cli 0.5.0
[INFO] finished tweaking crates.io crate prs-cli 0.5.0
[INFO] tweaked toml for crates.io crate prs-cli 0.5.0 written to /workspace/builds/worker-5-tc1/source/Cargo.toml
[INFO] crate crates.io crate prs-cli 0.5.0 already has a lockfile, it will not be regenerated
[INFO] running `Command { std: CARGO_HOME="/workspace/cargo-home" RUSTUP_HOME="/workspace/rustup-home" "/workspace/cargo-home/bin/cargo" "+nightly-2024-02-05" "fetch" "--manifest-path" "Cargo.toml", kill_on_drop: false }`
[INFO] [stderr]     Updating crates.io index
[INFO] [stderr]  Downloading crates ...
[INFO] [stderr]   Downloaded clap_complete v4.1.0
[INFO] [stderr]   Downloaded git-state v0.1.0
[INFO] [stderr]   Downloaded vte v0.11.0
[INFO] [stderr]   Downloaded libgpg-error-sys v0.6.0
[INFO] [stderr]   Downloaded cfg-expr v0.11.0
[INFO] [stderr]   Downloaded gpg-error v0.6.0
[INFO] [stderr]   Downloaded build-rs v0.1.2
[INFO] [stderr]   Downloaded cxxbridge-flags v1.0.86
[INFO] [stderr]   Downloaded x11-clipboard v0.6.1
[INFO] [stderr]   Downloaded lazy-bytes-cast v5.0.1
[INFO] [stderr]   Downloaded async-recursion v1.0.2
[INFO] [stderr]   Downloaded enumflags2 v0.7.5
[INFO] [stderr]   Downloaded zvariant_derive v3.10.0
[INFO] [stderr]   Downloaded skim v0.10.2
[INFO] [stderr]   Downloaded prs-lib v0.5.0
[INFO] [stderr]   Downloaded tauri-winrt-notification v0.1.0
[INFO] [stderr]   Downloaded gpgme v0.11.0
[INFO] [stderr]   Downloaded cxxbridge-macro v1.0.86
[INFO] [stderr]   Downloaded cxx v1.0.86
[INFO] [stderr]   Downloaded cxx-build v1.0.86
[INFO] [stderr]   Downloaded zbus v3.7.0
[INFO] [stderr]   Downloaded chbs v0.1.1
[INFO] [stderr]   Downloaded totp-rs v4.2.0
[INFO] [stderr]   Downloaded shellexpand v3.0.0
[INFO] [stderr]   Downloaded copypasta v0.8.1
[INFO] [stderr]   Downloaded zbus_macros v3.7.0
[INFO] [stderr]   Downloaded serde_repr v0.1.10
[INFO] [stderr]   Downloaded clipboard-win v3.1.1
[INFO] [stderr]   Downloaded zvariant v3.10.0
[INFO] [stderr]   Downloaded zbus_names v2.5.0
[INFO] [stderr]   Downloaded qr2term v0.3.1
[INFO] [stderr]   Downloaded edit v0.1.4
[INFO] [stderr]   Downloaded x11-clipboard v0.7.0
[INFO] [stderr]   Downloaded constant_time_eq v0.2.4
[INFO] [stderr]   Downloaded text_trees v0.1.2
[INFO] [stderr]   Downloaded ordered-stream v0.1.3
[INFO] [stderr]   Downloaded unicode-bidi v0.3.9
[INFO] [stderr]   Downloaded gpgme-sys v0.11.0
[INFO] [stderr]   Downloaded mac-notification-sys v0.5.6
[INFO] [stderr]   Downloaded async-trait v0.1.61
[INFO] [stderr]   Downloaded ansi-escapes v0.1.1
[INFO] [stderr]   Downloaded strum v0.22.0
[INFO] [stderr]   Downloaded strum_macros v0.22.0
[INFO] [stderr]   Downloaded async-broadcast v0.5.0
[INFO] [stderr]   Downloaded system-deps v6.0.3
[INFO] [stderr]   Downloaded linkify v0.9.0
[INFO] [stderr]   Downloaded secstr v0.5.1
[INFO] [stderr]   Downloaded enumflags2_derive v0.7.4
[INFO] [stderr]   Downloaded ofiles v0.2.0
[INFO] [stderr]   Downloaded copypasta-ext v0.4.1
[INFO] [stderr]   Downloaded notify-rust v4.7.0
[INFO] running `Command { std: "docker" "create" "-v" "/var/lib/crater-agent-workspace/builds/worker-5-tc1/target:/opt/rustwide/target:rw,Z" "-v" "/var/lib/crater-agent-workspace/builds/worker-5-tc1/source:/opt/rustwide/workdir:ro,Z" "-v" "/var/lib/crater-agent-workspace/cargo-home:/opt/rustwide/cargo-home:ro,Z" "-v" "/var/lib/crater-agent-workspace/rustup-home:/opt/rustwide/rustup-home:ro,Z" "-e" "SOURCE_DIR=/opt/rustwide/workdir" "-e" "CARGO_TARGET_DIR=/opt/rustwide/target" "-e" "CARGO_HOME=/opt/rustwide/cargo-home" "-e" "RUSTUP_HOME=/opt/rustwide/rustup-home" "-w" "/opt/rustwide/workdir" "-m" "1610612736" "--user" "0:0" "--network" "none" "ghcr.io/rust-lang/crates-build-env/linux@sha256:2788e3201cd34a07e3172128adcd8b3090168a8e3bcc40d7c032b9dda1df7d1c" "/opt/rustwide/cargo-home/bin/cargo" "+nightly-2024-02-05" "metadata" "--no-deps" "--format-version=1", kill_on_drop: false }`
[INFO] [stdout] 15ce22f4cd5710ff25aed6580b2bcbe1fe80a5027a0e5f94c6fb04357c7ff452
[INFO] running `Command { std: "docker" "start" "-a" "15ce22f4cd5710ff25aed6580b2bcbe1fe80a5027a0e5f94c6fb04357c7ff452", kill_on_drop: false }`
[INFO] running `Command { std: "docker" "inspect" "15ce22f4cd5710ff25aed6580b2bcbe1fe80a5027a0e5f94c6fb04357c7ff452", kill_on_drop: false }`
[INFO] running `Command { std: "docker" "rm" "-f" "15ce22f4cd5710ff25aed6580b2bcbe1fe80a5027a0e5f94c6fb04357c7ff452", kill_on_drop: false }`
[INFO] [stdout] 15ce22f4cd5710ff25aed6580b2bcbe1fe80a5027a0e5f94c6fb04357c7ff452
[INFO] running `Command { std: "docker" "create" "-v" "/var/lib/crater-agent-workspace/builds/worker-5-tc1/target:/opt/rustwide/target:rw,Z" "-v" "/var/lib/crater-agent-workspace/builds/worker-5-tc1/source:/opt/rustwide/workdir:ro,Z" "-v" "/var/lib/crater-agent-workspace/cargo-home:/opt/rustwide/cargo-home:ro,Z" "-v" "/var/lib/crater-agent-workspace/rustup-home:/opt/rustwide/rustup-home:ro,Z" "-e" "SOURCE_DIR=/opt/rustwide/workdir" "-e" "CARGO_TARGET_DIR=/opt/rustwide/target" "-e" "CARGO_INCREMENTAL=0" "-e" "RUST_BACKTRACE=full" "-e" "RUSTFLAGS=--cap-lints=forbid" "-e" "RUSTDOCFLAGS=--cap-lints=forbid" "-e" "CARGO_HOME=/opt/rustwide/cargo-home" "-e" "RUSTUP_HOME=/opt/rustwide/rustup-home" "-w" "/opt/rustwide/workdir" "-m" "1610612736" "--user" "0:0" "--network" "none" "ghcr.io/rust-lang/crates-build-env/linux@sha256:2788e3201cd34a07e3172128adcd8b3090168a8e3bcc40d7c032b9dda1df7d1c" "/opt/rustwide/cargo-home/bin/cargo" "+nightly-2024-02-05" "check" "--frozen" "--all" "--all-targets" "--message-format=json", kill_on_drop: false }`
[INFO] [stdout] 73267674f012349b38eff789e8520151cbd511b64513638637cd6a97ef7f08d1
[INFO] running `Command { std: "docker" "start" "-a" "73267674f012349b38eff789e8520151cbd511b64513638637cd6a97ef7f08d1", kill_on_drop: false }`
[INFO] [stderr]    Compiling libc v0.2.139
[INFO] [stderr]    Compiling proc-macro2 v1.0.50
[INFO] [stderr]    Compiling unicode-ident v1.0.6
[INFO] [stderr]    Compiling quote v1.0.23
[INFO] [stderr]    Compiling syn v1.0.107
[INFO] [stderr]    Compiling memoffset v0.6.5
[INFO] [stderr]     Checking once_cell v1.17.0
[INFO] [stderr]    Compiling log v0.4.17
[INFO] [stderr]    Compiling crossbeam-utils v0.8.14
[INFO] [stderr]     Checking smallvec v1.10.0
[INFO] [stderr]    Compiling serde_derive v1.0.152
[INFO] [stderr]    Compiling pkg-config v0.3.26
[INFO] [stderr]     Checking scopeguard v1.1.0
[INFO] [stderr]    Compiling memchr v2.5.0
[INFO] [stderr]    Compiling serde v1.0.152
[INFO] [stderr]    Compiling xml-rs v0.8.4
[INFO] [stdout] error[E0422]: cannot find struct, variant or union type `LineColumn` in crate `proc_macro`
[INFO] [stdout]    --> /opt/rustwide/cargo-home/registry/src/index.crates.io-6f17d22bba15001f/proc-macro2-1.0.50/src/wrapper.rs:475:33
[INFO] [stdout]     |
[INFO] [stdout] 475 |                 let proc_macro::LineColumn { line, column } = s.start();
[INFO] [stdout]     |                                 ^^^^^^^^^^ not found in `proc_macro`
[INFO] [stdout]     |
[INFO] [stdout] help: consider importing this struct through its public re-export
[INFO] [stdout]     |
[INFO] [stdout] 1   + use crate::LineColumn;
[INFO] [stdout]     |
[INFO] [stdout] help: if you import `LineColumn`, refer to it directly
[INFO] [stdout]     |
[INFO] [stdout] 475 -                 let proc_macro::LineColumn { line, column } = s.start();
[INFO] [stdout] 475 +                 let LineColumn { line, column } = s.start();
[INFO] [stdout]     |
[INFO] [stdout] 
[INFO] [stdout] 
[INFO] [stdout] error[E0422]: cannot find struct, variant or union type `LineColumn` in crate `proc_macro`
[INFO] [stdout]    --> /opt/rustwide/cargo-home/registry/src/index.crates.io-6f17d22bba15001f/proc-macro2-1.0.50/src/wrapper.rs:489:33
[INFO] [stdout]     |
[INFO] [stdout] 489 |                 let proc_macro::LineColumn { line, column } = s.end();
[INFO] [stdout]     |                                 ^^^^^^^^^^ not found in `proc_macro`
[INFO] [stdout]     |
[INFO] [stdout] help: consider importing this struct through its public re-export
[INFO] [stdout]     |
[INFO] [stdout] 1   + use crate::LineColumn;
[INFO] [stdout]     |
[INFO] [stdout] help: if you import `LineColumn`, refer to it directly
[INFO] [stdout]     |
[INFO] [stdout] 489 -                 let proc_macro::LineColumn { line, column } = s.end();
[INFO] [stdout] 489 +                 let LineColumn { line, column } = s.end();
[INFO] [stdout]     |
[INFO] [stdout] 
[INFO] [stdout] 
[INFO] [stdout] error[E0635]: unknown feature `proc_macro_span_shrink`
[INFO] [stdout]   --> /opt/rustwide/cargo-home/registry/src/index.crates.io-6f17d22bba15001f/proc-macro2-1.0.50/src/lib.rs:92:30
[INFO] [stdout]    |
[INFO] [stdout] 92 |     feature(proc_macro_span, proc_macro_span_shrink)
[INFO] [stdout]    |                              ^^^^^^^^^^^^^^^^^^^^^^
[INFO] [stdout] 
[INFO] [stdout] 
[INFO] [stdout] error: aborting due to 3 previous errors
[INFO] [stdout] 
[INFO] [stdout] 
[INFO] [stdout] Some errors have detailed explanations: E0422, E0635.
[INFO] [stdout] 
[INFO] [stdout] For more information about an error, try `rustc --explain E0422`.
[INFO] [stdout] 
[INFO] [stderr]    Compiling typenum v1.16.0
[INFO] [stderr] error: could not compile `proc-macro2` (lib) due to 4 previous errors
[INFO] [stderr] warning: build failed, waiting for other jobs to finish...
[INFO] running `Command { std: "docker" "inspect" "73267674f012349b38eff789e8520151cbd511b64513638637cd6a97ef7f08d1", kill_on_drop: false }`
[INFO] running `Command { std: "docker" "rm" "-f" "73267674f012349b38eff789e8520151cbd511b64513638637cd6a97ef7f08d1", kill_on_drop: false }`
[INFO] [stdout] 73267674f012349b38eff789e8520151cbd511b64513638637cd6a97ef7f08d1
