[INFO] fetching crate protofish 0.5.2...
[INFO] checking protofish-0.5.2 against nightly-2024-02-05 for check-cfg
[INFO] extracting crate protofish 0.5.2 into /workspace/builds/worker-2-tc1/source
[INFO] validating manifest of crates.io crate protofish 0.5.2 on toolchain nightly-2024-02-05
[INFO] running `Command { std: CARGO_HOME="/workspace/cargo-home" RUSTUP_HOME="/workspace/rustup-home" "/workspace/cargo-home/bin/cargo" "+nightly-2024-02-05" "metadata" "--manifest-path" "Cargo.toml" "--no-deps", kill_on_drop: false }`
[INFO] started tweaking crates.io crate protofish 0.5.2
[INFO] finished tweaking crates.io crate protofish 0.5.2
[INFO] tweaked toml for crates.io crate protofish 0.5.2 written to /workspace/builds/worker-2-tc1/source/Cargo.toml
[INFO] running `Command { std: CARGO_HOME="/workspace/cargo-home" RUSTUP_HOME="/workspace/rustup-home" "/workspace/cargo-home/bin/cargo" "+nightly-2024-02-05" "generate-lockfile" "--manifest-path" "Cargo.toml", kill_on_drop: false }`
[INFO] [stderr]     Updating crates.io index
[INFO] running `Command { std: CARGO_HOME="/workspace/cargo-home" RUSTUP_HOME="/workspace/rustup-home" "/workspace/cargo-home/bin/cargo" "+nightly-2024-02-05" "fetch" "--manifest-path" "Cargo.toml", kill_on_drop: false }`
[INFO] running `Command { std: "docker" "create" "-v" "/var/lib/crater-agent-workspace/builds/worker-2-tc1/target:/opt/rustwide/target:rw,Z" "-v" "/var/lib/crater-agent-workspace/builds/worker-2-tc1/source:/opt/rustwide/workdir:ro,Z" "-v" "/var/lib/crater-agent-workspace/cargo-home:/opt/rustwide/cargo-home:ro,Z" "-v" "/var/lib/crater-agent-workspace/rustup-home:/opt/rustwide/rustup-home:ro,Z" "-e" "SOURCE_DIR=/opt/rustwide/workdir" "-e" "CARGO_TARGET_DIR=/opt/rustwide/target" "-e" "CARGO_HOME=/opt/rustwide/cargo-home" "-e" "RUSTUP_HOME=/opt/rustwide/rustup-home" "-w" "/opt/rustwide/workdir" "-m" "1610612736" "--user" "0:0" "--network" "none" "ghcr.io/rust-lang/crates-build-env/linux@sha256:2788e3201cd34a07e3172128adcd8b3090168a8e3bcc40d7c032b9dda1df7d1c" "/opt/rustwide/cargo-home/bin/cargo" "+nightly-2024-02-05" "metadata" "--no-deps" "--format-version=1", kill_on_drop: false }`
[INFO] [stdout] 393d5c92114e544f770bd316d437dc868da1fe27a22767763697a0e300d2d7d3
[INFO] running `Command { std: "docker" "start" "-a" "393d5c92114e544f770bd316d437dc868da1fe27a22767763697a0e300d2d7d3", kill_on_drop: false }`
[INFO] running `Command { std: "docker" "inspect" "393d5c92114e544f770bd316d437dc868da1fe27a22767763697a0e300d2d7d3", kill_on_drop: false }`
[INFO] running `Command { std: "docker" "rm" "-f" "393d5c92114e544f770bd316d437dc868da1fe27a22767763697a0e300d2d7d3", kill_on_drop: false }`
[INFO] [stdout] 393d5c92114e544f770bd316d437dc868da1fe27a22767763697a0e300d2d7d3
[INFO] running `Command { std: "docker" "create" "-v" "/var/lib/crater-agent-workspace/builds/worker-2-tc1/target:/opt/rustwide/target:rw,Z" "-v" "/var/lib/crater-agent-workspace/builds/worker-2-tc1/source:/opt/rustwide/workdir:ro,Z" "-v" "/var/lib/crater-agent-workspace/cargo-home:/opt/rustwide/cargo-home:ro,Z" "-v" "/var/lib/crater-agent-workspace/rustup-home:/opt/rustwide/rustup-home:ro,Z" "-e" "SOURCE_DIR=/opt/rustwide/workdir" "-e" "CARGO_TARGET_DIR=/opt/rustwide/target" "-e" "CARGO_INCREMENTAL=0" "-e" "RUST_BACKTRACE=full" "-e" "RUSTFLAGS=--cap-lints=forbid" "-e" "RUSTDOCFLAGS=--cap-lints=forbid" "-e" "CARGO_HOME=/opt/rustwide/cargo-home" "-e" "RUSTUP_HOME=/opt/rustwide/rustup-home" "-w" "/opt/rustwide/workdir" "-m" "1610612736" "--user" "0:0" "--network" "none" "ghcr.io/rust-lang/crates-build-env/linux@sha256:2788e3201cd34a07e3172128adcd8b3090168a8e3bcc40d7c032b9dda1df7d1c" "/opt/rustwide/cargo-home/bin/cargo" "+nightly-2024-02-05" "check" "--frozen" "--all" "--all-targets" "--message-format=json", kill_on_drop: false }`
[INFO] [stdout] 081316e734a4a467d6e3e76bb177a07acda98454f0f746e129225a20790b4034
[INFO] running `Command { std: "docker" "start" "-a" "081316e734a4a467d6e3e76bb177a07acda98454f0f746e129225a20790b4034", kill_on_drop: false }`
[INFO] [stderr]    Compiling ucd-trie v0.1.6
[INFO] [stderr]    Compiling doc-comment v0.3.3
[INFO] [stderr]     Checking bytes v1.5.0
[INFO] [stderr]    Compiling snafu-derive v0.6.10
[INFO] [stderr]    Compiling thiserror v1.0.56
[INFO] [stderr]     Checking pest v2.7.7
[INFO] [stderr]    Compiling pest_meta v2.7.7
[INFO] [stderr]    Compiling pest_generator v2.7.7
[INFO] [stderr]     Checking snafu v0.6.10
[INFO] [stderr]    Compiling pest_derive v2.7.7
[INFO] [stderr]     Checking protofish v0.5.2 (/opt/rustwide/workdir)
[INFO] [stdout] error[E0170]: pattern binding `multiplicity` is named the same as one of the variants of the type `context::parse::Rule`
[INFO] [stdout]    --> src/context/parse.rs:187:21
[INFO] [stdout]     |
[INFO] [stdout] 187 |                 let multiplicity = t.into_inner().next().unwrap().as_rule();
[INFO] [stdout]     |                     ^^^^^^^^^^^^
[INFO] [stdout]     |
[INFO] [stdout]     = note: `#[deny(bindings_with_variant_name)]` on by default
[INFO] [stdout] 
[INFO] [stdout] 
[INFO] [stdout] error[E0170]: pattern binding `multiplicity` is named the same as one of the variants of the type `context::parse::Rule`
[INFO] [stdout]    --> src/context/parse.rs:187:21
[INFO] [stdout]     |
[INFO] [stdout] 187 |                 let multiplicity = t.into_inner().next().unwrap().as_rule();
[INFO] [stdout]     |                     ^^^^^^^^^^^^
[INFO] [stdout]     |
[INFO] [stdout]     = note: `#[deny(bindings_with_variant_name)]` on by default
[INFO] [stdout] 
[INFO] [stdout] 
[INFO] [stdout] error: aborting due to 1 previous error
[INFO] [stdout] 
[INFO] [stdout] 
[INFO] [stdout] For more information about this error, try `rustc --explain E0170`.
[INFO] [stdout] 
[INFO] [stderr] error: could not compile `protofish` (lib) due to 2 previous errors
[INFO] [stderr] warning: build failed, waiting for other jobs to finish...
[INFO] [stdout] error: aborting due to 1 previous error
[INFO] [stdout] 
[INFO] [stdout] 
[INFO] [stdout] For more information about this error, try `rustc --explain E0170`.
[INFO] [stdout] 
[INFO] [stderr] error: could not compile `protofish` (lib test) due to 2 previous errors
[INFO] running `Command { std: "docker" "inspect" "081316e734a4a467d6e3e76bb177a07acda98454f0f746e129225a20790b4034", kill_on_drop: false }`
[INFO] running `Command { std: "docker" "rm" "-f" "081316e734a4a467d6e3e76bb177a07acda98454f0f746e129225a20790b4034", kill_on_drop: false }`
[INFO] [stdout] 081316e734a4a467d6e3e76bb177a07acda98454f0f746e129225a20790b4034
[INFO] checking protofish-0.5.2 against nightly-2024-02-05+rustflags=-Dunexpected_cfgs+cargoflags=-Zcheck-cfg for check-cfg
[INFO] extracting crate protofish 0.5.2 into /workspace/builds/worker-2-tc2/source
[INFO] validating manifest of crates.io crate protofish 0.5.2 on toolchain nightly-2024-02-05
[INFO] running `Command { std: CARGO_HOME="/workspace/cargo-home" RUSTUP_HOME="/workspace/rustup-home" "/workspace/cargo-home/bin/cargo" "+nightly-2024-02-05" "metadata" "--manifest-path" "Cargo.toml" "--no-deps", kill_on_drop: false }`
[INFO] started tweaking crates.io crate protofish 0.5.2
[INFO] finished tweaking crates.io crate protofish 0.5.2
[INFO] tweaked toml for crates.io crate protofish 0.5.2 written to /workspace/builds/worker-2-tc2/source/Cargo.toml
[INFO] running `Command { std: CARGO_HOME="/workspace/cargo-home" RUSTUP_HOME="/workspace/rustup-home" "/workspace/cargo-home/bin/cargo" "+nightly-2024-02-05" "generate-lockfile" "--manifest-path" "Cargo.toml", kill_on_drop: false }`
[INFO] [stderr]     Updating crates.io index
[INFO] running `Command { std: CARGO_HOME="/workspace/cargo-home" RUSTUP_HOME="/workspace/rustup-home" "/workspace/cargo-home/bin/cargo" "+nightly-2024-02-05" "fetch" "--manifest-path" "Cargo.toml", kill_on_drop: false }`
[INFO] running `Command { std: "docker" "create" "-v" "/var/lib/crater-agent-workspace/builds/worker-2-tc2/target:/opt/rustwide/target:rw,Z" "-v" "/var/lib/crater-agent-workspace/builds/worker-2-tc2/source:/opt/rustwide/workdir:ro,Z" "-v" "/var/lib/crater-agent-workspace/cargo-home:/opt/rustwide/cargo-home:ro,Z" "-v" "/var/lib/crater-agent-workspace/rustup-home:/opt/rustwide/rustup-home:ro,Z" "-e" "SOURCE_DIR=/opt/rustwide/workdir" "-e" "CARGO_TARGET_DIR=/opt/rustwide/target" "-e" "CARGO_HOME=/opt/rustwide/cargo-home" "-e" "RUSTUP_HOME=/opt/rustwide/rustup-home" "-w" "/opt/rustwide/workdir" "-m" "1610612736" "--user" "0:0" "--network" "none" "ghcr.io/rust-lang/crates-build-env/linux@sha256:2788e3201cd34a07e3172128adcd8b3090168a8e3bcc40d7c032b9dda1df7d1c" "/opt/rustwide/cargo-home/bin/cargo" "+nightly-2024-02-05" "metadata" "--no-deps" "--format-version=1", kill_on_drop: false }`
[INFO] [stdout] 2352692df376fe9238edfbd893d054e83e1c68fb1decd0b08cbde660a8fd53d9
[INFO] running `Command { std: "docker" "start" "-a" "2352692df376fe9238edfbd893d054e83e1c68fb1decd0b08cbde660a8fd53d9", kill_on_drop: false }`
[INFO] running `Command { std: "docker" "inspect" "2352692df376fe9238edfbd893d054e83e1c68fb1decd0b08cbde660a8fd53d9", kill_on_drop: false }`
[INFO] running `Command { std: "docker" "rm" "-f" "2352692df376fe9238edfbd893d054e83e1c68fb1decd0b08cbde660a8fd53d9", kill_on_drop: false }`
[INFO] [stdout] 2352692df376fe9238edfbd893d054e83e1c68fb1decd0b08cbde660a8fd53d9
[INFO] running `Command { std: "docker" "create" "-v" "/var/lib/crater-agent-workspace/builds/worker-2-tc2/target:/opt/rustwide/target:rw,Z" "-v" "/var/lib/crater-agent-workspace/builds/worker-2-tc2/source:/opt/rustwide/workdir:ro,Z" "-v" "/var/lib/crater-agent-workspace/cargo-home:/opt/rustwide/cargo-home:ro,Z" "-v" "/var/lib/crater-agent-workspace/rustup-home:/opt/rustwide/rustup-home:ro,Z" "-e" "SOURCE_DIR=/opt/rustwide/workdir" "-e" "CARGO_TARGET_DIR=/opt/rustwide/target" "-e" "CARGO_INCREMENTAL=0" "-e" "RUST_BACKTRACE=full" "-e" "RUSTFLAGS=--cap-lints=forbid -Dunexpected_cfgs" "-e" "RUSTDOCFLAGS=--cap-lints=forbid" "-e" "CARGO_HOME=/opt/rustwide/cargo-home" "-e" "RUSTUP_HOME=/opt/rustwide/rustup-home" "-w" "/opt/rustwide/workdir" "-m" "1610612736" "--user" "0:0" "--network" "none" "ghcr.io/rust-lang/crates-build-env/linux@sha256:2788e3201cd34a07e3172128adcd8b3090168a8e3bcc40d7c032b9dda1df7d1c" "/opt/rustwide/cargo-home/bin/cargo" "+nightly-2024-02-05" "check" "--frozen" "--all" "--all-targets" "--message-format=json" "-Zcheck-cfg", kill_on_drop: false }`
[INFO] [stdout] 4fd9d8b342034267802958879ca9823a721d0aded39af78e77b955a07ed1027a
[INFO] running `Command { std: "docker" "start" "-a" "4fd9d8b342034267802958879ca9823a721d0aded39af78e77b955a07ed1027a", kill_on_drop: false }`
[INFO] [stderr]    Compiling ucd-trie v0.1.6
[INFO] [stderr]    Compiling doc-comment v0.3.3
[INFO] [stderr]     Checking bytes v1.5.0
[INFO] [stderr]    Compiling snafu-derive v0.6.10
[INFO] [stderr]    Compiling thiserror v1.0.56
[INFO] [stderr]     Checking pest v2.7.7
[INFO] [stderr]    Compiling pest_meta v2.7.7
[INFO] [stderr]    Compiling pest_generator v2.7.7
[INFO] [stderr]    Compiling pest_derive v2.7.7
[INFO] [stderr]     Checking snafu v0.6.10
[INFO] [stderr]     Checking protofish v0.5.2 (/opt/rustwide/workdir)
[INFO] [stdout] error[E0170]: pattern binding `multiplicity` is named the same as one of the variants of the type `context::parse::Rule`
[INFO] [stdout]    --> src/context/parse.rs:187:21
[INFO] [stdout]     |
[INFO] [stdout] 187 |                 let multiplicity = t.into_inner().next().unwrap().as_rule();
[INFO] [stdout]     |                     ^^^^^^^^^^^^
[INFO] [stdout]     |
[INFO] [stdout]     = note: `#[deny(bindings_with_variant_name)]` on by default
[INFO] [stdout] 
[INFO] [stdout] 
[INFO] [stdout] error[E0170]: pattern binding `multiplicity` is named the same as one of the variants of the type `context::parse::Rule`
[INFO] [stdout]    --> src/context/parse.rs:187:21
[INFO] [stdout]     |
[INFO] [stdout] 187 |                 let multiplicity = t.into_inner().next().unwrap().as_rule();
[INFO] [stdout]     |                     ^^^^^^^^^^^^
[INFO] [stdout]     |
[INFO] [stdout]     = note: `#[deny(bindings_with_variant_name)]` on by default
[INFO] [stdout] 
[INFO] [stdout] 
[INFO] [stdout] error: aborting due to 1 previous error
[INFO] [stdout] 
[INFO] [stdout] 
[INFO] [stdout] For more information about this error, try `rustc --explain E0170`.
[INFO] [stdout] 
[INFO] [stdout] error: aborting due to 1 previous error
[INFO] [stdout] 
[INFO] [stdout] 
[INFO] [stdout] For more information about this error, try `rustc --explain E0170`.
[INFO] [stdout] 
[INFO] [stderr] error: could not compile `protofish` (lib) due to 2 previous errors
[INFO] [stderr] warning: build failed, waiting for other jobs to finish...
[INFO] [stderr] error: could not compile `protofish` (lib test) due to 2 previous errors
[INFO] running `Command { std: "docker" "inspect" "4fd9d8b342034267802958879ca9823a721d0aded39af78e77b955a07ed1027a", kill_on_drop: false }`
[INFO] running `Command { std: "docker" "rm" "-f" "4fd9d8b342034267802958879ca9823a721d0aded39af78e77b955a07ed1027a", kill_on_drop: false }`
[INFO] [stdout] 4fd9d8b342034267802958879ca9823a721d0aded39af78e77b955a07ed1027a
