[INFO] fetching crate proof_system 0.24.0...
[INFO] checking proof_system-0.24.0 against nightly-2024-02-05 for check-cfg
[INFO] extracting crate proof_system 0.24.0 into /workspace/builds/worker-4-tc1/source
[INFO] validating manifest of crates.io crate proof_system 0.24.0 on toolchain nightly-2024-02-05
[INFO] running `Command { std: CARGO_HOME="/workspace/cargo-home" RUSTUP_HOME="/workspace/rustup-home" "/workspace/cargo-home/bin/cargo" "+nightly-2024-02-05" "metadata" "--manifest-path" "Cargo.toml" "--no-deps", kill_on_drop: false }`
[INFO] started tweaking crates.io crate proof_system 0.24.0
[INFO] finished tweaking crates.io crate proof_system 0.24.0
[INFO] tweaked toml for crates.io crate proof_system 0.24.0 written to /workspace/builds/worker-4-tc1/source/Cargo.toml
[INFO] running `Command { std: CARGO_HOME="/workspace/cargo-home" RUSTUP_HOME="/workspace/rustup-home" "/workspace/cargo-home/bin/cargo" "+nightly-2024-02-05" "generate-lockfile" "--manifest-path" "Cargo.toml", kill_on_drop: false }`
[INFO] [stderr]     Updating crates.io index
[INFO] running `Command { std: CARGO_HOME="/workspace/cargo-home" RUSTUP_HOME="/workspace/rustup-home" "/workspace/cargo-home/bin/cargo" "+nightly-2024-02-05" "fetch" "--manifest-path" "Cargo.toml", kill_on_drop: false }`
[INFO] [stderr]  Downloading crates ...
[INFO] [stderr]   Downloaded wasm-bindgen-downcast-macros v0.1.1
[INFO] [stderr]   Downloaded wast v70.0.2
[INFO] [stderr]   Downloaded wasm-encoder v0.41.0
[INFO] [stderr]   Downloaded enum-iterator v0.7.0
[INFO] [stderr]   Downloaded region v3.0.0
[INFO] [stderr]   Downloaded regalloc2 v0.5.1
[INFO] [stderr]   Downloaded enumset v1.1.3
[INFO] [stderr]   Downloaded corosensei v0.1.4
[INFO] [stderr]   Downloaded more-asserts v0.2.2
[INFO] [stderr]   Downloaded wasm-bindgen-downcast v0.1.1
[INFO] [stderr]   Downloaded cranelift-codegen-shared v0.91.1
[INFO] [stderr]   Downloaded ark-groth16 v0.4.0
[INFO] [stderr]   Downloaded cranelift-entity v0.91.1
[INFO] [stderr]   Downloaded ark-crypto-primitives v0.4.0
[INFO] [stderr]   Downloaded cranelift-codegen v0.91.1
[INFO] [stderr]   Downloaded windows_i686_msvc v0.33.0
[INFO] [stderr]   Downloaded windows-sys v0.33.0
[INFO] [stderr]   Downloaded smc_range_proof v0.2.0
[INFO] [stderr]   Downloaded wasmer-vm v3.3.0
[INFO] [stderr]   Downloaded schnorr_pok v0.16.0
[INFO] [stderr]   Downloaded wasmer v3.3.0
[INFO] [stderr]   Downloaded secret_sharing_and_dkg v0.9.0
[INFO] [stderr]   Downloaded wasmer-compiler v3.3.0
[INFO] [stderr]   Downloaded wasmer-compiler-cranelift v3.3.0
[INFO] [stderr]   Downloaded wasmer-types v3.3.0
[INFO] [stderr]   Downloaded legogroth16 v0.11.0
[INFO] [stderr]   Downloaded wasmer-derive v3.3.0
[INFO] [stderr]   Downloaded saver v0.14.0
[INFO] [stderr]   Downloaded vb_accumulator v0.19.0
[INFO] [stderr]   Downloaded oblivious_transfer_protocols v0.5.0
[INFO] [stderr]   Downloaded bbs_plus v0.18.0
[INFO] [stderr]   Downloaded bulletproofs_plus_plus v0.2.0
[INFO] [stderr]   Downloaded coconut-crypto v0.7.0
[INFO] [stderr]   Downloaded dock_crypto_utils v0.16.0
[INFO] [stderr]   Downloaded windows_i686_gnu v0.33.0
[INFO] [stderr]   Downloaded windows_aarch64_msvc v0.33.0
[INFO] [stderr]   Downloaded windows_x86_64_gnu v0.33.0
[INFO] [stderr]   Downloaded cranelift-frontend v0.91.1
[INFO] [stderr]   Downloaded windows_x86_64_msvc v0.33.0
[INFO] [stderr]   Downloaded ark-r1cs-std v0.4.0
[INFO] [stderr]   Downloaded cranelift-codegen-meta v0.91.1
[INFO] [stderr]   Downloaded wasmparser v0.95.0
[INFO] [stderr]   Downloaded ark-relations v0.4.0
[INFO] [stderr]   Downloaded ark-snark v0.4.0
[INFO] [stderr]   Downloaded cranelift-egraph v0.91.1
[INFO] [stderr]   Downloaded cranelift-bforest v0.91.1
[INFO] [stderr]   Downloaded cranelift-isle v0.91.1
[INFO] [stderr]   Downloaded wat v1.0.85
[INFO] [stderr]   Downloaded enumset_derive v0.8.1
[INFO] [stderr]   Downloaded dock_merlin v2.0.0
[INFO] [stderr]   Downloaded enum-iterator-derive v0.7.0
[INFO] [stderr]   Downloaded wasmparser v0.83.0
[INFO] running `Command { std: "docker" "create" "-v" "/var/lib/crater-agent-workspace/builds/worker-4-tc1/target:/opt/rustwide/target:rw,Z" "-v" "/var/lib/crater-agent-workspace/builds/worker-4-tc1/source:/opt/rustwide/workdir:ro,Z" "-v" "/var/lib/crater-agent-workspace/cargo-home:/opt/rustwide/cargo-home:ro,Z" "-v" "/var/lib/crater-agent-workspace/rustup-home:/opt/rustwide/rustup-home:ro,Z" "-e" "SOURCE_DIR=/opt/rustwide/workdir" "-e" "CARGO_TARGET_DIR=/opt/rustwide/target" "-e" "CARGO_HOME=/opt/rustwide/cargo-home" "-e" "RUSTUP_HOME=/opt/rustwide/rustup-home" "-w" "/opt/rustwide/workdir" "-m" "1610612736" "--user" "0:0" "--network" "none" "ghcr.io/rust-lang/crates-build-env/linux@sha256:2788e3201cd34a07e3172128adcd8b3090168a8e3bcc40d7c032b9dda1df7d1c" "/opt/rustwide/cargo-home/bin/cargo" "+nightly-2024-02-05" "metadata" "--no-deps" "--format-version=1", kill_on_drop: false }`
[INFO] [stdout] 6c80a3f4e503bd9a695370c12c08d0d7ae33c80c6d3f1bac3366dc5031639199
[INFO] running `Command { std: "docker" "start" "-a" "6c80a3f4e503bd9a695370c12c08d0d7ae33c80c6d3f1bac3366dc5031639199", kill_on_drop: false }`
[INFO] running `Command { std: "docker" "inspect" "6c80a3f4e503bd9a695370c12c08d0d7ae33c80c6d3f1bac3366dc5031639199", kill_on_drop: false }`
[INFO] running `Command { std: "docker" "rm" "-f" "6c80a3f4e503bd9a695370c12c08d0d7ae33c80c6d3f1bac3366dc5031639199", kill_on_drop: false }`
[INFO] [stdout] 6c80a3f4e503bd9a695370c12c08d0d7ae33c80c6d3f1bac3366dc5031639199
[INFO] running `Command { std: "docker" "create" "-v" "/var/lib/crater-agent-workspace/builds/worker-4-tc1/target:/opt/rustwide/target:rw,Z" "-v" "/var/lib/crater-agent-workspace/builds/worker-4-tc1/source:/opt/rustwide/workdir:ro,Z" "-v" "/var/lib/crater-agent-workspace/cargo-home:/opt/rustwide/cargo-home:ro,Z" "-v" "/var/lib/crater-agent-workspace/rustup-home:/opt/rustwide/rustup-home:ro,Z" "-e" "SOURCE_DIR=/opt/rustwide/workdir" "-e" "CARGO_TARGET_DIR=/opt/rustwide/target" "-e" "CARGO_INCREMENTAL=0" "-e" "RUST_BACKTRACE=full" "-e" "RUSTFLAGS=--cap-lints=forbid" "-e" "RUSTDOCFLAGS=--cap-lints=forbid" "-e" "CARGO_HOME=/opt/rustwide/cargo-home" "-e" "RUSTUP_HOME=/opt/rustwide/rustup-home" "-w" "/opt/rustwide/workdir" "-m" "1610612736" "--user" "0:0" "--network" "none" "ghcr.io/rust-lang/crates-build-env/linux@sha256:2788e3201cd34a07e3172128adcd8b3090168a8e3bcc40d7c032b9dda1df7d1c" "/opt/rustwide/cargo-home/bin/cargo" "+nightly-2024-02-05" "check" "--frozen" "--all" "--all-targets" "--message-format=json", kill_on_drop: false }`
[INFO] [stdout] 64d6e9f91be427e7f8a75b48e2f8c92bce0efd4ff81d00262ef6557dcb1d1380
[INFO] running `Command { std: "docker" "start" "-a" "64d6e9f91be427e7f8a75b48e2f8c92bce0efd4ff81d00262ef6557dcb1d1380", kill_on_drop: false }`
[INFO] [stderr]    Compiling libc v0.2.153
[INFO] [stderr]    Compiling syn v1.0.109
[INFO] [stderr]    Compiling num-traits v0.2.17
[INFO] [stderr]    Compiling num-integer v0.1.45
[INFO] [stderr]    Compiling num-bigint v0.4.4
[INFO] [stderr]     Checking subtle v2.5.0
[INFO] [stderr]    Compiling fnv v1.0.7
[INFO] [stderr]    Compiling ident_case v1.0.1
[INFO] [stderr]     Checking ppv-lite86 v0.2.17
[INFO] [stderr]    Compiling syn v2.0.48
[INFO] [stderr]     Checking crypto-common v0.1.6
[INFO] [stderr]     Checking byteorder v1.5.0
[INFO] [stderr]    Compiling ahash v0.8.7
[INFO] [stderr]    Compiling serde v1.0.196
[INFO] [stderr]    Compiling strsim v0.10.0
[INFO] [stderr]    Compiling indexmap v1.9.3
[INFO] [stderr]     Checking digest v0.10.7
[INFO] [stderr]    Compiling num-rational v0.4.1
[INFO] [stderr]    Compiling num-iter v0.1.43
[INFO] [stderr]     Checking smallvec v1.13.1
[INFO] [stderr]    Compiling bytecheck v0.6.12
[INFO] [stderr]    Compiling target-lexicon v0.12.13
[INFO] [stderr]     Checking simdutf8 v0.1.4
[INFO] [stderr]    Compiling rend v0.4.2
[INFO] [stderr]    Compiling cranelift-isle v0.91.1
[INFO] [stderr]    Compiling rkyv v0.7.44
[INFO] [stderr]    Compiling cranelift-codegen-shared v0.91.1
[INFO] [stderr]     Checking hashbrown v0.13.2
[INFO] [stderr]     Checking scopeguard v1.2.0
[INFO] [stderr]    Compiling cranelift-codegen-meta v0.91.1
[INFO] [stderr]     Checking unicode-normalization v0.1.22
[INFO] [stderr]     Checking fxhash v0.2.1
[INFO] [stderr]    Compiling corosensei v0.1.4
[INFO] [stderr]     Checking bumpalo v3.14.0
[INFO] [stderr]     Checking cranelift-entity v0.91.1
[INFO] [stderr]     Checking leb128 v0.2.5
[INFO] [stderr]     Checking log v0.4.20
[INFO] [stderr]     Checking seahash v4.1.0
[INFO] [stderr]     Checking lock_api v0.4.11
[INFO] [stderr]     Checking tracing-subscriber v0.2.25
[INFO] [stderr]     Checking hashbrown v0.14.3
[INFO] [stderr]     Checking slice-group-by v0.3.1
[INFO] [stderr]     Checking more-asserts v0.2.2
[INFO] [stderr]     Checking cranelift-bforest v0.91.1
[INFO] [stderr]    Compiling proc-macro-error-attr v1.0.4
[INFO] [stderr]     Checking wasm-encoder v0.41.0
[INFO] [stderr]     Checking regalloc2 v0.5.1
[INFO] [stderr]    Compiling wasmer-compiler-cranelift v3.3.0
[INFO] [stderr]     Checking unicode-width v0.1.11
[INFO] [stderr]     Checking sha2 v0.10.8
[INFO] [stderr]     Checking blake2 v0.10.6
[INFO] [stderr]     Checking inout v0.1.3
[INFO] [stderr]     Checking getrandom v0.2.12
[INFO] [stderr]     Checking parking_lot_core v0.9.9
[INFO] [stderr]     Checking idna v0.5.0
[INFO] [stderr]     Checking rand_core v0.6.4
[INFO] [stderr]     Checking ahash v0.7.7
[INFO] [stderr]     Checking backtrace v0.3.69
[INFO] [stderr]     Checking dashmap v5.5.3
[INFO] [stderr]     Checking region v3.0.0
[INFO] [stderr]     Checking memmap2 v0.5.10
[INFO] [stderr]     Checking rand_chacha v0.3.1
[INFO] [stderr]     Checking cipher v0.4.4
[INFO] [stderr]     Checking hashbrown v0.12.3
[INFO] [stderr]     Checking num-complex v0.4.4
[INFO] [stderr]    Compiling oblivious_transfer_protocols v0.5.0
[INFO] [stderr]     Checking rand v0.8.5
[INFO] [stderr]     Checking bytes v1.5.0
[INFO] [stderr]     Checking aes v0.8.3
[INFO] [stderr]     Checking wast v70.0.2
[INFO] [stderr]     Checking sha3 v0.10.8
[INFO] [stderr]     Checking rmp v0.8.12
[INFO] [stderr]     Checking url v2.5.0
[INFO] [stderr]     Checking ark-std v0.4.0
[INFO] [stderr]     Checking cranelift-egraph v0.91.1
[INFO] [stderr]     Checking gimli v0.26.2
[INFO] [stderr]     Checking wasmparser v0.95.0
[INFO] [stderr]    Compiling cranelift-codegen v0.91.1
[INFO] [stderr]     Checking num v0.4.1
[INFO] [stderr]    Compiling darling_core v0.13.4
[INFO] [stderr]    Compiling proc-macro-error v1.0.4
[INFO] [stderr]    Compiling darling_core v0.20.5
[INFO] [stderr]    Compiling derivative v2.2.0
[INFO] [stderr]    Compiling ark-serialize-derive v0.4.2
[INFO] [stderr]    Compiling ark-ff-macros v0.4.2
[INFO] [stderr]    Compiling ark-ff-asm v0.4.2
[INFO] [stderr]    Compiling ptr_meta_derive v0.1.4
[INFO] [stderr]    Compiling bytecheck_derive v0.6.12
[INFO] [stderr]    Compiling enum-iterator-derive v0.7.0
[INFO] [stderr]    Compiling rkyv_derive v0.7.44
[INFO] [stderr]    Compiling wasmer-derive v3.3.0
[INFO] [stderr]    Compiling zeroize_derive v1.4.2
[INFO] [stderr]    Compiling serde_derive v1.0.196
[INFO] [stderr]     Checking ptr_meta v0.1.4
[INFO] [stderr]     Checking ark-serialize v0.4.2
[INFO] [stderr]    Compiling tracing-attributes v0.1.27
[INFO] [stderr]    Compiling thiserror-impl v1.0.56
[INFO] [stderr]     Checking enum-iterator v0.7.0
[INFO] [stderr]     Checking zeroize v1.7.0
[INFO] [stderr]    Compiling darling_macro v0.20.5
[INFO] [stderr]    Compiling darling_macro v0.13.4
[INFO] [stderr]     Checking wat v1.0.85
[INFO] [stderr]     Checking ark-ff v0.4.2
[INFO] [stderr]     Checking tracing v0.1.40
[INFO] [stderr]     Checking thiserror v1.0.56
[INFO] [stderr]    Compiling darling v0.20.5
[INFO] [stderr]    Compiling darling v0.13.4
[INFO] [stderr]    Compiling enumset_derive v0.8.1
[INFO] [stderr]    Compiling serde_with_macros v1.5.2
[INFO] [stderr]     Checking enumset v1.1.3
[INFO] [stderr]     Checking serde_with v1.14.0
[INFO] [stderr]     Checking dock_merlin v2.0.0
[INFO] [stderr]     Checking rmp-serde v1.1.2
[INFO] [stderr]     Checking serde_json v1.0.113
[INFO] [stderr]     Checking wasmer-types v3.3.0
[INFO] [stderr]     Checking wasmer-vm v3.3.0
[INFO] [stderr]     Checking wasmer-compiler v3.3.0
[INFO] [stderr]     Checking ark-poly v0.4.2
[INFO] [stderr]     Checking ark-relations v0.4.0
[INFO] [stderr]     Checking ark-snark v0.4.0
[INFO] [stderr]     Checking ark-ec v0.4.2
[INFO] [stderr]     Checking dock_crypto_utils v0.16.0
[INFO] [stderr]     Checking ark-crypto-primitives v0.4.0
[INFO] [stderr]     Checking ark-r1cs-std v0.4.0
[INFO] [stderr]     Checking ark-bls12-381 v0.4.0
[INFO] [stderr]     Checking ark-groth16 v0.4.0
[INFO] [stderr]     Checking schnorr_pok v0.16.0
[INFO] [stderr]     Checking smc_range_proof v0.2.0
[INFO] [stderr]     Checking bulletproofs_plus_plus v0.2.0
[INFO] [stderr]     Checking secret_sharing_and_dkg v0.9.0
[INFO] [stderr]     Checking vb_accumulator v0.19.0
[INFO] [stderr]     Checking coconut-crypto v0.7.0
[INFO] [stderr]     Checking bbs_plus v0.18.0
[INFO] [stderr]     Checking cranelift-frontend v0.91.1
[INFO] [stderr]     Checking wasmer v3.3.0
[INFO] [stderr]     Checking legogroth16 v0.11.0
[INFO] [stderr]     Checking saver v0.14.0
[INFO] [stderr]     Checking proof_system v0.24.0 (/opt/rustwide/workdir)
[INFO] [stdout] error[E0433]: failed to resolve: use of undeclared crate or module `test_utils`
[INFO] [stdout]    --> src/statement/mod.rs:210:9
[INFO] [stdout]     |
[INFO] [stdout] 210 |     use test_utils::{
[INFO] [stdout]     |         ^^^^^^^^^^ use of undeclared crate or module `test_utils`
[INFO] [stdout] 
[INFO] [stdout] 
[INFO] [stdout] error[E0433]: failed to resolve: use of undeclared crate or module `test_utils`
[INFO] [stdout]    --> src/witness.rs:427:9
[INFO] [stdout]     |
[INFO] [stdout] 427 |     use test_utils::{
[INFO] [stdout]     |         ^^^^^^^^^^ use of undeclared crate or module `test_utils`
[INFO] [stdout] 
[INFO] [stdout] 
[INFO] [stdout] error[E0432]: unresolved import `test_utils`
[INFO] [stdout]    --> src/statement/mod.rs:210:9
[INFO] [stdout]     |
[INFO] [stdout] 210 |     use test_utils::{
[INFO] [stdout]     |         ^^^^^^^^^^ use of undeclared crate or module `test_utils`
[INFO] [stdout] 
[INFO] [stdout] 
[INFO] [stdout] error[E0432]: unresolved import `test_utils`
[INFO] [stdout]    --> src/witness.rs:427:9
[INFO] [stdout]     |
[INFO] [stdout] 427 |     use test_utils::{
[INFO] [stdout]     |         ^^^^^^^^^^ use of undeclared crate or module `test_utils`
[INFO] [stdout] 
[INFO] [stdout] 
[INFO] [stdout] warning: unused import: `serialization::*`
[INFO] [stdout]   --> src/meta_statement.rs:12:9
[INFO] [stdout]    |
[INFO] [stdout] 12 | pub use serialization::*;
[INFO] [stdout]    |         ^^^^^^^^^^^^^^^^
[INFO] [stdout]    |
[INFO] [stdout]    = note: `#[warn(unused_imports)]` on by default
[INFO] [stdout] 
[INFO] [stdout] 
[INFO] [stdout] warning: unused import: `serialization::*`
[INFO] [stdout]   --> src/statement/mod.rs:23:9
[INFO] [stdout]    |
[INFO] [stdout] 23 | pub use serialization::*;
[INFO] [stdout]    |         ^^^^^^^^^^^^^^^^
[INFO] [stdout] 
[INFO] [stdout] 
[INFO] [stdout] warning: unused import: `serialization::*`
[INFO] [stdout]   --> src/statement_proof.rs:18:9
[INFO] [stdout]    |
[INFO] [stdout] 18 | pub use serialization::*;
[INFO] [stdout]    |         ^^^^^^^^^^^^^^^^
[INFO] [stdout] 
[INFO] [stdout] 
[INFO] [stdout] warning: unused import: `serialization::*`
[INFO] [stdout]   --> src/witness.rs:15:9
[INFO] [stdout]    |
[INFO] [stdout] 15 | pub use serialization::*;
[INFO] [stdout]    |         ^^^^^^^^^^^^^^^^
[INFO] [stdout] 
[INFO] [stdout] 
[INFO] [stdout] warning: unused import: `serialization::*`
[INFO] [stdout]   --> src/meta_statement.rs:12:9
[INFO] [stdout]    |
[INFO] [stdout] 12 | pub use serialization::*;
[INFO] [stdout]    |         ^^^^^^^^^^^^^^^^
[INFO] [stdout]    |
[INFO] [stdout]    = note: `#[warn(unused_imports)]` on by default
[INFO] [stdout] 
[INFO] [stdout] 
[INFO] [stdout] warning: unused import: `serialization::*`
[INFO] [stdout]   --> src/statement/mod.rs:23:9
[INFO] [stdout]    |
[INFO] [stdout] 23 | pub use serialization::*;
[INFO] [stdout]    |         ^^^^^^^^^^^^^^^^
[INFO] [stdout] 
[INFO] [stdout] 
[INFO] [stdout] warning: unused import: `serialization::*`
[INFO] [stdout]   --> src/statement_proof.rs:18:9
[INFO] [stdout]    |
[INFO] [stdout] 18 | pub use serialization::*;
[INFO] [stdout]    |         ^^^^^^^^^^^^^^^^
[INFO] [stdout] 
[INFO] [stdout] 
[INFO] [stdout] warning: unused import: `serialization::*`
[INFO] [stdout]   --> src/witness.rs:15:9
[INFO] [stdout]    |
[INFO] [stdout] 15 | pub use serialization::*;
[INFO] [stdout]    |         ^^^^^^^^^^^^^^^^
[INFO] [stdout] 
[INFO] [stdout] 
[INFO] [stdout] warning: unused import: `Accumulator`
[INFO] [stdout]    --> src/statement/mod.rs:215:35
[INFO] [stdout]     |
[INFO] [stdout] 215 |     use vb_accumulator::prelude::{Accumulator, MembershipProvingKey, NonMembershipProvingKey};
[INFO] [stdout]     |                                   ^^^^^^^^^^^
[INFO] [stdout] 
[INFO] [stdout] 
[INFO] [stdout] error: aborting due to 4 previous errors; 5 warnings emitted
[INFO] [stdout] 
[INFO] [stdout] 
[INFO] [stdout] Some errors have detailed explanations: E0432, E0433.
[INFO] [stdout] 
[INFO] [stdout] For more information about an error, try `rustc --explain E0432`.
[INFO] [stdout] 
[INFO] [stderr] error: could not compile `proof_system` (lib test) due to 5 previous errors; 5 warnings emitted
[INFO] [stderr] warning: build failed, waiting for other jobs to finish...
[INFO] [stdout] warning: 4 warnings emitted
[INFO] [stdout] 
[INFO] [stdout] 
[INFO] running `Command { std: "docker" "inspect" "64d6e9f91be427e7f8a75b48e2f8c92bce0efd4ff81d00262ef6557dcb1d1380", kill_on_drop: false }`
[INFO] running `Command { std: "docker" "rm" "-f" "64d6e9f91be427e7f8a75b48e2f8c92bce0efd4ff81d00262ef6557dcb1d1380", kill_on_drop: false }`
[INFO] [stdout] 64d6e9f91be427e7f8a75b48e2f8c92bce0efd4ff81d00262ef6557dcb1d1380
[INFO] checking proof_system-0.24.0 against nightly-2024-02-05+rustflags=-Dunexpected_cfgs+cargoflags=-Zcheck-cfg for check-cfg
[INFO] extracting crate proof_system 0.24.0 into /workspace/builds/worker-4-tc2/source
[INFO] validating manifest of crates.io crate proof_system 0.24.0 on toolchain nightly-2024-02-05
[INFO] running `Command { std: CARGO_HOME="/workspace/cargo-home" RUSTUP_HOME="/workspace/rustup-home" "/workspace/cargo-home/bin/cargo" "+nightly-2024-02-05" "metadata" "--manifest-path" "Cargo.toml" "--no-deps", kill_on_drop: false }`
[INFO] started tweaking crates.io crate proof_system 0.24.0
[INFO] finished tweaking crates.io crate proof_system 0.24.0
[INFO] tweaked toml for crates.io crate proof_system 0.24.0 written to /workspace/builds/worker-4-tc2/source/Cargo.toml
[INFO] running `Command { std: CARGO_HOME="/workspace/cargo-home" RUSTUP_HOME="/workspace/rustup-home" "/workspace/cargo-home/bin/cargo" "+nightly-2024-02-05" "generate-lockfile" "--manifest-path" "Cargo.toml", kill_on_drop: false }`
[INFO] [stderr]     Updating crates.io index
[INFO] running `Command { std: CARGO_HOME="/workspace/cargo-home" RUSTUP_HOME="/workspace/rustup-home" "/workspace/cargo-home/bin/cargo" "+nightly-2024-02-05" "fetch" "--manifest-path" "Cargo.toml", kill_on_drop: false }`
[INFO] running `Command { std: "docker" "create" "-v" "/var/lib/crater-agent-workspace/builds/worker-4-tc2/target:/opt/rustwide/target:rw,Z" "-v" "/var/lib/crater-agent-workspace/builds/worker-4-tc2/source:/opt/rustwide/workdir:ro,Z" "-v" "/var/lib/crater-agent-workspace/cargo-home:/opt/rustwide/cargo-home:ro,Z" "-v" "/var/lib/crater-agent-workspace/rustup-home:/opt/rustwide/rustup-home:ro,Z" "-e" "SOURCE_DIR=/opt/rustwide/workdir" "-e" "CARGO_TARGET_DIR=/opt/rustwide/target" "-e" "CARGO_HOME=/opt/rustwide/cargo-home" "-e" "RUSTUP_HOME=/opt/rustwide/rustup-home" "-w" "/opt/rustwide/workdir" "-m" "1610612736" "--user" "0:0" "--network" "none" "ghcr.io/rust-lang/crates-build-env/linux@sha256:2788e3201cd34a07e3172128adcd8b3090168a8e3bcc40d7c032b9dda1df7d1c" "/opt/rustwide/cargo-home/bin/cargo" "+nightly-2024-02-05" "metadata" "--no-deps" "--format-version=1", kill_on_drop: false }`
[INFO] [stdout] 7f9d60347dd829119b2f49dd25c64a90cc65dc6a6293528e924c91643b54d919
[INFO] running `Command { std: "docker" "start" "-a" "7f9d60347dd829119b2f49dd25c64a90cc65dc6a6293528e924c91643b54d919", kill_on_drop: false }`
[INFO] running `Command { std: "docker" "inspect" "7f9d60347dd829119b2f49dd25c64a90cc65dc6a6293528e924c91643b54d919", kill_on_drop: false }`
[INFO] running `Command { std: "docker" "rm" "-f" "7f9d60347dd829119b2f49dd25c64a90cc65dc6a6293528e924c91643b54d919", kill_on_drop: false }`
[INFO] [stdout] 7f9d60347dd829119b2f49dd25c64a90cc65dc6a6293528e924c91643b54d919
[INFO] running `Command { std: "docker" "create" "-v" "/var/lib/crater-agent-workspace/builds/worker-4-tc2/target:/opt/rustwide/target:rw,Z" "-v" "/var/lib/crater-agent-workspace/builds/worker-4-tc2/source:/opt/rustwide/workdir:ro,Z" "-v" "/var/lib/crater-agent-workspace/cargo-home:/opt/rustwide/cargo-home:ro,Z" "-v" "/var/lib/crater-agent-workspace/rustup-home:/opt/rustwide/rustup-home:ro,Z" "-e" "SOURCE_DIR=/opt/rustwide/workdir" "-e" "CARGO_TARGET_DIR=/opt/rustwide/target" "-e" "CARGO_INCREMENTAL=0" "-e" "RUST_BACKTRACE=full" "-e" "RUSTFLAGS=--cap-lints=forbid -Dunexpected_cfgs" "-e" "RUSTDOCFLAGS=--cap-lints=forbid" "-e" "CARGO_HOME=/opt/rustwide/cargo-home" "-e" "RUSTUP_HOME=/opt/rustwide/rustup-home" "-w" "/opt/rustwide/workdir" "-m" "1610612736" "--user" "0:0" "--network" "none" "ghcr.io/rust-lang/crates-build-env/linux@sha256:2788e3201cd34a07e3172128adcd8b3090168a8e3bcc40d7c032b9dda1df7d1c" "/opt/rustwide/cargo-home/bin/cargo" "+nightly-2024-02-05" "check" "--frozen" "--all" "--all-targets" "--message-format=json" "-Zcheck-cfg", kill_on_drop: false }`
[INFO] [stdout] 3c5eb789dc3aab5e3b337dc28bac08da1e64bdd4aa024f7c2efbce6ebcf47255
[INFO] running `Command { std: "docker" "start" "-a" "3c5eb789dc3aab5e3b337dc28bac08da1e64bdd4aa024f7c2efbce6ebcf47255", kill_on_drop: false }`
[INFO] [stderr]    Compiling syn v1.0.109
[INFO] [stderr]    Compiling libc v0.2.153
[INFO] [stderr]    Compiling num-traits v0.2.17
[INFO] [stderr]    Compiling num-integer v0.1.45
[INFO] [stderr]    Compiling num-bigint v0.4.4
[INFO] [stderr]    Compiling fnv v1.0.7
[INFO] [stderr]     Checking subtle v2.5.0
[INFO] [stderr]    Compiling ident_case v1.0.1
[INFO] [stderr]     Checking ppv-lite86 v0.2.17
[INFO] [stderr]    Compiling syn v2.0.48
[INFO] [stderr]     Checking crypto-common v0.1.6
[INFO] [stderr]     Checking byteorder v1.5.0
[INFO] [stderr]    Compiling ahash v0.8.7
[INFO] [stderr]    Compiling serde v1.0.196
[INFO] [stderr]    Compiling strsim v0.10.0
[INFO] [stderr]    Compiling indexmap v1.9.3
[INFO] [stderr]     Checking digest v0.10.7
[INFO] [stderr]    Compiling num-iter v0.1.43
[INFO] [stderr]    Compiling num-rational v0.4.1
[INFO] [stderr]     Checking smallvec v1.13.1
[INFO] [stderr]    Compiling target-lexicon v0.12.13
[INFO] [stderr]    Compiling bytecheck v0.6.12
[INFO] [stderr]    Compiling cranelift-isle v0.91.1
[INFO] [stderr]     Checking simdutf8 v0.1.4
[INFO] [stderr]    Compiling rend v0.4.2
[INFO] [stderr]    Compiling cranelift-codegen-shared v0.91.1
[INFO] [stderr]     Checking scopeguard v1.2.0
[INFO] [stderr]    Compiling rkyv v0.7.44
[INFO] [stderr]     Checking hashbrown v0.13.2
[INFO] [stderr]    Compiling cranelift-codegen-meta v0.91.1
[INFO] [stderr]     Checking unicode-normalization v0.1.22
[INFO] [stderr]     Checking fxhash v0.2.1
[INFO] [stderr]    Compiling corosensei v0.1.4
[INFO] [stderr]     Checking cranelift-entity v0.91.1
[INFO] [stderr]     Checking bumpalo v3.14.0
[INFO] [stderr]     Checking log v0.4.20
[INFO] [stderr]     Checking seahash v4.1.0
[INFO] [stderr]     Checking leb128 v0.2.5
[INFO] [stderr]     Checking lock_api v0.4.11
[INFO] [stderr]     Checking tracing-subscriber v0.2.25
[INFO] [stderr]     Checking slice-group-by v0.3.1
[INFO] [stderr]     Checking hashbrown v0.14.3
[INFO] [stderr]     Checking more-asserts v0.2.2
[INFO] [stderr]     Checking cranelift-bforest v0.91.1
[INFO] [stderr]    Compiling proc-macro-error-attr v1.0.4
[INFO] [stderr]     Checking wasm-encoder v0.41.0
[INFO] [stderr]     Checking unicode-width v0.1.11
[INFO] [stderr]     Checking regalloc2 v0.5.1
[INFO] [stderr]    Compiling wasmer-compiler-cranelift v3.3.0
[INFO] [stderr]     Checking sha2 v0.10.8
[INFO] [stderr]     Checking blake2 v0.10.6
[INFO] [stderr]     Checking inout v0.1.3
[INFO] [stderr]     Checking cipher v0.4.4
[INFO] [stderr]     Checking getrandom v0.2.12
[INFO] [stderr]     Checking parking_lot_core v0.9.9
[INFO] [stderr]     Checking idna v0.5.0
[INFO] [stderr]     Checking rand_core v0.6.4
[INFO] [stderr]     Checking ahash v0.7.7
[INFO] [stderr]     Checking region v3.0.0
[INFO] [stderr]     Checking backtrace v0.3.69
[INFO] [stderr]     Checking dashmap v5.5.3
[INFO] [stderr]     Checking memmap2 v0.5.10
[INFO] [stderr]     Checking num-complex v0.4.4
[INFO] [stderr]     Checking rand_chacha v0.3.1
[INFO] [stderr]     Checking hashbrown v0.12.3
[INFO] [stderr]    Compiling oblivious_transfer_protocols v0.5.0
[INFO] [stderr]     Checking bytes v1.5.0
[INFO] [stderr]     Checking rand v0.8.5
[INFO] [stderr]     Checking aes v0.8.3
[INFO] [stderr]     Checking sha3 v0.10.8
[INFO] [stderr]     Checking wast v70.0.2
[INFO] [stderr]     Checking rmp v0.8.12
[INFO] [stderr]     Checking url v2.5.0
[INFO] [stderr]     Checking ark-std v0.4.0
[INFO] [stderr]     Checking cranelift-egraph v0.91.1
[INFO] [stderr]     Checking gimli v0.26.2
[INFO] [stderr]     Checking wasmparser v0.95.0
[INFO] [stderr]    Compiling cranelift-codegen v0.91.1
[INFO] [stderr]     Checking num v0.4.1
[INFO] [stderr]    Compiling darling_core v0.13.4
[INFO] [stderr]    Compiling proc-macro-error v1.0.4
[INFO] [stderr]    Compiling darling_core v0.20.5
[INFO] [stderr]    Compiling derivative v2.2.0
[INFO] [stderr]    Compiling ark-serialize-derive v0.4.2
[INFO] [stderr]    Compiling ark-ff-macros v0.4.2
[INFO] [stderr]    Compiling ark-ff-asm v0.4.2
[INFO] [stderr]    Compiling ptr_meta_derive v0.1.4
[INFO] [stderr]    Compiling bytecheck_derive v0.6.12
[INFO] [stderr]    Compiling enum-iterator-derive v0.7.0
[INFO] [stderr]    Compiling rkyv_derive v0.7.44
[INFO] [stderr]    Compiling wasmer-derive v3.3.0
[INFO] [stderr]    Compiling zeroize_derive v1.4.2
[INFO] [stderr]    Compiling serde_derive v1.0.196
[INFO] [stderr]     Checking ptr_meta v0.1.4
[INFO] [stderr]    Compiling tracing-attributes v0.1.27
[INFO] [stderr]    Compiling thiserror-impl v1.0.56
[INFO] [stderr]     Checking enum-iterator v0.7.0
[INFO] [stderr]     Checking ark-serialize v0.4.2
[INFO] [stderr]     Checking zeroize v1.7.0
[INFO] [stderr]    Compiling darling_macro v0.13.4
[INFO] [stderr]    Compiling darling_macro v0.20.5
[INFO] [stderr]     Checking thiserror v1.0.56
[INFO] [stderr]     Checking wat v1.0.85
[INFO] [stderr]     Checking ark-ff v0.4.2
[INFO] [stderr]    Compiling darling v0.20.5
[INFO] [stderr]    Compiling enumset_derive v0.8.1
[INFO] [stderr]     Checking tracing v0.1.40
[INFO] [stderr]    Compiling darling v0.13.4
[INFO] [stderr]    Compiling serde_with_macros v1.5.2
[INFO] [stderr]     Checking enumset v1.1.3
[INFO] [stderr]     Checking wasmer-types v3.3.0
[INFO] [stderr]     Checking serde_with v1.14.0
[INFO] [stderr]     Checking dock_merlin v2.0.0
[INFO] [stderr]     Checking rmp-serde v1.1.2
[INFO] [stderr]     Checking serde_json v1.0.113
[INFO] [stderr]     Checking wasmer-vm v3.3.0
[INFO] [stderr]     Checking wasmer-compiler v3.3.0
[INFO] [stderr]     Checking ark-poly v0.4.2
[INFO] [stderr]     Checking ark-relations v0.4.0
[INFO] [stderr]     Checking ark-snark v0.4.0
[INFO] [stderr]     Checking ark-ec v0.4.2
[INFO] [stderr]     Checking dock_crypto_utils v0.16.0
[INFO] [stderr]     Checking ark-crypto-primitives v0.4.0
[INFO] [stderr]     Checking ark-r1cs-std v0.4.0
[INFO] [stderr]     Checking ark-bls12-381 v0.4.0
[INFO] [stderr]     Checking ark-groth16 v0.4.0
[INFO] [stderr]     Checking schnorr_pok v0.16.0
[INFO] [stderr]     Checking bulletproofs_plus_plus v0.2.0
[INFO] [stderr]     Checking smc_range_proof v0.2.0
[INFO] [stderr]     Checking secret_sharing_and_dkg v0.9.0
[INFO] [stderr]     Checking vb_accumulator v0.19.0
[INFO] [stderr]     Checking coconut-crypto v0.7.0
[INFO] [stderr]     Checking bbs_plus v0.18.0
[INFO] [stderr]     Checking cranelift-frontend v0.91.1
[INFO] [stderr]     Checking wasmer v3.3.0
[INFO] [stderr]     Checking legogroth16 v0.11.0
[INFO] [stderr]     Checking saver v0.14.0
[INFO] [stderr]     Checking proof_system v0.24.0 (/opt/rustwide/workdir)
[INFO] [stdout] error[E0433]: failed to resolve: use of undeclared crate or module `test_utils`
[INFO] [stdout]    --> src/statement/mod.rs:210:9
[INFO] [stdout]     |
[INFO] [stdout] 210 |     use test_utils::{
[INFO] [stdout]     |         ^^^^^^^^^^ use of undeclared crate or module `test_utils`
[INFO] [stdout] 
[INFO] [stdout] 
[INFO] [stdout] error[E0433]: failed to resolve: use of undeclared crate or module `test_utils`
[INFO] [stdout]    --> src/witness.rs:427:9
[INFO] [stdout]     |
[INFO] [stdout] 427 |     use test_utils::{
[INFO] [stdout]     |         ^^^^^^^^^^ use of undeclared crate or module `test_utils`
[INFO] [stdout] 
[INFO] [stdout] 
[INFO] [stdout] error[E0432]: unresolved import `test_utils`
[INFO] [stdout]    --> src/statement/mod.rs:210:9
[INFO] [stdout]     |
[INFO] [stdout] 210 |     use test_utils::{
[INFO] [stdout]     |         ^^^^^^^^^^ use of undeclared crate or module `test_utils`
[INFO] [stdout] 
[INFO] [stdout] 
[INFO] [stdout] error[E0432]: unresolved import `test_utils`
[INFO] [stdout]    --> src/witness.rs:427:9
[INFO] [stdout]     |
[INFO] [stdout] 427 |     use test_utils::{
[INFO] [stdout]     |         ^^^^^^^^^^ use of undeclared crate or module `test_utils`
[INFO] [stdout] 
[INFO] [stdout] 
[INFO] [stdout] warning: unused import: `serialization::*`
[INFO] [stdout]   --> src/meta_statement.rs:12:9
[INFO] [stdout]    |
[INFO] [stdout] 12 | pub use serialization::*;
[INFO] [stdout]    |         ^^^^^^^^^^^^^^^^
[INFO] [stdout]    |
[INFO] [stdout]    = note: `#[warn(unused_imports)]` on by default
[INFO] [stdout] 
[INFO] [stdout] 
[INFO] [stdout] warning: unused import: `serialization::*`
[INFO] [stdout]   --> src/statement/mod.rs:23:9
[INFO] [stdout]    |
[INFO] [stdout] 23 | pub use serialization::*;
[INFO] [stdout]    |         ^^^^^^^^^^^^^^^^
[INFO] [stdout] 
[INFO] [stdout] 
[INFO] [stdout] warning: unused import: `serialization::*`
[INFO] [stdout]   --> src/statement_proof.rs:18:9
[INFO] [stdout]    |
[INFO] [stdout] 18 | pub use serialization::*;
[INFO] [stdout]    |         ^^^^^^^^^^^^^^^^
[INFO] [stdout] 
[INFO] [stdout] 
[INFO] [stdout] warning: unused import: `serialization::*`
[INFO] [stdout]   --> src/witness.rs:15:9
[INFO] [stdout]    |
[INFO] [stdout] 15 | pub use serialization::*;
[INFO] [stdout]    |         ^^^^^^^^^^^^^^^^
[INFO] [stdout] 
[INFO] [stdout] 
[INFO] [stdout] warning: unused import: `serialization::*`
[INFO] [stdout]   --> src/meta_statement.rs:12:9
[INFO] [stdout]    |
[INFO] [stdout] 12 | pub use serialization::*;
[INFO] [stdout]    |         ^^^^^^^^^^^^^^^^
[INFO] [stdout]    |
[INFO] [stdout]    = note: `#[warn(unused_imports)]` on by default
[INFO] [stdout] 
[INFO] [stdout] 
[INFO] [stdout] warning: unused import: `serialization::*`
[INFO] [stdout]   --> src/statement/mod.rs:23:9
[INFO] [stdout]    |
[INFO] [stdout] 23 | pub use serialization::*;
[INFO] [stdout]    |         ^^^^^^^^^^^^^^^^
[INFO] [stdout] 
[INFO] [stdout] 
[INFO] [stdout] warning: unused import: `serialization::*`
[INFO] [stdout]   --> src/statement_proof.rs:18:9
[INFO] [stdout]    |
[INFO] [stdout] 18 | pub use serialization::*;
[INFO] [stdout]    |         ^^^^^^^^^^^^^^^^
[INFO] [stdout] 
[INFO] [stdout] 
[INFO] [stdout] warning: unused import: `serialization::*`
[INFO] [stdout]   --> src/witness.rs:15:9
[INFO] [stdout]    |
[INFO] [stdout] 15 | pub use serialization::*;
[INFO] [stdout]    |         ^^^^^^^^^^^^^^^^
[INFO] [stdout] 
[INFO] [stdout] 
[INFO] [stdout] warning: unused import: `Accumulator`
[INFO] [stdout]    --> src/statement/mod.rs:215:35
[INFO] [stdout]     |
[INFO] [stdout] 215 |     use vb_accumulator::prelude::{Accumulator, MembershipProvingKey, NonMembershipProvingKey};
[INFO] [stdout]     |                                   ^^^^^^^^^^^
[INFO] [stdout] 
[INFO] [stdout] 
[INFO] [stdout] error: aborting due to 4 previous errors; 5 warnings emitted
[INFO] [stdout] 
[INFO] [stdout] 
[INFO] [stdout] Some errors have detailed explanations: E0432, E0433.
[INFO] [stdout] 
[INFO] [stdout] For more information about an error, try `rustc --explain E0432`.
[INFO] [stdout] 
[INFO] [stderr] error: could not compile `proof_system` (lib test) due to 5 previous errors; 5 warnings emitted
[INFO] [stderr] warning: build failed, waiting for other jobs to finish...
[INFO] [stdout] warning: 4 warnings emitted
[INFO] [stdout] 
[INFO] [stdout] 
[INFO] running `Command { std: "docker" "inspect" "3c5eb789dc3aab5e3b337dc28bac08da1e64bdd4aa024f7c2efbce6ebcf47255", kill_on_drop: false }`
[INFO] running `Command { std: "docker" "rm" "-f" "3c5eb789dc3aab5e3b337dc28bac08da1e64bdd4aa024f7c2efbce6ebcf47255", kill_on_drop: false }`
[INFO] [stdout] 3c5eb789dc3aab5e3b337dc28bac08da1e64bdd4aa024f7c2efbce6ebcf47255
