[INFO] fetching crate prompt-graph-exec 0.1.28...
[INFO] checking prompt-graph-exec-0.1.28 against nightly-2024-02-05 for check-cfg
[INFO] extracting crate prompt-graph-exec 0.1.28 into /workspace/builds/worker-7-tc1/source
[INFO] validating manifest of crates.io crate prompt-graph-exec 0.1.28 on toolchain nightly-2024-02-05
[INFO] running `Command { std: CARGO_HOME="/workspace/cargo-home" RUSTUP_HOME="/workspace/rustup-home" "/workspace/cargo-home/bin/cargo" "+nightly-2024-02-05" "metadata" "--manifest-path" "Cargo.toml" "--no-deps", kill_on_drop: false }`
[INFO] started tweaking crates.io crate prompt-graph-exec 0.1.28
[INFO] finished tweaking crates.io crate prompt-graph-exec 0.1.28
[INFO] tweaked toml for crates.io crate prompt-graph-exec 0.1.28 written to /workspace/builds/worker-7-tc1/source/Cargo.toml
[INFO] crate crates.io crate prompt-graph-exec 0.1.28 already has a lockfile, it will not be regenerated
[INFO] running `Command { std: CARGO_HOME="/workspace/cargo-home" RUSTUP_HOME="/workspace/rustup-home" "/workspace/cargo-home/bin/cargo" "+nightly-2024-02-05" "fetch" "--manifest-path" "Cargo.toml", kill_on_drop: false }`
[INFO] [stderr]     Updating crates.io index
[INFO] [stderr]  Downloading crates ...
[INFO] [stderr]   Downloaded futures-enum v0.1.17
[INFO] [stderr]   Downloaded bytecheck_derive v0.6.11
[INFO] [stderr]   Downloaded rkyv v0.7.42
[INFO] [stderr]   Downloaded argfile v0.1.5
[INFO] [stderr]   Downloaded unicode-id v0.3.3
[INFO] [stderr]   Downloaded rustyline-derive v0.6.0
[INFO] [stderr]   Downloaded bytecheck v0.6.11
[INFO] [stderr]   Downloaded derive_utils v0.11.2
[INFO] [stderr]   Downloaded http-body-util v0.1.0-rc.2
[INFO] [stderr]   Downloaded iter-enum v1.1.1
[INFO] [stderr]   Downloaded schemafy v0.5.2
[INFO] [stderr]   Downloaded gluesql-core v0.14.0
[INFO] [stderr]   Downloaded sqlparser v0.34.0
[INFO] [stderr]   Downloaded rustls-webpki v0.101.1
[INFO] [stderr]   Downloaded gluesql-composite-storage v0.14.0
[INFO] [stderr]   Downloaded gluesql-utils v0.14.0
[INFO] [stderr]   Downloaded gluesql-shared-memory-storage v0.14.0
[INFO] [stderr]   Downloaded gluesql_sled_storage v0.14.0
[INFO] [stderr]   Downloaded gluesql-json-storage v0.14.0
[INFO] [stderr]   Downloaded gluesql_memory_storage v0.14.0
[INFO] [stderr]   Downloaded rustls v0.21.5
[INFO] [stderr]   Downloaded sqlparser v0.30.0
[INFO] [stderr]   Downloaded gluesql v0.14.0
[INFO] [stderr]   Downloaded v8 v0.74.0
[INFO] [stderr]   Downloaded gluesql-test-suite v0.14.0
[INFO] [stderr]   Downloaded starlark_map v0.9.0
[INFO] [stderr]   Downloaded deno_core v0.192.0
[INFO] [stderr]   Downloaded allocative_derive v0.3.0
[INFO] [stderr]   Downloaded typescript-type-def v0.5.7
[INFO] [stderr]   Downloaded display_container v0.9.0
[INFO] [stderr]   Downloaded dupe_derive v0.9.0
[INFO] [stderr]   Downloaded allocative v0.3.0
[INFO] [stderr]   Downloaded starlark v0.9.0
[INFO] [stderr]   Downloaded deno_ops v0.70.0
[INFO] [stderr]   Downloaded serde_v8 v0.103.0
[INFO] [stderr]   Downloaded openai-api-rs v0.1.11
[INFO] [stderr]   Downloaded qdrant-client v1.3.0
[INFO] [stderr]   Downloaded gluesql-cli v0.14.0
[INFO] [stderr]   Downloaded protobuf v3.2.0
[INFO] [stderr]   Downloaded sled v0.34.7
[INFO] [stderr]   Downloaded rustyline v11.0.0
[INFO] [stderr]   Downloaded lsp-types v0.93.2
[INFO] [stderr]   Downloaded tokio-cron-scheduler v0.9.4
[INFO] [stderr]   Downloaded syn-mid v0.5.3
[INFO] [stderr]   Downloaded prompt-graph-core v0.1.28
[INFO] [stderr]   Downloaded starlark_derive v0.9.0
[INFO] [stderr]   Downloaded tracing-chrome v0.7.1
[INFO] [stderr]   Downloaded ulid v1.0.0
[INFO] [stderr]   Downloaded mmap-rs v0.6.0
[INFO] [stderr]   Downloaded skiplist v0.3.0
[INFO] [stderr]   Downloaded hnsw_rs_thousand_birds v0.1.20
[INFO] [stderr]   Downloaded fd-lock v3.0.12
[INFO] [stderr]   Downloaded rkyv_derive v0.7.42
[INFO] [stderr]   Downloaded derive_utils v0.13.2
[INFO] [stderr]   Downloaded serde_repr v0.1.12
[INFO] [stderr]   Downloaded pin-project-internal v1.1.0
[INFO] [stderr]   Downloaded typescript-type-def-derive v0.5.7
[INFO] [stderr]   Downloaded debugserver-types v0.5.0
[INFO] [stderr]   Downloaded protobuf-support v3.2.0
[INFO] [stderr]   Downloaded ghost v0.1.9
[INFO] [stderr]   Downloaded sourcemap v6.2.3
[INFO] [stderr]   Downloaded dupe v0.9.0
[INFO] [stderr]   Downloaded sysctl v0.5.4
[INFO] [stderr]   Downloaded lsp-server v0.5.2
[INFO] [stderr]   Downloaded rust_decimal v1.30.0
[INFO] [stderr]   Downloaded pin-project v1.1.0
[INFO] running `Command { std: "docker" "create" "-v" "/var/lib/crater-agent-workspace/builds/worker-7-tc1/target:/opt/rustwide/target:rw,Z" "-v" "/var/lib/crater-agent-workspace/builds/worker-7-tc1/source:/opt/rustwide/workdir:ro,Z" "-v" "/var/lib/crater-agent-workspace/cargo-home:/opt/rustwide/cargo-home:ro,Z" "-v" "/var/lib/crater-agent-workspace/rustup-home:/opt/rustwide/rustup-home:ro,Z" "-e" "SOURCE_DIR=/opt/rustwide/workdir" "-e" "CARGO_TARGET_DIR=/opt/rustwide/target" "-e" "CARGO_HOME=/opt/rustwide/cargo-home" "-e" "RUSTUP_HOME=/opt/rustwide/rustup-home" "-w" "/opt/rustwide/workdir" "-m" "1610612736" "--user" "0:0" "--network" "none" "ghcr.io/rust-lang/crates-build-env/linux@sha256:2788e3201cd34a07e3172128adcd8b3090168a8e3bcc40d7c032b9dda1df7d1c" "/opt/rustwide/cargo-home/bin/cargo" "+nightly-2024-02-05" "metadata" "--no-deps" "--format-version=1", kill_on_drop: false }`
[INFO] [stdout] 59e2a9a72b3a6f2d36c7a7fe5fb87435abfdc8681d72256e19fc273ed4ce21ee
[INFO] running `Command { std: "docker" "start" "-a" "59e2a9a72b3a6f2d36c7a7fe5fb87435abfdc8681d72256e19fc273ed4ce21ee", kill_on_drop: false }`
[INFO] running `Command { std: "docker" "inspect" "59e2a9a72b3a6f2d36c7a7fe5fb87435abfdc8681d72256e19fc273ed4ce21ee", kill_on_drop: false }`
[INFO] running `Command { std: "docker" "rm" "-f" "59e2a9a72b3a6f2d36c7a7fe5fb87435abfdc8681d72256e19fc273ed4ce21ee", kill_on_drop: false }`
[INFO] [stdout] 59e2a9a72b3a6f2d36c7a7fe5fb87435abfdc8681d72256e19fc273ed4ce21ee
[INFO] running `Command { std: "docker" "create" "-v" "/var/lib/crater-agent-workspace/builds/worker-7-tc1/target:/opt/rustwide/target:rw,Z" "-v" "/var/lib/crater-agent-workspace/builds/worker-7-tc1/source:/opt/rustwide/workdir:ro,Z" "-v" "/var/lib/crater-agent-workspace/cargo-home:/opt/rustwide/cargo-home:ro,Z" "-v" "/var/lib/crater-agent-workspace/rustup-home:/opt/rustwide/rustup-home:ro,Z" "-e" "SOURCE_DIR=/opt/rustwide/workdir" "-e" "CARGO_TARGET_DIR=/opt/rustwide/target" "-e" "CARGO_INCREMENTAL=0" "-e" "RUST_BACKTRACE=full" "-e" "RUSTFLAGS=--cap-lints=forbid" "-e" "RUSTDOCFLAGS=--cap-lints=forbid" "-e" "CARGO_HOME=/opt/rustwide/cargo-home" "-e" "RUSTUP_HOME=/opt/rustwide/rustup-home" "-w" "/opt/rustwide/workdir" "-m" "1610612736" "--user" "0:0" "--network" "none" "ghcr.io/rust-lang/crates-build-env/linux@sha256:2788e3201cd34a07e3172128adcd8b3090168a8e3bcc40d7c032b9dda1df7d1c" "/opt/rustwide/cargo-home/bin/cargo" "+nightly-2024-02-05" "check" "--frozen" "--all" "--all-targets" "--message-format=json", kill_on_drop: false }`
[INFO] [stdout] 78237b3dc87c952a5040070128c620211cd5c4be872be41d36b34a9c05bb2ca9
[INFO] running `Command { std: "docker" "start" "-a" "78237b3dc87c952a5040070128c620211cd5c4be872be41d36b34a9c05bb2ca9", kill_on_drop: false }`
[INFO] [stderr]    Compiling proc-macro2 v1.0.60
[INFO] [stderr]    Compiling quote v1.0.28
[INFO] [stderr]    Compiling unicode-ident v1.0.9
[INFO] [stderr]    Compiling libc v0.2.146
[INFO] [stderr]    Compiling memchr v2.5.0
[INFO] [stderr]    Compiling syn v1.0.109
[INFO] [stderr]     Checking once_cell v1.18.0
[INFO] [stderr]    Compiling log v0.4.17
[INFO] [stderr]    Compiling serde v1.0.164
[INFO] [stderr]     Checking pin-project-lite v0.2.9
[INFO] [stderr]     Checking smallvec v1.10.0
[INFO] [stderr]    Compiling futures-core v0.3.28
[INFO] [stderr]    Compiling indexmap v1.9.3
[INFO] [stderr]     Checking scopeguard v1.1.0
[INFO] [stderr]     Checking bytes v1.4.0
[INFO] [stderr]    Compiling lock_api v0.4.10
[INFO] [stderr]     Checking itoa v1.0.6
[INFO] [stderr]    Compiling slab v0.4.8
[INFO] [stderr]    Compiling ahash v0.8.3
[INFO] [stderr]    Compiling syn v2.0.18
[INFO] [stderr]     Checking futures-sink v0.3.28
[INFO] [stderr]     Checking futures-io v0.3.28
[INFO] [stderr]    Compiling futures-channel v0.3.28
[INFO] [stderr]    Compiling futures-task v0.3.28
[INFO] [stderr]    Compiling futures-util v0.3.28
[INFO] [stderr]    Compiling parking_lot_core v0.9.8
[INFO] [stderr]     Checking getrandom v0.2.10
[INFO] [stderr]    Compiling heck v0.4.1
[INFO] [stderr]    Compiling jobserver v0.1.26
[INFO] [stderr]     Checking num_cpus v1.15.0
[INFO] [stderr]    Compiling typenum v1.16.0
[INFO] [stderr]    Compiling thiserror v1.0.40
[INFO] [stderr]     Checking socket2 v0.4.9
[INFO] [stderr]    Compiling cc v1.0.79
[INFO] [stderr]     Checking parking_lot v0.12.1
[INFO] [stderr]    Compiling tokio v1.28.2
[INFO] [stderr]    Compiling io-lifetimes v1.0.11
[INFO] [stderr]     Checking signal-hook-registry v1.4.1
[INFO] [stderr]     Checking mio v0.8.8
[INFO] [stderr]    Compiling num-traits v0.2.15
[INFO] [stderr]    Compiling rustversion v1.0.12
[INFO] [stderr]    Compiling pkg-config v0.3.27
[INFO] [stderr]    Compiling either v1.8.1
[INFO] [stderr]    Compiling rustix v0.37.20
[INFO] [stderr]     Checking allocator-api2 v0.2.16
[INFO] [stderr]    Compiling num-integer v0.1.45
[INFO] [stderr]    Compiling anyhow v1.0.71
[INFO] [stderr]     Checking ryu v1.0.13
[INFO] [stderr]     Checking tracing-core v0.1.31
[INFO] [stderr]    Compiling serde_json v1.0.99
[INFO] [stderr]     Checking hashbrown v0.14.0
[INFO] [stderr]    Compiling wasm-bindgen-shared v0.2.86
[INFO] [stderr]     Checking aho-corasick v1.0.2
[INFO] [stderr]    Compiling num-bigint v0.4.3
[INFO] [stderr]    Compiling async-trait v0.1.68
[INFO] [stderr]     Checking regex-syntax v0.7.2
[INFO] [stderr]     Checking indexmap v2.0.0
[INFO] [stderr]    Compiling bumpalo v3.13.0
[INFO] [stderr]    Compiling crossbeam-utils v0.8.15
[INFO] [stderr]     Checking http v0.2.9
[INFO] [stderr]    Compiling ring v0.16.20
[INFO] [stderr]    Compiling itertools v0.10.5
[INFO] [stderr]    Compiling wasm-bindgen-backend v0.2.86
[INFO] [stderr]    Compiling which v4.4.0
[INFO] [stderr]    Compiling wasm-bindgen v0.2.86
[INFO] [stderr]     Checking linux-raw-sys v0.3.8
[INFO] [stderr]     Checking time v0.1.45
[INFO] [stderr]     Checking regex v1.8.4
[INFO] [stderr]    Compiling wasm-bindgen-macro-support v0.2.86
[INFO] [stderr]    Compiling tempfile v3.6.0
[INFO] [stderr]     Checking iana-time-zone v0.1.57
[INFO] [stderr]     Checking bitmaps v2.1.0
[INFO] [stderr]    Compiling proc-macro-error-attr v1.0.4
[INFO] [stderr]    Compiling memoffset v0.9.0
[INFO] [stderr]    Compiling im-rc v15.1.0
[INFO] [stderr]    Compiling strum_macros v0.24.3
[INFO] [stderr]    Compiling prost-derive v0.11.9
[INFO] [stderr]     Checking tower-service v0.3.2
[INFO] [stderr]    Compiling bitflags v1.3.2
[INFO] [stderr]    Compiling httparse v1.8.0
[INFO] [stderr]    Compiling serde_derive v1.0.164
[INFO] [stderr]    Compiling futures-macro v0.3.28
[INFO] [stderr]    Compiling thiserror-impl v1.0.40
[INFO] [stderr]    Compiling tokio-macros v2.1.0
[INFO] [stderr]    Compiling tracing-attributes v0.1.24
[INFO] [stderr]    Compiling pin-project-internal v1.1.0
[INFO] [stderr]    Compiling wasm-bindgen-macro v0.2.86
[INFO] [stderr]     Checking tracing v0.1.37
[INFO] [stderr]    Compiling rust_decimal v1.30.0
[INFO] [stderr]     Checking sized-chunks v0.6.5
[INFO] [stderr]     Checking pin-project v1.1.0
[INFO] [stderr]     Checking generic-array v0.14.7
[INFO] [stderr]     Checking http-body v0.4.5
[INFO] [stderr]     Checking uuid v1.3.3
[INFO] [stderr]    Compiling derive_utils v0.13.2
[INFO] [stderr]    Compiling derive_utils v0.11.2
[INFO] [stderr]    Compiling openssl-sys v0.9.90
[INFO] [stderr]    Compiling crossbeam-epoch v0.9.15
[INFO] [stderr]    Compiling proc-macro-error v1.0.4
[INFO] [stderr]     Checking percent-encoding v2.3.0
[INFO] [stderr]     Checking arrayvec v0.7.4
[INFO] [stderr]     Checking futures-executor v0.3.28
[INFO] [stderr]     Checking try-lock v0.2.4
[INFO] [stderr]     Checking want v0.3.0
[INFO] [stderr]     Checking futures v0.3.28
[INFO] [stderr]    Compiling iter-enum v1.1.1
[INFO] [stderr]     Checking gluesql-utils v0.14.0
[INFO] [stderr]    Compiling async-recursion v1.0.4
[INFO] [stderr]     Checking byteorder v1.4.3
[INFO] [stderr]     Checking hex v0.4.3
[INFO] [stderr]     Checking httpdate v1.0.2
[INFO] [stderr]    Compiling prettyplease v0.1.25
[INFO] [stderr]     Checking openssl-probe v0.1.5
[INFO] [stderr]    Compiling crc32fast v1.3.2
[INFO] [stderr]    Compiling hashbrown v0.12.3
[INFO] [stderr]    Compiling rustls v0.21.5
[INFO] [stderr]     Checking tokio-util v0.7.8
[INFO] [stderr]     Checking fastrand v1.9.0
[INFO] [stderr]    Compiling prost v0.11.9
[INFO] [stderr]     Checking crypto-common v0.1.6
[INFO] [stderr]     Checking sct v0.7.0
[INFO] [stderr]     Checking rustls-webpki v0.101.1
[INFO] [stderr]    Compiling polling v2.8.0
[INFO] [stderr]    Compiling fixedbitset v0.4.2
[INFO] [stderr]     Checking h2 v0.3.19
[INFO] [stderr]    Compiling openssl v0.10.55
[INFO] [stderr]     Checking foreign-types-shared v0.1.1
[INFO] [stderr]     Checking foreign-types v0.3.2
[INFO] [stderr]    Compiling petgraph v0.6.3
[INFO] [stderr]    Compiling prost-types v0.11.9
[INFO] [stderr]    Compiling getrandom v0.1.16
[INFO] [stderr]     Checking unicode-normalization v0.1.22
[INFO] [stderr]     Checking rand_core v0.6.4
[INFO] [stderr]     Checking rand_chacha v0.3.1
[INFO] [stderr]    Compiling toml v0.5.11
[INFO] [stderr]     Checking rand v0.8.5
[INFO] [stderr]     Checking chrono v0.4.23
[INFO] [stderr]     Checking rand_xoshiro v0.6.0
[INFO] [stderr]     Checking ordered-float v3.7.0
[INFO] [stderr]     Checking hyper v0.14.27
[INFO] [stderr]    Compiling find-crate v0.6.3
[INFO] [stderr]     Checking form_urlencoded v1.2.0
[INFO] [stderr]    Compiling openssl-macros v0.1.1
[INFO] [stderr]    Compiling fslock v0.1.8
[INFO] [stderr]    Compiling async-io v1.13.0
[INFO] [stderr]    Compiling memoffset v0.6.5
[INFO] [stderr]     Checking bigdecimal v0.3.1
[INFO] [stderr]     Checking base64 v0.21.2
[INFO] [stderr]    Compiling native-tls v0.2.11
[INFO] [stderr]     Checking unicode-bidi v0.3.13
[INFO] [stderr]     Checking sqlparser v0.30.0
[INFO] [stderr]     Checking waker-fn v1.1.0
[INFO] [stderr]    Compiling futures-enum v0.1.17
[INFO] [stderr]    Compiling multimap v0.8.3
[INFO] [stderr]     Checking subtle v2.4.1
[INFO] [stderr]     Checking mime v0.3.17
[INFO] [stderr]     Checking event-listener v2.5.3
[INFO] [stderr]     Checking parking v2.1.0
[INFO] [stderr]     Checking rustls-pemfile v1.0.3
[INFO] [stderr]     Checking futures-lite v1.13.0
[INFO] [stderr]     Checking async-lock v2.7.0
[INFO] [stderr]     Checking idna v0.4.0
[INFO] [stderr]    Compiling prost-build v0.11.9
[INFO] [stderr]    Compiling v8 v0.74.0
[INFO] [stderr]     Checking parking_lot_core v0.8.6
[INFO] [stderr]     Checking tokio-rustls v0.24.1
[INFO] [stderr]     Checking block-buffer v0.10.4
[INFO] [stderr]     Checking concurrent-queue v2.2.0
[INFO] [stderr]    Compiling axum-core v0.3.4
[INFO] [stderr]    Compiling zstd-sys v2.0.8+zstd.1.5.5
[INFO] [stderr]    Compiling ident_case v1.0.1
[INFO] [stderr]     Checking termcolor v1.2.0
[INFO] [stderr]     Checking unicode-width v0.1.10
[INFO] [stderr]    Compiling strsim v0.10.0
[INFO] [stderr]    Compiling fnv v1.0.7
[INFO] [stderr]    Compiling ucd-trie v0.1.5
[INFO] [stderr]     Checking tower-layer v0.3.2
[INFO] [stderr]    Compiling darling_core v0.13.4
[INFO] [stderr]    Compiling pest v2.6.0
[INFO] [stderr]     Checking digest v0.10.7
[INFO] [stderr]     Checking rand_core v0.5.1
[INFO] [stderr]    Compiling tonic-build v0.9.2
[INFO] [stderr]     Checking parking_lot v0.11.2
[INFO] [stderr]     Checking url v2.4.0
[INFO] [stderr]     Checking bincode v1.3.3
[INFO] [stderr]     Checking fxhash v0.2.1
[INFO] [stderr]    Compiling axum v0.6.18
[INFO] [stderr]     Checking dirs-sys-next v0.1.2
[INFO] [stderr]     Checking fs2 v0.4.3
[INFO] [stderr]     Checking nibble_vec v0.1.0
[INFO] [stderr]    Compiling memoffset v0.7.1
[INFO] [stderr]     Checking cpufeatures v0.2.7
[INFO] [stderr]    Compiling neon-build v0.10.1
[INFO] [stderr]     Checking os_str_bytes v6.5.1
[INFO] [stderr]     Checking bytecount v0.6.3
[INFO] [stderr]     Checking endian-type v0.1.2
[INFO] [stderr]     Checking clap_lex v0.2.4
[INFO] [stderr]     Checking papergrid v0.5.1
[INFO] [stderr]     Checking radix_trie v0.2.1
[INFO] [stderr]    Compiling pest_meta v2.6.0
[INFO] [stderr]     Checking sled v0.34.7
[INFO] [stderr]     Checking dirs-next v2.0.0
[INFO] [stderr]     Checking tokio-native-tls v0.3.1
[INFO] [stderr]     Checking nix v0.23.2
[INFO] [stderr]     Checking tower v0.4.13
[INFO] [stderr]    Compiling darling_macro v0.13.4
[INFO] [stderr]     Checking tokio-io-timeout v1.2.0
[INFO] [stderr]    Compiling clap_derive v3.2.25
[INFO] [stderr]    Compiling tabled_derive v0.4.0
[INFO] [stderr]     Checking webpki v0.22.0
[INFO] [stderr]     Checking fd-lock v3.0.12
[INFO] [stderr]    Compiling async-stream-impl v0.3.5
[INFO] [stderr]    Compiling bzip2-sys v0.1.11+1.0.8
[INFO] [stderr]     Checking atty v0.2.14
[INFO] [stderr]    Compiling rayon-core v1.11.0
[INFO] [stderr]     Checking overload v0.1.1
[INFO] [stderr]     Checking textwrap v0.16.0
[INFO] [stderr]     Checking sync_wrapper v0.1.2
[INFO] [stderr]     Checking utf8parse v0.2.1
[INFO] [stderr]    Compiling winnow v0.5.3
[INFO] [stderr]    Compiling toml_datetime v0.6.3
[INFO] [stderr]     Checking same-file v1.0.6
[INFO] [stderr]    Compiling zstd-safe v5.0.2+zstd.1.5.2
[INFO] [stderr]     Checking unicode-segmentation v1.10.1
[INFO] [stderr]     Checking matchit v0.7.0
[INFO] [stderr]     Checking walkdir v2.3.3
[INFO] [stderr]     Checking async-stream v0.3.5
[INFO] [stderr]     Checking tabled v0.8.0
[INFO] [stderr]     Checking nu-ansi-term v0.46.0
[INFO] [stderr]     Checking rustyline v9.1.2
[INFO] [stderr]     Checking webpki-roots v0.22.6
[INFO] [stderr]     Checking edit v0.1.4
[INFO] [stderr]    Compiling darling v0.13.4
[INFO] [stderr]     Checking hyper-timeout v0.4.1
[INFO] [stderr]    Compiling pest_generator v2.6.0
[INFO] [stderr]     Checking hyper-tls v0.5.0
[INFO] [stderr]     Checking matchers v0.1.0
[INFO] [stderr]     Checking clap v3.2.25
[INFO] [stderr]     Checking rand_chacha v0.2.2
[INFO] [stderr]     Checking gluesql-core v0.14.0
[INFO] [stderr]     Checking rand_pcg v0.2.1
[INFO] [stderr]     Checking hyper-rustls v0.24.1
[INFO] [stderr]     Checking sharded-slab v0.1.4
[INFO] [stderr]     Checking tracing-log v0.1.3
[INFO] [stderr]     Checking rustls-native-certs v0.6.3
[INFO] [stderr]    Compiling toml_edit v0.19.14
[INFO] [stderr]     Checking serde_urlencoded v0.7.1
[INFO] [stderr]    Compiling lazy-regex-proc_macros v2.4.1
[INFO] [stderr]     Checking tokio-stream v0.1.14
[INFO] [stderr]     Checking crossbeam-deque v0.8.3
[INFO] [stderr]     Checking inout v0.1.3
[INFO] [stderr]     Checking is-terminal v0.4.7
[INFO] [stderr]    Compiling deno-proc-macro-rules-macros v0.3.2
[INFO] [stderr]    Compiling enum-as-inner v0.5.1
[INFO] [stderr]    Compiling rustyline-derive v0.6.0
[INFO] [stderr]     Checking crossbeam-channel v0.5.8
[INFO] [stderr]     Checking thread_local v1.1.7
[INFO] [stderr]     Checking encoding_rs v0.8.32
[INFO] [stderr]     Checking base64ct v1.6.0
[INFO] [stderr]     Checking ipnet v2.7.2
[INFO] [stderr]     Checking minimal-lexical v0.2.1
[INFO] [stderr]    Compiling protobuf v3.2.0
[INFO] [stderr]     Checking humantime v2.1.0
[INFO] [stderr]     Checking nom v7.1.3
[INFO] [stderr]     Checking password-hash v0.4.2
[INFO] [stderr]     Checking tonic v0.9.2
[INFO] [stderr]     Checking env_logger v0.10.0
[INFO] [stderr]     Checking miniz_oxide v0.7.1
[INFO] [stderr]    Compiling derive_more v0.99.17
[INFO] [stderr]     Checking reqwest v0.11.18
[INFO] [stderr]    Compiling deno-proc-macro-rules v0.3.2
[INFO] [stderr]     Checking tracing-subscriber v0.3.17
[INFO] [stderr]    Compiling proc-macro-crate v1.3.1
[INFO] [stderr]     Checking sysctl v0.5.4
[INFO] [stderr]    Compiling lazy-regex v2.5.0
[INFO] [stderr]     Checking cipher v0.4.4
[INFO] [stderr]    Compiling pest_derive v2.6.0
[INFO] [stderr]     Checking rand v0.7.3
[INFO] [stderr]    Compiling neon v0.10.1
[INFO] [stderr]     Checking nix v0.26.2
[INFO] [stderr]    Compiling typescript-type-def-derive v0.5.7
[INFO] [stderr]    Compiling prompt-graph-core v0.1.28
[INFO] [stderr]     Checking sha2 v0.10.6
[INFO] [stderr]     Checking hmac v0.12.1
[INFO] [stderr]     Checking serde_bytes v0.11.9
[INFO] [stderr]     Checking protobuf-support v3.2.0
[INFO] [stderr]    Compiling strum v0.24.1
[INFO] [stderr]    Compiling syn-mid v0.5.3
[INFO] [stderr]    Compiling pmutil v0.5.3
[INFO] [stderr]     Checking combine v4.6.6
[INFO] [stderr]     Checking libloading v0.6.7
[INFO] [stderr]    Compiling tokio-cron-scheduler v0.9.4
[INFO] [stderr]     Checking unicode-id v0.3.3
[INFO] [stderr]     Checking semver-parser v0.7.0
[INFO] [stderr]     Checking data-encoding v2.4.0
[INFO] [stderr]     Checking unsafe-libyaml v0.2.9
[INFO] [stderr]    Compiling virtue v0.0.13
[INFO] [stderr]     Checking if_chain v1.0.2
[INFO] [stderr]     Checking time-core v0.1.1
[INFO] [stderr]     Checking serde_yaml v0.9.25
[INFO] [stderr]     Checking time v0.3.22
[INFO] [stderr]    Compiling bincode_derive v2.0.0-rc.3
[INFO] [stderr]     Checking sourcemap v6.2.3
[INFO] [stderr]     Checking gluesql_memory_storage v0.14.0
[INFO] [stderr]     Checking gluesql-json-storage v0.14.0
[INFO] [stderr]     Checking gluesql_sled_storage v0.14.0
[INFO] [stderr]     Checking gluesql-test-suite v0.14.0
[INFO] [stderr]     Checking gluesql-composite-storage v0.14.0
[INFO] [stderr]     Checking gluesql-shared-memory-storage v0.14.0
[INFO] [stderr]     Checking typescript-type-def v0.5.7
[INFO] [stderr]     Checking semver v0.9.0
[INFO] [stderr]     Checking neon-runtime v0.10.1
[INFO] [stderr]    Compiling neon-macros v0.10.1
[INFO] [stderr]     Checking pbkdf2 v0.11.0
[INFO] [stderr]     Checking handlebars v4.3.7
[INFO] [stderr]     Checking skiplist v0.3.0
[INFO] [stderr]     Checking gluesql-cli v0.14.0
[INFO] [stderr]     Checking aes v0.8.3
[INFO] [stderr]     Checking cron v0.12.0
[INFO] [stderr]     Checking rayon v1.7.0
[INFO] [stderr]     Checking flate2 v1.0.26
[INFO] [stderr]    Compiling prompt-graph-exec v0.1.28 (/opt/rustwide/workdir)
[INFO] [stderr]     Checking sha1 v0.10.5
[INFO] [stderr]    Compiling num-derive v0.3.3
[INFO] [stderr]     Checking mmap-rs v0.6.0
[INFO] [stderr]     Checking http-body v1.0.0-rc.2
[INFO] [stderr]     Checking cpu-time v1.0.0
[INFO] [stderr]     Checking sqlparser v0.34.0
[INFO] [stderr]    Compiling indoc v1.0.9
[INFO] [stderr]     Checking qdrant-client v1.3.0
[INFO] [stderr]     Checking hnsw_rs_thousand_birds v0.1.20
[INFO] [stderr]     Checking http-body-util v0.1.0-rc.2
[INFO] [stderr]     Checking bincode v2.0.0-rc.3
[INFO] [stderr] error: failed to run custom build command for `v8 v0.74.0`
[INFO] [stderr] note: To improve backtraces for build dependencies, set the CARGO_PROFILE_DEV_BUILD_OVERRIDE_DEBUG=true environment variable to enable debug information generation.
[INFO] [stderr] 
[INFO] [stderr] Caused by:
[INFO] [stderr]   process didn't exit successfully: `/opt/rustwide/target/debug/build/v8-5058a3199bb880c5/build-script-build` (exit status: 101)
[INFO] [stderr]   --- stdout
[INFO] [stderr]   cargo:rerun-if-changed=.gn
[INFO] [stderr]   cargo:rerun-if-changed=BUILD.gn
[INFO] [stderr]   cargo:rerun-if-changed=src/binding.cc
[INFO] [stderr]   cargo:rerun-if-env-changed=CCACHE
[INFO] [stderr]   cargo:rerun-if-env-changed=CLANG_BASE_PATH
[INFO] [stderr]   cargo:rerun-if-env-changed=DENO_TRYBUILD
[INFO] [stderr]   cargo:rerun-if-env-changed=DOCS_RS
[INFO] [stderr]   cargo:rerun-if-env-changed=GN
[INFO] [stderr]   cargo:rerun-if-env-changed=GN_ARGS
[INFO] [stderr]   cargo:rerun-if-env-changed=HOST
[INFO] [stderr]   cargo:rerun-if-env-changed=NINJA
[INFO] [stderr]   cargo:rerun-if-env-changed=OUT_DIR
[INFO] [stderr]   cargo:rerun-if-env-changed=RUSTY_V8_ARCHIVE
[INFO] [stderr]   cargo:rerun-if-env-changed=RUSTY_V8_MIRROR
[INFO] [stderr]   cargo:rerun-if-env-changed=SCCACHE
[INFO] [stderr]   cargo:rerun-if-env-changed=V8_FORCE_DEBUG
[INFO] [stderr]   cargo:rerun-if-env-changed=V8_FROM_SOURCE
[INFO] [stderr]   cargo:rerun-if-env-changed=PYTHON
[INFO] [stderr]   cargo:rerun-if-env-changed=DISABLE_CLANG
[INFO] [stderr]   cargo:rerun-if-env-changed=EXTRA_GN_ARGS
[INFO] [stderr]   cargo:rerun-if-env-changed=NO_PRINT_GN_ARGS
[INFO] [stderr]   cargo:rustc-link-lib=static=rusty_v8
[INFO] [stderr]   download lockfile: "/opt/rustwide/target/debug/build/lib_download.fslock"
[INFO] [stderr]   static lib URL: https://github.com/denoland/rusty_v8/releases/download/v0.74.0/librusty_v8_release_x86_64-unknown-linux-gnu.a
[INFO] [stderr]   cargo:rustc-link-search=/opt/rustwide/target/debug/gn_out/obj
[INFO] [stderr]   Downloading https://github.com/denoland/rusty_v8/releases/download/v0.74.0/librusty_v8_release_x86_64-unknown-linux-gnu.a
[INFO] [stderr]   Downloading https://github.com/denoland/rusty_v8/releases/download/v0.74.0/librusty_v8_release_x86_64-unknown-linux-gnu.a...
[INFO] [stderr]   <urlopen error [Errno -3] Temporary failure in name resolution>
[INFO] [stderr]   Retrying in 5 s ...
[INFO] [stderr]   Downloading https://github.com/denoland/rusty_v8/releases/download/v0.74.0/librusty_v8_release_x86_64-unknown-linux-gnu.a...
[INFO] [stderr]   <urlopen error [Errno -3] Temporary failure in name resolution>
[INFO] [stderr]   Retrying in 10 s ...
[INFO] [stderr]   Downloading https://github.com/denoland/rusty_v8/releases/download/v0.74.0/librusty_v8_release_x86_64-unknown-linux-gnu.a...
[INFO] [stderr]   <urlopen error [Errno -3] Temporary failure in name resolution>
[INFO] [stderr]   Retrying in 20 s ...
[INFO] [stderr]   Downloading https://github.com/denoland/rusty_v8/releases/download/v0.74.0/librusty_v8_release_x86_64-unknown-linux-gnu.a...
[INFO] [stderr]   <urlopen error [Errno -3] Temporary failure in name resolution>
[INFO] [stderr]   Python downloader failed, trying with curl.
[INFO] [stderr] 
[INFO] [stderr]   --- stderr
[INFO] [stderr]   Traceback (most recent call last):
[INFO] [stderr]     File "/usr/lib/python3.10/urllib/request.py", line 1348, in do_open
[INFO] [stderr]       h.request(req.get_method(), req.selector, req.data, headers,
[INFO] [stderr]     File "/usr/lib/python3.10/http/client.py", line 1283, in request
[INFO] [stderr]       self._send_request(method, url, body, headers, encode_chunked)
[INFO] [stderr]     File "/usr/lib/python3.10/http/client.py", line 1329, in _send_request
[INFO] [stderr]       self.endheaders(body, encode_chunked=encode_chunked)
[INFO] [stderr]     File "/usr/lib/python3.10/http/client.py", line 1278, in endheaders
[INFO] [stderr]       self._send_output(message_body, encode_chunked=encode_chunked)
[INFO] [stderr]     File "/usr/lib/python3.10/http/client.py", line 1038, in _send_output
[INFO] [stderr]       self.send(msg)
[INFO] [stderr]     File "/usr/lib/python3.10/http/client.py", line 976, in send
[INFO] [stderr]       self.connect()
[INFO] [stderr]     File "/usr/lib/python3.10/http/client.py", line 1448, in connect
[INFO] [stderr]       super().connect()
[INFO] [stderr]     File "/usr/lib/python3.10/http/client.py", line 942, in connect
[INFO] [stderr]       self.sock = self._create_connection(
[INFO] [stderr]     File "/usr/lib/python3.10/socket.py", line 824, in create_connection
[INFO] [stderr]       for res in getaddrinfo(host, port, 0, SOCK_STREAM):
[INFO] [stderr]     File "/usr/lib/python3.10/socket.py", line 955, in getaddrinfo
[INFO] [stderr]       for res in _socket.getaddrinfo(host, port, family, type, proto, flags):
[INFO] [stderr]   socket.gaierror: [Errno -3] Temporary failure in name resolution
[INFO] [stderr] 
[INFO] [stderr]   During handling of the above exception, another exception occurred:
[INFO] [stderr] 
[INFO] [stderr]   Traceback (most recent call last):
[INFO] [stderr]     File "/opt/rustwide/cargo-home/registry/src/index.crates.io-6f17d22bba15001f/v8-0.74.0/./tools/download_file.py", line 64, in <module>
[INFO] [stderr]       sys.exit(main())
[INFO] [stderr]     File "/opt/rustwide/cargo-home/registry/src/index.crates.io-6f17d22bba15001f/v8-0.74.0/./tools/download_file.py", line 59, in main
[INFO] [stderr]       DownloadUrl(args.url, f)
[INFO] [stderr]     File "/opt/rustwide/cargo-home/registry/src/index.crates.io-6f17d22bba15001f/v8-0.74.0/./tools/download_file.py", line 45, in DownloadUrl
[INFO] [stderr]       raise e
[INFO] [stderr]     File "/opt/rustwide/cargo-home/registry/src/index.crates.io-6f17d22bba15001f/v8-0.74.0/./tools/download_file.py", line 29, in DownloadUrl
[INFO] [stderr]       response = urlopen(url)
[INFO] [stderr]     File "/usr/lib/python3.10/urllib/request.py", line 216, in urlopen
[INFO] [stderr]       return opener.open(url, data, timeout)
[INFO] [stderr]     File "/usr/lib/python3.10/urllib/request.py", line 519, in open
[INFO] [stderr]       response = self._open(req, data)
[INFO] [stderr]     File "/usr/lib/python3.10/urllib/request.py", line 536, in _open
[INFO] [stderr]       result = self._call_chain(self.handle_open, protocol, protocol +
[INFO] [stderr]     File "/usr/lib/python3.10/urllib/request.py", line 496, in _call_chain
[INFO] [stderr]       result = func(*args)
[INFO] [stderr]     File "/usr/lib/python3.10/urllib/request.py", line 1391, in https_open
[INFO] [stderr]       return self.do_open(http.client.HTTPSConnection, req,
[INFO] [stderr]     File "/usr/lib/python3.10/urllib/request.py", line 1351, in do_open
[INFO] [stderr]       raise URLError(err)
[INFO] [stderr]   urllib.error.URLError: <urlopen error [Errno -3] Temporary failure in name resolution>
[INFO] [stderr]   thread 'main' panicked at /opt/rustwide/cargo-home/registry/src/index.crates.io-6f17d22bba15001f/v8-0.74.0/build.rs:432:3:
[INFO] [stderr]   assertion failed: status.success()
[INFO] [stderr]   stack backtrace:
[INFO] [stderr]      0:     0x55ba958e4386 - std::backtrace_rs::backtrace::libunwind::trace::heebc7766b165eb2a
[INFO] [stderr]                                  at /rustc/268dbbbc4b3fd71c5f360a4d0728295252430b5b/library/std/src/../../backtrace/src/backtrace/libunwind.rs:104:5
[INFO] [stderr]      1:     0x55ba958e4386 - std::backtrace_rs::backtrace::trace_unsynchronized::ha677020d8fc0296d
[INFO] [stderr]                                  at /rustc/268dbbbc4b3fd71c5f360a4d0728295252430b5b/library/std/src/../../backtrace/src/backtrace/mod.rs:66:5
[INFO] [stderr]      2:     0x55ba958e4386 - std::sys_common::backtrace::_print_fmt::hcaff2fd86a1aeaa3
[INFO] [stderr]                                  at /rustc/268dbbbc4b3fd71c5f360a4d0728295252430b5b/library/std/src/sys_common/backtrace.rs:68:5
[INFO] [stderr]      3:     0x55ba958e4386 - <std::sys_common::backtrace::_print::DisplayBacktrace as core::fmt::Display>::fmt::hc2446d8aa0059188
[INFO] [stderr]                                  at /rustc/268dbbbc4b3fd71c5f360a4d0728295252430b5b/library/std/src/sys_common/backtrace.rs:44:22
[INFO] [stderr]      4:     0x55ba95907ab0 - core::fmt::rt::Argument::fmt::h2fbb6454da37999b
[INFO] [stderr]                                  at /rustc/268dbbbc4b3fd71c5f360a4d0728295252430b5b/library/core/src/fmt/rt.rs:142:9
[INFO] [stderr]      5:     0x55ba95907ab0 - core::fmt::write::had96bdeda7d49d3a
[INFO] [stderr]                                  at /rustc/268dbbbc4b3fd71c5f360a4d0728295252430b5b/library/core/src/fmt/mod.rs:1120:17
[INFO] [stderr]      6:     0x55ba958e1aef - std::io::Write::write_fmt::h30b1f36eea05b391
[INFO] [stderr]                                  at /rustc/268dbbbc4b3fd71c5f360a4d0728295252430b5b/library/std/src/io/mod.rs:1849:15
[INFO] [stderr]      7:     0x55ba958e4164 - std::sys_common::backtrace::_print::hc333bb91ae972137
[INFO] [stderr]                                  at /rustc/268dbbbc4b3fd71c5f360a4d0728295252430b5b/library/std/src/sys_common/backtrace.rs:47:5
[INFO] [stderr]      8:     0x55ba958e4164 - std::sys_common::backtrace::print::h18fd3c71a95a3169
[INFO] [stderr]                                  at /rustc/268dbbbc4b3fd71c5f360a4d0728295252430b5b/library/std/src/sys_common/backtrace.rs:34:9
[INFO] [stderr]      9:     0x55ba958e5857 - std::panicking::default_hook::{{closure}}::ha3473f9bcb4e9a37
[INFO] [stderr]     10:     0x55ba958e55b9 - std::panicking::default_hook::h23d9d43185db6584
[INFO] [stderr]                                  at /rustc/268dbbbc4b3fd71c5f360a4d0728295252430b5b/library/std/src/panicking.rs:292:9
[INFO] [stderr]     11:     0x55ba958e5ce8 - std::panicking::rust_panic_with_hook::h94aceaa7df3a6edd
[INFO] [stderr]                                  at /rustc/268dbbbc4b3fd71c5f360a4d0728295252430b5b/library/std/src/panicking.rs:781:13
[INFO] [stderr]     12:     0x55ba958e5b89 - std::panicking::begin_panic_handler::{{closure}}::h9905d45d1d82fc42
[INFO] [stderr]                                  at /rustc/268dbbbc4b3fd71c5f360a4d0728295252430b5b/library/std/src/panicking.rs:651:13
[INFO] [stderr]     13:     0x55ba958e4886 - std::sys_common::backtrace::__rust_end_short_backtrace::hb02085545dc143b9
[INFO] [stderr]                                  at /rustc/268dbbbc4b3fd71c5f360a4d0728295252430b5b/library/std/src/sys_common/backtrace.rs:171:18
[INFO] [stderr]     14:     0x55ba958e5914 - rust_begin_unwind
[INFO] [stderr]                                  at /rustc/268dbbbc4b3fd71c5f360a4d0728295252430b5b/library/std/src/panicking.rs:647:5
[INFO] [stderr]     15:     0x55ba95895915 - core::panicking::panic_fmt::h6dca3983f8a9f4d0
[INFO] [stderr]                                  at /rustc/268dbbbc4b3fd71c5f360a4d0728295252430b5b/library/core/src/panicking.rs:72:14
[INFO] [stderr]     16:     0x55ba958959d3 - core::panicking::panic::h8dcb5ec23765a8c3
[INFO] [stderr]                                  at /rustc/268dbbbc4b3fd71c5f360a4d0728295252430b5b/library/core/src/panicking.rs:144:5
[INFO] [stderr]     17:     0x55ba958a074d - build_script_build::download_file::hbc63165141e51bbf
[INFO] [stderr]     18:     0x55ba958a10d3 - build_script_build::download_static_lib_binaries::hdd782919977a543d
[INFO] [stderr]     19:     0x55ba9589bb3f - build_script_build::main::h44c59a49f00f0926
[INFO] [stderr]     20:     0x55ba958b4c33 - core::ops::function::FnOnce::call_once::hfaa617afb2e1314d
[INFO] [stderr]     21:     0x55ba958ae636 - std::sys_common::backtrace::__rust_begin_short_backtrace::hefadb89ba90bdfed
[INFO] [stderr]     22:     0x55ba958ab789 - std::rt::lang_start::{{closure}}::h0d34facec6645453
[INFO] [stderr]     23:     0x55ba958dcc61 - core::ops::function::impls::<impl core::ops::function::FnOnce<A> for &F>::call_once::h298d8ff12ebcec8c
[INFO] [stderr]                                  at /rustc/268dbbbc4b3fd71c5f360a4d0728295252430b5b/library/core/src/ops/function.rs:284:13
[INFO] [stderr]     24:     0x55ba958dcc61 - std::panicking::try::do_call::hbd0ffb05da5bd343
[INFO] [stderr]                                  at /rustc/268dbbbc4b3fd71c5f360a4d0728295252430b5b/library/std/src/panicking.rs:554:40
[INFO] [stderr]     25:     0x55ba958dcc61 - std::panicking::try::h11c9a152defd5d2a
[INFO] [stderr]                                  at /rustc/268dbbbc4b3fd71c5f360a4d0728295252430b5b/library/std/src/panicking.rs:518:19
[INFO] [stderr]     26:     0x55ba958dcc61 - std::panic::catch_unwind::h0d6db2fa902b4d64
[INFO] [stderr]                                  at /rustc/268dbbbc4b3fd71c5f360a4d0728295252430b5b/library/std/src/panic.rs:142:14
[INFO] [stderr]     27:     0x55ba958dcc61 - std::rt::lang_start_internal::{{closure}}::hdcc09b4aad7ef821
[INFO] [stderr]                                  at /rustc/268dbbbc4b3fd71c5f360a4d0728295252430b5b/library/std/src/rt.rs:148:48
[INFO] [stderr]     28:     0x55ba958dcc61 - std::panicking::try::do_call::h3ffd2f162d60900f
[INFO] [stderr]                                  at /rustc/268dbbbc4b3fd71c5f360a4d0728295252430b5b/library/std/src/panicking.rs:554:40
[INFO] [stderr]     29:     0x55ba958dcc61 - std::panicking::try::heeba82b9c3e190fb
[INFO] [stderr]                                  at /rustc/268dbbbc4b3fd71c5f360a4d0728295252430b5b/library/std/src/panicking.rs:518:19
[INFO] [stderr]     30:     0x55ba958dcc61 - std::panic::catch_unwind::hdaab8f1c188f387f
[INFO] [stderr]                                  at /rustc/268dbbbc4b3fd71c5f360a4d0728295252430b5b/library/std/src/panic.rs:142:14
[INFO] [stderr]     31:     0x55ba958dcc61 - std::rt::lang_start_internal::h9989e088c48b7903
[INFO] [stderr]                                  at /rustc/268dbbbc4b3fd71c5f360a4d0728295252430b5b/library/std/src/rt.rs:148:20
[INFO] [stderr]     32:     0x55ba958ab767 - std::rt::lang_start::h991171b85cb4ccfd
[INFO] [stderr]     33:     0x55ba958a59f5 - main
[INFO] [stderr]     34:     0x7fdab319fd90 - <unknown>
[INFO] [stderr]     35:     0x7fdab319fe40 - __libc_start_main
[INFO] [stderr]     36:     0x55ba95896135 - _start
[INFO] [stderr]     37:                0x0 - <unknown>
[INFO] [stderr] warning: build failed, waiting for other jobs to finish...
[INFO] running `Command { std: "docker" "inspect" "78237b3dc87c952a5040070128c620211cd5c4be872be41d36b34a9c05bb2ca9", kill_on_drop: false }`
[INFO] running `Command { std: "docker" "rm" "-f" "78237b3dc87c952a5040070128c620211cd5c4be872be41d36b34a9c05bb2ca9", kill_on_drop: false }`
[INFO] [stdout] 78237b3dc87c952a5040070128c620211cd5c4be872be41d36b34a9c05bb2ca9
