[INFO] fetching crate prometheus-32bitfix 0.13.1...
[INFO] checking prometheus-32bitfix-0.13.1 against nightly-2024-02-05 for check-cfg
[INFO] extracting crate prometheus-32bitfix 0.13.1 into /workspace/builds/worker-7-tc1/source
[INFO] validating manifest of crates.io crate prometheus-32bitfix 0.13.1 on toolchain nightly-2024-02-05
[INFO] running `Command { std: CARGO_HOME="/workspace/cargo-home" RUSTUP_HOME="/workspace/rustup-home" "/workspace/cargo-home/bin/cargo" "+nightly-2024-02-05" "metadata" "--manifest-path" "Cargo.toml" "--no-deps", kill_on_drop: false }`
[INFO] started tweaking crates.io crate prometheus-32bitfix 0.13.1
[INFO] finished tweaking crates.io crate prometheus-32bitfix 0.13.1
[INFO] tweaked toml for crates.io crate prometheus-32bitfix 0.13.1 written to /workspace/builds/worker-7-tc1/source/Cargo.toml
[INFO] crate crates.io crate prometheus-32bitfix 0.13.1 already has a lockfile, it will not be regenerated
[INFO] running `Command { std: CARGO_HOME="/workspace/cargo-home" RUSTUP_HOME="/workspace/rustup-home" "/workspace/cargo-home/bin/cargo" "+nightly-2024-02-05" "fetch" "--manifest-path" "Cargo.toml", kill_on_drop: false }`
[INFO] [stderr]  Downloading crates ...
[INFO] [stderr]   Downloaded semver v1.0.10
[INFO] [stderr]   Downloaded protobuf-codegen-pure v2.27.1
[INFO] [stderr]   Downloaded crossbeam-epoch v0.9.9
[INFO] [stderr]   Downloaded protobuf-codegen v2.27.1
[INFO] [stderr]   Downloaded protobuf v2.27.1
[INFO] running `Command { std: "docker" "create" "-v" "/var/lib/crater-agent-workspace/builds/worker-7-tc1/target:/opt/rustwide/target:rw,Z" "-v" "/var/lib/crater-agent-workspace/builds/worker-7-tc1/source:/opt/rustwide/workdir:ro,Z" "-v" "/var/lib/crater-agent-workspace/cargo-home:/opt/rustwide/cargo-home:ro,Z" "-v" "/var/lib/crater-agent-workspace/rustup-home:/opt/rustwide/rustup-home:ro,Z" "-e" "SOURCE_DIR=/opt/rustwide/workdir" "-e" "CARGO_TARGET_DIR=/opt/rustwide/target" "-e" "CARGO_HOME=/opt/rustwide/cargo-home" "-e" "RUSTUP_HOME=/opt/rustwide/rustup-home" "-w" "/opt/rustwide/workdir" "-m" "1610612736" "--user" "0:0" "--network" "none" "ghcr.io/rust-lang/crates-build-env/linux@sha256:2788e3201cd34a07e3172128adcd8b3090168a8e3bcc40d7c032b9dda1df7d1c" "/opt/rustwide/cargo-home/bin/cargo" "+nightly-2024-02-05" "metadata" "--no-deps" "--format-version=1", kill_on_drop: false }`
[INFO] [stdout] b6f786a07a7744a763e796b1fc9c584f282ea4b4e57af74601fc93d2d0f0d724
[INFO] running `Command { std: "docker" "start" "-a" "b6f786a07a7744a763e796b1fc9c584f282ea4b4e57af74601fc93d2d0f0d724", kill_on_drop: false }`
[INFO] running `Command { std: "docker" "inspect" "b6f786a07a7744a763e796b1fc9c584f282ea4b4e57af74601fc93d2d0f0d724", kill_on_drop: false }`
[INFO] running `Command { std: "docker" "rm" "-f" "b6f786a07a7744a763e796b1fc9c584f282ea4b4e57af74601fc93d2d0f0d724", kill_on_drop: false }`
[INFO] [stdout] b6f786a07a7744a763e796b1fc9c584f282ea4b4e57af74601fc93d2d0f0d724
[INFO] running `Command { std: "docker" "create" "-v" "/var/lib/crater-agent-workspace/builds/worker-7-tc1/target:/opt/rustwide/target:rw,Z" "-v" "/var/lib/crater-agent-workspace/builds/worker-7-tc1/source:/opt/rustwide/workdir:ro,Z" "-v" "/var/lib/crater-agent-workspace/cargo-home:/opt/rustwide/cargo-home:ro,Z" "-v" "/var/lib/crater-agent-workspace/rustup-home:/opt/rustwide/rustup-home:ro,Z" "-e" "SOURCE_DIR=/opt/rustwide/workdir" "-e" "CARGO_TARGET_DIR=/opt/rustwide/target" "-e" "CARGO_INCREMENTAL=0" "-e" "RUST_BACKTRACE=full" "-e" "RUSTFLAGS=--cap-lints=forbid" "-e" "RUSTDOCFLAGS=--cap-lints=forbid" "-e" "CARGO_HOME=/opt/rustwide/cargo-home" "-e" "RUSTUP_HOME=/opt/rustwide/rustup-home" "-w" "/opt/rustwide/workdir" "-m" "1610612736" "--user" "0:0" "--network" "none" "ghcr.io/rust-lang/crates-build-env/linux@sha256:2788e3201cd34a07e3172128adcd8b3090168a8e3bcc40d7c032b9dda1df7d1c" "/opt/rustwide/cargo-home/bin/cargo" "+nightly-2024-02-05" "check" "--frozen" "--all" "--all-targets" "--message-format=json", kill_on_drop: false }`
[INFO] [stdout] 04aca4c906ede8ac13d5e7f1e96cbeb035dbf636430aa50d50c4e766b5a08d1d
[INFO] running `Command { std: "docker" "start" "-a" "04aca4c906ede8ac13d5e7f1e96cbeb035dbf636430aa50d50c4e766b5a08d1d", kill_on_drop: false }`
[INFO] [stderr]    Compiling libc v0.2.126
[INFO] [stderr]    Compiling proc-macro2 v1.0.40
[INFO] [stderr]     Checking once_cell v1.12.0
[INFO] [stderr]    Compiling unicode-ident v1.0.1
[INFO] [stderr]    Compiling quote v1.0.20
[INFO] [stderr]    Compiling syn v1.0.98
[INFO] [stderr]     Checking scopeguard v1.1.0
[INFO] [stderr]    Compiling serde v1.0.137
[INFO] [stderr]    Compiling semver v1.0.10
[INFO] [stderr]    Compiling crossbeam-utils v0.8.10
[INFO] [stderr]    Compiling memoffset v0.6.5
[INFO] [stderr]    Compiling memchr v2.5.0
[INFO] [stderr]    Compiling crossbeam-epoch v0.9.9
[INFO] [stderr]     Checking itoa v1.0.2
[INFO] [stderr]    Compiling log v0.4.17
[INFO] [stderr]    Compiling rustc_version v0.4.0
[INFO] [stderr]    Compiling rayon-core v1.9.3
[INFO] [stderr]     Checking pin-project-lite v0.2.9
[INFO] [stderr]    Compiling futures-core v0.3.21
[INFO] [stderr]    Compiling cast v0.2.7
[INFO] [stderr]     Checking num_cpus v1.13.1
[INFO] [stderr]    Compiling lock_api v0.4.7
[INFO] [stderr]    Compiling num-traits v0.2.15
[INFO] [stderr]     Checking fnv v1.0.7
[INFO] [stderr]    Compiling serde_json v1.0.81
[INFO] [stderr]     Checking either v1.6.1
[INFO] [stderr]     Checking unicode-width v0.1.9
[INFO] [stderr]    Compiling futures-task v0.3.21
[INFO] [stderr]     Checking ryu v1.0.10
[INFO] [stderr]    Compiling parking_lot_core v0.9.3
[INFO] [stderr]     Checking crossbeam-deque v0.8.1
[INFO] [stderr]     Checking crossbeam-channel v0.5.5
[INFO] [stderr]    Compiling rayon v1.5.3
[INFO] [stderr]     Checking regex-automata v0.1.10
[INFO] [stderr]     Checking plotters-backend v0.3.2
[INFO] [stderr]    Compiling futures-channel v0.3.21
[INFO] [stderr]     Checking smallvec v1.8.0
[INFO] [stderr]    Compiling protobuf v2.27.1
[INFO] [stderr]    Compiling httparse v1.7.1
[INFO] [stderr]     Checking bytes v1.1.0
[INFO] [stderr]    Compiling futures-util v0.3.21
[INFO] [stderr]    Compiling serde_derive v1.0.137
[INFO] [stderr]     Checking http v0.2.8
[INFO] [stderr]     Checking plotters-svg v0.3.1
[INFO] [stderr]     Checking itertools v0.10.3
[INFO] [stderr]     Checking textwrap v0.11.0
[INFO] [stderr]     Checking mio v0.8.4
[INFO] [stderr]     Checking bstr v0.2.17
[INFO] [stderr]     Checking csv-core v0.1.10
[INFO] [stderr]     Checking socket2 v0.4.4
[INFO] [stderr]     Checking tracing-core v0.1.28
[INFO] [stderr]     Checking pin-utils v0.1.0
[INFO] [stderr]     Checking same-file v1.0.6
[INFO] [stderr]     Checking try-lock v0.2.3
[INFO] [stderr]    Compiling prometheus-32bitfix v0.13.1 (/opt/rustwide/workdir)
[INFO] [stderr]     Checking half v1.8.2
[INFO] [stderr]     Checking itoa v0.4.8
[INFO] [stderr]     Checking regex-syntax v0.6.26
[INFO] [stderr]     Checking bitflags v1.3.2
[INFO] [stderr]     Checking clap v2.34.0
[INFO] [stderr]     Checking csv v1.1.6
[INFO] [stderr]     Checking serde_cbor v0.11.2
[INFO] [stderr]     Checking tracing v0.1.35
[INFO] [stderr]     Checking walkdir v2.3.2
[INFO] [stderr]     Checking want v0.3.0
[INFO] [stderr]     Checking plotters v0.3.1
[INFO] [stderr]     Checking tinytemplate v1.2.1
[INFO] [stderr]     Checking criterion-plot v0.4.4
[INFO] [stderr]     Checking parking_lot v0.12.1
[INFO] [stderr]     Checking http-body v0.4.5
[INFO] [stderr]     Checking regex v1.5.6
[INFO] [stderr]     Checking atty v0.2.14
[INFO] [stderr]     Checking httpdate v1.0.2
[INFO] [stderr]     Checking oorandom v11.1.3
[INFO] [stderr]     Checking tower-service v0.3.2
[INFO] [stderr]     Checking getopts v0.2.21
[INFO] [stderr]    Compiling tokio-macros v1.8.0
[INFO] [stderr]    Compiling thiserror-impl v1.0.31
[INFO] [stderr]     Checking tokio v1.19.2
[INFO] [stderr]     Checking thiserror v1.0.31
[INFO] [stderr]     Checking hyper v0.14.19
[INFO] [stderr]     Checking criterion v0.3.5
[INFO] [stdout] error[E0432]: unresolved import `prometheus`
[INFO] [stdout]   --> benches/gauge.rs:15:5
[INFO] [stdout]    |
[INFO] [stdout] 15 | use prometheus::{Gauge, GaugeVec, IntGauge, Opts};
[INFO] [stdout]    |     ^^^^^^^^^^ use of undeclared crate or module `prometheus`
[INFO] [stdout] 
[INFO] [stdout] 
[INFO] [stdout] error[E0432]: unresolved import `prometheus`
[INFO] [stdout]  --> examples/example_embed.rs:6:5
[INFO] [stdout]   |
[INFO] [stdout] 6 | use prometheus::{Counter, CounterVec, Encoder, Gauge, GaugeVec, Opts, Registry, TextEncoder};
[INFO] [stdout]   |     ^^^^^^^^^^ use of undeclared crate or module `prometheus`
[INFO] [stdout] 
[INFO] [stdout] 
[INFO] [stdout] error[E0432]: unresolved import `prometheus`
[INFO] [stdout]  --> examples/example_edition_2018.rs:3:5
[INFO] [stdout]   |
[INFO] [stdout] 3 | use prometheus::register_counter;
[INFO] [stdout]   |     ^^^^^^^^^^ use of undeclared crate or module `prometheus`
[INFO] [stdout] 
[INFO] [stdout] 
[INFO] [stdout] error[E0433]: failed to resolve: use of undeclared crate or module `prometheus`
[INFO] [stdout]   --> examples/example_edition_2018.rs:23:5
[INFO] [stdout]    |
[INFO] [stdout] 23 |     prometheus::register_int_gauge_vec!("test_macro_gauge_vec_4", "help", &["a", "b"]);
[INFO] [stdout]    |     ^^^^^^^^^^ use of undeclared crate or module `prometheus`
[INFO] [stdout] 
[INFO] [stdout] 
[INFO] [stdout] error[E0433]: failed to resolve: use of undeclared crate or module `prometheus`
[INFO] [stdout]   --> examples/example_edition_2018.rs:22:5
[INFO] [stdout]    |
[INFO] [stdout] 22 |     prometheus::register_int_gauge!("test_macro_gauge_2", "help");
[INFO] [stdout]    |     ^^^^^^^^^^ use of undeclared crate or module `prometheus`
[INFO] [stdout] 
[INFO] [stdout] 
[INFO] [stdout] error[E0433]: failed to resolve: use of undeclared crate or module `prometheus`
[INFO] [stdout]   --> examples/example_edition_2018.rs:21:5
[INFO] [stdout]    |
[INFO] [stdout] 21 |     prometheus::register_int_counter_vec!("errorz", "errors", &["error"]).unwrap();
[INFO] [stdout]    |     ^^^^^^^^^^ use of undeclared crate or module `prometheus`
[INFO] [stdout] 
[INFO] [stdout] 
[INFO] [stdout] error[E0433]: failed to resolve: use of undeclared crate or module `prometheus`
[INFO] [stdout]   --> examples/example_edition_2018.rs:20:5
[INFO] [stdout]    |
[INFO] [stdout] 20 |     prometheus::register_int_counter!("meh", "foo");
[INFO] [stdout]    |     ^^^^^^^^^^ use of undeclared crate or module `prometheus`
[INFO] [stdout] 
[INFO] [stdout] 
[INFO] [stdout] error[E0433]: failed to resolve: use of undeclared crate or module `prometheus`
[INFO] [stdout]   --> examples/example_edition_2018.rs:14:5
[INFO] [stdout]    |
[INFO] [stdout] 14 |     prometheus::register_histogram_vec!(
[INFO] [stdout]    |     ^^^^^^^^^^ use of undeclared crate or module `prometheus`
[INFO] [stdout] 
[INFO] [stdout] 
[INFO] [stdout] error[E0433]: failed to resolve: use of undeclared crate or module `prometheus`
[INFO] [stdout]   --> examples/example_edition_2018.rs:13:5
[INFO] [stdout]    |
[INFO] [stdout] 13 |     prometheus::register_histogram!("test_macro_histogram_4", "help", vec![1.0, 2.0]);
[INFO] [stdout]    |     ^^^^^^^^^^ use of undeclared crate or module `prometheus`
[INFO] [stdout] 
[INFO] [stdout] 
[INFO] [stdout] error[E0433]: failed to resolve: use of undeclared crate or module `prometheus`
[INFO] [stdout]   --> examples/example_edition_2018.rs:12:5
[INFO] [stdout]    |
[INFO] [stdout] 12 |     prometheus::register_gauge_vec!("test_macro_gauge_vec_3", "help", &["a", "b"]);
[INFO] [stdout]    |     ^^^^^^^^^^ use of undeclared crate or module `prometheus`
[INFO] [stdout] 
[INFO] [stdout] 
[INFO] [stdout] error[E0433]: failed to resolve: use of undeclared crate or module `prometheus`
[INFO] [stdout]   --> examples/example_edition_2018.rs:11:5
[INFO] [stdout]    |
[INFO] [stdout] 11 |     prometheus::register_gauge!("test_macro_gauge_2", "help");
[INFO] [stdout]    |     ^^^^^^^^^^ use of undeclared crate or module `prometheus`
[INFO] [stdout] 
[INFO] [stdout] 
[INFO] [stdout] error[E0433]: failed to resolve: use of undeclared crate or module `prometheus`
[INFO] [stdout]   --> examples/example_edition_2018.rs:10:5
[INFO] [stdout]    |
[INFO] [stdout] 10 |     prometheus::register_counter_vec!("errorz", "errors", &["error"]).unwrap();
[INFO] [stdout]    |     ^^^^^^^^^^ use of undeclared crate or module `prometheus`
[INFO] [stdout] 
[INFO] [stdout] 
[INFO] [stdout] error[E0432]: unresolved import `prometheus`
[INFO] [stdout]  --> examples/example_int_metrics.rs:3:5
[INFO] [stdout]   |
[INFO] [stdout] 3 | use prometheus::{IntCounter, IntCounterVec, IntGauge, IntGaugeVec};
[INFO] [stdout]   |     ^^^^^^^^^^ use of undeclared crate or module `prometheus`
[INFO] [stdout] 
[INFO] [stdout] 
[INFO] [stdout] error[E0432]: unresolved import `prometheus`
[INFO] [stdout]  --> examples/example_int_metrics.rs:6:5
[INFO] [stdout]   |
[INFO] [stdout] 6 | use prometheus::{
[INFO] [stdout]   |     ^^^^^^^^^^ use of undeclared crate or module `prometheus`
[INFO] [stdout] 
[INFO] [stdout] 
[INFO] [stdout] error: aborting due to 10 previous errors
[INFO] [stdout] 
[INFO] [stdout] 
[INFO] [stdout] Some errors have detailed explanations: E0432, E0433.
[INFO] [stdout] 
[INFO] [stdout] For more information about an error, try `rustc --explain E0432`.
[INFO] [stdout] 
[INFO] [stdout] error: aborting due to 1 previous error
[INFO] [stdout] 
[INFO] [stdout] 
[INFO] [stdout] For more information about this error, try `rustc --explain E0432`.
[INFO] [stdout] 
[INFO] [stdout] error[E0433]: failed to resolve: use of undeclared crate or module `prometheus`
[INFO] [stdout]   --> benches/atomic.rs:15:5
[INFO] [stdout]    |
[INFO] [stdout] 15 | use prometheus::core::*;
[INFO] [stdout]    |     ^^^^^^^^^^ use of undeclared crate or module `prometheus`
[INFO] [stdout] 
[INFO] [stdout] 
[INFO] [stderr] error: could not compile `prometheus-32bitfix` (example "example_edition_2018") due to 11 previous errors
[INFO] [stderr] warning: build failed, waiting for other jobs to finish...
[INFO] [stderr] error: could not compile `prometheus-32bitfix` (bench "gauge") due to 2 previous errors
[INFO] [stdout] error[E0432]: unresolved import `prometheus`
[INFO] [stdout]   --> benches/text_encoder.rs:15:5
[INFO] [stdout]    |
[INFO] [stdout] 15 | use prometheus::{CounterVec, Encoder, HistogramOpts, HistogramVec, Opts, Registry, TextEncoder};
[INFO] [stdout]    |     ^^^^^^^^^^ use of undeclared crate or module `prometheus`
[INFO] [stdout] 
[INFO] [stdout] 
[INFO] [stdout] error: aborting due to 2 previous errors
[INFO] [stdout] 
[INFO] [stdout] 
[INFO] [stdout] For more information about this error, try `rustc --explain E0432`.
[INFO] [stdout] 
[INFO] [stderr] error: could not compile `prometheus-32bitfix` (example "example_int_metrics") due to 3 previous errors
[INFO] [stdout] error: aborting due to 1 previous error
[INFO] [stdout] 
[INFO] [stdout] 
[INFO] [stdout] For more information about this error, try `rustc --explain E0432`.
[INFO] [stdout] 
[INFO] [stdout] error[E0433]: failed to resolve: use of undeclared crate or module `prometheus`
[INFO] [stdout]   --> benches/histogram.rs:15:5
[INFO] [stdout]    |
[INFO] [stdout] 15 | use prometheus::{core::Collector, Histogram, HistogramOpts, HistogramVec};
[INFO] [stdout]    |     ^^^^^^^^^^ use of undeclared crate or module `prometheus`
[INFO] [stdout] 
[INFO] [stdout] 
[INFO] [stdout] error: aborting due to 1 previous error
[INFO] [stdout] 
[INFO] [stdout] 
[INFO] [stdout] For more information about this error, try `rustc --explain E0432`.
[INFO] [stdout] 
[INFO] [stdout] error[E0433]: failed to resolve: use of undeclared type `AtomicF64`
[INFO] [stdout]   --> benches/atomic.rs:18:15
[INFO] [stdout]    |
[INFO] [stdout] 18 |     let val = AtomicF64::new(0.0);
[INFO] [stdout]    |               ^^^^^^^^^ use of undeclared type `AtomicF64`
[INFO] [stdout]    |
[INFO] [stdout] help: consider importing this struct
[INFO] [stdout]    |
[INFO] [stdout] 14 + use prometheus_32bitfix::core::AtomicF64;
[INFO] [stdout]    |
[INFO] [stdout] 
[INFO] [stdout] 
[INFO] [stdout] error[E0433]: failed to resolve: use of undeclared type `AtomicI64`
[INFO] [stdout]   --> benches/atomic.rs:27:15
[INFO] [stdout]    |
[INFO] [stdout] 27 |     let val = AtomicI64::new(0);
[INFO] [stdout]    |               ^^^^^^^^^ use of undeclared type `AtomicI64`
[INFO] [stdout]    |
[INFO] [stdout] help: consider importing one of these items
[INFO] [stdout]    |
[INFO] [stdout] 14 + use core::sync::atomic::AtomicI64;
[INFO] [stdout]    |
[INFO] [stdout] 14 + use prometheus_32bitfix::core::AtomicI64;
[INFO] [stdout]    |
[INFO] [stdout] 14 + use std::sync::atomic::AtomicI64;
[INFO] [stdout]    |
[INFO] [stdout] 
[INFO] [stdout] 
[INFO] [stderr] error: could not compile `prometheus-32bitfix` (example "example_embed") due to 2 previous errors
[INFO] [stdout] error[E0432]: unresolved import `prometheus`
[INFO] [stdout]   --> benches/histogram.rs:15:5
[INFO] [stdout]    |
[INFO] [stdout] 15 | use prometheus::{core::Collector, Histogram, HistogramOpts, HistogramVec};
[INFO] [stdout]    |     ^^^^^^^^^^ use of undeclared crate or module `prometheus`
[INFO] [stdout] 
[INFO] [stdout] 
[INFO] [stderr] error: could not compile `prometheus-32bitfix` (bench "text_encoder") due to 2 previous errors
[INFO] [stdout] error: aborting due to 3 previous errors
[INFO] [stdout] 
[INFO] [stdout] 
[INFO] [stdout] For more information about this error, try `rustc --explain E0433`.
[INFO] [stdout] 
[INFO] [stderr] error: could not compile `prometheus-32bitfix` (bench "atomic") due to 4 previous errors
[INFO] [stdout] error: aborting due to 2 previous errors
[INFO] [stdout] 
[INFO] [stdout] 
[INFO] [stdout] Some errors have detailed explanations: E0432, E0433.
[INFO] [stdout] 
[INFO] [stdout] For more information about an error, try `rustc --explain E0432`.
[INFO] [stdout] 
[INFO] [stderr] error: could not compile `prometheus-32bitfix` (bench "histogram") due to 3 previous errors
[INFO] running `Command { std: "docker" "inspect" "04aca4c906ede8ac13d5e7f1e96cbeb035dbf636430aa50d50c4e766b5a08d1d", kill_on_drop: false }`
[INFO] running `Command { std: "docker" "rm" "-f" "04aca4c906ede8ac13d5e7f1e96cbeb035dbf636430aa50d50c4e766b5a08d1d", kill_on_drop: false }`
[INFO] [stdout] 04aca4c906ede8ac13d5e7f1e96cbeb035dbf636430aa50d50c4e766b5a08d1d
[INFO] checking prometheus-32bitfix-0.13.1 against nightly-2024-02-05+rustflags=-Dunexpected_cfgs+cargoflags=-Zcheck-cfg for check-cfg
[INFO] extracting crate prometheus-32bitfix 0.13.1 into /workspace/builds/worker-7-tc2/source
[INFO] validating manifest of crates.io crate prometheus-32bitfix 0.13.1 on toolchain nightly-2024-02-05
[INFO] running `Command { std: CARGO_HOME="/workspace/cargo-home" RUSTUP_HOME="/workspace/rustup-home" "/workspace/cargo-home/bin/cargo" "+nightly-2024-02-05" "metadata" "--manifest-path" "Cargo.toml" "--no-deps", kill_on_drop: false }`
[INFO] started tweaking crates.io crate prometheus-32bitfix 0.13.1
[INFO] finished tweaking crates.io crate prometheus-32bitfix 0.13.1
[INFO] tweaked toml for crates.io crate prometheus-32bitfix 0.13.1 written to /workspace/builds/worker-7-tc2/source/Cargo.toml
[INFO] crate crates.io crate prometheus-32bitfix 0.13.1 already has a lockfile, it will not be regenerated
[INFO] running `Command { std: CARGO_HOME="/workspace/cargo-home" RUSTUP_HOME="/workspace/rustup-home" "/workspace/cargo-home/bin/cargo" "+nightly-2024-02-05" "fetch" "--manifest-path" "Cargo.toml", kill_on_drop: false }`
[INFO] running `Command { std: "docker" "create" "-v" "/var/lib/crater-agent-workspace/builds/worker-7-tc2/target:/opt/rustwide/target:rw,Z" "-v" "/var/lib/crater-agent-workspace/builds/worker-7-tc2/source:/opt/rustwide/workdir:ro,Z" "-v" "/var/lib/crater-agent-workspace/cargo-home:/opt/rustwide/cargo-home:ro,Z" "-v" "/var/lib/crater-agent-workspace/rustup-home:/opt/rustwide/rustup-home:ro,Z" "-e" "SOURCE_DIR=/opt/rustwide/workdir" "-e" "CARGO_TARGET_DIR=/opt/rustwide/target" "-e" "CARGO_HOME=/opt/rustwide/cargo-home" "-e" "RUSTUP_HOME=/opt/rustwide/rustup-home" "-w" "/opt/rustwide/workdir" "-m" "1610612736" "--user" "0:0" "--network" "none" "ghcr.io/rust-lang/crates-build-env/linux@sha256:2788e3201cd34a07e3172128adcd8b3090168a8e3bcc40d7c032b9dda1df7d1c" "/opt/rustwide/cargo-home/bin/cargo" "+nightly-2024-02-05" "metadata" "--no-deps" "--format-version=1", kill_on_drop: false }`
[INFO] [stdout] 55c91efbea2b4405d1cf25d7f9ce6661138475edfef62452721abf3d6ff03341
[INFO] running `Command { std: "docker" "start" "-a" "55c91efbea2b4405d1cf25d7f9ce6661138475edfef62452721abf3d6ff03341", kill_on_drop: false }`
[INFO] running `Command { std: "docker" "inspect" "55c91efbea2b4405d1cf25d7f9ce6661138475edfef62452721abf3d6ff03341", kill_on_drop: false }`
[INFO] running `Command { std: "docker" "rm" "-f" "55c91efbea2b4405d1cf25d7f9ce6661138475edfef62452721abf3d6ff03341", kill_on_drop: false }`
[INFO] [stdout] 55c91efbea2b4405d1cf25d7f9ce6661138475edfef62452721abf3d6ff03341
[INFO] running `Command { std: "docker" "create" "-v" "/var/lib/crater-agent-workspace/builds/worker-7-tc2/target:/opt/rustwide/target:rw,Z" "-v" "/var/lib/crater-agent-workspace/builds/worker-7-tc2/source:/opt/rustwide/workdir:ro,Z" "-v" "/var/lib/crater-agent-workspace/cargo-home:/opt/rustwide/cargo-home:ro,Z" "-v" "/var/lib/crater-agent-workspace/rustup-home:/opt/rustwide/rustup-home:ro,Z" "-e" "SOURCE_DIR=/opt/rustwide/workdir" "-e" "CARGO_TARGET_DIR=/opt/rustwide/target" "-e" "CARGO_INCREMENTAL=0" "-e" "RUST_BACKTRACE=full" "-e" "RUSTFLAGS=--cap-lints=forbid -Dunexpected_cfgs" "-e" "RUSTDOCFLAGS=--cap-lints=forbid" "-e" "CARGO_HOME=/opt/rustwide/cargo-home" "-e" "RUSTUP_HOME=/opt/rustwide/rustup-home" "-w" "/opt/rustwide/workdir" "-m" "1610612736" "--user" "0:0" "--network" "none" "ghcr.io/rust-lang/crates-build-env/linux@sha256:2788e3201cd34a07e3172128adcd8b3090168a8e3bcc40d7c032b9dda1df7d1c" "/opt/rustwide/cargo-home/bin/cargo" "+nightly-2024-02-05" "check" "--frozen" "--all" "--all-targets" "--message-format=json" "-Zcheck-cfg", kill_on_drop: false }`
[INFO] [stdout] 298be4c3d39997b3e88d800193f76576356b518ee99f5f40a29b9073cb6387be
[INFO] running `Command { std: "docker" "start" "-a" "298be4c3d39997b3e88d800193f76576356b518ee99f5f40a29b9073cb6387be", kill_on_drop: false }`
[INFO] [stderr]    Compiling libc v0.2.126
[INFO] [stderr]    Compiling proc-macro2 v1.0.40
[INFO] [stderr]    Compiling unicode-ident v1.0.1
[INFO] [stderr]     Checking once_cell v1.12.0
[INFO] [stderr]    Compiling quote v1.0.20
[INFO] [stderr]    Compiling syn v1.0.98
[INFO] [stderr]    Compiling crossbeam-utils v0.8.10
[INFO] [stderr]    Compiling semver v1.0.10
[INFO] [stderr]     Checking scopeguard v1.1.0
[INFO] [stderr]    Compiling serde v1.0.137
[INFO] [stderr]    Compiling memoffset v0.6.5
[INFO] [stderr]    Compiling memchr v2.5.0
[INFO] [stderr]    Compiling crossbeam-epoch v0.9.9
[INFO] [stderr]    Compiling log v0.4.17
[INFO] [stderr]     Checking itoa v1.0.2
[INFO] [stderr]    Compiling rustc_version v0.4.0
[INFO] [stderr]    Compiling futures-core v0.3.21
[INFO] [stderr]     Checking pin-project-lite v0.2.9
[INFO] [stderr]    Compiling rayon-core v1.9.3
[INFO] [stderr]     Checking num_cpus v1.13.1
[INFO] [stderr]    Compiling cast v0.2.7
[INFO] [stderr]    Compiling lock_api v0.4.7
[INFO] [stderr]    Compiling num-traits v0.2.15
[INFO] [stderr]     Checking either v1.6.1
[INFO] [stderr]     Checking ryu v1.0.10
[INFO] [stderr]    Compiling futures-task v0.3.21
[INFO] [stderr]    Compiling serde_json v1.0.81
[INFO] [stderr]     Checking unicode-width v0.1.9
[INFO] [stderr]     Checking fnv v1.0.7
[INFO] [stderr]    Compiling parking_lot_core v0.9.3
[INFO] [stderr]     Checking crossbeam-deque v0.8.1
[INFO] [stderr]     Checking crossbeam-channel v0.5.5
[INFO] [stderr]    Compiling rayon v1.5.3
[INFO] [stderr]    Compiling futures-channel v0.3.21
[INFO] [stderr]     Checking bytes v1.1.0
[INFO] [stderr]    Compiling serde_derive v1.0.137
[INFO] [stderr]    Compiling httparse v1.7.1
[INFO] [stderr]    Compiling futures-util v0.3.21
[INFO] [stderr]     Checking regex-automata v0.1.10
[INFO] [stderr]     Checking smallvec v1.8.0
[INFO] [stderr]     Checking plotters-backend v0.3.2
[INFO] [stderr]    Compiling protobuf v2.27.1
[INFO] [stderr]     Checking http v0.2.8
[INFO] [stderr]     Checking plotters-svg v0.3.1
[INFO] [stderr]     Checking textwrap v0.11.0
[INFO] [stderr]     Checking itertools v0.10.3
[INFO] [stderr]     Checking mio v0.8.4
[INFO] [stderr]     Checking csv-core v0.1.10
[INFO] [stderr]     Checking socket2 v0.4.4
[INFO] [stderr]     Checking tracing-core v0.1.28
[INFO] [stderr]     Checking try-lock v0.2.3
[INFO] [stderr]     Checking bitflags v1.3.2
[INFO] [stderr]     Checking itoa v0.4.8
[INFO] [stderr]     Checking half v1.8.2
[INFO] [stderr]     Checking pin-utils v0.1.0
[INFO] [stderr]     Checking same-file v1.0.6
[INFO] [stderr]     Checking regex-syntax v0.6.26
[INFO] [stderr]    Compiling prometheus-32bitfix v0.13.1 (/opt/rustwide/workdir)
[INFO] [stderr]     Checking tracing v0.1.35
[INFO] [stderr]     Checking walkdir v2.3.2
[INFO] [stderr]     Checking plotters v0.3.1
[INFO] [stderr]     Checking want v0.3.0
[INFO] [stderr]     Checking clap v2.34.0
[INFO] [stderr]     Checking http-body v0.4.5
[INFO] [stderr]     Checking parking_lot v0.12.1
[INFO] [stderr]     Checking bstr v0.2.17
[INFO] [stderr]     Checking regex v1.5.6
[INFO] [stderr]     Checking criterion-plot v0.4.4
[INFO] [stderr]     Checking csv v1.1.6
[INFO] [stderr]     Checking serde_cbor v0.11.2
[INFO] [stderr]     Checking tinytemplate v1.2.1
[INFO] [stderr]     Checking atty v0.2.14
[INFO] [stderr]     Checking tower-service v0.3.2
[INFO] [stderr]     Checking httpdate v1.0.2
[INFO] [stderr]     Checking oorandom v11.1.3
[INFO] [stderr]     Checking getopts v0.2.21
[INFO] [stderr]    Compiling thiserror-impl v1.0.31
[INFO] [stderr]    Compiling tokio-macros v1.8.0
[INFO] [stderr]     Checking tokio v1.19.2
[INFO] [stderr]     Checking thiserror v1.0.31
[INFO] [stdout] error: unexpected `cfg` condition name: `rustfmt`
[INFO] [stdout]  --> src/../proto/proto_model.rs:8:13
[INFO] [stdout]   |
[INFO] [stdout] 8 | #![cfg_attr(rustfmt, rustfmt_skip)]
[INFO] [stdout]   |             ^^^^^^^
[INFO] [stdout]   |
[INFO] [stdout]   = help: expected names are: `debug_assertions`, `doc`, `doctest`, `feature`, `miri`, `overflow_checks`, `panic`, `proc_macro`, `relocation_model`, `sanitize`, `sanitizer_cfi_generalize_pointers`, `sanitizer_cfi_normalize_integers`, `target_abi`, `target_arch`, `target_endian`, `target_env`, `target_family`, `target_feature`, `target_has_atomic`, `target_has_atomic_equal_alignment`, `target_has_atomic_load_store`, `target_os`, `target_pointer_width`, `target_thread_local`, `target_vendor`, `test`, `unix`, `windows`
[INFO] [stdout]   = help: consider using a Cargo feature instead or adding `println!("cargo:rustc-check-cfg=cfg(rustfmt)");` to the top of a `build.rs`
[INFO] [stdout]   = note: see <https://doc.rust-lang.org/nightly/cargo/reference/unstable.html#check-cfg> for more information about checking conditional configuration
[INFO] [stdout]   = note: requested on the command line with `-D unexpected-cfgs`
[INFO] [stdout] 
[INFO] [stdout] 
[INFO] [stdout] error: aborting due to 1 previous error
[INFO] [stdout] 
[INFO] [stdout] 
[INFO] [stderr] error: could not compile `prometheus-32bitfix` (lib) due to 2 previous errors
[INFO] [stderr] warning: build failed, waiting for other jobs to finish...
[INFO] running `Command { std: "docker" "inspect" "298be4c3d39997b3e88d800193f76576356b518ee99f5f40a29b9073cb6387be", kill_on_drop: false }`
[INFO] running `Command { std: "docker" "rm" "-f" "298be4c3d39997b3e88d800193f76576356b518ee99f5f40a29b9073cb6387be", kill_on_drop: false }`
[INFO] [stdout] 298be4c3d39997b3e88d800193f76576356b518ee99f5f40a29b9073cb6387be
