[INFO] fetching crate projective 0.3.0...
[INFO] checking projective-0.3.0 against nightly-2024-02-05 for check-cfg
[INFO] extracting crate projective 0.3.0 into /workspace/builds/worker-4-tc1/source
[INFO] validating manifest of crates.io crate projective 0.3.0 on toolchain nightly-2024-02-05
[INFO] running `Command { std: CARGO_HOME="/workspace/cargo-home" RUSTUP_HOME="/workspace/rustup-home" "/workspace/cargo-home/bin/cargo" "+nightly-2024-02-05" "metadata" "--manifest-path" "Cargo.toml" "--no-deps", kill_on_drop: false }`
[INFO] started tweaking crates.io crate projective 0.3.0
[INFO] finished tweaking crates.io crate projective 0.3.0
[INFO] tweaked toml for crates.io crate projective 0.3.0 written to /workspace/builds/worker-4-tc1/source/Cargo.toml
[INFO] running `Command { std: CARGO_HOME="/workspace/cargo-home" RUSTUP_HOME="/workspace/rustup-home" "/workspace/cargo-home/bin/cargo" "+nightly-2024-02-05" "generate-lockfile" "--manifest-path" "Cargo.toml", kill_on_drop: false }`
[INFO] [stderr]     Updating crates.io index
[INFO] running `Command { std: CARGO_HOME="/workspace/cargo-home" RUSTUP_HOME="/workspace/rustup-home" "/workspace/cargo-home/bin/cargo" "+nightly-2024-02-05" "fetch" "--manifest-path" "Cargo.toml", kill_on_drop: false }`
[INFO] running `Command { std: "docker" "create" "-v" "/var/lib/crater-agent-workspace/builds/worker-4-tc1/target:/opt/rustwide/target:rw,Z" "-v" "/var/lib/crater-agent-workspace/builds/worker-4-tc1/source:/opt/rustwide/workdir:ro,Z" "-v" "/var/lib/crater-agent-workspace/cargo-home:/opt/rustwide/cargo-home:ro,Z" "-v" "/var/lib/crater-agent-workspace/rustup-home:/opt/rustwide/rustup-home:ro,Z" "-e" "SOURCE_DIR=/opt/rustwide/workdir" "-e" "CARGO_TARGET_DIR=/opt/rustwide/target" "-e" "CARGO_HOME=/opt/rustwide/cargo-home" "-e" "RUSTUP_HOME=/opt/rustwide/rustup-home" "-w" "/opt/rustwide/workdir" "-m" "1610612736" "--user" "0:0" "--network" "none" "ghcr.io/rust-lang/crates-build-env/linux@sha256:2788e3201cd34a07e3172128adcd8b3090168a8e3bcc40d7c032b9dda1df7d1c" "/opt/rustwide/cargo-home/bin/cargo" "+nightly-2024-02-05" "metadata" "--no-deps" "--format-version=1", kill_on_drop: false }`
[INFO] [stdout] e7efbc743e2a7d629e508d1fa67a035cfa7ff188b8391349f508e83c254843ae
[INFO] running `Command { std: "docker" "start" "-a" "e7efbc743e2a7d629e508d1fa67a035cfa7ff188b8391349f508e83c254843ae", kill_on_drop: false }`
[INFO] running `Command { std: "docker" "inspect" "e7efbc743e2a7d629e508d1fa67a035cfa7ff188b8391349f508e83c254843ae", kill_on_drop: false }`
[INFO] running `Command { std: "docker" "rm" "-f" "e7efbc743e2a7d629e508d1fa67a035cfa7ff188b8391349f508e83c254843ae", kill_on_drop: false }`
[INFO] [stdout] e7efbc743e2a7d629e508d1fa67a035cfa7ff188b8391349f508e83c254843ae
[INFO] running `Command { std: "docker" "create" "-v" "/var/lib/crater-agent-workspace/builds/worker-4-tc1/target:/opt/rustwide/target:rw,Z" "-v" "/var/lib/crater-agent-workspace/builds/worker-4-tc1/source:/opt/rustwide/workdir:ro,Z" "-v" "/var/lib/crater-agent-workspace/cargo-home:/opt/rustwide/cargo-home:ro,Z" "-v" "/var/lib/crater-agent-workspace/rustup-home:/opt/rustwide/rustup-home:ro,Z" "-e" "SOURCE_DIR=/opt/rustwide/workdir" "-e" "CARGO_TARGET_DIR=/opt/rustwide/target" "-e" "CARGO_INCREMENTAL=0" "-e" "RUST_BACKTRACE=full" "-e" "RUSTFLAGS=--cap-lints=forbid" "-e" "RUSTDOCFLAGS=--cap-lints=forbid" "-e" "CARGO_HOME=/opt/rustwide/cargo-home" "-e" "RUSTUP_HOME=/opt/rustwide/rustup-home" "-w" "/opt/rustwide/workdir" "-m" "1610612736" "--user" "0:0" "--network" "none" "ghcr.io/rust-lang/crates-build-env/linux@sha256:2788e3201cd34a07e3172128adcd8b3090168a8e3bcc40d7c032b9dda1df7d1c" "/opt/rustwide/cargo-home/bin/cargo" "+nightly-2024-02-05" "check" "--frozen" "--all" "--all-targets" "--message-format=json", kill_on_drop: false }`
[INFO] [stdout] 77b1f7003931a3d132effdeb787727834233fabc0b97ba6efcf5b0912c453e7c
[INFO] running `Command { std: "docker" "start" "-a" "77b1f7003931a3d132effdeb787727834233fabc0b97ba6efcf5b0912c453e7c", kill_on_drop: false }`
[INFO] [stderr]    Compiling autocfg v1.1.0
[INFO] [stderr]    Compiling num-traits v0.2.17
[INFO] [stderr]     Checking projective v0.3.0 (/opt/rustwide/workdir)
[INFO] [stdout] error[E0053]: method `transform` has an incompatible type for trait
[INFO] [stdout]  --> tests/point.rs:8:18
[INFO] [stdout]   |
[INFO] [stdout] 8 |     fn transform(&self, matrix: &[&f64; 9]) -> Self {
[INFO] [stdout]   |                  ^^^^^
[INFO] [stdout]   |                  |
[INFO] [stdout]   |                  types differ in mutability
[INFO] [stdout]   |                  help: change the self-receiver type to match the trait: `&mut self`
[INFO] [stdout]   |
[INFO] [stdout]   = note: expected signature `fn(&mut point::Point, &[&f64; 9])`
[INFO] [stdout]              found signature `fn(&point::Point, &[&f64; 9]) -> point::Point`
[INFO] [stdout] 
[INFO] [stdout] 
[INFO] [stdout] error[E0053]: method `transform` has an incompatible type for trait
[INFO] [stdout]  --> tests/point.rs:8:18
[INFO] [stdout]   |
[INFO] [stdout] 8 |     fn transform(&self, matrix: &[&f64; 9]) -> Self {
[INFO] [stdout]   |                  ^^^^^
[INFO] [stdout]   |                  |
[INFO] [stdout]   |                  types differ in mutability
[INFO] [stdout]   |                  help: change the self-receiver type to match the trait: `&mut self`
[INFO] [stdout]   |
[INFO] [stdout]   = note: expected signature `fn(&mut Point, &[&f64; 9])`
[INFO] [stdout]              found signature `fn(&Point, &[&f64; 9]) -> Point`
[INFO] [stdout] 
[INFO] [stdout] 
[INFO] [stdout] error[E0308]: mismatched types
[INFO] [stdout]   --> tests/point.rs:19:42
[INFO] [stdout]    |
[INFO] [stdout] 19 |     assert_eq!(p0.translate(&2.0, &1.0), Point(3.0, 3.0));
[INFO] [stdout]    |                                          ^^^^^^^^^^^^^^^ expected `()`, found `Point`
[INFO] [stdout] 
[INFO] [stdout] 
[INFO] [stdout] error[E0308]: mismatched types
[INFO] [stdout]   --> tests/point.rs:19:42
[INFO] [stdout]    |
[INFO] [stdout] 19 |     assert_eq!(p0.translate(&2.0, &1.0), Point(3.0, 3.0));
[INFO] [stdout]    |                                          ^^^^^^^^^^^^^^^ expected `()`, found `Point`
[INFO] [stdout] 
[INFO] [stdout] 
[INFO] [stdout] error[E0308]: mismatched types
[INFO] [stdout]   --> tests/point.rs:20:38
[INFO] [stdout]    |
[INFO] [stdout] 20 |     assert_eq!(p0.scale(&2.0, &3.0), Point(2.0, 6.0));
[INFO] [stdout]    |                                      ^^^^^^^^^^^^^^^ expected `()`, found `Point`
[INFO] [stdout] 
[INFO] [stdout] 
[INFO] [stdout] error[E0308]: mismatched types
[INFO] [stdout]   --> tests/point.rs:20:38
[INFO] [stdout]    |
[INFO] [stdout] 20 |     assert_eq!(p0.scale(&2.0, &3.0), Point(2.0, 6.0));
[INFO] [stdout]    |                                      ^^^^^^^^^^^^^^^ expected `()`, found `Point`
[INFO] [stdout] 
[INFO] [stdout] 
[INFO] [stdout] error[E0308]: mismatched types
[INFO] [stdout]   --> tests/point.rs:22:50
[INFO] [stdout]    |
[INFO] [stdout] 22 |     assert_eq!(p0.rotate(&std::f64::consts::PI), Point(-0.9999999999999998, -2.0));
[INFO] [stdout]    |                                                  ^^^^^^^^^^^^^^^^^^^^^^^^^^^^^^^^ expected `()`, found `Point`
[INFO] [stdout] 
[INFO] [stdout] 
[INFO] [stdout] error[E0308]: mismatched types
[INFO] [stdout]   --> tests/point.rs:22:50
[INFO] [stdout]    |
[INFO] [stdout] 22 |     assert_eq!(p0.rotate(&std::f64::consts::PI), Point(-0.9999999999999998, -2.0));
[INFO] [stdout]    |                                                  ^^^^^^^^^^^^^^^^^^^^^^^^^^^^^^^^ expected `()`, found `Point`
[INFO] [stdout] 
[INFO] [stdout] 
[INFO] [stdout] error: aborting due to 4 previous errors
[INFO] [stdout] 
[INFO] [stdout] 
[INFO] [stdout] Some errors have detailed explanations: E0053, E0308.
[INFO] [stdout] 
[INFO] [stdout] For more information about an error, try `rustc --explain E0053`.
[INFO] [stdout] 
[INFO] [stdout] error: aborting due to 4 previous errors
[INFO] [stdout] 
[INFO] [stdout] 
[INFO] [stdout] Some errors have detailed explanations: E0053, E0308.
[INFO] [stdout] 
[INFO] [stdout] For more information about an error, try `rustc --explain E0053`.
[INFO] [stdout] 
[INFO] [stderr] error: could not compile `projective` (test "point") due to 5 previous errors
[INFO] [stderr] warning: build failed, waiting for other jobs to finish...
[INFO] [stderr] error: could not compile `projective` (test "main") due to 5 previous errors
[INFO] running `Command { std: "docker" "inspect" "77b1f7003931a3d132effdeb787727834233fabc0b97ba6efcf5b0912c453e7c", kill_on_drop: false }`
[INFO] running `Command { std: "docker" "rm" "-f" "77b1f7003931a3d132effdeb787727834233fabc0b97ba6efcf5b0912c453e7c", kill_on_drop: false }`
[INFO] [stdout] 77b1f7003931a3d132effdeb787727834233fabc0b97ba6efcf5b0912c453e7c
[INFO] checking projective-0.3.0 against nightly-2024-02-05+rustflags=-Dunexpected_cfgs+cargoflags=-Zcheck-cfg for check-cfg
[INFO] extracting crate projective 0.3.0 into /workspace/builds/worker-4-tc2/source
[INFO] validating manifest of crates.io crate projective 0.3.0 on toolchain nightly-2024-02-05
[INFO] running `Command { std: CARGO_HOME="/workspace/cargo-home" RUSTUP_HOME="/workspace/rustup-home" "/workspace/cargo-home/bin/cargo" "+nightly-2024-02-05" "metadata" "--manifest-path" "Cargo.toml" "--no-deps", kill_on_drop: false }`
[INFO] started tweaking crates.io crate projective 0.3.0
[INFO] finished tweaking crates.io crate projective 0.3.0
[INFO] tweaked toml for crates.io crate projective 0.3.0 written to /workspace/builds/worker-4-tc2/source/Cargo.toml
[INFO] running `Command { std: CARGO_HOME="/workspace/cargo-home" RUSTUP_HOME="/workspace/rustup-home" "/workspace/cargo-home/bin/cargo" "+nightly-2024-02-05" "generate-lockfile" "--manifest-path" "Cargo.toml", kill_on_drop: false }`
[INFO] [stderr]     Updating crates.io index
[INFO] running `Command { std: CARGO_HOME="/workspace/cargo-home" RUSTUP_HOME="/workspace/rustup-home" "/workspace/cargo-home/bin/cargo" "+nightly-2024-02-05" "fetch" "--manifest-path" "Cargo.toml", kill_on_drop: false }`
[INFO] running `Command { std: "docker" "create" "-v" "/var/lib/crater-agent-workspace/builds/worker-4-tc2/target:/opt/rustwide/target:rw,Z" "-v" "/var/lib/crater-agent-workspace/builds/worker-4-tc2/source:/opt/rustwide/workdir:ro,Z" "-v" "/var/lib/crater-agent-workspace/cargo-home:/opt/rustwide/cargo-home:ro,Z" "-v" "/var/lib/crater-agent-workspace/rustup-home:/opt/rustwide/rustup-home:ro,Z" "-e" "SOURCE_DIR=/opt/rustwide/workdir" "-e" "CARGO_TARGET_DIR=/opt/rustwide/target" "-e" "CARGO_HOME=/opt/rustwide/cargo-home" "-e" "RUSTUP_HOME=/opt/rustwide/rustup-home" "-w" "/opt/rustwide/workdir" "-m" "1610612736" "--user" "0:0" "--network" "none" "ghcr.io/rust-lang/crates-build-env/linux@sha256:2788e3201cd34a07e3172128adcd8b3090168a8e3bcc40d7c032b9dda1df7d1c" "/opt/rustwide/cargo-home/bin/cargo" "+nightly-2024-02-05" "metadata" "--no-deps" "--format-version=1", kill_on_drop: false }`
[INFO] [stdout] d445702a05922d7c6ce24e0e09d8fff32a154ff7005b5ae6a163110c9fa2361c
[INFO] running `Command { std: "docker" "start" "-a" "d445702a05922d7c6ce24e0e09d8fff32a154ff7005b5ae6a163110c9fa2361c", kill_on_drop: false }`
[INFO] running `Command { std: "docker" "inspect" "d445702a05922d7c6ce24e0e09d8fff32a154ff7005b5ae6a163110c9fa2361c", kill_on_drop: false }`
[INFO] running `Command { std: "docker" "rm" "-f" "d445702a05922d7c6ce24e0e09d8fff32a154ff7005b5ae6a163110c9fa2361c", kill_on_drop: false }`
[INFO] [stdout] d445702a05922d7c6ce24e0e09d8fff32a154ff7005b5ae6a163110c9fa2361c
[INFO] running `Command { std: "docker" "create" "-v" "/var/lib/crater-agent-workspace/builds/worker-4-tc2/target:/opt/rustwide/target:rw,Z" "-v" "/var/lib/crater-agent-workspace/builds/worker-4-tc2/source:/opt/rustwide/workdir:ro,Z" "-v" "/var/lib/crater-agent-workspace/cargo-home:/opt/rustwide/cargo-home:ro,Z" "-v" "/var/lib/crater-agent-workspace/rustup-home:/opt/rustwide/rustup-home:ro,Z" "-e" "SOURCE_DIR=/opt/rustwide/workdir" "-e" "CARGO_TARGET_DIR=/opt/rustwide/target" "-e" "CARGO_INCREMENTAL=0" "-e" "RUST_BACKTRACE=full" "-e" "RUSTFLAGS=--cap-lints=forbid -Dunexpected_cfgs" "-e" "RUSTDOCFLAGS=--cap-lints=forbid" "-e" "CARGO_HOME=/opt/rustwide/cargo-home" "-e" "RUSTUP_HOME=/opt/rustwide/rustup-home" "-w" "/opt/rustwide/workdir" "-m" "1610612736" "--user" "0:0" "--network" "none" "ghcr.io/rust-lang/crates-build-env/linux@sha256:2788e3201cd34a07e3172128adcd8b3090168a8e3bcc40d7c032b9dda1df7d1c" "/opt/rustwide/cargo-home/bin/cargo" "+nightly-2024-02-05" "check" "--frozen" "--all" "--all-targets" "--message-format=json" "-Zcheck-cfg", kill_on_drop: false }`
[INFO] [stdout] 35e31e20ca9ea14e3b036f3851b11d66ea3e09e39d986b75fdb653d84fa0a766
[INFO] running `Command { std: "docker" "start" "-a" "35e31e20ca9ea14e3b036f3851b11d66ea3e09e39d986b75fdb653d84fa0a766", kill_on_drop: false }`
[INFO] [stderr]    Compiling autocfg v1.1.0
[INFO] [stderr]    Compiling num-traits v0.2.17
[INFO] [stderr]     Checking projective v0.3.0 (/opt/rustwide/workdir)
[INFO] [stdout] error[E0053]: method `transform` has an incompatible type for trait
[INFO] [stdout]  --> tests/point.rs:8:18
[INFO] [stdout]   |
[INFO] [stdout] 8 |     fn transform(&self, matrix: &[&f64; 9]) -> Self {
[INFO] [stdout]   |                  ^^^^^
[INFO] [stdout]   |                  |
[INFO] [stdout]   |                  types differ in mutability
[INFO] [stdout]   |                  help: change the self-receiver type to match the trait: `&mut self`
[INFO] [stdout]   |
[INFO] [stdout]   = note: expected signature `fn(&mut Point, &[&f64; 9])`
[INFO] [stdout]              found signature `fn(&Point, &[&f64; 9]) -> Point`
[INFO] [stdout] 
[INFO] [stdout] 
[INFO] [stdout] error[E0053]: method `transform` has an incompatible type for trait
[INFO] [stdout]  --> tests/point.rs:8:18
[INFO] [stdout]   |
[INFO] [stdout] 8 |     fn transform(&self, matrix: &[&f64; 9]) -> Self {
[INFO] [stdout]   |                  ^^^^^
[INFO] [stdout]   |                  |
[INFO] [stdout]   |                  types differ in mutability
[INFO] [stdout]   |                  help: change the self-receiver type to match the trait: `&mut self`
[INFO] [stdout]   |
[INFO] [stdout]   = note: expected signature `fn(&mut point::Point, &[&f64; 9])`
[INFO] [stdout]              found signature `fn(&point::Point, &[&f64; 9]) -> point::Point`
[INFO] [stdout] 
[INFO] [stdout] 
[INFO] [stdout] error[E0308]: mismatched types
[INFO] [stdout]   --> tests/point.rs:19:42
[INFO] [stdout]    |
[INFO] [stdout] 19 |     assert_eq!(p0.translate(&2.0, &1.0), Point(3.0, 3.0));
[INFO] [stdout]    |                                          ^^^^^^^^^^^^^^^ expected `()`, found `Point`
[INFO] [stdout] 
[INFO] [stdout] 
[INFO] [stdout] error[E0308]: mismatched types
[INFO] [stdout]   --> tests/point.rs:20:38
[INFO] [stdout]    |
[INFO] [stdout] 20 |     assert_eq!(p0.scale(&2.0, &3.0), Point(2.0, 6.0));
[INFO] [stdout]    |                                      ^^^^^^^^^^^^^^^ expected `()`, found `Point`
[INFO] [stdout] 
[INFO] [stdout] 
[INFO] [stdout] error[E0308]: mismatched types
[INFO] [stdout]   --> tests/point.rs:19:42
[INFO] [stdout]    |
[INFO] [stdout] 19 |     assert_eq!(p0.translate(&2.0, &1.0), Point(3.0, 3.0));
[INFO] [stdout]    |                                          ^^^^^^^^^^^^^^^ expected `()`, found `Point`
[INFO] [stdout] 
[INFO] [stdout] 
[INFO] [stdout] error[E0308]: mismatched types
[INFO] [stdout]   --> tests/point.rs:22:50
[INFO] [stdout]    |
[INFO] [stdout] 22 |     assert_eq!(p0.rotate(&std::f64::consts::PI), Point(-0.9999999999999998, -2.0));
[INFO] [stdout]    |                                                  ^^^^^^^^^^^^^^^^^^^^^^^^^^^^^^^^ expected `()`, found `Point`
[INFO] [stdout] 
[INFO] [stdout] 
[INFO] [stdout] error[E0308]: mismatched types
[INFO] [stdout]   --> tests/point.rs:20:38
[INFO] [stdout]    |
[INFO] [stdout] 20 |     assert_eq!(p0.scale(&2.0, &3.0), Point(2.0, 6.0));
[INFO] [stdout]    |                                      ^^^^^^^^^^^^^^^ expected `()`, found `Point`
[INFO] [stdout] 
[INFO] [stdout] 
[INFO] [stdout] error[E0308]: mismatched types
[INFO] [stdout]   --> tests/point.rs:22:50
[INFO] [stdout]    |
[INFO] [stdout] 22 |     assert_eq!(p0.rotate(&std::f64::consts::PI), Point(-0.9999999999999998, -2.0));
[INFO] [stdout]    |                                                  ^^^^^^^^^^^^^^^^^^^^^^^^^^^^^^^^ expected `()`, found `Point`
[INFO] [stdout] 
[INFO] [stdout] 
[INFO] [stdout] error: aborting due to 4 previous errors
[INFO] [stdout] 
[INFO] [stdout] 
[INFO] [stdout] Some errors have detailed explanations: E0053, E0308.
[INFO] [stdout] 
[INFO] [stdout] For more information about an error, try `rustc --explain E0053`.
[INFO] [stdout] 
[INFO] [stdout] error: aborting due to 4 previous errors
[INFO] [stdout] 
[INFO] [stdout] 
[INFO] [stdout] Some errors have detailed explanations: E0053, E0308.
[INFO] [stdout] 
[INFO] [stdout] For more information about an error, try `rustc --explain E0053`.
[INFO] [stdout] 
[INFO] [stderr] error: could not compile `projective` (test "main") due to 5 previous errors
[INFO] [stderr] warning: build failed, waiting for other jobs to finish...
[INFO] [stderr] error: could not compile `projective` (test "point") due to 5 previous errors
[INFO] running `Command { std: "docker" "inspect" "35e31e20ca9ea14e3b036f3851b11d66ea3e09e39d986b75fdb653d84fa0a766", kill_on_drop: false }`
[INFO] running `Command { std: "docker" "rm" "-f" "35e31e20ca9ea14e3b036f3851b11d66ea3e09e39d986b75fdb653d84fa0a766", kill_on_drop: false }`
[INFO] [stdout] 35e31e20ca9ea14e3b036f3851b11d66ea3e09e39d986b75fdb653d84fa0a766
