[INFO] fetching crate product-os-router 0.0.9...
[INFO] checking product-os-router-0.0.9 against nightly-2024-02-05 for check-cfg
[INFO] extracting crate product-os-router 0.0.9 into /workspace/builds/worker-6-tc1/source
[INFO] validating manifest of crates.io crate product-os-router 0.0.9 on toolchain nightly-2024-02-05
[INFO] running `Command { std: CARGO_HOME="/workspace/cargo-home" RUSTUP_HOME="/workspace/rustup-home" "/workspace/cargo-home/bin/cargo" "+nightly-2024-02-05" "metadata" "--manifest-path" "Cargo.toml" "--no-deps", kill_on_drop: false }`
[INFO] started tweaking crates.io crate product-os-router 0.0.9
[INFO] finished tweaking crates.io crate product-os-router 0.0.9
[INFO] tweaked toml for crates.io crate product-os-router 0.0.9 written to /workspace/builds/worker-6-tc1/source/Cargo.toml
[INFO] running `Command { std: CARGO_HOME="/workspace/cargo-home" RUSTUP_HOME="/workspace/rustup-home" "/workspace/cargo-home/bin/cargo" "+nightly-2024-02-05" "generate-lockfile" "--manifest-path" "Cargo.toml", kill_on_drop: false }`
[INFO] [stderr]     Updating crates.io index
[INFO] running `Command { std: CARGO_HOME="/workspace/cargo-home" RUSTUP_HOME="/workspace/rustup-home" "/workspace/cargo-home/bin/cargo" "+nightly-2024-02-05" "fetch" "--manifest-path" "Cargo.toml", kill_on_drop: false }`
[INFO] [stderr]  Downloading crates ...
[INFO] [stderr]   Downloaded tower-default-headers v0.1.1
[INFO] [stderr]   Downloaded axum-macros v0.3.8
[INFO] [stderr]   Downloaded product-os-request v0.0.18
[INFO] [stderr]   Downloaded product-os-http v0.0.3
[INFO] [stderr]   Downloaded core-error v0.0.1-rc4
[INFO] [stderr]   Downloaded product-os-http-body v0.0.2
[INFO] [stderr]   Downloaded serde_html_form v0.2.4
[INFO] [stderr]   Downloaded axum-extra v0.8.0
[INFO] running `Command { std: "docker" "create" "-v" "/var/lib/crater-agent-workspace/builds/worker-6-tc1/target:/opt/rustwide/target:rw,Z" "-v" "/var/lib/crater-agent-workspace/builds/worker-6-tc1/source:/opt/rustwide/workdir:ro,Z" "-v" "/var/lib/crater-agent-workspace/cargo-home:/opt/rustwide/cargo-home:ro,Z" "-v" "/var/lib/crater-agent-workspace/rustup-home:/opt/rustwide/rustup-home:ro,Z" "-e" "SOURCE_DIR=/opt/rustwide/workdir" "-e" "CARGO_TARGET_DIR=/opt/rustwide/target" "-e" "CARGO_HOME=/opt/rustwide/cargo-home" "-e" "RUSTUP_HOME=/opt/rustwide/rustup-home" "-w" "/opt/rustwide/workdir" "-m" "1610612736" "--user" "0:0" "--network" "none" "ghcr.io/rust-lang/crates-build-env/linux@sha256:2788e3201cd34a07e3172128adcd8b3090168a8e3bcc40d7c032b9dda1df7d1c" "/opt/rustwide/cargo-home/bin/cargo" "+nightly-2024-02-05" "metadata" "--no-deps" "--format-version=1", kill_on_drop: false }`
[INFO] [stdout] 4f2dd53c81b6854e3858bd322cf52262c5391214df2066408d86c7c2f7979506
[INFO] running `Command { std: "docker" "start" "-a" "4f2dd53c81b6854e3858bd322cf52262c5391214df2066408d86c7c2f7979506", kill_on_drop: false }`
[INFO] running `Command { std: "docker" "inspect" "4f2dd53c81b6854e3858bd322cf52262c5391214df2066408d86c7c2f7979506", kill_on_drop: false }`
[INFO] running `Command { std: "docker" "rm" "-f" "4f2dd53c81b6854e3858bd322cf52262c5391214df2066408d86c7c2f7979506", kill_on_drop: false }`
[INFO] [stdout] 4f2dd53c81b6854e3858bd322cf52262c5391214df2066408d86c7c2f7979506
[INFO] running `Command { std: "docker" "create" "-v" "/var/lib/crater-agent-workspace/builds/worker-6-tc1/target:/opt/rustwide/target:rw,Z" "-v" "/var/lib/crater-agent-workspace/builds/worker-6-tc1/source:/opt/rustwide/workdir:ro,Z" "-v" "/var/lib/crater-agent-workspace/cargo-home:/opt/rustwide/cargo-home:ro,Z" "-v" "/var/lib/crater-agent-workspace/rustup-home:/opt/rustwide/rustup-home:ro,Z" "-e" "SOURCE_DIR=/opt/rustwide/workdir" "-e" "CARGO_TARGET_DIR=/opt/rustwide/target" "-e" "CARGO_INCREMENTAL=0" "-e" "RUST_BACKTRACE=full" "-e" "RUSTFLAGS=--cap-lints=forbid" "-e" "RUSTDOCFLAGS=--cap-lints=forbid" "-e" "CARGO_HOME=/opt/rustwide/cargo-home" "-e" "RUSTUP_HOME=/opt/rustwide/rustup-home" "-w" "/opt/rustwide/workdir" "-m" "1610612736" "--user" "0:0" "--network" "none" "ghcr.io/rust-lang/crates-build-env/linux@sha256:2788e3201cd34a07e3172128adcd8b3090168a8e3bcc40d7c032b9dda1df7d1c" "/opt/rustwide/cargo-home/bin/cargo" "+nightly-2024-02-05" "check" "--frozen" "--all" "--all-targets" "--message-format=json", kill_on_drop: false }`
[INFO] [stdout] b0f9ab5b69266a2a2b107efbcdd79f6a907d0dcebb8c85afe10d878be46e041e
[INFO] running `Command { std: "docker" "start" "-a" "b0f9ab5b69266a2a2b107efbcdd79f6a907d0dcebb8c85afe10d878be46e041e", kill_on_drop: false }`
[INFO] [stderr]    Compiling version_check v0.9.4
[INFO] [stderr]    Compiling typenum v1.17.0
[INFO] [stderr]    Compiling slab v0.4.9
[INFO] [stderr]    Compiling rustversion v1.0.14
[INFO] [stderr]     Checking futures-core v0.3.30
[INFO] [stderr]     Checking http v0.2.11
[INFO] [stderr]     Checking futures-task v0.3.30
[INFO] [stderr]    Compiling futures-macro v0.3.30
[INFO] [stderr]     Checking pin-utils v0.1.0
[INFO] [stderr]    Compiling serde_derive v1.0.196
[INFO] [stderr]     Checking getrandom v0.2.12
[INFO] [stderr]     Checking percent-encoding v2.3.1
[INFO] [stderr]    Compiling generic-array v0.14.7
[INFO] [stderr]    Compiling httparse v1.8.0
[INFO] [stderr]     Checking form_urlencoded v1.2.1
[INFO] [stderr]     Checking rand_core v0.6.4
[INFO] [stderr]     Checking unicode-normalization v0.1.22
[INFO] [stderr]     Checking mio v0.8.10
[INFO] [stderr]     Checking socket2 v0.5.5
[INFO] [stderr]     Checking unicode-bidi v0.3.15
[INFO] [stderr]     Checking tower-service v0.3.2
[INFO] [stderr]    Compiling async-trait v0.1.77
[INFO] [stderr]     Checking tokio v1.36.0
[INFO] [stderr]     Checking rand_chacha v0.3.1
[INFO] [stderr]     Checking idna v0.5.0
[INFO] [stderr]     Checking tracing-core v0.1.32
[INFO] [stderr]    Compiling core-error v0.0.1-rc4
[INFO] [stderr]     Checking futures-util v0.3.30
[INFO] [stderr]     Checking cpufeatures v0.2.12
[INFO] [stderr]     Checking tower-layer v0.3.2
[INFO] [stderr]     Checking url v2.5.0
[INFO] [stderr]     Checking tracing v0.1.40
[INFO] [stderr]    Compiling axum-core v0.3.4
[INFO] [stderr]     Checking rand v0.8.5
[INFO] [stderr]     Checking http-body v0.4.6
[INFO] [stderr]     Checking utf-8 v0.7.6
[INFO] [stderr]     Checking try-lock v0.2.5
[INFO] [stderr]     Checking block-buffer v0.10.4
[INFO] [stderr]     Checking crypto-common v0.1.6
[INFO] [stderr]     Checking data-encoding v2.5.0
[INFO] [stderr]     Checking log v0.4.20
[INFO] [stderr]     Checking digest v0.10.7
[INFO] [stderr]    Compiling serde_json v1.0.113
[INFO] [stderr]     Checking sha1 v0.10.6
[INFO] [stderr]     Checking want v0.3.1
[INFO] [stderr]     Checking tungstenite v0.20.1
[INFO] [stderr]    Compiling axum v0.6.20
[INFO] [stderr]     Checking futures-channel v0.3.30
[INFO] [stderr]     Checking httpdate v1.0.3
[INFO] [stderr]     Checking hashbrown v0.14.3
[INFO] [stderr]     Checking mime v0.3.17
[INFO] [stderr]     Checking no-std-compat v0.4.1
[INFO] [stderr]     Checking equivalent v1.0.1
[INFO] [stderr]     Checking product-os-http v0.0.3
[INFO] [stderr]     Checking memchr v2.7.1
[INFO] [stderr]     Checking base64 v0.21.7
[INFO] [stderr]     Checking sync_wrapper v0.1.2
[INFO] [stderr]     Checking matchit v0.7.3
[INFO] [stderr]     Checking indexmap v2.2.2
[INFO] [stderr]     Checking product-os-http-body v0.0.2
[INFO] [stderr]     Checking tower-default-headers v0.1.1
[INFO] [stderr]     Checking serde v1.0.196
[INFO] [stderr]     Checking tokio-tungstenite v0.20.1
[INFO] [stderr]     Checking tower v0.4.13
[INFO] [stderr]     Checking hyper v0.14.28
[INFO] [stderr]     Checking serde_path_to_error v0.1.15
[INFO] [stderr]     Checking serde_html_form v0.2.4
[INFO] [stderr]     Checking product-os-request v0.0.18
[INFO] [stderr]     Checking axum-extra v0.8.0
[INFO] [stderr]     Checking product-os-router v0.0.9 (/opt/rustwide/workdir)
[INFO] [stdout] warning: ambiguous glob re-exports
[INFO] [stdout]   --> src/lib.rs:12:9
[INFO] [stdout]    |
[INFO] [stdout] 12 |   pub use axum::{
[INFO] [stdout]    |  _________^
[INFO] [stdout] 13 | |     routing::*,
[INFO] [stdout] 14 | |     middleware::*,
[INFO] [stdout]    | |     ------------- but the name `future` in the type namespace is also re-exported here
[INFO] [stdout] 15 | |     http::{
[INFO] [stdout] ...  |
[INFO] [stdout] 30 | |     },
[INFO] [stdout] 31 | | };
[INFO] [stdout]    | |_^ the name `future` in the type namespace is first re-exported here
[INFO] [stdout]    |
[INFO] [stdout]    = note: `#[warn(ambiguous_glob_reexports)]` on by default
[INFO] [stdout] 
[INFO] [stdout] 
[INFO] [stdout] warning: unused import: `RequestExt`
[INFO] [stdout]   --> src/lib.rs:42:22
[INFO] [stdout]    |
[INFO] [stdout] 42 | use axum::{BoxError, RequestExt};
[INFO] [stdout]    |                      ^^^^^^^^^^
[INFO] [stdout]    |
[INFO] [stdout]    = note: `#[warn(unused_imports)]` on by default
[INFO] [stdout] 
[INFO] [stdout] 
[INFO] [stdout] warning: unused import: `Request`
[INFO] [stdout]  --> src/extractors.rs:8:28
[INFO] [stdout]   |
[INFO] [stdout] 8 | use http::{request::Parts, Request};
[INFO] [stdout]   |                            ^^^^^^^
[INFO] [stdout] 
[INFO] [stdout] 
[INFO] [stdout] warning: ambiguous glob re-exports
[INFO] [stdout]   --> src/lib.rs:12:9
[INFO] [stdout]    |
[INFO] [stdout] 12 |   pub use axum::{
[INFO] [stdout]    |  _________^
[INFO] [stdout] 13 | |     routing::*,
[INFO] [stdout] 14 | |     middleware::*,
[INFO] [stdout]    | |     ------------- but the name `future` in the type namespace is also re-exported here
[INFO] [stdout] 15 | |     http::{
[INFO] [stdout] ...  |
[INFO] [stdout] 30 | |     },
[INFO] [stdout] 31 | | };
[INFO] [stdout]    | |_^ the name `future` in the type namespace is first re-exported here
[INFO] [stdout]    |
[INFO] [stdout]    = note: `#[warn(ambiguous_glob_reexports)]` on by default
[INFO] [stdout] 
[INFO] [stdout] 
[INFO] [stdout] warning: unused import: `RequestExt`
[INFO] [stdout]   --> src/lib.rs:42:22
[INFO] [stdout]    |
[INFO] [stdout] 42 | use axum::{BoxError, RequestExt};
[INFO] [stdout]    |                      ^^^^^^^^^^
[INFO] [stdout]    |
[INFO] [stdout]    = note: `#[warn(unused_imports)]` on by default
[INFO] [stdout] 
[INFO] [stdout] 
[INFO] [stdout] warning: unused import: `Request`
[INFO] [stdout]  --> src/extractors.rs:8:28
[INFO] [stdout]   |
[INFO] [stdout] 8 | use http::{request::Parts, Request};
[INFO] [stdout]   |                            ^^^^^^^
[INFO] [stdout] 
[INFO] [stdout] 
[INFO] [stdout] error[E0308]: mismatched types
[INFO] [stdout]   --> src/extractors.rs:24:82
[INFO] [stdout]    |
[INFO] [stdout] 24 |             .unwrap_or_else(|_| Extension(RequestMethod(Method::from_http_method(parts.method.clone()))))
[INFO] [stdout]    |                                                         ------------------------ ^^^^^^^^^^^^^^^^^^^^ expected `HttpMethod`, found `Method`
[INFO] [stdout]    |                                                         |
[INFO] [stdout]    |                                                         arguments to this function are incorrect
[INFO] [stdout]    |
[INFO] [stdout]    = note: `http::Method` and `HttpMethod` have similar names, but are actually distinct types
[INFO] [stdout] note: `http::Method` is defined in crate `http`
[INFO] [stdout]   --> /opt/rustwide/cargo-home/registry/src/index.crates.io-6f17d22bba15001f/http-0.2.11/src/method.rs:46:1
[INFO] [stdout]    |
[INFO] [stdout] 46 | pub struct Method(Inner);
[INFO] [stdout]    | ^^^^^^^^^^^^^^^^^
[INFO] [stdout] note: `HttpMethod` is defined in crate `product_os_http`
[INFO] [stdout]   --> /opt/rustwide/cargo-home/registry/src/index.crates.io-6f17d22bba15001f/product-os-http-0.0.3/src/method.rs:48:1
[INFO] [stdout]    |
[INFO] [stdout] 48 | pub struct Method(Inner);
[INFO] [stdout]    | ^^^^^^^^^^^^^^^^^
[INFO] [stdout] note: associated function defined here
[INFO] [stdout]   --> /opt/rustwide/cargo-home/registry/src/index.crates.io-6f17d22bba15001f/product-os-request-0.0.18/src/lib.rs:89:12
[INFO] [stdout]    |
[INFO] [stdout] 89 |     pub fn from_http_method(method: product_os_http::Method) -> Self {
[INFO] [stdout]    |            ^^^^^^^^^^^^^^^^
[INFO] [stdout] 
[INFO] [stdout] 
[INFO] [stdout] error[E0308]: mismatched types
[INFO] [stdout]   --> src/extractors.rs:24:82
[INFO] [stdout]    |
[INFO] [stdout] 24 |             .unwrap_or_else(|_| Extension(RequestMethod(Method::from_http_method(parts.method.clone()))))
[INFO] [stdout]    |                                                         ------------------------ ^^^^^^^^^^^^^^^^^^^^ expected `HttpMethod`, found `Method`
[INFO] [stdout]    |                                                         |
[INFO] [stdout]    |                                                         arguments to this function are incorrect
[INFO] [stdout]    |
[INFO] [stdout]    = note: `http::Method` and `HttpMethod` have similar names, but are actually distinct types
[INFO] [stdout] note: `http::Method` is defined in crate `http`
[INFO] [stdout]   --> /opt/rustwide/cargo-home/registry/src/index.crates.io-6f17d22bba15001f/http-0.2.11/src/method.rs:46:1
[INFO] [stdout]    |
[INFO] [stdout] 46 | pub struct Method(Inner);
[INFO] [stdout]    | ^^^^^^^^^^^^^^^^^
[INFO] [stdout] note: `HttpMethod` is defined in crate `product_os_http`
[INFO] [stdout]   --> /opt/rustwide/cargo-home/registry/src/index.crates.io-6f17d22bba15001f/product-os-http-0.0.3/src/method.rs:48:1
[INFO] [stdout]    |
[INFO] [stdout] 48 | pub struct Method(Inner);
[INFO] [stdout]    | ^^^^^^^^^^^^^^^^^
[INFO] [stdout] note: associated function defined here
[INFO] [stdout]   --> /opt/rustwide/cargo-home/registry/src/index.crates.io-6f17d22bba15001f/product-os-request-0.0.18/src/lib.rs:89:12
[INFO] [stdout]    |
[INFO] [stdout] 89 |     pub fn from_http_method(method: product_os_http::Method) -> Self {
[INFO] [stdout]    |            ^^^^^^^^^^^^^^^^
[INFO] [stdout] 
[INFO] [stdout] 
[INFO] [stdout] error: aborting due to 1 previous error; 3 warnings emitted
[INFO] [stdout] 
[INFO] [stdout] 
[INFO] [stdout] For more information about this error, try `rustc --explain E0308`.
[INFO] [stdout] 
[INFO] [stdout] error: aborting due to 1 previous error; 3 warnings emitted
[INFO] [stdout] 
[INFO] [stdout] 
[INFO] [stdout] For more information about this error, try `rustc --explain E0308`.
[INFO] [stdout] 
[INFO] [stderr] error: could not compile `product-os-router` (lib) due to 2 previous errors; 3 warnings emitted
[INFO] [stderr] warning: build failed, waiting for other jobs to finish...
[INFO] [stderr] error: could not compile `product-os-router` (lib test) due to 2 previous errors; 3 warnings emitted
[INFO] running `Command { std: "docker" "inspect" "b0f9ab5b69266a2a2b107efbcdd79f6a907d0dcebb8c85afe10d878be46e041e", kill_on_drop: false }`
[INFO] running `Command { std: "docker" "rm" "-f" "b0f9ab5b69266a2a2b107efbcdd79f6a907d0dcebb8c85afe10d878be46e041e", kill_on_drop: false }`
[INFO] [stdout] b0f9ab5b69266a2a2b107efbcdd79f6a907d0dcebb8c85afe10d878be46e041e
[INFO] checking product-os-router-0.0.9 against nightly-2024-02-05+rustflags=-Dunexpected_cfgs+cargoflags=-Zcheck-cfg for check-cfg
[INFO] extracting crate product-os-router 0.0.9 into /workspace/builds/worker-6-tc2/source
[INFO] validating manifest of crates.io crate product-os-router 0.0.9 on toolchain nightly-2024-02-05
[INFO] running `Command { std: CARGO_HOME="/workspace/cargo-home" RUSTUP_HOME="/workspace/rustup-home" "/workspace/cargo-home/bin/cargo" "+nightly-2024-02-05" "metadata" "--manifest-path" "Cargo.toml" "--no-deps", kill_on_drop: false }`
[INFO] started tweaking crates.io crate product-os-router 0.0.9
[INFO] finished tweaking crates.io crate product-os-router 0.0.9
[INFO] tweaked toml for crates.io crate product-os-router 0.0.9 written to /workspace/builds/worker-6-tc2/source/Cargo.toml
[INFO] running `Command { std: CARGO_HOME="/workspace/cargo-home" RUSTUP_HOME="/workspace/rustup-home" "/workspace/cargo-home/bin/cargo" "+nightly-2024-02-05" "generate-lockfile" "--manifest-path" "Cargo.toml", kill_on_drop: false }`
[INFO] [stderr]     Updating crates.io index
[INFO] running `Command { std: CARGO_HOME="/workspace/cargo-home" RUSTUP_HOME="/workspace/rustup-home" "/workspace/cargo-home/bin/cargo" "+nightly-2024-02-05" "fetch" "--manifest-path" "Cargo.toml", kill_on_drop: false }`
[INFO] running `Command { std: "docker" "create" "-v" "/var/lib/crater-agent-workspace/builds/worker-6-tc2/target:/opt/rustwide/target:rw,Z" "-v" "/var/lib/crater-agent-workspace/builds/worker-6-tc2/source:/opt/rustwide/workdir:ro,Z" "-v" "/var/lib/crater-agent-workspace/cargo-home:/opt/rustwide/cargo-home:ro,Z" "-v" "/var/lib/crater-agent-workspace/rustup-home:/opt/rustwide/rustup-home:ro,Z" "-e" "SOURCE_DIR=/opt/rustwide/workdir" "-e" "CARGO_TARGET_DIR=/opt/rustwide/target" "-e" "CARGO_HOME=/opt/rustwide/cargo-home" "-e" "RUSTUP_HOME=/opt/rustwide/rustup-home" "-w" "/opt/rustwide/workdir" "-m" "1610612736" "--user" "0:0" "--network" "none" "ghcr.io/rust-lang/crates-build-env/linux@sha256:2788e3201cd34a07e3172128adcd8b3090168a8e3bcc40d7c032b9dda1df7d1c" "/opt/rustwide/cargo-home/bin/cargo" "+nightly-2024-02-05" "metadata" "--no-deps" "--format-version=1", kill_on_drop: false }`
[INFO] [stdout] 0d7a04d0aa71143ced8495db5fd33f94436480eba4d76029eefd351cf8fef7c0
[INFO] running `Command { std: "docker" "start" "-a" "0d7a04d0aa71143ced8495db5fd33f94436480eba4d76029eefd351cf8fef7c0", kill_on_drop: false }`
[INFO] running `Command { std: "docker" "inspect" "0d7a04d0aa71143ced8495db5fd33f94436480eba4d76029eefd351cf8fef7c0", kill_on_drop: false }`
[INFO] running `Command { std: "docker" "rm" "-f" "0d7a04d0aa71143ced8495db5fd33f94436480eba4d76029eefd351cf8fef7c0", kill_on_drop: false }`
[INFO] [stdout] 0d7a04d0aa71143ced8495db5fd33f94436480eba4d76029eefd351cf8fef7c0
[INFO] running `Command { std: "docker" "create" "-v" "/var/lib/crater-agent-workspace/builds/worker-6-tc2/target:/opt/rustwide/target:rw,Z" "-v" "/var/lib/crater-agent-workspace/builds/worker-6-tc2/source:/opt/rustwide/workdir:ro,Z" "-v" "/var/lib/crater-agent-workspace/cargo-home:/opt/rustwide/cargo-home:ro,Z" "-v" "/var/lib/crater-agent-workspace/rustup-home:/opt/rustwide/rustup-home:ro,Z" "-e" "SOURCE_DIR=/opt/rustwide/workdir" "-e" "CARGO_TARGET_DIR=/opt/rustwide/target" "-e" "CARGO_INCREMENTAL=0" "-e" "RUST_BACKTRACE=full" "-e" "RUSTFLAGS=--cap-lints=forbid -Dunexpected_cfgs" "-e" "RUSTDOCFLAGS=--cap-lints=forbid" "-e" "CARGO_HOME=/opt/rustwide/cargo-home" "-e" "RUSTUP_HOME=/opt/rustwide/rustup-home" "-w" "/opt/rustwide/workdir" "-m" "1610612736" "--user" "0:0" "--network" "none" "ghcr.io/rust-lang/crates-build-env/linux@sha256:2788e3201cd34a07e3172128adcd8b3090168a8e3bcc40d7c032b9dda1df7d1c" "/opt/rustwide/cargo-home/bin/cargo" "+nightly-2024-02-05" "check" "--frozen" "--all" "--all-targets" "--message-format=json" "-Zcheck-cfg", kill_on_drop: false }`
[INFO] [stdout] 093e1dd1b385b873dda6b21afe2357a80a57ebdfc47209d44a4bef943480c102
[INFO] running `Command { std: "docker" "start" "-a" "093e1dd1b385b873dda6b21afe2357a80a57ebdfc47209d44a4bef943480c102", kill_on_drop: false }`
[INFO] [stderr]    Compiling version_check v0.9.4
[INFO] [stderr]    Compiling typenum v1.17.0
[INFO] [stderr]    Compiling rustversion v1.0.14
[INFO] [stderr]     Checking futures-core v0.3.30
[INFO] [stderr]    Compiling slab v0.4.9
[INFO] [stderr]     Checking http v0.2.11
[INFO] [stderr]    Compiling futures-macro v0.3.30
[INFO] [stderr]     Checking pin-utils v0.1.0
[INFO] [stderr]     Checking futures-task v0.3.30
[INFO] [stderr]    Compiling serde_derive v1.0.196
[INFO] [stderr]     Checking getrandom v0.2.12
[INFO] [stderr]    Compiling httparse v1.8.0
[INFO] [stderr]    Compiling generic-array v0.14.7
[INFO] [stderr]     Checking percent-encoding v2.3.1
[INFO] [stderr]     Checking form_urlencoded v1.2.1
[INFO] [stderr]     Checking rand_core v0.6.4
[INFO] [stderr]     Checking unicode-normalization v0.1.22
[INFO] [stderr]     Checking mio v0.8.10
[INFO] [stderr]     Checking socket2 v0.5.5
[INFO] [stderr]    Compiling async-trait v0.1.77
[INFO] [stderr]     Checking tower-service v0.3.2
[INFO] [stderr]     Checking unicode-bidi v0.3.15
[INFO] [stderr]     Checking tokio v1.36.0
[INFO] [stderr]     Checking tracing-core v0.1.32
[INFO] [stderr]     Checking rand_chacha v0.3.1
[INFO] [stderr]    Compiling core-error v0.0.1-rc4
[INFO] [stderr]     Checking idna v0.5.0
[INFO] [stderr]     Checking futures-util v0.3.30
[INFO] [stderr]     Checking tower-layer v0.3.2
[INFO] [stderr]     Checking cpufeatures v0.2.12
[INFO] [stderr]     Checking tracing v0.1.40
[INFO] [stderr]     Checking rand v0.8.5
[INFO] [stderr]    Compiling axum-core v0.3.4
[INFO] [stderr]     Checking url v2.5.0
[INFO] [stderr]     Checking http-body v0.4.6
[INFO] [stderr]     Checking try-lock v0.2.5
[INFO] [stderr]    Compiling serde_json v1.0.113
[INFO] [stderr]     Checking crypto-common v0.1.6
[INFO] [stderr]     Checking block-buffer v0.10.4
[INFO] [stderr]     Checking data-encoding v2.5.0
[INFO] [stderr]     Checking digest v0.10.7
[INFO] [stderr]     Checking log v0.4.20
[INFO] [stderr]     Checking utf-8 v0.7.6
[INFO] [stderr]     Checking want v0.3.1
[INFO] [stderr]     Checking sha1 v0.10.6
[INFO] [stderr]    Compiling axum v0.6.20
[INFO] [stderr]     Checking futures-channel v0.3.30
[INFO] [stderr]     Checking equivalent v1.0.1
[INFO] [stderr]     Checking tungstenite v0.20.1
[INFO] [stderr]     Checking no-std-compat v0.4.1
[INFO] [stderr]     Checking httpdate v1.0.3
[INFO] [stderr]     Checking mime v0.3.17
[INFO] [stderr]     Checking hashbrown v0.14.3
[INFO] [stderr]     Checking product-os-http v0.0.3
[INFO] [stderr]     Checking sync_wrapper v0.1.2
[INFO] [stderr]     Checking matchit v0.7.3
[INFO] [stderr]     Checking memchr v2.7.1
[INFO] [stderr]     Checking base64 v0.21.7
[INFO] [stderr]     Checking product-os-http-body v0.0.2
[INFO] [stderr]     Checking indexmap v2.2.2
[INFO] [stderr]     Checking tower-default-headers v0.1.1
[INFO] [stderr]     Checking serde v1.0.196
[INFO] [stderr]     Checking tokio-tungstenite v0.20.1
[INFO] [stderr]     Checking tower v0.4.13
[INFO] [stderr]     Checking hyper v0.14.28
[INFO] [stderr]     Checking serde_path_to_error v0.1.15
[INFO] [stderr]     Checking serde_html_form v0.2.4
[INFO] [stderr]     Checking product-os-request v0.0.18
[INFO] [stderr]     Checking axum-extra v0.8.0
[INFO] [stderr]     Checking product-os-router v0.0.9 (/opt/rustwide/workdir)
[INFO] [stdout] warning: ambiguous glob re-exports
[INFO] [stdout]   --> src/lib.rs:12:9
[INFO] [stdout]    |
[INFO] [stdout] 12 |   pub use axum::{
[INFO] [stdout]    |  _________^
[INFO] [stdout] 13 | |     routing::*,
[INFO] [stdout] 14 | |     middleware::*,
[INFO] [stdout]    | |     ------------- but the name `future` in the type namespace is also re-exported here
[INFO] [stdout] 15 | |     http::{
[INFO] [stdout] ...  |
[INFO] [stdout] 30 | |     },
[INFO] [stdout] 31 | | };
[INFO] [stdout]    | |_^ the name `future` in the type namespace is first re-exported here
[INFO] [stdout]    |
[INFO] [stdout]    = note: `#[warn(ambiguous_glob_reexports)]` on by default
[INFO] [stdout] 
[INFO] [stdout] 
[INFO] [stdout] warning: unused import: `RequestExt`
[INFO] [stdout]   --> src/lib.rs:42:22
[INFO] [stdout]    |
[INFO] [stdout] 42 | use axum::{BoxError, RequestExt};
[INFO] [stdout]    |                      ^^^^^^^^^^
[INFO] [stdout]    |
[INFO] [stdout]    = note: `#[warn(unused_imports)]` on by default
[INFO] [stdout] 
[INFO] [stdout] 
[INFO] [stdout] warning: unused import: `Request`
[INFO] [stdout]  --> src/extractors.rs:8:28
[INFO] [stdout]   |
[INFO] [stdout] 8 | use http::{request::Parts, Request};
[INFO] [stdout]   |                            ^^^^^^^
[INFO] [stdout] 
[INFO] [stdout] 
[INFO] [stdout] warning: ambiguous glob re-exports
[INFO] [stdout]   --> src/lib.rs:12:9
[INFO] [stdout]    |
[INFO] [stdout] 12 |   pub use axum::{
[INFO] [stdout]    |  _________^
[INFO] [stdout] 13 | |     routing::*,
[INFO] [stdout] 14 | |     middleware::*,
[INFO] [stdout]    | |     ------------- but the name `future` in the type namespace is also re-exported here
[INFO] [stdout] 15 | |     http::{
[INFO] [stdout] ...  |
[INFO] [stdout] 30 | |     },
[INFO] [stdout] 31 | | };
[INFO] [stdout]    | |_^ the name `future` in the type namespace is first re-exported here
[INFO] [stdout]    |
[INFO] [stdout]    = note: `#[warn(ambiguous_glob_reexports)]` on by default
[INFO] [stdout] 
[INFO] [stdout] 
[INFO] [stdout] warning: unused import: `RequestExt`
[INFO] [stdout]   --> src/lib.rs:42:22
[INFO] [stdout]    |
[INFO] [stdout] 42 | use axum::{BoxError, RequestExt};
[INFO] [stdout]    |                      ^^^^^^^^^^
[INFO] [stdout]    |
[INFO] [stdout]    = note: `#[warn(unused_imports)]` on by default
[INFO] [stdout] 
[INFO] [stdout] 
[INFO] [stdout] warning: unused import: `Request`
[INFO] [stdout]  --> src/extractors.rs:8:28
[INFO] [stdout]   |
[INFO] [stdout] 8 | use http::{request::Parts, Request};
[INFO] [stdout]   |                            ^^^^^^^
[INFO] [stdout] 
[INFO] [stdout] 
[INFO] [stdout] error[E0308]: mismatched types
[INFO] [stdout]   --> src/extractors.rs:24:82
[INFO] [stdout]    |
[INFO] [stdout] 24 |             .unwrap_or_else(|_| Extension(RequestMethod(Method::from_http_method(parts.method.clone()))))
[INFO] [stdout]    |                                                         ------------------------ ^^^^^^^^^^^^^^^^^^^^ expected `HttpMethod`, found `Method`
[INFO] [stdout]    |                                                         |
[INFO] [stdout]    |                                                         arguments to this function are incorrect
[INFO] [stdout]    |
[INFO] [stdout]    = note: `http::Method` and `HttpMethod` have similar names, but are actually distinct types
[INFO] [stdout] note: `http::Method` is defined in crate `http`
[INFO] [stdout]   --> /opt/rustwide/cargo-home/registry/src/index.crates.io-6f17d22bba15001f/http-0.2.11/src/method.rs:46:1
[INFO] [stdout]    |
[INFO] [stdout] 46 | pub struct Method(Inner);
[INFO] [stdout]    | ^^^^^^^^^^^^^^^^^
[INFO] [stdout] note: `HttpMethod` is defined in crate `product_os_http`
[INFO] [stdout]   --> /opt/rustwide/cargo-home/registry/src/index.crates.io-6f17d22bba15001f/product-os-http-0.0.3/src/method.rs:48:1
[INFO] [stdout]    |
[INFO] [stdout] 48 | pub struct Method(Inner);
[INFO] [stdout]    | ^^^^^^^^^^^^^^^^^
[INFO] [stdout] note: associated function defined here
[INFO] [stdout]   --> /opt/rustwide/cargo-home/registry/src/index.crates.io-6f17d22bba15001f/product-os-request-0.0.18/src/lib.rs:89:12
[INFO] [stdout]    |
[INFO] [stdout] 89 |     pub fn from_http_method(method: product_os_http::Method) -> Self {
[INFO] [stdout]    |            ^^^^^^^^^^^^^^^^
[INFO] [stdout] 
[INFO] [stdout] 
[INFO] [stdout] error[E0308]: mismatched types
[INFO] [stdout]   --> src/extractors.rs:24:82
[INFO] [stdout]    |
[INFO] [stdout] 24 |             .unwrap_or_else(|_| Extension(RequestMethod(Method::from_http_method(parts.method.clone()))))
[INFO] [stdout]    |                                                         ------------------------ ^^^^^^^^^^^^^^^^^^^^ expected `HttpMethod`, found `Method`
[INFO] [stdout]    |                                                         |
[INFO] [stdout]    |                                                         arguments to this function are incorrect
[INFO] [stdout]    |
[INFO] [stdout]    = note: `http::Method` and `HttpMethod` have similar names, but are actually distinct types
[INFO] [stdout] note: `http::Method` is defined in crate `http`
[INFO] [stdout]   --> /opt/rustwide/cargo-home/registry/src/index.crates.io-6f17d22bba15001f/http-0.2.11/src/method.rs:46:1
[INFO] [stdout]    |
[INFO] [stdout] 46 | pub struct Method(Inner);
[INFO] [stdout]    | ^^^^^^^^^^^^^^^^^
[INFO] [stdout] note: `HttpMethod` is defined in crate `product_os_http`
[INFO] [stdout]   --> /opt/rustwide/cargo-home/registry/src/index.crates.io-6f17d22bba15001f/product-os-http-0.0.3/src/method.rs:48:1
[INFO] [stdout]    |
[INFO] [stdout] 48 | pub struct Method(Inner);
[INFO] [stdout]    | ^^^^^^^^^^^^^^^^^
[INFO] [stdout] note: associated function defined here
[INFO] [stdout]   --> /opt/rustwide/cargo-home/registry/src/index.crates.io-6f17d22bba15001f/product-os-request-0.0.18/src/lib.rs:89:12
[INFO] [stdout]    |
[INFO] [stdout] 89 |     pub fn from_http_method(method: product_os_http::Method) -> Self {
[INFO] [stdout]    |            ^^^^^^^^^^^^^^^^
[INFO] [stdout] 
[INFO] [stdout] 
[INFO] [stdout] error: aborting due to 1 previous error; 3 warnings emitted
[INFO] [stdout] 
[INFO] [stdout] 
[INFO] [stdout] For more information about this error, try `rustc --explain E0308`.
[INFO] [stdout] 
[INFO] [stderr] error: could not compile `product-os-router` (lib test) due to 2 previous errors; 3 warnings emitted
[INFO] [stderr] warning: build failed, waiting for other jobs to finish...
[INFO] [stdout] error: aborting due to 1 previous error; 3 warnings emitted
[INFO] [stdout] 
[INFO] [stdout] 
[INFO] [stdout] For more information about this error, try `rustc --explain E0308`.
[INFO] [stdout] 
[INFO] [stderr] error: could not compile `product-os-router` (lib) due to 2 previous errors; 3 warnings emitted
[INFO] running `Command { std: "docker" "inspect" "093e1dd1b385b873dda6b21afe2357a80a57ebdfc47209d44a4bef943480c102", kill_on_drop: false }`
[INFO] running `Command { std: "docker" "rm" "-f" "093e1dd1b385b873dda6b21afe2357a80a57ebdfc47209d44a4bef943480c102", kill_on_drop: false }`
[INFO] [stdout] 093e1dd1b385b873dda6b21afe2357a80a57ebdfc47209d44a4bef943480c102
