[INFO] fetching crate product-os-connector 0.0.10...
[INFO] checking product-os-connector-0.0.10 against nightly-2024-02-05 for check-cfg
[INFO] extracting crate product-os-connector 0.0.10 into /workspace/builds/worker-2-tc1/source
[INFO] validating manifest of crates.io crate product-os-connector 0.0.10 on toolchain nightly-2024-02-05
[INFO] running `Command { std: CARGO_HOME="/workspace/cargo-home" RUSTUP_HOME="/workspace/rustup-home" "/workspace/cargo-home/bin/cargo" "+nightly-2024-02-05" "metadata" "--manifest-path" "Cargo.toml" "--no-deps", kill_on_drop: false }`
[INFO] started tweaking crates.io crate product-os-connector 0.0.10
[INFO] finished tweaking crates.io crate product-os-connector 0.0.10
[INFO] tweaked toml for crates.io crate product-os-connector 0.0.10 written to /workspace/builds/worker-2-tc1/source/Cargo.toml
[INFO] running `Command { std: CARGO_HOME="/workspace/cargo-home" RUSTUP_HOME="/workspace/rustup-home" "/workspace/cargo-home/bin/cargo" "+nightly-2024-02-05" "generate-lockfile" "--manifest-path" "Cargo.toml", kill_on_drop: false }`
[INFO] [stderr]     Updating crates.io index
[INFO] running `Command { std: CARGO_HOME="/workspace/cargo-home" RUSTUP_HOME="/workspace/rustup-home" "/workspace/cargo-home/bin/cargo" "+nightly-2024-02-05" "fetch" "--manifest-path" "Cargo.toml", kill_on_drop: false }`
[INFO] [stderr]  Downloading crates ...
[INFO] [stderr]   Downloaded jwt-compact v0.8.0
[INFO] [stderr]   Downloaded core-error v0.0.1-rc4
[INFO] [stderr]   Downloaded product-os-capabilities v0.0.11
[INFO] [stderr]   Downloaded tower-default-headers v0.1.1
[INFO] [stderr]   Downloaded product-os-http-body v0.0.2
[INFO] [stderr]   Downloaded product-os-async-executor v0.0.12
[INFO] [stderr]   Downloaded product-os-http-body-util v0.0.3
[INFO] [stderr]   Downloaded product-os-openapi v0.0.4
[INFO] [stderr]   Downloaded axum-extra v0.8.0
[INFO] [stderr]   Downloaded serde_html_form v0.2.4
[INFO] [stderr]   Downloaded product-os-router v0.0.9
[INFO] [stderr]   Downloaded mopa v0.2.2
[INFO] [stderr]   Downloaded product-os-utilities v0.0.13
[INFO] [stderr]   Downloaded product-os-http v0.0.3
[INFO] [stderr]   Downloaded product-os-security v0.0.16
[INFO] [stderr]   Downloaded product-os-request v0.0.18
[INFO] [stderr]   Downloaded product-os-random v0.0.14
[INFO] running `Command { std: "docker" "create" "-v" "/var/lib/crater-agent-workspace/builds/worker-2-tc1/target:/opt/rustwide/target:rw,Z" "-v" "/var/lib/crater-agent-workspace/builds/worker-2-tc1/source:/opt/rustwide/workdir:ro,Z" "-v" "/var/lib/crater-agent-workspace/cargo-home:/opt/rustwide/cargo-home:ro,Z" "-v" "/var/lib/crater-agent-workspace/rustup-home:/opt/rustwide/rustup-home:ro,Z" "-e" "SOURCE_DIR=/opt/rustwide/workdir" "-e" "CARGO_TARGET_DIR=/opt/rustwide/target" "-e" "CARGO_HOME=/opt/rustwide/cargo-home" "-e" "RUSTUP_HOME=/opt/rustwide/rustup-home" "-w" "/opt/rustwide/workdir" "-m" "1610612736" "--user" "0:0" "--network" "none" "ghcr.io/rust-lang/crates-build-env/linux@sha256:2788e3201cd34a07e3172128adcd8b3090168a8e3bcc40d7c032b9dda1df7d1c" "/opt/rustwide/cargo-home/bin/cargo" "+nightly-2024-02-05" "metadata" "--no-deps" "--format-version=1", kill_on_drop: false }`
[INFO] [stdout] a80261a27bccd21fe46887e182af2b725bedc65da395aee3948e18f0bcc199ce
[INFO] running `Command { std: "docker" "start" "-a" "a80261a27bccd21fe46887e182af2b725bedc65da395aee3948e18f0bcc199ce", kill_on_drop: false }`
[INFO] running `Command { std: "docker" "inspect" "a80261a27bccd21fe46887e182af2b725bedc65da395aee3948e18f0bcc199ce", kill_on_drop: false }`
[INFO] running `Command { std: "docker" "rm" "-f" "a80261a27bccd21fe46887e182af2b725bedc65da395aee3948e18f0bcc199ce", kill_on_drop: false }`
[INFO] [stdout] a80261a27bccd21fe46887e182af2b725bedc65da395aee3948e18f0bcc199ce
[INFO] running `Command { std: "docker" "create" "-v" "/var/lib/crater-agent-workspace/builds/worker-2-tc1/target:/opt/rustwide/target:rw,Z" "-v" "/var/lib/crater-agent-workspace/builds/worker-2-tc1/source:/opt/rustwide/workdir:ro,Z" "-v" "/var/lib/crater-agent-workspace/cargo-home:/opt/rustwide/cargo-home:ro,Z" "-v" "/var/lib/crater-agent-workspace/rustup-home:/opt/rustwide/rustup-home:ro,Z" "-e" "SOURCE_DIR=/opt/rustwide/workdir" "-e" "CARGO_TARGET_DIR=/opt/rustwide/target" "-e" "CARGO_INCREMENTAL=0" "-e" "RUST_BACKTRACE=full" "-e" "RUSTFLAGS=--cap-lints=forbid" "-e" "RUSTDOCFLAGS=--cap-lints=forbid" "-e" "CARGO_HOME=/opt/rustwide/cargo-home" "-e" "RUSTUP_HOME=/opt/rustwide/rustup-home" "-w" "/opt/rustwide/workdir" "-m" "1610612736" "--user" "0:0" "--network" "none" "ghcr.io/rust-lang/crates-build-env/linux@sha256:2788e3201cd34a07e3172128adcd8b3090168a8e3bcc40d7c032b9dda1df7d1c" "/opt/rustwide/cargo-home/bin/cargo" "+nightly-2024-02-05" "check" "--frozen" "--all" "--all-targets" "--message-format=json", kill_on_drop: false }`
[INFO] [stdout] bbaf922624ab213bddfd9f104bc24362e137f56f5a5ae43eefd8d7b4c7d0c248
[INFO] running `Command { std: "docker" "start" "-a" "bbaf922624ab213bddfd9f104bc24362e137f56f5a5ae43eefd8d7b4c7d0c248", kill_on_drop: false }`
[INFO] [stderr]     Checking subtle v2.5.0
[INFO] [stderr]    Compiling serde_json v1.0.113
[INFO] [stderr]    Compiling core-error v0.0.1-rc4
[INFO] [stderr]     Checking generic-array v0.14.7
[INFO] [stderr]     Checking tracing v0.1.40
[INFO] [stderr]     Checking futures-util v0.3.30
[INFO] [stderr]     Checking tokio v1.36.0
[INFO] [stderr]     Checking no-std-compat v0.4.1
[INFO] [stderr]     Checking idna v0.5.0
[INFO] [stderr]     Checking http-body v0.4.6
[INFO] [stderr]     Checking ring v0.17.7
[INFO] [stderr]     Checking futures-channel v0.3.30
[INFO] [stderr]    Compiling rustls v0.21.10
[INFO] [stderr]    Compiling num-conv v0.1.0
[INFO] [stderr]    Compiling time-core v0.1.2
[INFO] [stderr]     Checking alloc-no-stdlib v2.0.4
[INFO] [stderr]    Compiling cookie v0.17.0
[INFO] [stderr]     Checking mime v0.3.17
[INFO] [stderr]     Checking tower-layer v0.3.2
[INFO] [stderr]     Checking alloc-stdlib v0.2.2
[INFO] [stderr]    Compiling time-macros v0.2.17
[INFO] [stderr]    Compiling axum-core v0.3.4
[INFO] [stderr]     Checking idna v0.3.0
[INFO] [stderr]     Checking psl-types v2.0.11
[INFO] [stderr]     Checking brotli-decompressor v2.5.1
[INFO] [stderr]     Checking data-encoding v2.5.0
[INFO] [stderr]     Checking sync_wrapper v0.1.2
[INFO] [stderr]     Checking chrono v0.4.33
[INFO] [stderr]    Compiling axum v0.6.20
[INFO] [stderr]    Compiling zeroize_derive v1.4.2
[INFO] [stderr]     Checking product-os-http v0.0.3
[INFO] [stderr]    Compiling anyhow v1.0.79
[INFO] [stderr]     Checking rustls-pemfile v1.0.4
[INFO] [stderr]     Checking url v2.5.0
[INFO] [stderr]     Checking serde_urlencoded v0.7.1
[INFO] [stderr]     Checking serde_path_to_error v0.1.15
[INFO] [stderr]     Checking ipnet v2.9.0
[INFO] [stderr]     Checking crypto-common v0.1.6
[INFO] [stderr]     Checking block-buffer v0.10.4
[INFO] [stderr]     Checking publicsuffix v2.2.3
[INFO] [stderr]     Checking digest v0.10.7
[INFO] [stderr]     Checking matchit v0.7.3
[INFO] [stderr]     Checking serde_html_form v0.2.4
[INFO] [stderr]     Checking fiat-crypto v0.2.6
[INFO] [stderr]     Checking regex-syntax v0.8.2
[INFO] [stderr]     Checking base64ct v1.6.0
[INFO] [stderr]     Checking sha1 v0.10.6
[INFO] [stderr]     Checking hmac v0.12.1
[INFO] [stderr]     Checking sha2 v0.10.8
[INFO] [stderr]     Checking product-os-random v0.0.14
[INFO] [stderr]     Checking product-os-http-body v0.0.2
[INFO] [stderr]     Checking tungstenite v0.20.1
[INFO] [stderr]     Checking serde_yaml v0.9.31
[INFO] [stderr]     Checking parking_lot v0.12.1
[INFO] [stderr]     Checking serde_with v3.6.0
[INFO] [stderr]     Checking mopa v0.2.2
[INFO] [stderr]     Checking no-std-net v0.6.0
[INFO] [stderr]     Checking sct v0.7.1
[INFO] [stderr]     Checking rustls-webpki v0.101.7
[INFO] [stderr]     Checking product-os-openapi v0.0.4
[INFO] [stderr]     Checking brotli v3.4.0
[INFO] [stderr]     Checking zeroize v1.7.0
[INFO] [stderr]     Checking jwt-compact v0.8.0
[INFO] [stderr]     Checking time v0.3.34
[INFO] [stderr]     Checking regex-automata v0.4.5
[INFO] [stderr]     Checking product-os-http-body-util v0.0.3
[INFO] [stderr]     Checking product-os-async-executor v0.0.12
[INFO] [stderr]     Checking tower-default-headers v0.1.1
[INFO] [stderr]     Checking cookie_store v0.20.0
[INFO] [stderr]     Checking regex v1.10.3
[INFO] [stderr]     Checking tokio-util v0.7.10
[INFO] [stderr]     Checking tokio-tungstenite v0.20.1
[INFO] [stderr]     Checking tower v0.4.13
[INFO] [stderr]     Checking tokio-rustls v0.24.1
[INFO] [stderr]     Checking h2 v0.3.24
[INFO] [stderr]     Checking async-compression v0.4.6
[INFO] [stderr]     Checking hyper v0.14.28
[INFO] [stderr]     Checking orion v0.17.6
[INFO] [stderr]     Checking product-os-security v0.0.16
[INFO] [stderr]     Checking product-os-utilities v0.0.13
[INFO] [stderr]     Checking hyper-rustls v0.24.2
[INFO] [stderr]     Checking reqwest v0.11.24
[INFO] [stderr]     Checking product-os-request v0.0.18
[INFO] [stdout] error[E0277]: the trait bound `product_os_http::HeaderValue: product_os_http::header::map::as_header_name::AsHeaderName` is not satisfied
[INFO] [stdout]    --> /opt/rustwide/cargo-home/registry/src/index.crates.io-6f17d22bba15001f/product-os-request-0.0.18/src/lib.rs:530:31
[INFO] [stdout]     |
[INFO] [stdout] 530 |         self.headers.append::<HeaderValue>(name.as_str(), header_value);
[INFO] [stdout]     |                      ------   ^^^^^^^^^^^ the trait `product_os_http::header::map::as_header_name::AsHeaderName` is not implemented for `product_os_http::HeaderValue`
[INFO] [stdout]     |                      |
[INFO] [stdout]     |                      required by a bound introduced by this call
[INFO] [stdout]     |
[INFO] [stdout]     = help: the following other types implement trait `product_os_http::header::map::as_header_name::AsHeaderName`:
[INFO] [stdout]               product_os_http::HeaderName
[INFO] [stdout]               std::string::String
[INFO] [stdout]               &'a product_os_http::HeaderName
[INFO] [stdout]               &'a str
[INFO] [stdout]               &'a std::string::String
[INFO] [stdout] note: required by a bound in `product_os_http::HeaderMap::<T>::append`
[INFO] [stdout]    --> /opt/rustwide/cargo-home/registry/src/index.crates.io-6f17d22bba15001f/product-os-http-0.0.3/src/header/map.rs:103:22
[INFO] [stdout]     |
[INFO] [stdout] 103 |     pub fn append<K: AsHeaderName>(&mut self, key: K, value: T) -> bool
[INFO] [stdout]     |                      ^^^^^^^^^^^^ required by this bound in `HeaderMap::<T>::append`
[INFO] [stdout] 
[INFO] [stdout] 
[INFO] [stdout] error[E0308]: mismatched types
[INFO] [stdout]    --> /opt/rustwide/cargo-home/registry/src/index.crates.io-6f17d22bba15001f/product-os-request-0.0.18/src/lib.rs:530:44
[INFO] [stdout]     |
[INFO] [stdout] 530 |         self.headers.append::<HeaderValue>(name.as_str(), header_value);
[INFO] [stdout]     |                      --------------------- ^^^^^^^^^^^^^ expected `HeaderValue`, found `&str`
[INFO] [stdout]     |                      |
[INFO] [stdout]     |                      arguments to this method are incorrect
[INFO] [stdout]     |
[INFO] [stdout] note: method defined here
[INFO] [stdout]    --> /opt/rustwide/cargo-home/registry/src/index.crates.io-6f17d22bba15001f/product-os-http-0.0.3/src/header/map.rs:103:12
[INFO] [stdout]     |
[INFO] [stdout] 103 |     pub fn append<K: AsHeaderName>(&mut self, key: K, value: T) -> bool
[INFO] [stdout]     |            ^^^^^^
[INFO] [stdout] 
[INFO] [stdout] 
[INFO] [stdout] error: aborting due to 2 previous errors
[INFO] [stdout] 
[INFO] [stdout] 
[INFO] [stdout] Some errors have detailed explanations: E0277, E0308.
[INFO] [stdout] 
[INFO] [stdout] For more information about an error, try `rustc --explain E0277`.
[INFO] [stdout] 
[INFO] [stderr] error: could not compile `product-os-request` (lib) due to 3 previous errors
[INFO] [stderr] warning: build failed, waiting for other jobs to finish...
[INFO] running `Command { std: "docker" "inspect" "bbaf922624ab213bddfd9f104bc24362e137f56f5a5ae43eefd8d7b4c7d0c248", kill_on_drop: false }`
[INFO] running `Command { std: "docker" "rm" "-f" "bbaf922624ab213bddfd9f104bc24362e137f56f5a5ae43eefd8d7b4c7d0c248", kill_on_drop: false }`
[INFO] [stdout] bbaf922624ab213bddfd9f104bc24362e137f56f5a5ae43eefd8d7b4c7d0c248
[INFO] checking product-os-connector-0.0.10 against nightly-2024-02-05+rustflags=-Dunexpected_cfgs+cargoflags=-Zcheck-cfg for check-cfg
[INFO] extracting crate product-os-connector 0.0.10 into /workspace/builds/worker-2-tc2/source
[INFO] validating manifest of crates.io crate product-os-connector 0.0.10 on toolchain nightly-2024-02-05
[INFO] running `Command { std: CARGO_HOME="/workspace/cargo-home" RUSTUP_HOME="/workspace/rustup-home" "/workspace/cargo-home/bin/cargo" "+nightly-2024-02-05" "metadata" "--manifest-path" "Cargo.toml" "--no-deps", kill_on_drop: false }`
[INFO] started tweaking crates.io crate product-os-connector 0.0.10
[INFO] finished tweaking crates.io crate product-os-connector 0.0.10
[INFO] tweaked toml for crates.io crate product-os-connector 0.0.10 written to /workspace/builds/worker-2-tc2/source/Cargo.toml
[INFO] running `Command { std: CARGO_HOME="/workspace/cargo-home" RUSTUP_HOME="/workspace/rustup-home" "/workspace/cargo-home/bin/cargo" "+nightly-2024-02-05" "generate-lockfile" "--manifest-path" "Cargo.toml", kill_on_drop: false }`
[INFO] [stderr]     Updating crates.io index
[INFO] running `Command { std: CARGO_HOME="/workspace/cargo-home" RUSTUP_HOME="/workspace/rustup-home" "/workspace/cargo-home/bin/cargo" "+nightly-2024-02-05" "fetch" "--manifest-path" "Cargo.toml", kill_on_drop: false }`
[INFO] [stderr]     Blocking waiting for file lock on package cache
[INFO] [stderr]     Blocking waiting for file lock on package cache
[INFO] running `Command { std: "docker" "create" "-v" "/var/lib/crater-agent-workspace/builds/worker-2-tc2/target:/opt/rustwide/target:rw,Z" "-v" "/var/lib/crater-agent-workspace/builds/worker-2-tc2/source:/opt/rustwide/workdir:ro,Z" "-v" "/var/lib/crater-agent-workspace/cargo-home:/opt/rustwide/cargo-home:ro,Z" "-v" "/var/lib/crater-agent-workspace/rustup-home:/opt/rustwide/rustup-home:ro,Z" "-e" "SOURCE_DIR=/opt/rustwide/workdir" "-e" "CARGO_TARGET_DIR=/opt/rustwide/target" "-e" "CARGO_HOME=/opt/rustwide/cargo-home" "-e" "RUSTUP_HOME=/opt/rustwide/rustup-home" "-w" "/opt/rustwide/workdir" "-m" "1610612736" "--user" "0:0" "--network" "none" "ghcr.io/rust-lang/crates-build-env/linux@sha256:2788e3201cd34a07e3172128adcd8b3090168a8e3bcc40d7c032b9dda1df7d1c" "/opt/rustwide/cargo-home/bin/cargo" "+nightly-2024-02-05" "metadata" "--no-deps" "--format-version=1", kill_on_drop: false }`
[INFO] [stdout] 8dd61898f91e21ad8f221483f0ad131665371c6fbbb6cc180b0ef4ff86670181
[INFO] running `Command { std: "docker" "start" "-a" "8dd61898f91e21ad8f221483f0ad131665371c6fbbb6cc180b0ef4ff86670181", kill_on_drop: false }`
[INFO] running `Command { std: "docker" "inspect" "8dd61898f91e21ad8f221483f0ad131665371c6fbbb6cc180b0ef4ff86670181", kill_on_drop: false }`
[INFO] running `Command { std: "docker" "rm" "-f" "8dd61898f91e21ad8f221483f0ad131665371c6fbbb6cc180b0ef4ff86670181", kill_on_drop: false }`
[INFO] [stdout] 8dd61898f91e21ad8f221483f0ad131665371c6fbbb6cc180b0ef4ff86670181
[INFO] running `Command { std: "docker" "create" "-v" "/var/lib/crater-agent-workspace/builds/worker-2-tc2/target:/opt/rustwide/target:rw,Z" "-v" "/var/lib/crater-agent-workspace/builds/worker-2-tc2/source:/opt/rustwide/workdir:ro,Z" "-v" "/var/lib/crater-agent-workspace/cargo-home:/opt/rustwide/cargo-home:ro,Z" "-v" "/var/lib/crater-agent-workspace/rustup-home:/opt/rustwide/rustup-home:ro,Z" "-e" "SOURCE_DIR=/opt/rustwide/workdir" "-e" "CARGO_TARGET_DIR=/opt/rustwide/target" "-e" "CARGO_INCREMENTAL=0" "-e" "RUST_BACKTRACE=full" "-e" "RUSTFLAGS=--cap-lints=forbid -Dunexpected_cfgs" "-e" "RUSTDOCFLAGS=--cap-lints=forbid" "-e" "CARGO_HOME=/opt/rustwide/cargo-home" "-e" "RUSTUP_HOME=/opt/rustwide/rustup-home" "-w" "/opt/rustwide/workdir" "-m" "1610612736" "--user" "0:0" "--network" "none" "ghcr.io/rust-lang/crates-build-env/linux@sha256:2788e3201cd34a07e3172128adcd8b3090168a8e3bcc40d7c032b9dda1df7d1c" "/opt/rustwide/cargo-home/bin/cargo" "+nightly-2024-02-05" "check" "--frozen" "--all" "--all-targets" "--message-format=json" "-Zcheck-cfg", kill_on_drop: false }`
[INFO] [stdout] 192c631af6b27d17e03589209a6c0846743443c008a2eced34a831a2ebe5d699
[INFO] running `Command { std: "docker" "start" "-a" "192c631af6b27d17e03589209a6c0846743443c008a2eced34a831a2ebe5d699", kill_on_drop: false }`
[INFO] [stderr]     Checking subtle v2.5.0
[INFO] [stderr]    Compiling serde_json v1.0.113
[INFO] [stderr]    Compiling core-error v0.0.1-rc4
[INFO] [stderr]     Checking generic-array v0.14.7
[INFO] [stderr]     Checking tracing v0.1.40
[INFO] [stderr]     Checking tokio v1.36.0
[INFO] [stderr]     Checking no-std-compat v0.4.1
[INFO] [stderr]     Checking idna v0.5.0
[INFO] [stderr]     Checking futures-util v0.3.30
[INFO] [stderr]     Checking ring v0.17.7
[INFO] [stderr]     Checking http-body v0.4.6
[INFO] [stderr]     Checking futures-channel v0.3.30
[INFO] [stderr]     Checking alloc-no-stdlib v2.0.4
[INFO] [stderr]    Compiling rustls v0.21.10
[INFO] [stderr]    Compiling time-core v0.1.2
[INFO] [stderr]    Compiling num-conv v0.1.0
[INFO] [stderr]    Compiling cookie v0.17.0
[INFO] [stderr]     Checking tower-layer v0.3.2
[INFO] [stderr]     Checking alloc-stdlib v0.2.2
[INFO] [stderr]    Compiling axum-core v0.3.4
[INFO] [stderr]     Checking idna v0.3.0
[INFO] [stderr]    Compiling time-macros v0.2.17
[INFO] [stderr]     Checking brotli-decompressor v2.5.1
[INFO] [stderr]     Checking psl-types v2.0.11
[INFO] [stderr]     Checking data-encoding v2.5.0
[INFO] [stderr]     Checking sync_wrapper v0.1.2
[INFO] [stderr]     Checking chrono v0.4.33
[INFO] [stderr]    Compiling axum v0.6.20
[INFO] [stderr]    Compiling zeroize_derive v1.4.2
[INFO] [stderr]    Compiling anyhow v1.0.79
[INFO] [stderr]     Checking product-os-http v0.0.3
[INFO] [stderr]     Checking url v2.5.0
[INFO] [stderr]     Checking rustls-pemfile v1.0.4
[INFO] [stderr]     Checking serde_urlencoded v0.7.1
[INFO] [stderr]     Checking block-buffer v0.10.4
[INFO] [stderr]     Checking crypto-common v0.1.6
[INFO] [stderr]     Checking publicsuffix v2.2.3
[INFO] [stderr]     Checking serde_path_to_error v0.1.15
[INFO] [stderr]     Checking matchit v0.7.3
[INFO] [stderr]     Checking digest v0.10.7
[INFO] [stderr]     Checking ipnet v2.9.0
[INFO] [stderr]     Checking serde_html_form v0.2.4
[INFO] [stderr]     Checking regex-syntax v0.8.2
[INFO] [stderr]     Checking sha1 v0.10.6
[INFO] [stderr]     Checking hmac v0.12.1
[INFO] [stderr]     Checking sha2 v0.10.8
[INFO] [stderr]     Checking product-os-http-body v0.0.2
[INFO] [stderr]     Checking base64ct v1.6.0
[INFO] [stderr]     Checking fiat-crypto v0.2.6
[INFO] [stderr]     Checking tungstenite v0.20.1
[INFO] [stderr]     Checking product-os-random v0.0.14
[INFO] [stderr]     Checking sct v0.7.1
[INFO] [stderr]     Checking rustls-webpki v0.101.7
[INFO] [stderr]     Checking serde_yaml v0.9.31
[INFO] [stderr]     Checking parking_lot v0.12.1
[INFO] [stderr]     Checking serde_with v3.6.0
[INFO] [stderr]     Checking mopa v0.2.2
[INFO] [stderr]     Checking brotli v3.4.0
[INFO] [stderr]     Checking product-os-openapi v0.0.4
[INFO] [stderr]     Checking no-std-net v0.6.0
[INFO] [stderr]     Checking zeroize v1.7.0
[INFO] [stderr]     Checking jwt-compact v0.8.0
[INFO] [stderr]     Checking time v0.3.34
[INFO] [stderr]     Checking regex-automata v0.4.5
[INFO] [stderr]     Checking product-os-http-body-util v0.0.3
[INFO] [stderr]     Checking product-os-async-executor v0.0.12
[INFO] [stderr]     Checking tower-default-headers v0.1.1
[INFO] [stderr]     Checking regex v1.10.3
[INFO] [stderr]     Checking cookie_store v0.20.0
[INFO] [stderr]     Checking tokio-util v0.7.10
[INFO] [stderr]     Checking tokio-rustls v0.24.1
[INFO] [stderr]     Checking tower v0.4.13
[INFO] [stderr]     Checking tokio-tungstenite v0.20.1
[INFO] [stderr]     Checking h2 v0.3.24
[INFO] [stderr]     Checking async-compression v0.4.6
[INFO] [stderr]     Checking hyper v0.14.28
[INFO] [stderr]     Checking orion v0.17.6
[INFO] [stderr]     Checking product-os-security v0.0.16
[INFO] [stderr]     Checking product-os-utilities v0.0.13
[INFO] [stderr]     Checking hyper-rustls v0.24.2
[INFO] [stderr]     Checking reqwest v0.11.24
[INFO] [stderr]     Checking product-os-request v0.0.18
[INFO] [stdout] error[E0277]: the trait bound `product_os_http::HeaderValue: product_os_http::header::map::as_header_name::AsHeaderName` is not satisfied
[INFO] [stdout]    --> /opt/rustwide/cargo-home/registry/src/index.crates.io-6f17d22bba15001f/product-os-request-0.0.18/src/lib.rs:530:31
[INFO] [stdout]     |
[INFO] [stdout] 530 |         self.headers.append::<HeaderValue>(name.as_str(), header_value);
[INFO] [stdout]     |                      ------   ^^^^^^^^^^^ the trait `product_os_http::header::map::as_header_name::AsHeaderName` is not implemented for `product_os_http::HeaderValue`
[INFO] [stdout]     |                      |
[INFO] [stdout]     |                      required by a bound introduced by this call
[INFO] [stdout]     |
[INFO] [stdout]     = help: the following other types implement trait `product_os_http::header::map::as_header_name::AsHeaderName`:
[INFO] [stdout]               product_os_http::HeaderName
[INFO] [stdout]               std::string::String
[INFO] [stdout]               &'a product_os_http::HeaderName
[INFO] [stdout]               &'a str
[INFO] [stdout]               &'a std::string::String
[INFO] [stdout] note: required by a bound in `product_os_http::HeaderMap::<T>::append`
[INFO] [stdout]    --> /opt/rustwide/cargo-home/registry/src/index.crates.io-6f17d22bba15001f/product-os-http-0.0.3/src/header/map.rs:103:22
[INFO] [stdout]     |
[INFO] [stdout] 103 |     pub fn append<K: AsHeaderName>(&mut self, key: K, value: T) -> bool
[INFO] [stdout]     |                      ^^^^^^^^^^^^ required by this bound in `HeaderMap::<T>::append`
[INFO] [stdout] 
[INFO] [stdout] 
[INFO] [stdout] error[E0308]: mismatched types
[INFO] [stdout]    --> /opt/rustwide/cargo-home/registry/src/index.crates.io-6f17d22bba15001f/product-os-request-0.0.18/src/lib.rs:530:44
[INFO] [stdout]     |
[INFO] [stdout] 530 |         self.headers.append::<HeaderValue>(name.as_str(), header_value);
[INFO] [stdout]     |                      --------------------- ^^^^^^^^^^^^^ expected `HeaderValue`, found `&str`
[INFO] [stdout]     |                      |
[INFO] [stdout]     |                      arguments to this method are incorrect
[INFO] [stdout]     |
[INFO] [stdout] note: method defined here
[INFO] [stdout]    --> /opt/rustwide/cargo-home/registry/src/index.crates.io-6f17d22bba15001f/product-os-http-0.0.3/src/header/map.rs:103:12
[INFO] [stdout]     |
[INFO] [stdout] 103 |     pub fn append<K: AsHeaderName>(&mut self, key: K, value: T) -> bool
[INFO] [stdout]     |            ^^^^^^
[INFO] [stdout] 
[INFO] [stdout] 
[INFO] [stdout] error: aborting due to 2 previous errors
[INFO] [stdout] 
[INFO] [stdout] 
[INFO] [stdout] Some errors have detailed explanations: E0277, E0308.
[INFO] [stdout] 
[INFO] [stdout] For more information about an error, try `rustc --explain E0277`.
[INFO] [stdout] 
[INFO] [stderr] error: could not compile `product-os-request` (lib) due to 3 previous errors
[INFO] [stderr] warning: build failed, waiting for other jobs to finish...
[INFO] running `Command { std: "docker" "inspect" "192c631af6b27d17e03589209a6c0846743443c008a2eced34a831a2ebe5d699", kill_on_drop: false }`
[INFO] running `Command { std: "docker" "rm" "-f" "192c631af6b27d17e03589209a6c0846743443c008a2eced34a831a2ebe5d699", kill_on_drop: false }`
[INFO] [stdout] 192c631af6b27d17e03589209a6c0846743443c008a2eced34a831a2ebe5d699
