[INFO] fetching crate preserves-path 5.992.0...
[INFO] checking preserves-path-5.992.0 against nightly-2024-02-05 for check-cfg
[INFO] extracting crate preserves-path 5.992.0 into /workspace/builds/worker-0-tc1/source
[INFO] validating manifest of crates.io crate preserves-path 5.992.0 on toolchain nightly-2024-02-05
[INFO] running `Command { std: CARGO_HOME="/workspace/cargo-home" RUSTUP_HOME="/workspace/rustup-home" "/workspace/cargo-home/bin/cargo" "+nightly-2024-02-05" "metadata" "--manifest-path" "Cargo.toml" "--no-deps", kill_on_drop: false }`
[INFO] started tweaking crates.io crate preserves-path 5.992.0
[INFO] finished tweaking crates.io crate preserves-path 5.992.0
[INFO] tweaked toml for crates.io crate preserves-path 5.992.0 written to /workspace/builds/worker-0-tc1/source/Cargo.toml
[INFO] running `Command { std: CARGO_HOME="/workspace/cargo-home" RUSTUP_HOME="/workspace/rustup-home" "/workspace/cargo-home/bin/cargo" "+nightly-2024-02-05" "generate-lockfile" "--manifest-path" "Cargo.toml", kill_on_drop: false }`
[INFO] [stderr]     Updating crates.io index
[INFO] running `Command { std: CARGO_HOME="/workspace/cargo-home" RUSTUP_HOME="/workspace/rustup-home" "/workspace/cargo-home/bin/cargo" "+nightly-2024-02-05" "fetch" "--manifest-path" "Cargo.toml", kill_on_drop: false }`
[INFO] [stderr]  Downloading crates ...
[INFO] [stderr]   Downloaded preserves-schema v5.994.0
[INFO] [stderr]   Downloaded preserves v4.994.0
[INFO] running `Command { std: "docker" "create" "-v" "/var/lib/crater-agent-workspace/builds/worker-0-tc1/target:/opt/rustwide/target:rw,Z" "-v" "/var/lib/crater-agent-workspace/builds/worker-0-tc1/source:/opt/rustwide/workdir:ro,Z" "-v" "/var/lib/crater-agent-workspace/cargo-home:/opt/rustwide/cargo-home:ro,Z" "-v" "/var/lib/crater-agent-workspace/rustup-home:/opt/rustwide/rustup-home:ro,Z" "-e" "SOURCE_DIR=/opt/rustwide/workdir" "-e" "CARGO_TARGET_DIR=/opt/rustwide/target" "-e" "CARGO_HOME=/opt/rustwide/cargo-home" "-e" "RUSTUP_HOME=/opt/rustwide/rustup-home" "-w" "/opt/rustwide/workdir" "-m" "1610612736" "--user" "0:0" "--network" "none" "ghcr.io/rust-lang/crates-build-env/linux@sha256:2788e3201cd34a07e3172128adcd8b3090168a8e3bcc40d7c032b9dda1df7d1c" "/opt/rustwide/cargo-home/bin/cargo" "+nightly-2024-02-05" "metadata" "--no-deps" "--format-version=1", kill_on_drop: false }`
[INFO] [stdout] 06c7166f3c24cfa8a226aed8791150ae2e254c95ec4826eec59b81b244f72a4b
[INFO] running `Command { std: "docker" "start" "-a" "06c7166f3c24cfa8a226aed8791150ae2e254c95ec4826eec59b81b244f72a4b", kill_on_drop: false }`
[INFO] running `Command { std: "docker" "inspect" "06c7166f3c24cfa8a226aed8791150ae2e254c95ec4826eec59b81b244f72a4b", kill_on_drop: false }`
[INFO] running `Command { std: "docker" "rm" "-f" "06c7166f3c24cfa8a226aed8791150ae2e254c95ec4826eec59b81b244f72a4b", kill_on_drop: false }`
[INFO] [stdout] 06c7166f3c24cfa8a226aed8791150ae2e254c95ec4826eec59b81b244f72a4b
[INFO] running `Command { std: "docker" "create" "-v" "/var/lib/crater-agent-workspace/builds/worker-0-tc1/target:/opt/rustwide/target:rw,Z" "-v" "/var/lib/crater-agent-workspace/builds/worker-0-tc1/source:/opt/rustwide/workdir:ro,Z" "-v" "/var/lib/crater-agent-workspace/cargo-home:/opt/rustwide/cargo-home:ro,Z" "-v" "/var/lib/crater-agent-workspace/rustup-home:/opt/rustwide/rustup-home:ro,Z" "-e" "SOURCE_DIR=/opt/rustwide/workdir" "-e" "CARGO_TARGET_DIR=/opt/rustwide/target" "-e" "CARGO_INCREMENTAL=0" "-e" "RUST_BACKTRACE=full" "-e" "RUSTFLAGS=--cap-lints=forbid" "-e" "RUSTDOCFLAGS=--cap-lints=forbid" "-e" "CARGO_HOME=/opt/rustwide/cargo-home" "-e" "RUSTUP_HOME=/opt/rustwide/rustup-home" "-w" "/opt/rustwide/workdir" "-m" "1610612736" "--user" "0:0" "--network" "none" "ghcr.io/rust-lang/crates-build-env/linux@sha256:2788e3201cd34a07e3172128adcd8b3090168a8e3bcc40d7c032b9dda1df7d1c" "/opt/rustwide/cargo-home/bin/cargo" "+nightly-2024-02-05" "check" "--frozen" "--all" "--all-targets" "--message-format=json", kill_on_drop: false }`
[INFO] [stdout] ff32d80582b70f6e02b9649cace86961ff89daf807e978f3ccd390da405ec96c
[INFO] running `Command { std: "docker" "start" "-a" "ff32d80582b70f6e02b9649cace86961ff89daf807e978f3ccd390da405ec96c", kill_on_drop: false }`
[INFO] [stderr]    Compiling num-traits v0.2.17
[INFO] [stderr]    Compiling num-bigint v0.4.4
[INFO] [stderr]    Compiling libc v0.2.153
[INFO] [stderr]    Compiling num-iter v0.1.43
[INFO] [stderr]    Compiling num-rational v0.4.1
[INFO] [stderr]    Compiling syn v1.0.109
[INFO] [stderr]    Compiling unicode-segmentation v1.10.1
[INFO] [stderr]    Compiling memchr v2.7.1
[INFO] [stderr]    Compiling regex-syntax v0.8.2
[INFO] [stderr]    Compiling unicode-width v0.1.11
[INFO] [stderr]    Compiling vec_map v0.8.2
[INFO] [stderr]    Compiling ansi_term v0.12.1
[INFO] [stderr]    Compiling proc-macro-error-attr v1.0.4
[INFO] [stderr]    Compiling serde v1.0.196
[INFO] [stderr]    Compiling strsim v0.8.0
[INFO] [stderr]    Compiling textwrap v0.11.0
[INFO] [stderr]    Compiling base64 v0.13.1
[INFO] [stderr]    Compiling dtoa v0.4.8
[INFO] [stderr]    Compiling thiserror v1.0.56
[INFO] [stderr]    Compiling glob v0.3.1
[INFO] [stderr]    Compiling heck v0.3.3
[INFO] [stderr]    Compiling convert_case v0.4.0
[INFO] [stderr]     Checking serde_bytes v0.11.14
[INFO] [stderr]     Checking aho-corasick v1.1.2
[INFO] [stderr]    Compiling atty v0.2.14
[INFO] [stderr]    Compiling clap v2.34.0
[INFO] [stderr]     Checking num-integer v0.1.45
[INFO] [stderr]     Checking num-complex v0.4.4
[INFO] [stderr]     Checking regex-automata v0.4.5
[INFO] [stderr]     Checking num v0.4.1
[INFO] [stderr]    Compiling proc-macro-error v1.0.4
[INFO] [stderr]     Checking regex v1.10.3
[INFO] [stderr]     Checking preserves v4.994.0
[INFO] [stderr]    Compiling structopt-derive v0.4.18
[INFO] [stderr]    Compiling structopt v0.3.26
[INFO] [stderr]     Checking preserves-schema v5.994.0
[INFO] [stderr]    Compiling preserves-path v5.992.0 (/opt/rustwide/workdir)
[INFO] [stdout] error[E0599]: no variant or associated item named `Float` found for enum `AtomClass` in the current scope
[INFO] [stdout]    --> src/step.rs:308:77
[INFO] [stdout]     |
[INFO] [stdout] 308 |                     path::ValueKind::Float => ValueClass::Atomic(AtomClass::Float),
[INFO] [stdout]     |                                                                             ^^^^^ variant or associated item not found in `AtomClass`
[INFO] [stdout] 
[INFO] [stdout] 
[INFO] [stdout] error[E0599]: no variant or associated item named `Float` found for enum `preserves::value::Value` in the current scope
[INFO] [stdout]    --> src/step.rs:376:20
[INFO] [stdout]     |
[INFO] [stdout] 376 |             Value::Float(f) => self.step.accept(ctxt, &IOValue::new(f32::from(*f) as f64)),
[INFO] [stdout]     |                    ^^^^^ variant or associated item not found in `Value<_>`
[INFO] [stdout] 
[INFO] [stdout] 
[INFO] [stdout] error[E0599]: no variant or associated item named `Float` found for enum `preserves::value::Value` in the current scope
[INFO] [stdout]    --> src/step.rs:389:20
[INFO] [stdout]     |
[INFO] [stdout] 389 |             Value::Float(f) => {
[INFO] [stdout]     |                    ^^^^^ variant or associated item not found in `Value<_>`
[INFO] [stdout] 
[INFO] [stdout] 
[INFO] [stdout] error: aborting due to 3 previous errors
[INFO] [stdout] 
[INFO] [stdout] 
[INFO] [stdout] For more information about this error, try `rustc --explain E0599`.
[INFO] [stdout] 
[INFO] [stdout] error[E0599]: no variant or associated item named `Float` found for enum `AtomClass` in the current scope
[INFO] [stdout]    --> src/step.rs:308:77
[INFO] [stdout]     |
[INFO] [stdout] 308 |                     path::ValueKind::Float => ValueClass::Atomic(AtomClass::Float),
[INFO] [stdout]     |                                                                             ^^^^^ variant or associated item not found in `AtomClass`
[INFO] [stdout] 
[INFO] [stdout] 
[INFO] [stdout] error[E0599]: no variant or associated item named `Float` found for enum `preserves::value::Value` in the current scope
[INFO] [stdout]    --> src/step.rs:376:20
[INFO] [stdout]     |
[INFO] [stdout] 376 |             Value::Float(f) => self.step.accept(ctxt, &IOValue::new(f32::from(*f) as f64)),
[INFO] [stdout]     |                    ^^^^^ variant or associated item not found in `Value<_>`
[INFO] [stdout] 
[INFO] [stdout] 
[INFO] [stderr] error: could not compile `preserves-path` (lib) due to 4 previous errors
[INFO] [stderr] warning: build failed, waiting for other jobs to finish...
[INFO] [stdout] error[E0599]: no variant or associated item named `Float` found for enum `preserves::value::Value` in the current scope
[INFO] [stdout]    --> src/step.rs:389:20
[INFO] [stdout]     |
[INFO] [stdout] 389 |             Value::Float(f) => {
[INFO] [stdout]     |                    ^^^^^ variant or associated item not found in `Value<_>`
[INFO] [stdout] 
[INFO] [stdout] 
[INFO] [stdout] error: aborting due to 3 previous errors
[INFO] [stdout] 
[INFO] [stdout] 
[INFO] [stdout] For more information about this error, try `rustc --explain E0599`.
[INFO] [stdout] 
[INFO] [stderr] error: could not compile `preserves-path` (lib test) due to 4 previous errors
[INFO] running `Command { std: "docker" "inspect" "ff32d80582b70f6e02b9649cace86961ff89daf807e978f3ccd390da405ec96c", kill_on_drop: false }`
[INFO] running `Command { std: "docker" "rm" "-f" "ff32d80582b70f6e02b9649cace86961ff89daf807e978f3ccd390da405ec96c", kill_on_drop: false }`
[INFO] [stdout] ff32d80582b70f6e02b9649cace86961ff89daf807e978f3ccd390da405ec96c
[INFO] checking preserves-path-5.992.0 against nightly-2024-02-05+rustflags=-Dunexpected_cfgs+cargoflags=-Zcheck-cfg for check-cfg
[INFO] extracting crate preserves-path 5.992.0 into /workspace/builds/worker-0-tc2/source
[INFO] validating manifest of crates.io crate preserves-path 5.992.0 on toolchain nightly-2024-02-05
[INFO] running `Command { std: CARGO_HOME="/workspace/cargo-home" RUSTUP_HOME="/workspace/rustup-home" "/workspace/cargo-home/bin/cargo" "+nightly-2024-02-05" "metadata" "--manifest-path" "Cargo.toml" "--no-deps", kill_on_drop: false }`
[INFO] started tweaking crates.io crate preserves-path 5.992.0
[INFO] finished tweaking crates.io crate preserves-path 5.992.0
[INFO] tweaked toml for crates.io crate preserves-path 5.992.0 written to /workspace/builds/worker-0-tc2/source/Cargo.toml
[INFO] running `Command { std: CARGO_HOME="/workspace/cargo-home" RUSTUP_HOME="/workspace/rustup-home" "/workspace/cargo-home/bin/cargo" "+nightly-2024-02-05" "generate-lockfile" "--manifest-path" "Cargo.toml", kill_on_drop: false }`
[INFO] [stderr]     Updating crates.io index
[INFO] running `Command { std: CARGO_HOME="/workspace/cargo-home" RUSTUP_HOME="/workspace/rustup-home" "/workspace/cargo-home/bin/cargo" "+nightly-2024-02-05" "fetch" "--manifest-path" "Cargo.toml", kill_on_drop: false }`
[INFO] running `Command { std: "docker" "create" "-v" "/var/lib/crater-agent-workspace/builds/worker-0-tc2/target:/opt/rustwide/target:rw,Z" "-v" "/var/lib/crater-agent-workspace/builds/worker-0-tc2/source:/opt/rustwide/workdir:ro,Z" "-v" "/var/lib/crater-agent-workspace/cargo-home:/opt/rustwide/cargo-home:ro,Z" "-v" "/var/lib/crater-agent-workspace/rustup-home:/opt/rustwide/rustup-home:ro,Z" "-e" "SOURCE_DIR=/opt/rustwide/workdir" "-e" "CARGO_TARGET_DIR=/opt/rustwide/target" "-e" "CARGO_HOME=/opt/rustwide/cargo-home" "-e" "RUSTUP_HOME=/opt/rustwide/rustup-home" "-w" "/opt/rustwide/workdir" "-m" "1610612736" "--user" "0:0" "--network" "none" "ghcr.io/rust-lang/crates-build-env/linux@sha256:2788e3201cd34a07e3172128adcd8b3090168a8e3bcc40d7c032b9dda1df7d1c" "/opt/rustwide/cargo-home/bin/cargo" "+nightly-2024-02-05" "metadata" "--no-deps" "--format-version=1", kill_on_drop: false }`
[INFO] [stdout] 841a901c8fa8cf643aea67d1c3c71d720715dbb26192f3f7c2a2e4bc9a19a1d9
[INFO] running `Command { std: "docker" "start" "-a" "841a901c8fa8cf643aea67d1c3c71d720715dbb26192f3f7c2a2e4bc9a19a1d9", kill_on_drop: false }`
[INFO] running `Command { std: "docker" "inspect" "841a901c8fa8cf643aea67d1c3c71d720715dbb26192f3f7c2a2e4bc9a19a1d9", kill_on_drop: false }`
[INFO] running `Command { std: "docker" "rm" "-f" "841a901c8fa8cf643aea67d1c3c71d720715dbb26192f3f7c2a2e4bc9a19a1d9", kill_on_drop: false }`
[INFO] [stdout] 841a901c8fa8cf643aea67d1c3c71d720715dbb26192f3f7c2a2e4bc9a19a1d9
[INFO] running `Command { std: "docker" "create" "-v" "/var/lib/crater-agent-workspace/builds/worker-0-tc2/target:/opt/rustwide/target:rw,Z" "-v" "/var/lib/crater-agent-workspace/builds/worker-0-tc2/source:/opt/rustwide/workdir:ro,Z" "-v" "/var/lib/crater-agent-workspace/cargo-home:/opt/rustwide/cargo-home:ro,Z" "-v" "/var/lib/crater-agent-workspace/rustup-home:/opt/rustwide/rustup-home:ro,Z" "-e" "SOURCE_DIR=/opt/rustwide/workdir" "-e" "CARGO_TARGET_DIR=/opt/rustwide/target" "-e" "CARGO_INCREMENTAL=0" "-e" "RUST_BACKTRACE=full" "-e" "RUSTFLAGS=--cap-lints=forbid -Dunexpected_cfgs" "-e" "RUSTDOCFLAGS=--cap-lints=forbid" "-e" "CARGO_HOME=/opt/rustwide/cargo-home" "-e" "RUSTUP_HOME=/opt/rustwide/rustup-home" "-w" "/opt/rustwide/workdir" "-m" "1610612736" "--user" "0:0" "--network" "none" "ghcr.io/rust-lang/crates-build-env/linux@sha256:2788e3201cd34a07e3172128adcd8b3090168a8e3bcc40d7c032b9dda1df7d1c" "/opt/rustwide/cargo-home/bin/cargo" "+nightly-2024-02-05" "check" "--frozen" "--all" "--all-targets" "--message-format=json" "-Zcheck-cfg", kill_on_drop: false }`
[INFO] [stdout] 768063bdc58fc1c809cdebaa701ce09ed0794fb3ed3ce052c1a3d3a80f54bd3c
[INFO] running `Command { std: "docker" "start" "-a" "768063bdc58fc1c809cdebaa701ce09ed0794fb3ed3ce052c1a3d3a80f54bd3c", kill_on_drop: false }`
[INFO] [stderr]    Compiling num-traits v0.2.17
[INFO] [stderr]    Compiling num-bigint v0.4.4
[INFO] [stderr]    Compiling libc v0.2.153
[INFO] [stderr]    Compiling num-iter v0.1.43
[INFO] [stderr]    Compiling num-rational v0.4.1
[INFO] [stderr]    Compiling syn v1.0.109
[INFO] [stderr]    Compiling unicode-segmentation v1.10.1
[INFO] [stderr]    Compiling memchr v2.7.1
[INFO] [stderr]    Compiling unicode-width v0.1.11
[INFO] [stderr]    Compiling regex-syntax v0.8.2
[INFO] [stderr]    Compiling strsim v0.8.0
[INFO] [stderr]    Compiling ansi_term v0.12.1
[INFO] [stderr]    Compiling proc-macro-error-attr v1.0.4
[INFO] [stderr]    Compiling vec_map v0.8.2
[INFO] [stderr]    Compiling serde v1.0.196
[INFO] [stderr]    Compiling textwrap v0.11.0
[INFO] [stderr]    Compiling base64 v0.13.1
[INFO] [stderr]    Compiling dtoa v0.4.8
[INFO] [stderr]    Compiling thiserror v1.0.56
[INFO] [stderr]    Compiling glob v0.3.1
[INFO] [stderr]    Compiling heck v0.3.3
[INFO] [stderr]    Compiling convert_case v0.4.0
[INFO] [stderr]     Checking serde_bytes v0.11.14
[INFO] [stderr]     Checking aho-corasick v1.1.2
[INFO] [stderr]    Compiling atty v0.2.14
[INFO] [stderr]    Compiling clap v2.34.0
[INFO] [stderr]    Compiling num-integer v0.1.45
[INFO] [stderr]    Compiling num-complex v0.4.4
[INFO] [stderr]     Checking regex-automata v0.4.5
[INFO] [stderr]    Compiling proc-macro-error v1.0.4
[INFO] [stderr]     Checking num v0.4.1
[INFO] [stderr]    Compiling structopt-derive v0.4.18
[INFO] [stderr]     Checking regex v1.10.3
[INFO] [stderr]     Checking preserves v4.994.0
[INFO] [stderr]    Compiling structopt v0.3.26
[INFO] [stderr]     Checking preserves-schema v5.994.0
[INFO] [stderr]    Compiling preserves-path v5.992.0 (/opt/rustwide/workdir)
[INFO] [stdout] error[E0599]: no variant or associated item named `Float` found for enum `AtomClass` in the current scope
[INFO] [stdout]    --> src/step.rs:308:77
[INFO] [stdout]     |
[INFO] [stdout] 308 |                     path::ValueKind::Float => ValueClass::Atomic(AtomClass::Float),
[INFO] [stdout]     |                                                                             ^^^^^ variant or associated item not found in `AtomClass`
[INFO] [stdout] 
[INFO] [stdout] 
[INFO] [stdout] error[E0599]: no variant or associated item named `Float` found for enum `preserves::value::Value` in the current scope
[INFO] [stdout]    --> src/step.rs:376:20
[INFO] [stdout]     |
[INFO] [stdout] 376 |             Value::Float(f) => self.step.accept(ctxt, &IOValue::new(f32::from(*f) as f64)),
[INFO] [stdout]     |                    ^^^^^ variant or associated item not found in `Value<_>`
[INFO] [stdout] 
[INFO] [stdout] 
[INFO] [stdout] error[E0599]: no variant or associated item named `Float` found for enum `preserves::value::Value` in the current scope
[INFO] [stdout]    --> src/step.rs:389:20
[INFO] [stdout]     |
[INFO] [stdout] 389 |             Value::Float(f) => {
[INFO] [stdout]     |                    ^^^^^ variant or associated item not found in `Value<_>`
[INFO] [stdout] 
[INFO] [stdout] 
[INFO] [stdout] error: aborting due to 3 previous errors
[INFO] [stdout] 
[INFO] [stdout] 
[INFO] [stdout] For more information about this error, try `rustc --explain E0599`.
[INFO] [stdout] 
[INFO] [stderr] error: could not compile `preserves-path` (lib test) due to 4 previous errors
[INFO] [stderr] warning: build failed, waiting for other jobs to finish...
[INFO] [stdout] error[E0599]: no variant or associated item named `Float` found for enum `AtomClass` in the current scope
[INFO] [stdout]    --> src/step.rs:308:77
[INFO] [stdout]     |
[INFO] [stdout] 308 |                     path::ValueKind::Float => ValueClass::Atomic(AtomClass::Float),
[INFO] [stdout]     |                                                                             ^^^^^ variant or associated item not found in `AtomClass`
[INFO] [stdout] 
[INFO] [stdout] 
[INFO] [stdout] error[E0599]: no variant or associated item named `Float` found for enum `preserves::value::Value` in the current scope
[INFO] [stdout]    --> src/step.rs:376:20
[INFO] [stdout]     |
[INFO] [stdout] 376 |             Value::Float(f) => self.step.accept(ctxt, &IOValue::new(f32::from(*f) as f64)),
[INFO] [stdout]     |                    ^^^^^ variant or associated item not found in `Value<_>`
[INFO] [stdout] 
[INFO] [stdout] 
[INFO] [stdout] error[E0599]: no variant or associated item named `Float` found for enum `preserves::value::Value` in the current scope
[INFO] [stdout]    --> src/step.rs:389:20
[INFO] [stdout]     |
[INFO] [stdout] 389 |             Value::Float(f) => {
[INFO] [stdout]     |                    ^^^^^ variant or associated item not found in `Value<_>`
[INFO] [stdout] 
[INFO] [stdout] 
[INFO] [stdout] error: aborting due to 3 previous errors
[INFO] [stdout] 
[INFO] [stdout] 
[INFO] [stdout] For more information about this error, try `rustc --explain E0599`.
[INFO] [stdout] 
[INFO] [stderr] error: could not compile `preserves-path` (lib) due to 4 previous errors
[INFO] running `Command { std: "docker" "inspect" "768063bdc58fc1c809cdebaa701ce09ed0794fb3ed3ce052c1a3d3a80f54bd3c", kill_on_drop: false }`
[INFO] running `Command { std: "docker" "rm" "-f" "768063bdc58fc1c809cdebaa701ce09ed0794fb3ed3ce052c1a3d3a80f54bd3c", kill_on_drop: false }`
[INFO] [stdout] 768063bdc58fc1c809cdebaa701ce09ed0794fb3ed3ce052c1a3d3a80f54bd3c
