[INFO] fetching crate pqc_dilithium_edit 0.2.0...
[INFO] checking pqc_dilithium_edit-0.2.0 against nightly-2024-02-05 for check-cfg
[INFO] extracting crate pqc_dilithium_edit 0.2.0 into /workspace/builds/worker-5-tc1/source
[INFO] validating manifest of crates.io crate pqc_dilithium_edit 0.2.0 on toolchain nightly-2024-02-05
[INFO] running `Command { std: CARGO_HOME="/workspace/cargo-home" RUSTUP_HOME="/workspace/rustup-home" "/workspace/cargo-home/bin/cargo" "+nightly-2024-02-05" "metadata" "--manifest-path" "Cargo.toml" "--no-deps", kill_on_drop: false }`
[INFO] started tweaking crates.io crate pqc_dilithium_edit 0.2.0
[INFO] finished tweaking crates.io crate pqc_dilithium_edit 0.2.0
[INFO] tweaked toml for crates.io crate pqc_dilithium_edit 0.2.0 written to /workspace/builds/worker-5-tc1/source/Cargo.toml
[INFO] running `Command { std: CARGO_HOME="/workspace/cargo-home" RUSTUP_HOME="/workspace/rustup-home" "/workspace/cargo-home/bin/cargo" "+nightly-2024-02-05" "generate-lockfile" "--manifest-path" "Cargo.toml", kill_on_drop: false }`
[INFO] [stderr]     Updating crates.io index
[INFO] running `Command { std: CARGO_HOME="/workspace/cargo-home" RUSTUP_HOME="/workspace/rustup-home" "/workspace/cargo-home/bin/cargo" "+nightly-2024-02-05" "fetch" "--manifest-path" "Cargo.toml", kill_on_drop: false }`
[INFO] [stderr]  Downloading crates ...
[INFO] [stderr]   Downloaded pqc_core v0.3.0
[INFO] running `Command { std: "docker" "create" "-v" "/var/lib/crater-agent-workspace/builds/worker-5-tc1/target:/opt/rustwide/target:rw,Z" "-v" "/var/lib/crater-agent-workspace/builds/worker-5-tc1/source:/opt/rustwide/workdir:ro,Z" "-v" "/var/lib/crater-agent-workspace/cargo-home:/opt/rustwide/cargo-home:ro,Z" "-v" "/var/lib/crater-agent-workspace/rustup-home:/opt/rustwide/rustup-home:ro,Z" "-e" "SOURCE_DIR=/opt/rustwide/workdir" "-e" "CARGO_TARGET_DIR=/opt/rustwide/target" "-e" "CARGO_HOME=/opt/rustwide/cargo-home" "-e" "RUSTUP_HOME=/opt/rustwide/rustup-home" "-w" "/opt/rustwide/workdir" "-m" "1610612736" "--user" "0:0" "--network" "none" "ghcr.io/rust-lang/crates-build-env/linux@sha256:2788e3201cd34a07e3172128adcd8b3090168a8e3bcc40d7c032b9dda1df7d1c" "/opt/rustwide/cargo-home/bin/cargo" "+nightly-2024-02-05" "metadata" "--no-deps" "--format-version=1", kill_on_drop: false }`
[INFO] [stdout] 2c641667d9635267cbc653f5cda51b05ce8fd787f63c8be30d649c240ffb719c
[INFO] running `Command { std: "docker" "start" "-a" "2c641667d9635267cbc653f5cda51b05ce8fd787f63c8be30d649c240ffb719c", kill_on_drop: false }`
[INFO] running `Command { std: "docker" "inspect" "2c641667d9635267cbc653f5cda51b05ce8fd787f63c8be30d649c240ffb719c", kill_on_drop: false }`
[INFO] running `Command { std: "docker" "rm" "-f" "2c641667d9635267cbc653f5cda51b05ce8fd787f63c8be30d649c240ffb719c", kill_on_drop: false }`
[INFO] [stdout] 2c641667d9635267cbc653f5cda51b05ce8fd787f63c8be30d649c240ffb719c
[INFO] running `Command { std: "docker" "create" "-v" "/var/lib/crater-agent-workspace/builds/worker-5-tc1/target:/opt/rustwide/target:rw,Z" "-v" "/var/lib/crater-agent-workspace/builds/worker-5-tc1/source:/opt/rustwide/workdir:ro,Z" "-v" "/var/lib/crater-agent-workspace/cargo-home:/opt/rustwide/cargo-home:ro,Z" "-v" "/var/lib/crater-agent-workspace/rustup-home:/opt/rustwide/rustup-home:ro,Z" "-e" "SOURCE_DIR=/opt/rustwide/workdir" "-e" "CARGO_TARGET_DIR=/opt/rustwide/target" "-e" "CARGO_INCREMENTAL=0" "-e" "RUST_BACKTRACE=full" "-e" "RUSTFLAGS=--cap-lints=forbid" "-e" "RUSTDOCFLAGS=--cap-lints=forbid" "-e" "CARGO_HOME=/opt/rustwide/cargo-home" "-e" "RUSTUP_HOME=/opt/rustwide/rustup-home" "-w" "/opt/rustwide/workdir" "-m" "1610612736" "--user" "0:0" "--network" "none" "ghcr.io/rust-lang/crates-build-env/linux@sha256:2788e3201cd34a07e3172128adcd8b3090168a8e3bcc40d7c032b9dda1df7d1c" "/opt/rustwide/cargo-home/bin/cargo" "+nightly-2024-02-05" "check" "--frozen" "--all" "--all-targets" "--message-format=json", kill_on_drop: false }`
[INFO] [stdout] dc78b8039a7cec4a0cce747e63707c801d8ec97a823458478536d2204cb86547
[INFO] running `Command { std: "docker" "start" "-a" "dc78b8039a7cec4a0cce747e63707c801d8ec97a823458478536d2204cb86547", kill_on_drop: false }`
[INFO] [stderr]     Checking pqc_core v0.3.0
[INFO] [stderr]     Checking getrandom v0.2.12
[INFO] [stderr]     Checking rand_core v0.6.4
[INFO] [stderr]     Checking pqc_dilithium_edit v0.2.0 (/opt/rustwide/workdir)
[INFO] [stdout] error[E0432]: unresolved import `pqc_dilithium`
[INFO] [stdout]  --> benches/api.rs:2:5
[INFO] [stdout]   |
[INFO] [stdout] 2 | use pqc_dilithium::*;
[INFO] [stdout]   |     ^^^^^^^^^^^^^ use of undeclared crate or module `pqc_dilithium`
[INFO] [stdout] 
[INFO] [stdout] 
[INFO] [stdout] error[E0432]: unresolved import `criterion`
[INFO] [stdout]  --> benches/api.rs:1:5
[INFO] [stdout]   |
[INFO] [stdout] 1 | use criterion::{black_box, criterion_group, criterion_main, Criterion};
[INFO] [stdout]   |     ^^^^^^^^^ use of undeclared crate or module `criterion`
[INFO] [stdout] 
[INFO] [stdout] 
[INFO] [stdout] error[E0432]: unresolved import `pqc_dilithium`
[INFO] [stdout]  --> tests/integration.rs:1:5
[INFO] [stdout]   |
[INFO] [stdout] 1 | use pqc_dilithium::*;
[INFO] [stdout]   |     ^^^^^^^^^^^^^ use of undeclared crate or module `pqc_dilithium`
[INFO] [stdout] 
[INFO] [stdout] 
[INFO] [stdout] error[E0433]: failed to resolve: use of undeclared type `Keypair`
[INFO] [stdout]  --> benches/api.rs:5:14
[INFO] [stdout]   |
[INFO] [stdout] 5 |   let keys = Keypair::generate();
[INFO] [stdout]   |              ^^^^^^^ use of undeclared type `Keypair`
[INFO] [stdout]   |
[INFO] [stdout] help: consider importing this struct
[INFO] [stdout]   |
[INFO] [stdout] 1 + use pqc_dilithium_edit::Keypair;
[INFO] [stdout]   |
[INFO] [stdout] 
[INFO] [stdout] 
[INFO] [stdout] error[E0433]: failed to resolve: use of undeclared type `Keypair`
[INFO] [stdout]   --> benches/api.rs:13:14
[INFO] [stdout]    |
[INFO] [stdout] 13 |   let keys = Keypair::generate();
[INFO] [stdout]    |              ^^^^^^^ use of undeclared type `Keypair`
[INFO] [stdout]    |
[INFO] [stdout] help: consider importing this struct
[INFO] [stdout]    |
[INFO] [stdout] 1  + use pqc_dilithium_edit::Keypair;
[INFO] [stdout]    |
[INFO] [stdout] 
[INFO] [stdout] 
[INFO] [stdout] error[E0425]: cannot find function `verify` in this scope
[INFO] [stdout]   --> benches/api.rs:17:15
[INFO] [stdout]    |
[INFO] [stdout] 17 |     b.iter(|| verify(black_box(sig), black_box(msg), black_box(&keys.public)))
[INFO] [stdout]    |               ^^^^^^ not found in this scope
[INFO] [stdout]    |
[INFO] [stdout] help: consider importing this function
[INFO] [stdout]    |
[INFO] [stdout] 1  + use pqc_dilithium_edit::verify;
[INFO] [stdout]    |
[INFO] [stdout] 
[INFO] [stdout] 
[INFO] [stdout] error[E0601]: `main` function not found in crate `api`
[INFO] [stdout]   --> benches/api.rs:22:26
[INFO] [stdout]    |
[INFO] [stdout] 22 | criterion_main!(benches);
[INFO] [stdout]    |                          ^ consider adding a `main` function to `benches/api.rs`
[INFO] [stdout] 
[INFO] [stdout] 
[INFO] [stdout] error: aborting due to 6 previous errors
[INFO] [stdout] 
[INFO] [stdout] 
[INFO] [stdout] Some errors have detailed explanations: E0425, E0432, E0433, E0601.
[INFO] [stdout] 
[INFO] [stdout] For more information about an error, try `rustc --explain E0425`.
[INFO] [stdout] 
[INFO] [stdout] error[E0433]: failed to resolve: use of undeclared type `Keypair`
[INFO] [stdout]  --> tests/integration.rs:6:14
[INFO] [stdout]   |
[INFO] [stdout] 6 |   let keys = Keypair::generate();
[INFO] [stdout]   |              ^^^^^^^ use of undeclared type `Keypair`
[INFO] [stdout]   |
[INFO] [stdout] help: consider importing this struct
[INFO] [stdout]   |
[INFO] [stdout] 1 + use pqc_dilithium_edit::Keypair;
[INFO] [stdout]   |
[INFO] [stdout] 
[INFO] [stdout] 
[INFO] [stdout] error[E0425]: cannot find function `verify` in this scope
[INFO] [stdout]  --> tests/integration.rs:8:11
[INFO] [stdout]   |
[INFO] [stdout] 8 |   assert!(verify(&signature, msg, &keys.public).is_ok())
[INFO] [stdout]   |           ^^^^^^ not found in this scope
[INFO] [stdout]   |
[INFO] [stdout] help: consider importing this function
[INFO] [stdout]   |
[INFO] [stdout] 1 + use pqc_dilithium_edit::verify;
[INFO] [stdout]   |
[INFO] [stdout] 
[INFO] [stdout] 
[INFO] [stdout] error[E0433]: failed to resolve: use of undeclared type `Keypair`
[INFO] [stdout]   --> tests/integration.rs:14:14
[INFO] [stdout]    |
[INFO] [stdout] 14 |   let keys = Keypair::generate();
[INFO] [stdout]    |              ^^^^^^^ use of undeclared type `Keypair`
[INFO] [stdout]    |
[INFO] [stdout] help: consider importing this struct
[INFO] [stdout]    |
[INFO] [stdout] 1  + use pqc_dilithium_edit::Keypair;
[INFO] [stdout]    |
[INFO] [stdout] 
[INFO] [stdout] 
[INFO] [stdout] error[E0425]: cannot find function `verify` in this scope
[INFO] [stdout]   --> tests/integration.rs:17:11
[INFO] [stdout]    |
[INFO] [stdout] 17 |   assert!(verify(&signature, msg, &keys.public).is_err())
[INFO] [stdout]    |           ^^^^^^ not found in this scope
[INFO] [stdout]    |
[INFO] [stdout] help: consider importing this function
[INFO] [stdout]    |
[INFO] [stdout] 1  + use pqc_dilithium_edit::verify;
[INFO] [stdout]    |
[INFO] [stdout] 
[INFO] [stdout] 
[INFO] [stderr] error: could not compile `pqc_dilithium_edit` (bench "api") due to 7 previous errors
[INFO] [stderr] warning: build failed, waiting for other jobs to finish...
[INFO] [stdout] error: aborting due to 5 previous errors
[INFO] [stdout] 
[INFO] [stdout] 
[INFO] [stdout] Some errors have detailed explanations: E0425, E0432, E0433.
[INFO] [stdout] 
[INFO] [stdout] For more information about an error, try `rustc --explain E0425`.
[INFO] [stdout] 
[INFO] [stderr] error: could not compile `pqc_dilithium_edit` (test "integration") due to 6 previous errors
[INFO] running `Command { std: "docker" "inspect" "dc78b8039a7cec4a0cce747e63707c801d8ec97a823458478536d2204cb86547", kill_on_drop: false }`
[INFO] running `Command { std: "docker" "rm" "-f" "dc78b8039a7cec4a0cce747e63707c801d8ec97a823458478536d2204cb86547", kill_on_drop: false }`
[INFO] [stdout] dc78b8039a7cec4a0cce747e63707c801d8ec97a823458478536d2204cb86547
