[INFO] fetching crate ppl 0.1.4...
[INFO] checking ppl-0.1.4 against nightly-2024-02-05 for check-cfg
[INFO] extracting crate ppl 0.1.4 into /workspace/builds/worker-4-tc1/source
[INFO] validating manifest of crates.io crate ppl 0.1.4 on toolchain nightly-2024-02-05
[INFO] running `Command { std: CARGO_HOME="/workspace/cargo-home" RUSTUP_HOME="/workspace/rustup-home" "/workspace/cargo-home/bin/cargo" "+nightly-2024-02-05" "metadata" "--manifest-path" "Cargo.toml" "--no-deps", kill_on_drop: false }`
[INFO] started tweaking crates.io crate ppl 0.1.4
[INFO] finished tweaking crates.io crate ppl 0.1.4
[INFO] tweaked toml for crates.io crate ppl 0.1.4 written to /workspace/builds/worker-4-tc1/source/Cargo.toml
[INFO] crate crates.io crate ppl 0.1.4 already has a lockfile, it will not be regenerated
[INFO] running `Command { std: CARGO_HOME="/workspace/cargo-home" RUSTUP_HOME="/workspace/rustup-home" "/workspace/cargo-home/bin/cargo" "+nightly-2024-02-05" "fetch" "--manifest-path" "Cargo.toml", kill_on_drop: false }`
[INFO] [stderr]     Updating crates.io index
[INFO] [stderr]  Downloading crates ...
[INFO] [stderr]   Downloaded core_affinity v0.8.1
[INFO] [stderr]   Downloaded kanal v0.1.0-pre8
[INFO] [stderr]   Downloaded ff_buffer v0.1.0
[INFO] running `Command { std: "docker" "create" "-v" "/var/lib/crater-agent-workspace/builds/worker-4-tc1/target:/opt/rustwide/target:rw,Z" "-v" "/var/lib/crater-agent-workspace/builds/worker-4-tc1/source:/opt/rustwide/workdir:ro,Z" "-v" "/var/lib/crater-agent-workspace/cargo-home:/opt/rustwide/cargo-home:ro,Z" "-v" "/var/lib/crater-agent-workspace/rustup-home:/opt/rustwide/rustup-home:ro,Z" "-e" "SOURCE_DIR=/opt/rustwide/workdir" "-e" "CARGO_TARGET_DIR=/opt/rustwide/target" "-e" "CARGO_HOME=/opt/rustwide/cargo-home" "-e" "RUSTUP_HOME=/opt/rustwide/rustup-home" "-w" "/opt/rustwide/workdir" "-m" "1610612736" "--user" "0:0" "--network" "none" "ghcr.io/rust-lang/crates-build-env/linux@sha256:2788e3201cd34a07e3172128adcd8b3090168a8e3bcc40d7c032b9dda1df7d1c" "/opt/rustwide/cargo-home/bin/cargo" "+nightly-2024-02-05" "metadata" "--no-deps" "--format-version=1", kill_on_drop: false }`
[INFO] [stdout] 96a855a007270cf7f79f72c90eb27cbf18c43ed69ddd064b8d6e40422e74225c
[INFO] running `Command { std: "docker" "start" "-a" "96a855a007270cf7f79f72c90eb27cbf18c43ed69ddd064b8d6e40422e74225c", kill_on_drop: false }`
[INFO] running `Command { std: "docker" "inspect" "96a855a007270cf7f79f72c90eb27cbf18c43ed69ddd064b8d6e40422e74225c", kill_on_drop: false }`
[INFO] running `Command { std: "docker" "rm" "-f" "96a855a007270cf7f79f72c90eb27cbf18c43ed69ddd064b8d6e40422e74225c", kill_on_drop: false }`
[INFO] [stdout] 96a855a007270cf7f79f72c90eb27cbf18c43ed69ddd064b8d6e40422e74225c
[INFO] running `Command { std: "docker" "create" "-v" "/var/lib/crater-agent-workspace/builds/worker-4-tc1/target:/opt/rustwide/target:rw,Z" "-v" "/var/lib/crater-agent-workspace/builds/worker-4-tc1/source:/opt/rustwide/workdir:ro,Z" "-v" "/var/lib/crater-agent-workspace/cargo-home:/opt/rustwide/cargo-home:ro,Z" "-v" "/var/lib/crater-agent-workspace/rustup-home:/opt/rustwide/rustup-home:ro,Z" "-e" "SOURCE_DIR=/opt/rustwide/workdir" "-e" "CARGO_TARGET_DIR=/opt/rustwide/target" "-e" "CARGO_INCREMENTAL=0" "-e" "RUST_BACKTRACE=full" "-e" "RUSTFLAGS=--cap-lints=forbid" "-e" "RUSTDOCFLAGS=--cap-lints=forbid" "-e" "CARGO_HOME=/opt/rustwide/cargo-home" "-e" "RUSTUP_HOME=/opt/rustwide/rustup-home" "-w" "/opt/rustwide/workdir" "-m" "1610612736" "--user" "0:0" "--network" "none" "ghcr.io/rust-lang/crates-build-env/linux@sha256:2788e3201cd34a07e3172128adcd8b3090168a8e3bcc40d7c032b9dda1df7d1c" "/opt/rustwide/cargo-home/bin/cargo" "+nightly-2024-02-05" "check" "--frozen" "--all" "--all-targets" "--message-format=json", kill_on_drop: false }`
[INFO] [stdout] 44aae8b6dee7fd4d395a69535f1c89646418702852317bcb7c5ab7804230d127
[INFO] running `Command { std: "docker" "start" "-a" "44aae8b6dee7fd4d395a69535f1c89646418702852317bcb7c5ab7804230d127", kill_on_drop: false }`
[INFO] [stderr]     Checking scopeguard v1.2.0
[INFO] [stderr]    Compiling libc v0.2.148
[INFO] [stderr]    Compiling crossbeam-utils v0.8.16
[INFO] [stderr]    Compiling memoffset v0.9.0
[INFO] [stderr]    Compiling proc-macro2 v1.0.67
[INFO] [stderr]    Compiling crossbeam-epoch v0.9.15
[INFO] [stderr]    Compiling lock_api v0.4.10
[INFO] [stderr]     Checking memchr v2.6.3
[INFO] [stderr]    Compiling num-traits v0.2.16
[INFO] [stderr]     Checking simd-adler32 v0.3.7
[INFO] [stderr]    Compiling rayon-core v1.12.0
[INFO] [stderr]    Compiling futures-core v0.3.28
[INFO] [stderr]     Checking either v1.9.0
[INFO] [stderr]    Compiling slab v0.4.9
[INFO] [stderr]    Compiling futures-task v0.3.28
[INFO] [stderr]    Compiling crc32fast v1.3.2
[INFO] [stderr]    Compiling serde v1.0.188
[INFO] [stderr]     Checking smallvec v1.11.1
[INFO] [stderr]    Compiling futures-channel v0.3.28
[INFO] [stderr]     Checking miniz_oxide v0.7.1
[INFO] [stderr]    Compiling rustix v0.38.15
[INFO] [stderr]    Compiling parking_lot_core v0.9.8
[INFO] [stderr]    Compiling futures-util v0.3.28
[INFO] [stderr]     Checking futures-sink v0.3.28
[INFO] [stderr]    Compiling num-integer v0.1.45
[INFO] [stderr]     Checking futures-io v0.3.28
[INFO] [stderr]     Checking linux-raw-sys v0.4.8
[INFO] [stderr]    Compiling serde_json v1.0.107
[INFO] [stderr]     Checking regex-syntax v0.7.5
[INFO] [stderr]     Checking bitflags v2.4.0
[INFO] [stderr]     Checking aho-corasick v1.1.1
[INFO] [stderr]     Checking spin v0.9.8
[INFO] [stderr]    Compiling num-rational v0.4.1
[INFO] [stderr]     Checking ciborium-io v0.2.1
[INFO] [stderr]     Checking anstyle v1.0.4
[INFO] [stderr]     Checking clap_lex v0.5.1
[INFO] [stderr]     Checking once_cell v1.18.0
[INFO] [stderr]     Checking flate2 v1.0.27
[INFO] [stderr]     Checking itoa v1.0.9
[INFO] [stderr]     Checking half v1.8.2
[INFO] [stderr]     Checking weezl v0.1.7
[INFO] [stderr]     Checking plotters-backend v0.3.5
[INFO] [stderr]    Compiling quote v1.0.33
[INFO] [stderr]     Checking ryu v1.0.15
[INFO] [stderr]     Checking clap_builder v4.4.6
[INFO] [stderr]     Checking crossbeam-deque v0.8.3
[INFO] [stderr]     Checking flume v0.11.0
[INFO] [stderr]    Compiling syn v2.0.37
[INFO] [stderr]     Checking ciborium-ll v0.2.1
[INFO] [stderr]     Checking plotters-svg v0.3.5
[INFO] [stderr]     Checking itertools v0.10.5
[INFO] [stderr]     Checking getrandom v0.2.10
[INFO] [stderr]     Checking num_cpus v1.16.0
[INFO] [stderr]     Checking zune-inflate v0.2.54
[INFO] [stderr]     Checking fdeflate v0.3.0
[INFO] [stderr]     Checking bytemuck v1.14.0
[INFO] [stderr]     Checking hashbrown v0.14.1
[INFO] [stderr]     Checking lebe v0.5.2
[INFO] [stderr]     Checking rand_core v0.6.4
[INFO] [stderr]     Checking bit_field v0.10.2
[INFO] [stderr]     Checking cast v0.3.0
[INFO] [stderr]     Checking half v2.2.1
[INFO] [stderr]     Checking same-file v1.0.6
[INFO] [stderr]     Checking rand_chacha v0.3.1
[INFO] [stderr]     Checking qoi v0.4.1
[INFO] [stderr]     Checking parking_lot v0.12.1
[INFO] [stderr]     Checking walkdir v2.4.0
[INFO] [stderr]     Checking png v0.17.10
[INFO] [stderr]     Checking rayon v1.8.0
[INFO] [stderr]     Checking plotters v0.3.5
[INFO] [stderr]     Checking core_affinity v0.8.1
[INFO] [stderr]     Checking gif v0.12.0
[INFO] [stderr]     Checking is-terminal v0.4.9
[INFO] [stderr]     Checking crossbeam-channel v0.5.8
[INFO] [stderr]     Checking regex-automata v0.3.9
[INFO] [stderr]     Checking termcolor v1.3.0
[INFO] [stderr]     Checking exr v1.71.0
[INFO] [stderr]     Checking dyn-clone v1.0.16
[INFO] [stderr]     Checking byteorder v1.4.3
[INFO] [stderr]     Checking anes v0.1.6
[INFO] [stderr]     Checking dashmap v5.5.3
[INFO] [stderr]     Checking humantime v2.1.0
[INFO] [stderr]     Checking oorandom v11.1.3
[INFO] [stderr]     Checking rand v0.8.5
[INFO] [stderr]     Checking num-complex v0.4.4
[INFO] [stderr]     Checking ppl v0.1.4 (/opt/rustwide/workdir)
[INFO] [stderr]     Checking criterion-plot v0.5.0
[INFO] [stderr]     Checking clap v4.4.6
[INFO] [stderr]     Checking futures-executor v0.3.28
[INFO] [stderr]     Checking futures v0.3.28
[INFO] [stderr]     Checking jpeg-decoder v0.3.0
[INFO] [stderr]     Checking regex v1.9.6
[INFO] [stderr]     Checking env_logger v0.10.1
[INFO] [stderr]     Checking tiff v0.9.0
[INFO] [stderr]    Compiling serde_derive v1.0.188
[INFO] [stderr]    Compiling serial_test_derive v2.0.0
[INFO] [stderr]     Checking image v0.24.7
[INFO] [stderr]     Checking serial_test v2.0.0
[INFO] [stderr]     Checking ciborium v0.2.1
[INFO] [stderr]     Checking tinytemplate v1.2.1
[INFO] [stderr]     Checking criterion v0.5.1
[INFO] [stdout] error[E0432]: unresolved import `raster`
[INFO] [stdout]  --> benches/benchmarks/img/ppl.rs:2:5
[INFO] [stdout]   |
[INFO] [stdout] 2 | use raster::filter;
[INFO] [stdout]   |     ^^^^^^ use of undeclared crate or module `raster`
[INFO] [stdout] 
[INFO] [stdout] 
[INFO] [stdout] error[E0432]: unresolved import `raster`
[INFO] [stdout]  --> benches/benchmarks/img/ppl.rs:3:5
[INFO] [stdout]   |
[INFO] [stdout] 3 | use raster::Image;
[INFO] [stdout]   |     ^^^^^^ use of undeclared crate or module `raster`
[INFO] [stdout] 
[INFO] [stdout] 
[INFO] [stdout] error[E0432]: unresolved import `raster`
[INFO] [stdout]  --> benches/benchmarks/img/ppl_tp.rs:3:5
[INFO] [stdout]   |
[INFO] [stdout] 3 | use raster::filter;
[INFO] [stdout]   |     ^^^^^^ use of undeclared crate or module `raster`
[INFO] [stdout] 
[INFO] [stdout] 
[INFO] [stdout] error[E0432]: unresolved import `raster`
[INFO] [stdout]  --> benches/benchmarks/img/ppl_tp.rs:4:5
[INFO] [stdout]   |
[INFO] [stdout] 4 | use raster::Image;
[INFO] [stdout]   |     ^^^^^^ use of undeclared crate or module `raster`
[INFO] [stdout] 
[INFO] [stdout] 
[INFO] [stdout] error[E0432]: unresolved import `raster`
[INFO] [stdout]   --> benches/benchmarks/img/rayon.rs:31:5
[INFO] [stdout]    |
[INFO] [stdout] 31 | use raster::filter;
[INFO] [stdout]    |     ^^^^^^ use of undeclared crate or module `raster`
[INFO] [stdout] 
[INFO] [stdout] 
[INFO] [stdout] error[E0432]: unresolved import `raster`
[INFO] [stdout]   --> benches/benchmarks/img/rayon.rs:32:5
[INFO] [stdout]    |
[INFO] [stdout] 32 | use raster::Image;
[INFO] [stdout]    |     ^^^^^^ use of undeclared crate or module `raster`
[INFO] [stdout] 
[INFO] [stdout] 
[INFO] [stdout] error[E0432]: unresolved import `rust_spp`
[INFO] [stdout]   --> benches/benchmarks/img/rust_ssp.rs:34:5
[INFO] [stdout]    |
[INFO] [stdout] 34 | use rust_spp::*;
[INFO] [stdout]    |     ^^^^^^^^ use of undeclared crate or module `rust_spp`
[INFO] [stdout] 
[INFO] [stdout] 
[INFO] [stdout] error[E0432]: unresolved import `raster`
[INFO] [stdout]   --> benches/benchmarks/img/std_threads.rs:31:5
[INFO] [stdout]    |
[INFO] [stdout] 31 | use raster::filter;
[INFO] [stdout]    |     ^^^^^^ use of undeclared crate or module `raster`
[INFO] [stdout] 
[INFO] [stdout] 
[INFO] [stdout] error[E0432]: unresolved import `raster`
[INFO] [stdout]   --> benches/benchmarks/img/std_threads.rs:32:5
[INFO] [stdout]    |
[INFO] [stdout] 32 | use raster::Image;
[INFO] [stdout]    |     ^^^^^^ use of undeclared crate or module `raster`
[INFO] [stdout] 
[INFO] [stdout] 
[INFO] [stdout] error[E0432]: unresolved import `rust_spp`
[INFO] [stdout]  --> benches/benchmarks/mandelbrot/rust_ssp.rs:3:5
[INFO] [stdout]   |
[INFO] [stdout] 3 | use rust_spp::*;
[INFO] [stdout]   |     ^^^^^^^^ use of undeclared crate or module `rust_spp`
[INFO] [stdout] 
[INFO] [stdout] 
[INFO] [stdout] error[E0432]: unresolved import `raster`
[INFO] [stdout]   --> benches/benchmarks/img/rust_ssp.rs:31:5
[INFO] [stdout]    |
[INFO] [stdout] 31 | use raster::filter;
[INFO] [stdout]    |     ^^^^^^ use of undeclared crate or module `raster`
[INFO] [stdout] 
[INFO] [stdout] 
[INFO] [stdout] error[E0432]: unresolved import `raster`
[INFO] [stdout]   --> benches/benchmarks/img/rust_ssp.rs:32:5
[INFO] [stdout]    |
[INFO] [stdout] 32 | use raster::Image;
[INFO] [stdout]    |     ^^^^^^ use of undeclared crate or module `raster`
[INFO] [stdout] 
[INFO] [stdout] 
[INFO] [stdout] error: cannot find macro `pipeline` in this scope
[INFO] [stdout]   --> benches/benchmarks/img/rust_ssp.rs:37:20
[INFO] [stdout]    |
[INFO] [stdout] 37 |     let pipeline = pipeline![
[INFO] [stdout]    |                    ^^^^^^^^
[INFO] [stdout]    |
[INFO] [stdout] help: consider importing this macro
[INFO] [stdout]    |
[INFO] [stdout] 31 + use ppl::pipeline;
[INFO] [stdout]    |
[INFO] [stdout] 
[INFO] [stdout] 
[INFO] [stdout] error: cannot find macro `pipeline` in this scope
[INFO] [stdout]   --> benches/benchmarks/mandelbrot/rust_ssp.rs:30:20
[INFO] [stdout]    |
[INFO] [stdout] 30 |     let pipeline = pipeline![
[INFO] [stdout]    |                    ^^^^^^^^
[INFO] [stdout]    |
[INFO] [stdout] help: consider importing this macro
[INFO] [stdout]    |
[INFO] [stdout] 1  + use ppl::pipeline;
[INFO] [stdout]    |
[INFO] [stdout] 
[INFO] [stdout] 
[INFO] [stdout] warning: unused import: `num_complex::Complex`
[INFO] [stdout]  --> benches/benchmarks/mandelbrot/rust_ssp.rs:2:5
[INFO] [stdout]   |
[INFO] [stdout] 2 | use num_complex::Complex;
[INFO] [stdout]   |     ^^^^^^^^^^^^^^^^^^^^
[INFO] [stdout]   |
[INFO] [stdout]   = note: `#[warn(unused_imports)]` on by default
[INFO] [stdout] 
[INFO] [stdout] 
[INFO] [stdout] error[E0433]: failed to resolve: use of undeclared crate or module `raster`
[INFO] [stdout]   --> benches/benchmarks/image_processing.rs:27:34
[INFO] [stdout]    |
[INFO] [stdout] 27 |                         .then(|| raster::open(path.to_str().unwrap()).unwrap())
[INFO] [stdout]    |                                  ^^^^^^ use of undeclared crate or module `raster`
[INFO] [stdout] 
[INFO] [stdout] 
[INFO] [stdout] error: aborting due to 15 previous errors; 1 warning emitted
[INFO] [stdout] 
[INFO] [stdout] 
[INFO] [stdout] Some errors have detailed explanations: E0432, E0433.
[INFO] [stdout] 
[INFO] [stdout] For more information about an error, try `rustc --explain E0432`.
[INFO] [stdout] 
[INFO] [stderr] error: could not compile `ppl` (bench "main") due to 16 previous errors; 1 warning emitted
[INFO] [stderr] warning: build failed, waiting for other jobs to finish...
[INFO] running `Command { std: "docker" "inspect" "44aae8b6dee7fd4d395a69535f1c89646418702852317bcb7c5ab7804230d127", kill_on_drop: false }`
[INFO] running `Command { std: "docker" "rm" "-f" "44aae8b6dee7fd4d395a69535f1c89646418702852317bcb7c5ab7804230d127", kill_on_drop: false }`
[INFO] [stdout] 44aae8b6dee7fd4d395a69535f1c89646418702852317bcb7c5ab7804230d127
