[INFO] fetching crate powercap 0.3.5...
[INFO] checking powercap-0.3.5 against nightly-2024-02-05 for check-cfg
[INFO] extracting crate powercap 0.3.5 into /workspace/builds/worker-5-tc1/source
[INFO] validating manifest of crates.io crate powercap 0.3.5 on toolchain nightly-2024-02-05
[INFO] running `Command { std: CARGO_HOME="/workspace/cargo-home" RUSTUP_HOME="/workspace/rustup-home" "/workspace/cargo-home/bin/cargo" "+nightly-2024-02-05" "metadata" "--manifest-path" "Cargo.toml" "--no-deps", kill_on_drop: false }`
[INFO] started tweaking crates.io crate powercap 0.3.5
[INFO] finished tweaking crates.io crate powercap 0.3.5
[INFO] tweaked toml for crates.io crate powercap 0.3.5 written to /workspace/builds/worker-5-tc1/source/Cargo.toml
[INFO] running `Command { std: CARGO_HOME="/workspace/cargo-home" RUSTUP_HOME="/workspace/rustup-home" "/workspace/cargo-home/bin/cargo" "+nightly-2024-02-05" "generate-lockfile" "--manifest-path" "Cargo.toml", kill_on_drop: false }`
[INFO] [stderr]     Updating crates.io index
[INFO] running `Command { std: CARGO_HOME="/workspace/cargo-home" RUSTUP_HOME="/workspace/rustup-home" "/workspace/cargo-home/bin/cargo" "+nightly-2024-02-05" "fetch" "--manifest-path" "Cargo.toml", kill_on_drop: false }`
[INFO] [stderr]  Downloading crates ...
[INFO] [stderr]   Downloaded temp-dir v0.1.12
[INFO] [stderr]   Downloaded procfs v0.11.1
[INFO] running `Command { std: "docker" "create" "-v" "/var/lib/crater-agent-workspace/builds/worker-5-tc1/target:/opt/rustwide/target:rw,Z" "-v" "/var/lib/crater-agent-workspace/builds/worker-5-tc1/source:/opt/rustwide/workdir:ro,Z" "-v" "/var/lib/crater-agent-workspace/cargo-home:/opt/rustwide/cargo-home:ro,Z" "-v" "/var/lib/crater-agent-workspace/rustup-home:/opt/rustwide/rustup-home:ro,Z" "-e" "SOURCE_DIR=/opt/rustwide/workdir" "-e" "CARGO_TARGET_DIR=/opt/rustwide/target" "-e" "CARGO_HOME=/opt/rustwide/cargo-home" "-e" "RUSTUP_HOME=/opt/rustwide/rustup-home" "-w" "/opt/rustwide/workdir" "-m" "1610612736" "--user" "0:0" "--network" "none" "ghcr.io/rust-lang/crates-build-env/linux@sha256:2788e3201cd34a07e3172128adcd8b3090168a8e3bcc40d7c032b9dda1df7d1c" "/opt/rustwide/cargo-home/bin/cargo" "+nightly-2024-02-05" "metadata" "--no-deps" "--format-version=1", kill_on_drop: false }`
[INFO] [stdout] df9e107b0406569d081552678a9710d9749d37073c7b36dd2078fbc0f138cf78
[INFO] running `Command { std: "docker" "start" "-a" "df9e107b0406569d081552678a9710d9749d37073c7b36dd2078fbc0f138cf78", kill_on_drop: false }`
[INFO] running `Command { std: "docker" "inspect" "df9e107b0406569d081552678a9710d9749d37073c7b36dd2078fbc0f138cf78", kill_on_drop: false }`
[INFO] running `Command { std: "docker" "rm" "-f" "df9e107b0406569d081552678a9710d9749d37073c7b36dd2078fbc0f138cf78", kill_on_drop: false }`
[INFO] [stdout] df9e107b0406569d081552678a9710d9749d37073c7b36dd2078fbc0f138cf78
[INFO] running `Command { std: "docker" "create" "-v" "/var/lib/crater-agent-workspace/builds/worker-5-tc1/target:/opt/rustwide/target:rw,Z" "-v" "/var/lib/crater-agent-workspace/builds/worker-5-tc1/source:/opt/rustwide/workdir:ro,Z" "-v" "/var/lib/crater-agent-workspace/cargo-home:/opt/rustwide/cargo-home:ro,Z" "-v" "/var/lib/crater-agent-workspace/rustup-home:/opt/rustwide/rustup-home:ro,Z" "-e" "SOURCE_DIR=/opt/rustwide/workdir" "-e" "CARGO_TARGET_DIR=/opt/rustwide/target" "-e" "CARGO_INCREMENTAL=0" "-e" "RUST_BACKTRACE=full" "-e" "RUSTFLAGS=--cap-lints=forbid" "-e" "RUSTDOCFLAGS=--cap-lints=forbid" "-e" "CARGO_HOME=/opt/rustwide/cargo-home" "-e" "RUSTUP_HOME=/opt/rustwide/rustup-home" "-w" "/opt/rustwide/workdir" "-m" "1610612736" "--user" "0:0" "--network" "none" "ghcr.io/rust-lang/crates-build-env/linux@sha256:2788e3201cd34a07e3172128adcd8b3090168a8e3bcc40d7c032b9dda1df7d1c" "/opt/rustwide/cargo-home/bin/cargo" "+nightly-2024-02-05" "check" "--frozen" "--all" "--all-targets" "--message-format=json", kill_on_drop: false }`
[INFO] [stdout] f2dca9e780cb0497bf9caf1e5a189163af9f279aa5d6ebb7815cad14d26cdd25
[INFO] running `Command { std: "docker" "start" "-a" "f2dca9e780cb0497bf9caf1e5a189163af9f279aa5d6ebb7815cad14d26cdd25", kill_on_drop: false }`
[INFO] [stderr]    Compiling num-traits v0.2.17
[INFO] [stderr]     Checking regex-syntax v0.8.2
[INFO] [stderr]     Checking either v1.9.0
[INFO] [stderr]     Checking plotters-backend v0.3.5
[INFO] [stderr]     Checking memchr v2.7.1
[INFO] [stderr]     Checking unicode-width v0.1.11
[INFO] [stderr]     Checking serde_json v1.0.113
[INFO] [stderr]     Checking procfs v0.11.1
[INFO] [stderr]     Checking textwrap v0.11.0
[INFO] [stderr]     Checking itertools v0.10.5
[INFO] [stderr]     Checking plotters-svg v0.3.5
[INFO] [stderr]     Checking clap v2.34.0
[INFO] [stderr]     Checking rayon v1.8.1
[INFO] [stderr]     Checking csv-core v0.1.11
[INFO] [stderr]     Checking csv v1.3.0
[INFO] [stderr]     Checking tinytemplate v1.2.1
[INFO] [stderr]     Checking serde_cbor v0.11.2
[INFO] [stderr]     Checking walkdir v2.4.0
[INFO] [stderr]     Checking regex-automata v0.4.5
[INFO] [stderr]     Checking atty v0.2.14
[INFO] [stderr]     Checking temp-dir v0.1.12
[INFO] [stderr]     Checking criterion-plot v0.4.5
[INFO] [stderr]     Checking plotters v0.3.5
[INFO] [stderr]     Checking regex v1.10.3
[INFO] [stderr]     Checking criterion v0.3.6
[INFO] [stderr]     Checking powercap v0.3.5 (/opt/rustwide/workdir)
[INFO] [stdout] error: cannot find macro `criterion_main` in this scope
[INFO] [stdout]   --> benches/parsing.rs:17:1
[INFO] [stdout]    |
[INFO] [stdout] 17 | criterion_main!(benches);
[INFO] [stdout]    | ^^^^^^^^^^^^^^
[INFO] [stdout]    |
[INFO] [stdout] help: consider importing this macro
[INFO] [stdout]    |
[INFO] [stdout] 3  + use criterion::criterion_main;
[INFO] [stdout]    |
[INFO] [stdout] 
[INFO] [stdout] 
[INFO] [stdout] error: cannot find macro `criterion_group` in this scope
[INFO] [stdout]   --> benches/parsing.rs:16:1
[INFO] [stdout]    |
[INFO] [stdout] 16 | criterion_group!(benches, criterion_benchmark);
[INFO] [stdout]    | ^^^^^^^^^^^^^^^
[INFO] [stdout]    |
[INFO] [stdout] help: consider importing this macro
[INFO] [stdout]    |
[INFO] [stdout] 3  + use criterion::criterion_group;
[INFO] [stdout]    |
[INFO] [stdout] 
[INFO] [stdout] 
[INFO] [stdout] error[E0433]: failed to resolve: could not find `mock` in `powercap`
[INFO] [stdout]  --> benches/parsing.rs:8:15
[INFO] [stdout]   |
[INFO] [stdout] 8 |     powercap::mock::MockBuilder::default()
[INFO] [stdout]   |               ^^^^ could not find `mock` in `powercap`
[INFO] [stdout]   |
[INFO] [stdout] note: found an item that was configured out
[INFO] [stdout]  --> /opt/rustwide/workdir/src/lib.rs:4:9
[INFO] [stdout]   |
[INFO] [stdout] 4 | pub mod mock;
[INFO] [stdout]   |         ^^^^
[INFO] [stdout]   = note: the item is gated behind the `mock` feature
[INFO] [stdout] 
[INFO] [stdout] 
[INFO] [stdout] error[E0412]: cannot find type `Criterion` in this scope
[INFO] [stdout]  --> benches/parsing.rs:6:36
[INFO] [stdout]   |
[INFO] [stdout] 6 | pub fn criterion_benchmark(c: &mut Criterion) {
[INFO] [stdout]   |                                    ^^^^^^^^^ not found in this scope
[INFO] [stdout]   |
[INFO] [stdout] help: consider importing this struct
[INFO] [stdout]   |
[INFO] [stdout] 3 + use criterion::Criterion;
[INFO] [stdout]   |
[INFO] [stdout] 
[INFO] [stdout] 
[INFO] [stdout] error[E0601]: `main` function not found in crate `parsing`
[INFO] [stdout]   --> benches/parsing.rs:17:26
[INFO] [stdout]    |
[INFO] [stdout] 17 | criterion_main!(benches);
[INFO] [stdout]    |                          ^ consider adding a `main` function to `benches/parsing.rs`
[INFO] [stdout] 
[INFO] [stdout] 
[INFO] [stdout] error: aborting due to 5 previous errors
[INFO] [stdout] 
[INFO] [stdout] 
[INFO] [stdout] Some errors have detailed explanations: E0412, E0433, E0601.
[INFO] [stdout] 
[INFO] [stdout] For more information about an error, try `rustc --explain E0412`.
[INFO] [stdout] 
[INFO] [stderr] error: could not compile `powercap` (bench "parsing") due to 6 previous errors
[INFO] [stderr] warning: build failed, waiting for other jobs to finish...
[INFO] running `Command { std: "docker" "inspect" "f2dca9e780cb0497bf9caf1e5a189163af9f279aa5d6ebb7815cad14d26cdd25", kill_on_drop: false }`
[INFO] running `Command { std: "docker" "rm" "-f" "f2dca9e780cb0497bf9caf1e5a189163af9f279aa5d6ebb7815cad14d26cdd25", kill_on_drop: false }`
[INFO] [stdout] f2dca9e780cb0497bf9caf1e5a189163af9f279aa5d6ebb7815cad14d26cdd25
[INFO] checking powercap-0.3.5 against nightly-2024-02-05+rustflags=-Dunexpected_cfgs+cargoflags=-Zcheck-cfg for check-cfg
[INFO] extracting crate powercap 0.3.5 into /workspace/builds/worker-5-tc2/source
[INFO] validating manifest of crates.io crate powercap 0.3.5 on toolchain nightly-2024-02-05
[INFO] running `Command { std: CARGO_HOME="/workspace/cargo-home" RUSTUP_HOME="/workspace/rustup-home" "/workspace/cargo-home/bin/cargo" "+nightly-2024-02-05" "metadata" "--manifest-path" "Cargo.toml" "--no-deps", kill_on_drop: false }`
[INFO] started tweaking crates.io crate powercap 0.3.5
[INFO] finished tweaking crates.io crate powercap 0.3.5
[INFO] tweaked toml for crates.io crate powercap 0.3.5 written to /workspace/builds/worker-5-tc2/source/Cargo.toml
[INFO] running `Command { std: CARGO_HOME="/workspace/cargo-home" RUSTUP_HOME="/workspace/rustup-home" "/workspace/cargo-home/bin/cargo" "+nightly-2024-02-05" "generate-lockfile" "--manifest-path" "Cargo.toml", kill_on_drop: false }`
[INFO] [stderr]     Updating crates.io index
[INFO] running `Command { std: CARGO_HOME="/workspace/cargo-home" RUSTUP_HOME="/workspace/rustup-home" "/workspace/cargo-home/bin/cargo" "+nightly-2024-02-05" "fetch" "--manifest-path" "Cargo.toml", kill_on_drop: false }`
[INFO] running `Command { std: "docker" "create" "-v" "/var/lib/crater-agent-workspace/builds/worker-5-tc2/target:/opt/rustwide/target:rw,Z" "-v" "/var/lib/crater-agent-workspace/builds/worker-5-tc2/source:/opt/rustwide/workdir:ro,Z" "-v" "/var/lib/crater-agent-workspace/cargo-home:/opt/rustwide/cargo-home:ro,Z" "-v" "/var/lib/crater-agent-workspace/rustup-home:/opt/rustwide/rustup-home:ro,Z" "-e" "SOURCE_DIR=/opt/rustwide/workdir" "-e" "CARGO_TARGET_DIR=/opt/rustwide/target" "-e" "CARGO_HOME=/opt/rustwide/cargo-home" "-e" "RUSTUP_HOME=/opt/rustwide/rustup-home" "-w" "/opt/rustwide/workdir" "-m" "1610612736" "--user" "0:0" "--network" "none" "ghcr.io/rust-lang/crates-build-env/linux@sha256:2788e3201cd34a07e3172128adcd8b3090168a8e3bcc40d7c032b9dda1df7d1c" "/opt/rustwide/cargo-home/bin/cargo" "+nightly-2024-02-05" "metadata" "--no-deps" "--format-version=1", kill_on_drop: false }`
[INFO] [stdout] f2a47b4638cc6ede0d10a275221b2958db25a4dd766de357bc8c94dbbee92ed0
[INFO] running `Command { std: "docker" "start" "-a" "f2a47b4638cc6ede0d10a275221b2958db25a4dd766de357bc8c94dbbee92ed0", kill_on_drop: false }`
[INFO] running `Command { std: "docker" "inspect" "f2a47b4638cc6ede0d10a275221b2958db25a4dd766de357bc8c94dbbee92ed0", kill_on_drop: false }`
[INFO] running `Command { std: "docker" "rm" "-f" "f2a47b4638cc6ede0d10a275221b2958db25a4dd766de357bc8c94dbbee92ed0", kill_on_drop: false }`
[INFO] [stdout] f2a47b4638cc6ede0d10a275221b2958db25a4dd766de357bc8c94dbbee92ed0
[INFO] running `Command { std: "docker" "create" "-v" "/var/lib/crater-agent-workspace/builds/worker-5-tc2/target:/opt/rustwide/target:rw,Z" "-v" "/var/lib/crater-agent-workspace/builds/worker-5-tc2/source:/opt/rustwide/workdir:ro,Z" "-v" "/var/lib/crater-agent-workspace/cargo-home:/opt/rustwide/cargo-home:ro,Z" "-v" "/var/lib/crater-agent-workspace/rustup-home:/opt/rustwide/rustup-home:ro,Z" "-e" "SOURCE_DIR=/opt/rustwide/workdir" "-e" "CARGO_TARGET_DIR=/opt/rustwide/target" "-e" "CARGO_INCREMENTAL=0" "-e" "RUST_BACKTRACE=full" "-e" "RUSTFLAGS=--cap-lints=forbid -Dunexpected_cfgs" "-e" "RUSTDOCFLAGS=--cap-lints=forbid" "-e" "CARGO_HOME=/opt/rustwide/cargo-home" "-e" "RUSTUP_HOME=/opt/rustwide/rustup-home" "-w" "/opt/rustwide/workdir" "-m" "1610612736" "--user" "0:0" "--network" "none" "ghcr.io/rust-lang/crates-build-env/linux@sha256:2788e3201cd34a07e3172128adcd8b3090168a8e3bcc40d7c032b9dda1df7d1c" "/opt/rustwide/cargo-home/bin/cargo" "+nightly-2024-02-05" "check" "--frozen" "--all" "--all-targets" "--message-format=json" "-Zcheck-cfg", kill_on_drop: false }`
[INFO] [stdout] 3fdd8c56d995c3f6146a5fa258c2add58ea27883d4ba7e4bea7fb1d3d4ffa42a
[INFO] running `Command { std: "docker" "start" "-a" "3fdd8c56d995c3f6146a5fa258c2add58ea27883d4ba7e4bea7fb1d3d4ffa42a", kill_on_drop: false }`
[INFO] [stderr]     Checking regex-syntax v0.8.2
[INFO] [stderr]    Compiling num-traits v0.2.17
[INFO] [stderr]     Checking either v1.9.0
[INFO] [stderr]     Checking plotters-backend v0.3.5
[INFO] [stderr]     Checking memchr v2.7.1
[INFO] [stderr]     Checking unicode-width v0.1.11
[INFO] [stderr]     Checking serde_json v1.0.113
[INFO] [stderr]     Checking walkdir v2.4.0
[INFO] [stderr]     Checking textwrap v0.11.0
[INFO] [stderr]     Checking itertools v0.10.5
[INFO] [stderr]     Checking rayon v1.8.1
[INFO] [stderr]     Checking plotters-svg v0.3.5
[INFO] [stderr]     Checking clap v2.34.0
[INFO] [stderr]     Checking procfs v0.11.1
[INFO] [stderr]     Checking csv-core v0.1.11
[INFO] [stderr]     Checking csv v1.3.0
[INFO] [stderr]     Checking tinytemplate v1.2.1
[INFO] [stderr]     Checking regex-automata v0.4.5
[INFO] [stderr]     Checking serde_cbor v0.11.2
[INFO] [stderr]     Checking atty v0.2.14
[INFO] [stderr]     Checking temp-dir v0.1.12
[INFO] [stderr]     Checking criterion-plot v0.4.5
[INFO] [stderr]     Checking plotters v0.3.5
[INFO] [stderr]     Checking regex v1.10.3
[INFO] [stderr]     Checking powercap v0.3.5 (/opt/rustwide/workdir)
[INFO] [stderr]     Checking criterion v0.3.6
[INFO] [stdout] error: cannot find macro `criterion_main` in this scope
[INFO] [stdout]   --> benches/parsing.rs:17:1
[INFO] [stdout]    |
[INFO] [stdout] 17 | criterion_main!(benches);
[INFO] [stdout]    | ^^^^^^^^^^^^^^
[INFO] [stdout]    |
[INFO] [stdout] help: consider importing this macro
[INFO] [stdout]    |
[INFO] [stdout] 3  + use criterion::criterion_main;
[INFO] [stdout]    |
[INFO] [stdout] 
[INFO] [stdout] 
[INFO] [stdout] error: cannot find macro `criterion_group` in this scope
[INFO] [stdout]   --> benches/parsing.rs:16:1
[INFO] [stdout]    |
[INFO] [stdout] 16 | criterion_group!(benches, criterion_benchmark);
[INFO] [stdout]    | ^^^^^^^^^^^^^^^
[INFO] [stdout]    |
[INFO] [stdout] help: consider importing this macro
[INFO] [stdout]    |
[INFO] [stdout] 3  + use criterion::criterion_group;
[INFO] [stdout]    |
[INFO] [stdout] 
[INFO] [stdout] 
[INFO] [stdout] error[E0433]: failed to resolve: could not find `mock` in `powercap`
[INFO] [stdout]  --> benches/parsing.rs:8:15
[INFO] [stdout]   |
[INFO] [stdout] 8 |     powercap::mock::MockBuilder::default()
[INFO] [stdout]   |               ^^^^ could not find `mock` in `powercap`
[INFO] [stdout]   |
[INFO] [stdout] note: found an item that was configured out
[INFO] [stdout]  --> /opt/rustwide/workdir/src/lib.rs:4:9
[INFO] [stdout]   |
[INFO] [stdout] 4 | pub mod mock;
[INFO] [stdout]   |         ^^^^
[INFO] [stdout]   = note: the item is gated behind the `mock` feature
[INFO] [stdout] 
[INFO] [stdout] 
[INFO] [stdout] error[E0412]: cannot find type `Criterion` in this scope
[INFO] [stdout]  --> benches/parsing.rs:6:36
[INFO] [stdout]   |
[INFO] [stdout] 6 | pub fn criterion_benchmark(c: &mut Criterion) {
[INFO] [stdout]   |                                    ^^^^^^^^^ not found in this scope
[INFO] [stdout]   |
[INFO] [stdout] help: consider importing this struct
[INFO] [stdout]   |
[INFO] [stdout] 3 + use criterion::Criterion;
[INFO] [stdout]   |
[INFO] [stdout] 
[INFO] [stdout] 
[INFO] [stdout] error[E0601]: `main` function not found in crate `parsing`
[INFO] [stdout]   --> benches/parsing.rs:17:26
[INFO] [stdout]    |
[INFO] [stdout] 17 | criterion_main!(benches);
[INFO] [stdout]    |                          ^ consider adding a `main` function to `benches/parsing.rs`
[INFO] [stdout] 
[INFO] [stdout] 
[INFO] [stdout] error: aborting due to 5 previous errors
[INFO] [stdout] 
[INFO] [stdout] 
[INFO] [stdout] Some errors have detailed explanations: E0412, E0433, E0601.
[INFO] [stdout] 
[INFO] [stdout] For more information about an error, try `rustc --explain E0412`.
[INFO] [stdout] 
[INFO] [stderr] error: could not compile `powercap` (bench "parsing") due to 6 previous errors
[INFO] [stderr] warning: build failed, waiting for other jobs to finish...
[INFO] running `Command { std: "docker" "inspect" "3fdd8c56d995c3f6146a5fa258c2add58ea27883d4ba7e4bea7fb1d3d4ffa42a", kill_on_drop: false }`
[INFO] running `Command { std: "docker" "rm" "-f" "3fdd8c56d995c3f6146a5fa258c2add58ea27883d4ba7e4bea7fb1d3d4ffa42a", kill_on_drop: false }`
[INFO] [stdout] 3fdd8c56d995c3f6146a5fa258c2add58ea27883d4ba7e4bea7fb1d3d4ffa42a
