[INFO] fetching crate polynomial_ops 0.1.6...
[INFO] checking polynomial_ops-0.1.6 against nightly-2024-02-05 for check-cfg
[INFO] extracting crate polynomial_ops 0.1.6 into /workspace/builds/worker-2-tc1/source
[INFO] validating manifest of crates.io crate polynomial_ops 0.1.6 on toolchain nightly-2024-02-05
[INFO] running `Command { std: CARGO_HOME="/workspace/cargo-home" RUSTUP_HOME="/workspace/rustup-home" "/workspace/cargo-home/bin/cargo" "+nightly-2024-02-05" "metadata" "--manifest-path" "Cargo.toml" "--no-deps", kill_on_drop: false }`
[INFO] started tweaking crates.io crate polynomial_ops 0.1.6
[INFO] finished tweaking crates.io crate polynomial_ops 0.1.6
[INFO] tweaked toml for crates.io crate polynomial_ops 0.1.6 written to /workspace/builds/worker-2-tc1/source/Cargo.toml
[INFO] running `Command { std: CARGO_HOME="/workspace/cargo-home" RUSTUP_HOME="/workspace/rustup-home" "/workspace/cargo-home/bin/cargo" "+nightly-2024-02-05" "generate-lockfile" "--manifest-path" "Cargo.toml", kill_on_drop: false }`
[INFO] [stderr]     Updating crates.io index
[INFO] running `Command { std: CARGO_HOME="/workspace/cargo-home" RUSTUP_HOME="/workspace/rustup-home" "/workspace/cargo-home/bin/cargo" "+nightly-2024-02-05" "fetch" "--manifest-path" "Cargo.toml", kill_on_drop: false }`
[INFO] [stderr]  Downloading crates ...
[INFO] [stderr]   Downloaded freetype v0.7.1
[INFO] [stderr]   Downloaded currying v0.2.2
[INFO] [stderr]   Downloaded tupleops v0.1.1
[INFO] [stderr]   Downloaded numscale v0.1.0
[INFO] [stderr]   Downloaded tupleops-generator v0.1.0
[INFO] [stderr]   Downloaded plotters-bitmap v0.3.3
[INFO] [stderr]   Downloaded fn_zip v0.1.2
[INFO] [stderr]   Downloaded num_identities_const v0.1.0
[INFO] [stderr]   Downloaded moddef v0.2.2
[INFO] [stderr]   Downloaded tupleops-macros v0.1.0
[INFO] [stderr]   Downloaded array_trait v0.6.18
[INFO] [stderr]   Downloaded freetype-sys v0.19.0
[INFO] [stderr]   Downloaded linspace v0.1.1
[INFO] running `Command { std: "docker" "create" "-v" "/var/lib/crater-agent-workspace/builds/worker-2-tc1/target:/opt/rustwide/target:rw,Z" "-v" "/var/lib/crater-agent-workspace/builds/worker-2-tc1/source:/opt/rustwide/workdir:ro,Z" "-v" "/var/lib/crater-agent-workspace/cargo-home:/opt/rustwide/cargo-home:ro,Z" "-v" "/var/lib/crater-agent-workspace/rustup-home:/opt/rustwide/rustup-home:ro,Z" "-e" "SOURCE_DIR=/opt/rustwide/workdir" "-e" "CARGO_TARGET_DIR=/opt/rustwide/target" "-e" "CARGO_HOME=/opt/rustwide/cargo-home" "-e" "RUSTUP_HOME=/opt/rustwide/rustup-home" "-w" "/opt/rustwide/workdir" "-m" "1610612736" "--user" "0:0" "--network" "none" "ghcr.io/rust-lang/crates-build-env/linux@sha256:2788e3201cd34a07e3172128adcd8b3090168a8e3bcc40d7c032b9dda1df7d1c" "/opt/rustwide/cargo-home/bin/cargo" "+nightly-2024-02-05" "metadata" "--no-deps" "--format-version=1", kill_on_drop: false }`
[INFO] [stdout] 6a723e48cb02c59f990d2e3e2b46fc5593bee61b6e38a243acc7a2d8e56200d5
[INFO] running `Command { std: "docker" "start" "-a" "6a723e48cb02c59f990d2e3e2b46fc5593bee61b6e38a243acc7a2d8e56200d5", kill_on_drop: false }`
[INFO] running `Command { std: "docker" "inspect" "6a723e48cb02c59f990d2e3e2b46fc5593bee61b6e38a243acc7a2d8e56200d5", kill_on_drop: false }`
[INFO] running `Command { std: "docker" "rm" "-f" "6a723e48cb02c59f990d2e3e2b46fc5593bee61b6e38a243acc7a2d8e56200d5", kill_on_drop: false }`
[INFO] [stdout] 6a723e48cb02c59f990d2e3e2b46fc5593bee61b6e38a243acc7a2d8e56200d5
[INFO] running `Command { std: "docker" "create" "-v" "/var/lib/crater-agent-workspace/builds/worker-2-tc1/target:/opt/rustwide/target:rw,Z" "-v" "/var/lib/crater-agent-workspace/builds/worker-2-tc1/source:/opt/rustwide/workdir:ro,Z" "-v" "/var/lib/crater-agent-workspace/cargo-home:/opt/rustwide/cargo-home:ro,Z" "-v" "/var/lib/crater-agent-workspace/rustup-home:/opt/rustwide/rustup-home:ro,Z" "-e" "SOURCE_DIR=/opt/rustwide/workdir" "-e" "CARGO_TARGET_DIR=/opt/rustwide/target" "-e" "CARGO_INCREMENTAL=0" "-e" "RUST_BACKTRACE=full" "-e" "RUSTFLAGS=--cap-lints=forbid" "-e" "RUSTDOCFLAGS=--cap-lints=forbid" "-e" "CARGO_HOME=/opt/rustwide/cargo-home" "-e" "RUSTUP_HOME=/opt/rustwide/rustup-home" "-w" "/opt/rustwide/workdir" "-m" "1610612736" "--user" "0:0" "--network" "none" "ghcr.io/rust-lang/crates-build-env/linux@sha256:2788e3201cd34a07e3172128adcd8b3090168a8e3bcc40d7c032b9dda1df7d1c" "/opt/rustwide/cargo-home/bin/cargo" "+nightly-2024-02-05" "check" "--frozen" "--all" "--all-targets" "--message-format=json", kill_on_drop: false }`
[INFO] [stdout] 42621e6b1563e383e56e8b77845e68e7402ae2430a48a2ba41ebfc0469c57f26
[INFO] running `Command { std: "docker" "start" "-a" "42621e6b1563e383e56e8b77845e68e7402ae2430a48a2ba41ebfc0469c57f26", kill_on_drop: false }`
[INFO] [stderr]    Compiling num-traits v0.2.17
[INFO] [stderr]    Compiling proc-macro2 v1.0.78
[INFO] [stderr]    Compiling semver v1.0.21
[INFO] [stderr]    Compiling syn v1.0.109
[INFO] [stderr]    Compiling crc32fast v1.3.2
[INFO] [stderr]     Checking simd-adler32 v0.3.7
[INFO] [stderr]    Compiling num-bigint v0.4.4
[INFO] [stderr]     Checking moddef v0.2.2
[INFO] [stderr]    Compiling tupleops-generator v0.1.0
[INFO] [stderr]    Compiling yeslogic-fontconfig-sys v3.2.0
[INFO] [stderr]    Compiling num-iter v0.1.43
[INFO] [stderr]    Compiling num-rational v0.4.1
[INFO] [stderr]     Checking libloading v0.8.1
[INFO] [stderr]     Checking color_quant v1.1.0
[INFO] [stderr]    Compiling freetype-sys v0.19.0
[INFO] [stderr]     Checking dirs-sys-next v0.1.2
[INFO] [stderr]     Checking log v0.4.20
[INFO] [stderr]     Checking const-cstr v0.3.0
[INFO] [stderr]     Checking weezl v0.1.8
[INFO] [stderr]     Checking miniz_oxide v0.7.2
[INFO] [stderr]     Checking fdeflate v0.3.4
[INFO] [stderr]     Checking dlib v0.5.2
[INFO] [stderr]     Checking jpeg-decoder v0.3.1
[INFO] [stderr]     Checking plotters-backend v0.3.5
[INFO] [stderr]    Compiling font-kit v0.11.0
[INFO] [stderr]     Checking same-file v1.0.6
[INFO] [stderr]     Checking bytemuck v1.14.1
[INFO] [stderr]     Checking gif v0.12.0
[INFO] [stderr]     Checking walkdir v2.4.0
[INFO] [stderr]     Checking dirs-next v2.0.0
[INFO] [stderr]     Checking float-ord v0.2.0
[INFO] [stderr]     Checking plotters-svg v0.3.5
[INFO] [stderr]     Checking array_trait v0.6.18
[INFO] [stderr]     Checking numscale v0.1.0
[INFO] [stderr]     Checking ttf-parser v0.17.1
[INFO] [stderr]    Compiling rustc_version v0.4.0
[INFO] [stderr]     Checking linspace v0.1.1
[INFO] [stderr]     Checking flate2 v1.0.28
[INFO] [stderr]    Compiling pathfinder_simd v0.5.2
[INFO] [stderr]    Compiling quote v1.0.35
[INFO] [stderr]     Checking png v0.17.11
[INFO] [stderr]     Checking num-integer v0.1.45
[INFO] [stderr]     Checking num-complex v0.4.4
[INFO] [stderr]     Checking chrono v0.4.33
[INFO] [stderr]     Checking pathfinder_geometry v0.5.1
[INFO] [stderr]     Checking image v0.24.8
[INFO] [stderr]     Checking plotters-bitmap v0.3.3
[INFO] [stderr]     Checking num v0.4.1
[INFO] [stderr]    Compiling tupleops-macros v0.1.0
[INFO] [stderr]     Checking tupleops v0.1.1
[INFO] [stderr]     Checking fn_zip v0.1.2
[INFO] [stderr]     Checking currying v0.2.2
[INFO] [stderr]     Checking num_identities_const v0.1.0
[INFO] [stderr]     Checking polynomial_ops v0.1.6 (/opt/rustwide/workdir)
[INFO] [stdout] warning: the feature `generic_const_exprs` is incomplete and may not be safe to use and/or cause compiler crashes
[INFO] [stdout]  --> src/lib.rs:7:12
[INFO] [stdout]   |
[INFO] [stdout] 7 | #![feature(generic_const_exprs)]
[INFO] [stdout]   |            ^^^^^^^^^^^^^^^^^^^
[INFO] [stdout]   |
[INFO] [stdout]   = note: see issue #76560 <https://github.com/rust-lang/rust/issues/76560> for more information
[INFO] [stdout]   = note: `#[warn(incomplete_features)]` on by default
[INFO] [stdout] 
[INFO] [stdout] 
[INFO] [stdout] warning: the feature `const_closures` is incomplete and may not be safe to use and/or cause compiler crashes
[INFO] [stdout]  --> src/lib.rs:8:12
[INFO] [stdout]   |
[INFO] [stdout] 8 | #![feature(const_closures)]
[INFO] [stdout]   |            ^^^^^^^^^^^^^^
[INFO] [stdout]   |
[INFO] [stdout]   = note: see issue #106003 <https://github.com/rust-lang/rust/issues/106003> for more information
[INFO] [stdout] 
[INFO] [stdout] 
[INFO] [stdout] warning: unused import: `AddAssign`
[INFO] [stdout]   --> src/polynomial.rs:79:42
[INFO] [stdout]    |
[INFO] [stdout] 79 |     use core::ops::{Mul, MulAssign, Add, AddAssign};
[INFO] [stdout]    |                                          ^^^^^^^^^
[INFO] [stdout]    |
[INFO] [stdout]    = note: `#[warn(unused_imports)]` on by default
[INFO] [stdout] 
[INFO] [stdout] 
[INFO] [stdout] warning: unused import: `marker::Destruct`
[INFO] [stdout]    --> src/polynomial.rs:139:44
[INFO] [stdout]     |
[INFO] [stdout] 139 |     use core::{ops::{Mul, MulAssign, Add}, marker::Destruct};
[INFO] [stdout]     |                                            ^^^^^^^^^^^^^^^^
[INFO] [stdout] 
[INFO] [stdout] 
[INFO] [stdout] warning: unused import: `array_trait::ArrayOps`
[INFO] [stdout]    --> src/polynomial.rs:141:9
[INFO] [stdout]     |
[INFO] [stdout] 141 |     use array_trait::ArrayOps;
[INFO] [stdout]     |         ^^^^^^^^^^^^^^^^^^^^^
[INFO] [stdout] 
[INFO] [stdout] 
[INFO] [stdout] warning: 5 warnings emitted
[INFO] [stdout] 
[INFO] [stdout] 
[INFO] [stderr]     Checking freetype v0.7.1
[INFO] [stderr]     Checking plotters v0.3.5
[INFO] [stdout] error[E0432]: unresolved import `crate::PolynomialNd`
[INFO] [stdout]    --> src/lib.rs:116:54
[INFO] [stdout]     |
[INFO] [stdout] 116 |         use crate::{ChebyshevPolynomial, Polynomial, PolynomialNd};
[INFO] [stdout]     |                                                      ^^^^^^^^^^^^
[INFO] [stdout]     |                                                      |
[INFO] [stdout]     |                                                      no `PolynomialNd` in the root
[INFO] [stdout]     |                                                      help: a similar name exists in the module: `Polynomial`
[INFO] [stdout] 
[INFO] [stdout] 
[INFO] [stdout] warning: the feature `generic_const_exprs` is incomplete and may not be safe to use and/or cause compiler crashes
[INFO] [stdout]  --> src/lib.rs:7:12
[INFO] [stdout]   |
[INFO] [stdout] 7 | #![feature(generic_const_exprs)]
[INFO] [stdout]   |            ^^^^^^^^^^^^^^^^^^^
[INFO] [stdout]   |
[INFO] [stdout]   = note: see issue #76560 <https://github.com/rust-lang/rust/issues/76560> for more information
[INFO] [stdout]   = note: `#[warn(incomplete_features)]` on by default
[INFO] [stdout] 
[INFO] [stdout] 
[INFO] [stdout] warning: the feature `const_closures` is incomplete and may not be safe to use and/or cause compiler crashes
[INFO] [stdout]  --> src/lib.rs:8:12
[INFO] [stdout]   |
[INFO] [stdout] 8 | #![feature(const_closures)]
[INFO] [stdout]   |            ^^^^^^^^^^^^^^
[INFO] [stdout]   |
[INFO] [stdout]   = note: see issue #106003 <https://github.com/rust-lang/rust/issues/106003> for more information
[INFO] [stdout] 
[INFO] [stdout] 
[INFO] [stdout] warning: unused import: `AddAssign`
[INFO] [stdout]   --> src/polynomial.rs:79:42
[INFO] [stdout]    |
[INFO] [stdout] 79 |     use core::ops::{Mul, MulAssign, Add, AddAssign};
[INFO] [stdout]    |                                          ^^^^^^^^^
[INFO] [stdout]    |
[INFO] [stdout]    = note: `#[warn(unused_imports)]` on by default
[INFO] [stdout] 
[INFO] [stdout] 
[INFO] [stdout] warning: unused import: `marker::Destruct`
[INFO] [stdout]    --> src/polynomial.rs:139:44
[INFO] [stdout]     |
[INFO] [stdout] 139 |     use core::{ops::{Mul, MulAssign, Add}, marker::Destruct};
[INFO] [stdout]     |                                            ^^^^^^^^^^^^^^^^
[INFO] [stdout] 
[INFO] [stdout] 
[INFO] [stdout] error[E0277]: the trait bound `[[[u128; 2]; 3]; 3]: ArrayNdOps<_, [u128; _], _>` is not satisfied
[INFO] [stdout]   --> src/lib.rs:54:41
[INFO] [stdout]    |
[INFO] [stdout] 54 |         const XY: [[[u128; 2]; 3]; 3] = ArrayNdOps::fill_nd(const |i| i.map2(const |i| i as u128));
[INFO] [stdout]    |                                         ^^^^^^^^^^^^^^^^^^^^^^^^^^^^^^^^^^^^^^^^^^^^^^^^^^^^^^^^^^ the trait `ArrayNdOps<_, [u128; _], _>` is not implemented for `[[[u128; 2]; 3]; 3]`
[INFO] [stdout] 
[INFO] [stdout] 
[INFO] [stdout] error[E0599]: `[f32; 3]` is not an iterator
[INFO] [stdout]    --> src/plot.rs:131:29
[INFO] [stdout]     |
[INFO] [stdout] 131 |         .reduce(|a, b| (a.0.zip(b.0).map(|(a, b)| a.min(b)), a.1.zip(b.1).map(|(a, b)| a.max(b))))
[INFO] [stdout]     |                             ^^^ `[f32; 3]` is not an iterator; try calling `.into_iter()` or `.iter()`
[INFO] [stdout]     |
[INFO] [stdout]     = note: the following trait bounds were not satisfied:
[INFO] [stdout]             `[f32; 3]: Iterator`
[INFO] [stdout]             which is required by `&mut [f32; 3]: Iterator`
[INFO] [stdout]             `[f32]: Iterator`
[INFO] [stdout]             which is required by `&mut [f32]: Iterator`
[INFO] [stdout] 
[INFO] [stdout] 
[INFO] [stdout] error[E0599]: `[f32; 3]` is not an iterator
[INFO] [stdout]    --> src/plot.rs:131:66
[INFO] [stdout]     |
[INFO] [stdout] 131 |         .reduce(|a, b| (a.0.zip(b.0).map(|(a, b)| a.min(b)), a.1.zip(b.1).map(|(a, b)| a.max(b))))
[INFO] [stdout]     |                                                                  ^^^ `[f32; 3]` is not an iterator; try calling `.into_iter()` or `.iter()`
[INFO] [stdout]     |
[INFO] [stdout]     = note: the following trait bounds were not satisfied:
[INFO] [stdout]             `[f32; 3]: Iterator`
[INFO] [stdout]             which is required by `&mut [f32; 3]: Iterator`
[INFO] [stdout]             `[f32]: Iterator`
[INFO] [stdout]             which is required by `&mut [f32]: Iterator`
[INFO] [stdout] 
[INFO] [stdout] 
[INFO] [stdout] error[E0599]: `[f32; 3]` is not an iterator
[INFO] [stdout]    --> src/plot.rs:275:29
[INFO] [stdout]     |
[INFO] [stdout] 275 |         .reduce(|a, b| (a.0.zip(b.0).map(|(a, b)| a.min(b)), a.1.zip(b.1).map(|(a, b)| a.max(b))))
[INFO] [stdout]     |                             ^^^ `[f32; 3]` is not an iterator; try calling `.into_iter()` or `.iter()`
[INFO] [stdout]     |
[INFO] [stdout]     = note: the following trait bounds were not satisfied:
[INFO] [stdout]             `[f32; 3]: Iterator`
[INFO] [stdout]             which is required by `&mut [f32; 3]: Iterator`
[INFO] [stdout]             `[f32]: Iterator`
[INFO] [stdout]             which is required by `&mut [f32]: Iterator`
[INFO] [stdout] 
[INFO] [stdout] 
[INFO] [stdout] error[E0599]: `[f32; 3]` is not an iterator
[INFO] [stdout]    --> src/plot.rs:275:66
[INFO] [stdout]     |
[INFO] [stdout] 275 |         .reduce(|a, b| (a.0.zip(b.0).map(|(a, b)| a.min(b)), a.1.zip(b.1).map(|(a, b)| a.max(b))))
[INFO] [stdout]     |                                                                  ^^^ `[f32; 3]` is not an iterator; try calling `.into_iter()` or `.iter()`
[INFO] [stdout]     |
[INFO] [stdout]     = note: the following trait bounds were not satisfied:
[INFO] [stdout]             `[f32; 3]: Iterator`
[INFO] [stdout]             which is required by `&mut [f32; 3]: Iterator`
[INFO] [stdout]             `[f32]: Iterator`
[INFO] [stdout]             which is required by `&mut [f32]: Iterator`
[INFO] [stdout] 
[INFO] [stdout] 
[INFO] [stdout] error[E0599]: no method named `map_nd` found for array `[[[u128; 2]; 3]; 3]` in the current scope
[INFO] [stdout]   --> src/lib.rs:62:29
[INFO] [stdout]    |
[INFO] [stdout] 62 |         println!("{:?}", XY.map_nd(const |xy: [u128; 2]| A.evaluate_as_polynomial_nd(xy)))
[INFO] [stdout]    |                             ^^^^^^ help: there is a method with a similar name: `map`
[INFO] [stdout] 
[INFO] [stdout] 
[INFO] [stdout] error[E0599]: no method named `evaluate_as_polynomial_nd` found for array `[[u128; 3]; 3]` in the current scope
[INFO] [stdout]   --> src/lib.rs:62:60
[INFO] [stdout]    |
[INFO] [stdout] 62 |         println!("{:?}", XY.map_nd(const |xy: [u128; 2]| A.evaluate_as_polynomial_nd(xy)))
[INFO] [stdout]    |                                                            ^^^^^^^^^^^^^^^^^^^^^^^^^ method not found in `[[u128; 3]; 3]`
[INFO] [stdout] 
[INFO] [stdout] 
[INFO] [stdout] error[E0599]: no method named `evaluate_as_polynomial_nd` found for array `[[f32; 2]; 2]` in the current scope
[INFO] [stdout]    --> src/lib.rs:199:46
[INFO] [stdout]     |
[INFO] [stdout] 199 |                 |x, y| POLYNOMIAL.map2(|p| p.evaluate_as_polynomial_nd([x, y]))
[INFO] [stdout]     |                                              ^^^^^^^^^^^^^^^^^^^^^^^^^ method not found in `[[f32; 2]; 2]`
[INFO] [stdout] 
[INFO] [stdout] 
[INFO] [stdout] error[E0599]: no method named `evaluate_as_polynomial_nd` found for array `[[f32; 3]; 3]` in the current scope
[INFO] [stdout]    --> src/lib.rs:227:35
[INFO] [stdout]     |
[INFO] [stdout] 227 |                 |x, y| POLYNOMIAL.evaluate_as_polynomial_nd([x, y])
[INFO] [stdout]     |                                   ^^^^^^^^^^^^^^^^^^^^^^^^^ method not found in `[[f32; 3]; 3]`
[INFO] [stdout] 
[INFO] [stdout] 
[INFO] [stdout] error[E0599]: no method named `evaluate_as_polynomial_nd` found for array `[[f32; 5]; 2]` in the current scope
[INFO] [stdout]    --> src/lib.rs:253:86
[INFO] [stdout]     |
[INFO] [stdout] 253 |             plot_curve_2d_rad(plot_title, plot_path, R, THETA, |r, theta| POLYNOMIAL.evaluate_as_polynomial_nd([r, theta])).unwrap()
[INFO] [stdout]     |                                                                                      ^^^^^^^^^^^^^^^^^^^^^^^^^ method not found in `[[f32; 5]; 2]`
[INFO] [stdout] 
[INFO] [stdout] 
[INFO] [stdout] error[E0599]: no method named `evaluate_as_polynomial_nd` found for array `[[f32; 2]; 2]` in the current scope
[INFO] [stdout]    --> src/lib.rs:289:50
[INFO] [stdout]     |
[INFO] [stdout] 289 |                 |r, theta| POLYNOMIAL.map2(|p| p.evaluate_as_polynomial_nd([r, theta]))
[INFO] [stdout]     |                                                  ^^^^^^^^^^^^^^^^^^^^^^^^^ method not found in `[[f32; 2]; 2]`
[INFO] [stdout] 
[INFO] [stdout] 
[INFO] [stdout] warning: unused import: `array_trait::ArrayOps`
[INFO] [stdout]    --> src/polynomial.rs:141:9
[INFO] [stdout]     |
[INFO] [stdout] 141 |     use array_trait::ArrayOps;
[INFO] [stdout]     |         ^^^^^^^^^^^^^^^^^^^^^
[INFO] [stdout] 
[INFO] [stdout] 
[INFO] [stdout] error: aborting due to 12 previous errors; 5 warnings emitted
[INFO] [stdout] 
[INFO] [stdout] 
[INFO] [stdout] Some errors have detailed explanations: E0277, E0432, E0599.
[INFO] [stdout] 
[INFO] [stdout] For more information about an error, try `rustc --explain E0277`.
[INFO] [stdout] 
[INFO] [stderr] error: could not compile `polynomial_ops` (lib test) due to 13 previous errors; 5 warnings emitted
[INFO] running `Command { std: "docker" "inspect" "42621e6b1563e383e56e8b77845e68e7402ae2430a48a2ba41ebfc0469c57f26", kill_on_drop: false }`
[INFO] running `Command { std: "docker" "rm" "-f" "42621e6b1563e383e56e8b77845e68e7402ae2430a48a2ba41ebfc0469c57f26", kill_on_drop: false }`
[INFO] [stdout] 42621e6b1563e383e56e8b77845e68e7402ae2430a48a2ba41ebfc0469c57f26
[INFO] checking polynomial_ops-0.1.6 against nightly-2024-02-05+rustflags=-Dunexpected_cfgs+cargoflags=-Zcheck-cfg for check-cfg
[INFO] extracting crate polynomial_ops 0.1.6 into /workspace/builds/worker-2-tc2/source
[INFO] validating manifest of crates.io crate polynomial_ops 0.1.6 on toolchain nightly-2024-02-05
[INFO] running `Command { std: CARGO_HOME="/workspace/cargo-home" RUSTUP_HOME="/workspace/rustup-home" "/workspace/cargo-home/bin/cargo" "+nightly-2024-02-05" "metadata" "--manifest-path" "Cargo.toml" "--no-deps", kill_on_drop: false }`
[INFO] started tweaking crates.io crate polynomial_ops 0.1.6
[INFO] finished tweaking crates.io crate polynomial_ops 0.1.6
[INFO] tweaked toml for crates.io crate polynomial_ops 0.1.6 written to /workspace/builds/worker-2-tc2/source/Cargo.toml
[INFO] running `Command { std: CARGO_HOME="/workspace/cargo-home" RUSTUP_HOME="/workspace/rustup-home" "/workspace/cargo-home/bin/cargo" "+nightly-2024-02-05" "generate-lockfile" "--manifest-path" "Cargo.toml", kill_on_drop: false }`
[INFO] [stderr]     Updating crates.io index
[INFO] running `Command { std: CARGO_HOME="/workspace/cargo-home" RUSTUP_HOME="/workspace/rustup-home" "/workspace/cargo-home/bin/cargo" "+nightly-2024-02-05" "fetch" "--manifest-path" "Cargo.toml", kill_on_drop: false }`
[INFO] running `Command { std: "docker" "create" "-v" "/var/lib/crater-agent-workspace/builds/worker-2-tc2/target:/opt/rustwide/target:rw,Z" "-v" "/var/lib/crater-agent-workspace/builds/worker-2-tc2/source:/opt/rustwide/workdir:ro,Z" "-v" "/var/lib/crater-agent-workspace/cargo-home:/opt/rustwide/cargo-home:ro,Z" "-v" "/var/lib/crater-agent-workspace/rustup-home:/opt/rustwide/rustup-home:ro,Z" "-e" "SOURCE_DIR=/opt/rustwide/workdir" "-e" "CARGO_TARGET_DIR=/opt/rustwide/target" "-e" "CARGO_HOME=/opt/rustwide/cargo-home" "-e" "RUSTUP_HOME=/opt/rustwide/rustup-home" "-w" "/opt/rustwide/workdir" "-m" "1610612736" "--user" "0:0" "--network" "none" "ghcr.io/rust-lang/crates-build-env/linux@sha256:2788e3201cd34a07e3172128adcd8b3090168a8e3bcc40d7c032b9dda1df7d1c" "/opt/rustwide/cargo-home/bin/cargo" "+nightly-2024-02-05" "metadata" "--no-deps" "--format-version=1", kill_on_drop: false }`
[INFO] [stdout] 9b306192f0c1d8407c0e9182ea07d8bb4328e41c43e9a94717127298c6890a7e
[INFO] running `Command { std: "docker" "start" "-a" "9b306192f0c1d8407c0e9182ea07d8bb4328e41c43e9a94717127298c6890a7e", kill_on_drop: false }`
[INFO] running `Command { std: "docker" "inspect" "9b306192f0c1d8407c0e9182ea07d8bb4328e41c43e9a94717127298c6890a7e", kill_on_drop: false }`
[INFO] running `Command { std: "docker" "rm" "-f" "9b306192f0c1d8407c0e9182ea07d8bb4328e41c43e9a94717127298c6890a7e", kill_on_drop: false }`
[INFO] [stdout] 9b306192f0c1d8407c0e9182ea07d8bb4328e41c43e9a94717127298c6890a7e
[INFO] running `Command { std: "docker" "create" "-v" "/var/lib/crater-agent-workspace/builds/worker-2-tc2/target:/opt/rustwide/target:rw,Z" "-v" "/var/lib/crater-agent-workspace/builds/worker-2-tc2/source:/opt/rustwide/workdir:ro,Z" "-v" "/var/lib/crater-agent-workspace/cargo-home:/opt/rustwide/cargo-home:ro,Z" "-v" "/var/lib/crater-agent-workspace/rustup-home:/opt/rustwide/rustup-home:ro,Z" "-e" "SOURCE_DIR=/opt/rustwide/workdir" "-e" "CARGO_TARGET_DIR=/opt/rustwide/target" "-e" "CARGO_INCREMENTAL=0" "-e" "RUST_BACKTRACE=full" "-e" "RUSTFLAGS=--cap-lints=forbid -Dunexpected_cfgs" "-e" "RUSTDOCFLAGS=--cap-lints=forbid" "-e" "CARGO_HOME=/opt/rustwide/cargo-home" "-e" "RUSTUP_HOME=/opt/rustwide/rustup-home" "-w" "/opt/rustwide/workdir" "-m" "1610612736" "--user" "0:0" "--network" "none" "ghcr.io/rust-lang/crates-build-env/linux@sha256:2788e3201cd34a07e3172128adcd8b3090168a8e3bcc40d7c032b9dda1df7d1c" "/opt/rustwide/cargo-home/bin/cargo" "+nightly-2024-02-05" "check" "--frozen" "--all" "--all-targets" "--message-format=json" "-Zcheck-cfg", kill_on_drop: false }`
[INFO] [stdout] d9abd4491816404593282767e680b3730e8707d7e2e7687c6e54b3e737169b3c
[INFO] running `Command { std: "docker" "start" "-a" "d9abd4491816404593282767e680b3730e8707d7e2e7687c6e54b3e737169b3c", kill_on_drop: false }`
[INFO] [stderr]    Compiling num-traits v0.2.17
[INFO] [stderr]    Compiling proc-macro2 v1.0.78
[INFO] [stderr]    Compiling semver v1.0.21
[INFO] [stderr]    Compiling syn v1.0.109
[INFO] [stderr]    Compiling crc32fast v1.3.2
[INFO] [stderr]     Checking simd-adler32 v0.3.7
[INFO] [stderr]    Compiling num-bigint v0.4.4
[INFO] [stderr]    Compiling tupleops-generator v0.1.0
[INFO] [stderr]     Checking moddef v0.2.2
[INFO] [stderr]    Compiling yeslogic-fontconfig-sys v3.2.0
[INFO] [stderr]    Compiling num-iter v0.1.43
[INFO] [stderr]    Compiling num-rational v0.4.1
[INFO] [stderr]     Checking libloading v0.8.1
[INFO] [stderr]     Checking color_quant v1.1.0
[INFO] [stderr]     Checking dirs-sys-next v0.1.2
[INFO] [stderr]    Compiling freetype-sys v0.19.0
[INFO] [stderr]     Checking same-file v1.0.6
[INFO] [stderr]     Checking const-cstr v0.3.0
[INFO] [stderr]     Checking miniz_oxide v0.7.2
[INFO] [stderr]     Checking fdeflate v0.3.4
[INFO] [stderr]     Checking dlib v0.5.2
[INFO] [stderr]     Checking weezl v0.1.8
[INFO] [stderr]     Checking plotters-backend v0.3.5
[INFO] [stderr]    Compiling font-kit v0.11.0
[INFO] [stderr]     Checking log v0.4.20
[INFO] [stderr]     Checking bytemuck v1.14.1
[INFO] [stderr]     Checking jpeg-decoder v0.3.1
[INFO] [stderr]     Checking gif v0.12.0
[INFO] [stderr]     Checking walkdir v2.4.0
[INFO] [stderr]     Checking dirs-next v2.0.0
[INFO] [stderr]     Checking float-ord v0.2.0
[INFO] [stderr]     Checking plotters-svg v0.3.5
[INFO] [stderr]     Checking array_trait v0.6.18
[INFO] [stderr]     Checking numscale v0.1.0
[INFO] [stderr]     Checking ttf-parser v0.17.1
[INFO] [stderr]     Checking linspace v0.1.1
[INFO] [stderr]    Compiling rustc_version v0.4.0
[INFO] [stderr]     Checking flate2 v1.0.28
[INFO] [stderr]    Compiling pathfinder_simd v0.5.2
[INFO] [stderr]    Compiling quote v1.0.35
[INFO] [stderr]     Checking png v0.17.11
[INFO] [stderr]     Checking num-integer v0.1.45
[INFO] [stderr]     Checking num-complex v0.4.4
[INFO] [stderr]     Checking chrono v0.4.33
[INFO] [stderr]     Checking pathfinder_geometry v0.5.1
[INFO] [stderr]     Checking image v0.24.8
[INFO] [stderr]     Checking num v0.4.1
[INFO] [stderr]     Checking plotters-bitmap v0.3.3
[INFO] [stderr]    Compiling tupleops-macros v0.1.0
[INFO] [stderr]     Checking tupleops v0.1.1
[INFO] [stderr]     Checking fn_zip v0.1.2
[INFO] [stderr]     Checking currying v0.2.2
[INFO] [stderr]     Checking num_identities_const v0.1.0
[INFO] [stderr]     Checking polynomial_ops v0.1.6 (/opt/rustwide/workdir)
[INFO] [stdout] warning: the feature `generic_const_exprs` is incomplete and may not be safe to use and/or cause compiler crashes
[INFO] [stdout]  --> src/lib.rs:7:12
[INFO] [stdout]   |
[INFO] [stdout] 7 | #![feature(generic_const_exprs)]
[INFO] [stdout]   |            ^^^^^^^^^^^^^^^^^^^
[INFO] [stdout]   |
[INFO] [stdout]   = note: see issue #76560 <https://github.com/rust-lang/rust/issues/76560> for more information
[INFO] [stdout]   = note: `#[warn(incomplete_features)]` on by default
[INFO] [stdout] 
[INFO] [stdout] 
[INFO] [stdout] warning: the feature `const_closures` is incomplete and may not be safe to use and/or cause compiler crashes
[INFO] [stdout]  --> src/lib.rs:8:12
[INFO] [stdout]   |
[INFO] [stdout] 8 | #![feature(const_closures)]
[INFO] [stdout]   |            ^^^^^^^^^^^^^^
[INFO] [stdout]   |
[INFO] [stdout]   = note: see issue #106003 <https://github.com/rust-lang/rust/issues/106003> for more information
[INFO] [stdout] 
[INFO] [stdout] 
[INFO] [stdout] warning: unused import: `AddAssign`
[INFO] [stdout]   --> src/polynomial.rs:79:42
[INFO] [stdout]    |
[INFO] [stdout] 79 |     use core::ops::{Mul, MulAssign, Add, AddAssign};
[INFO] [stdout]    |                                          ^^^^^^^^^
[INFO] [stdout]    |
[INFO] [stdout]    = note: `#[warn(unused_imports)]` on by default
[INFO] [stdout] 
[INFO] [stdout] 
[INFO] [stdout] warning: unused import: `marker::Destruct`
[INFO] [stdout]    --> src/polynomial.rs:139:44
[INFO] [stdout]     |
[INFO] [stdout] 139 |     use core::{ops::{Mul, MulAssign, Add}, marker::Destruct};
[INFO] [stdout]     |                                            ^^^^^^^^^^^^^^^^
[INFO] [stdout] 
[INFO] [stdout] 
[INFO] [stdout] warning: unused import: `array_trait::ArrayOps`
[INFO] [stdout]    --> src/polynomial.rs:141:9
[INFO] [stdout]     |
[INFO] [stdout] 141 |     use array_trait::ArrayOps;
[INFO] [stdout]     |         ^^^^^^^^^^^^^^^^^^^^^
[INFO] [stdout] 
[INFO] [stdout] 
[INFO] [stdout] warning: 5 warnings emitted
[INFO] [stdout] 
[INFO] [stdout] 
[INFO] [stderr]     Checking freetype v0.7.1
[INFO] [stderr]     Checking plotters v0.3.5
[INFO] [stdout] error[E0432]: unresolved import `crate::PolynomialNd`
[INFO] [stdout]    --> src/lib.rs:116:54
[INFO] [stdout]     |
[INFO] [stdout] 116 |         use crate::{ChebyshevPolynomial, Polynomial, PolynomialNd};
[INFO] [stdout]     |                                                      ^^^^^^^^^^^^
[INFO] [stdout]     |                                                      |
[INFO] [stdout]     |                                                      no `PolynomialNd` in the root
[INFO] [stdout]     |                                                      help: a similar name exists in the module: `Polynomial`
[INFO] [stdout] 
[INFO] [stdout] 
[INFO] [stdout] warning: the feature `generic_const_exprs` is incomplete and may not be safe to use and/or cause compiler crashes
[INFO] [stdout]  --> src/lib.rs:7:12
[INFO] [stdout]   |
[INFO] [stdout] 7 | #![feature(generic_const_exprs)]
[INFO] [stdout]   |            ^^^^^^^^^^^^^^^^^^^
[INFO] [stdout]   |
[INFO] [stdout]   = note: see issue #76560 <https://github.com/rust-lang/rust/issues/76560> for more information
[INFO] [stdout]   = note: `#[warn(incomplete_features)]` on by default
[INFO] [stdout] 
[INFO] [stdout] 
[INFO] [stdout] warning: the feature `const_closures` is incomplete and may not be safe to use and/or cause compiler crashes
[INFO] [stdout]  --> src/lib.rs:8:12
[INFO] [stdout]   |
[INFO] [stdout] 8 | #![feature(const_closures)]
[INFO] [stdout]   |            ^^^^^^^^^^^^^^
[INFO] [stdout]   |
[INFO] [stdout]   = note: see issue #106003 <https://github.com/rust-lang/rust/issues/106003> for more information
[INFO] [stdout] 
[INFO] [stdout] 
[INFO] [stdout] warning: unused import: `AddAssign`
[INFO] [stdout]   --> src/polynomial.rs:79:42
[INFO] [stdout]    |
[INFO] [stdout] 79 |     use core::ops::{Mul, MulAssign, Add, AddAssign};
[INFO] [stdout]    |                                          ^^^^^^^^^
[INFO] [stdout]    |
[INFO] [stdout]    = note: `#[warn(unused_imports)]` on by default
[INFO] [stdout] 
[INFO] [stdout] 
[INFO] [stdout] warning: unused import: `marker::Destruct`
[INFO] [stdout]    --> src/polynomial.rs:139:44
[INFO] [stdout]     |
[INFO] [stdout] 139 |     use core::{ops::{Mul, MulAssign, Add}, marker::Destruct};
[INFO] [stdout]     |                                            ^^^^^^^^^^^^^^^^
[INFO] [stdout] 
[INFO] [stdout] 
[INFO] [stdout] error: unexpected `cfg` condition name: `disabled`
[INFO] [stdout]    --> src/lib.rs:294:11
[INFO] [stdout]     |
[INFO] [stdout] 294 |     #[cfg(disabled)]
[INFO] [stdout]     |           ^^^^^^^^
[INFO] [stdout]     |
[INFO] [stdout]     = help: expected names are: `debug_assertions`, `doc`, `doctest`, `feature`, `miri`, `overflow_checks`, `panic`, `proc_macro`, `relocation_model`, `sanitize`, `sanitizer_cfi_generalize_pointers`, `sanitizer_cfi_normalize_integers`, `target_abi`, `target_arch`, `target_endian`, `target_env`, `target_family`, `target_feature`, `target_has_atomic`, `target_has_atomic_equal_alignment`, `target_has_atomic_load_store`, `target_os`, `target_pointer_width`, `target_thread_local`, `target_vendor`, `test`, `unix`, `windows`
[INFO] [stdout]     = help: consider using a Cargo feature instead or adding `println!("cargo:rustc-check-cfg=cfg(disabled)");` to the top of a `build.rs`
[INFO] [stdout]     = note: see <https://doc.rust-lang.org/nightly/cargo/reference/unstable.html#check-cfg> for more information about checking conditional configuration
[INFO] [stdout]     = note: requested on the command line with `-D unexpected-cfgs`
[INFO] [stdout] 
[INFO] [stdout] 
[INFO] [stdout] error[E0277]: the trait bound `[[[u128; 2]; 3]; 3]: ArrayNdOps<_, [u128; _], _>` is not satisfied
[INFO] [stdout]   --> src/lib.rs:54:41
[INFO] [stdout]    |
[INFO] [stdout] 54 |         const XY: [[[u128; 2]; 3]; 3] = ArrayNdOps::fill_nd(const |i| i.map2(const |i| i as u128));
[INFO] [stdout]    |                                         ^^^^^^^^^^^^^^^^^^^^^^^^^^^^^^^^^^^^^^^^^^^^^^^^^^^^^^^^^^ the trait `ArrayNdOps<_, [u128; _], _>` is not implemented for `[[[u128; 2]; 3]; 3]`
[INFO] [stdout] 
[INFO] [stdout] 
[INFO] [stdout] error[E0599]: `[f32; 3]` is not an iterator
[INFO] [stdout]    --> src/plot.rs:131:29
[INFO] [stdout]     |
[INFO] [stdout] 131 |         .reduce(|a, b| (a.0.zip(b.0).map(|(a, b)| a.min(b)), a.1.zip(b.1).map(|(a, b)| a.max(b))))
[INFO] [stdout]     |                             ^^^ `[f32; 3]` is not an iterator; try calling `.into_iter()` or `.iter()`
[INFO] [stdout]     |
[INFO] [stdout]     = note: the following trait bounds were not satisfied:
[INFO] [stdout]             `[f32; 3]: Iterator`
[INFO] [stdout]             which is required by `&mut [f32; 3]: Iterator`
[INFO] [stdout]             `[f32]: Iterator`
[INFO] [stdout]             which is required by `&mut [f32]: Iterator`
[INFO] [stdout] 
[INFO] [stdout] 
[INFO] [stdout] error[E0599]: `[f32; 3]` is not an iterator
[INFO] [stdout]    --> src/plot.rs:131:66
[INFO] [stdout]     |
[INFO] [stdout] 131 |         .reduce(|a, b| (a.0.zip(b.0).map(|(a, b)| a.min(b)), a.1.zip(b.1).map(|(a, b)| a.max(b))))
[INFO] [stdout]     |                                                                  ^^^ `[f32; 3]` is not an iterator; try calling `.into_iter()` or `.iter()`
[INFO] [stdout]     |
[INFO] [stdout]     = note: the following trait bounds were not satisfied:
[INFO] [stdout]             `[f32; 3]: Iterator`
[INFO] [stdout]             which is required by `&mut [f32; 3]: Iterator`
[INFO] [stdout]             `[f32]: Iterator`
[INFO] [stdout]             which is required by `&mut [f32]: Iterator`
[INFO] [stdout] 
[INFO] [stdout] 
[INFO] [stdout] error[E0599]: `[f32; 3]` is not an iterator
[INFO] [stdout]    --> src/plot.rs:275:29
[INFO] [stdout]     |
[INFO] [stdout] 275 |         .reduce(|a, b| (a.0.zip(b.0).map(|(a, b)| a.min(b)), a.1.zip(b.1).map(|(a, b)| a.max(b))))
[INFO] [stdout]     |                             ^^^ `[f32; 3]` is not an iterator; try calling `.into_iter()` or `.iter()`
[INFO] [stdout]     |
[INFO] [stdout]     = note: the following trait bounds were not satisfied:
[INFO] [stdout]             `[f32; 3]: Iterator`
[INFO] [stdout]             which is required by `&mut [f32; 3]: Iterator`
[INFO] [stdout]             `[f32]: Iterator`
[INFO] [stdout]             which is required by `&mut [f32]: Iterator`
[INFO] [stdout] 
[INFO] [stdout] 
[INFO] [stdout] error[E0599]: `[f32; 3]` is not an iterator
[INFO] [stdout]    --> src/plot.rs:275:66
[INFO] [stdout]     |
[INFO] [stdout] 275 |         .reduce(|a, b| (a.0.zip(b.0).map(|(a, b)| a.min(b)), a.1.zip(b.1).map(|(a, b)| a.max(b))))
[INFO] [stdout]     |                                                                  ^^^ `[f32; 3]` is not an iterator; try calling `.into_iter()` or `.iter()`
[INFO] [stdout]     |
[INFO] [stdout]     = note: the following trait bounds were not satisfied:
[INFO] [stdout]             `[f32; 3]: Iterator`
[INFO] [stdout]             which is required by `&mut [f32; 3]: Iterator`
[INFO] [stdout]             `[f32]: Iterator`
[INFO] [stdout]             which is required by `&mut [f32]: Iterator`
[INFO] [stdout] 
[INFO] [stdout] 
[INFO] [stdout] error[E0599]: no method named `map_nd` found for array `[[[u128; 2]; 3]; 3]` in the current scope
[INFO] [stdout]   --> src/lib.rs:62:29
[INFO] [stdout]    |
[INFO] [stdout] 62 |         println!("{:?}", XY.map_nd(const |xy: [u128; 2]| A.evaluate_as_polynomial_nd(xy)))
[INFO] [stdout]    |                             ^^^^^^ help: there is a method with a similar name: `map`
[INFO] [stdout] 
[INFO] [stdout] 
[INFO] [stdout] error[E0599]: no method named `evaluate_as_polynomial_nd` found for array `[[u128; 3]; 3]` in the current scope
[INFO] [stdout]   --> src/lib.rs:62:60
[INFO] [stdout]    |
[INFO] [stdout] 62 |         println!("{:?}", XY.map_nd(const |xy: [u128; 2]| A.evaluate_as_polynomial_nd(xy)))
[INFO] [stdout]    |                                                            ^^^^^^^^^^^^^^^^^^^^^^^^^ method not found in `[[u128; 3]; 3]`
[INFO] [stdout] 
[INFO] [stdout] 
[INFO] [stdout] error[E0599]: no method named `evaluate_as_polynomial_nd` found for array `[[f32; 2]; 2]` in the current scope
[INFO] [stdout]    --> src/lib.rs:199:46
[INFO] [stdout]     |
[INFO] [stdout] 199 |                 |x, y| POLYNOMIAL.map2(|p| p.evaluate_as_polynomial_nd([x, y]))
[INFO] [stdout]     |                                              ^^^^^^^^^^^^^^^^^^^^^^^^^ method not found in `[[f32; 2]; 2]`
[INFO] [stdout] 
[INFO] [stdout] 
[INFO] [stdout] error[E0599]: no method named `evaluate_as_polynomial_nd` found for array `[[f32; 3]; 3]` in the current scope
[INFO] [stdout]    --> src/lib.rs:227:35
[INFO] [stdout]     |
[INFO] [stdout] 227 |                 |x, y| POLYNOMIAL.evaluate_as_polynomial_nd([x, y])
[INFO] [stdout]     |                                   ^^^^^^^^^^^^^^^^^^^^^^^^^ method not found in `[[f32; 3]; 3]`
[INFO] [stdout] 
[INFO] [stdout] 
[INFO] [stdout] error[E0599]: no method named `evaluate_as_polynomial_nd` found for array `[[f32; 5]; 2]` in the current scope
[INFO] [stdout]    --> src/lib.rs:253:86
[INFO] [stdout]     |
[INFO] [stdout] 253 |             plot_curve_2d_rad(plot_title, plot_path, R, THETA, |r, theta| POLYNOMIAL.evaluate_as_polynomial_nd([r, theta])).unwrap()
[INFO] [stdout]     |                                                                                      ^^^^^^^^^^^^^^^^^^^^^^^^^ method not found in `[[f32; 5]; 2]`
[INFO] [stdout] 
[INFO] [stdout] 
[INFO] [stdout] error[E0599]: no method named `evaluate_as_polynomial_nd` found for array `[[f32; 2]; 2]` in the current scope
[INFO] [stdout]    --> src/lib.rs:289:50
[INFO] [stdout]     |
[INFO] [stdout] 289 |                 |r, theta| POLYNOMIAL.map2(|p| p.evaluate_as_polynomial_nd([r, theta]))
[INFO] [stdout]     |                                                  ^^^^^^^^^^^^^^^^^^^^^^^^^ method not found in `[[f32; 2]; 2]`
[INFO] [stdout] 
[INFO] [stdout] 
[INFO] [stdout] warning: unused import: `array_trait::ArrayOps`
[INFO] [stdout]    --> src/polynomial.rs:141:9
[INFO] [stdout]     |
[INFO] [stdout] 141 |     use array_trait::ArrayOps;
[INFO] [stdout]     |         ^^^^^^^^^^^^^^^^^^^^^
[INFO] [stdout] 
[INFO] [stdout] 
[INFO] [stdout] error: aborting due to 13 previous errors; 5 warnings emitted
[INFO] [stdout] 
[INFO] [stdout] 
[INFO] [stdout] Some errors have detailed explanations: E0277, E0432, E0599.
[INFO] [stdout] 
[INFO] [stdout] For more information about an error, try `rustc --explain E0277`.
[INFO] [stdout] 
[INFO] [stderr] error: could not compile `polynomial_ops` (lib test) due to 14 previous errors; 5 warnings emitted
[INFO] running `Command { std: "docker" "inspect" "d9abd4491816404593282767e680b3730e8707d7e2e7687c6e54b3e737169b3c", kill_on_drop: false }`
[INFO] running `Command { std: "docker" "rm" "-f" "d9abd4491816404593282767e680b3730e8707d7e2e7687c6e54b3e737169b3c", kill_on_drop: false }`
[INFO] [stdout] d9abd4491816404593282767e680b3730e8707d7e2e7687c6e54b3e737169b3c
