[INFO] fetching crate polars-lazy 0.35.4...
[INFO] checking polars-lazy-0.35.4 against nightly-2024-02-05 for check-cfg
[INFO] extracting crate polars-lazy 0.35.4 into /workspace/builds/worker-1-tc1/source
[INFO] validating manifest of crates.io crate polars-lazy 0.35.4 on toolchain nightly-2024-02-05
[INFO] running `Command { std: CARGO_HOME="/workspace/cargo-home" RUSTUP_HOME="/workspace/rustup-home" "/workspace/cargo-home/bin/cargo" "+nightly-2024-02-05" "metadata" "--manifest-path" "Cargo.toml" "--no-deps", kill_on_drop: false }`
[INFO] started tweaking crates.io crate polars-lazy 0.35.4
[INFO] finished tweaking crates.io crate polars-lazy 0.35.4
[INFO] tweaked toml for crates.io crate polars-lazy 0.35.4 written to /workspace/builds/worker-1-tc1/source/Cargo.toml
[INFO] running `Command { std: CARGO_HOME="/workspace/cargo-home" RUSTUP_HOME="/workspace/rustup-home" "/workspace/cargo-home/bin/cargo" "+nightly-2024-02-05" "generate-lockfile" "--manifest-path" "Cargo.toml", kill_on_drop: false }`
[INFO] [stderr]     Updating crates.io index
[INFO] running `Command { std: CARGO_HOME="/workspace/cargo-home" RUSTUP_HOME="/workspace/rustup-home" "/workspace/cargo-home/bin/cargo" "+nightly-2024-02-05" "fetch" "--manifest-path" "Cargo.toml", kill_on_drop: false }`
[INFO] [stderr]  Downloading crates ...
[INFO] [stderr]   Downloaded argminmax v0.6.1
[INFO] [stderr]   Downloaded now v0.1.3
[INFO] [stderr]   Downloaded pyo3-macros v0.20.2
[INFO] [stderr]   Downloaded polars-row v0.35.4
[INFO] [stderr]   Downloaded polars-error v0.35.4
[INFO] [stderr]   Downloaded polars-utils v0.35.4
[INFO] [stderr]   Downloaded multiversion v0.7.3
[INFO] [stderr]   Downloaded smartstring v1.0.1
[INFO] [stderr]   Downloaded halfbrown v0.2.4
[INFO] [stderr]   Downloaded pyo3-macros-backend v0.20.2
[INFO] [stderr]   Downloaded comfy-table v7.1.0
[INFO] [stderr]   Downloaded polars-parquet v0.35.4
[INFO] [stderr]   Downloaded polars-core v0.35.4
[INFO] [stderr]   Downloaded atoi_simd v0.15.6
[INFO] [stderr]   Downloaded pyo3-build-config v0.20.2
[INFO] [stderr]   Downloaded pyo3 v0.20.2
[INFO] [stderr]   Downloaded multiversion-macros v0.7.3
[INFO] [stderr]   Downloaded value-trait v0.8.1
[INFO] [stderr]   Downloaded simd-json v0.13.8
[INFO] [stderr]   Downloaded unindent v0.2.3
[INFO] [stderr]   Downloaded polars-time v0.35.4
[INFO] [stderr]   Downloaded snafu-derive v0.7.5
[INFO] [stderr]   Downloaded snafu v0.7.5
[INFO] [stderr]   Downloaded polars-plan v0.35.4
[INFO] [stderr]   Downloaded polars-json v0.35.4
[INFO] [stderr]   Downloaded polars-pipe v0.35.4
[INFO] [stderr]   Downloaded crossterm v0.27.0
[INFO] [stderr]   Downloaded jsonpath_lib v0.3.0
[INFO] [stderr]   Downloaded polars-arrow v0.35.4
[INFO] [stderr]   Downloaded polars-ops v0.35.4
[INFO] [stderr]   Downloaded object_store v0.8.0
[INFO] [stderr]   Downloaded polars-io v0.35.4
[INFO] [stderr]   Downloaded itoap v1.0.1
[INFO] [stderr]   Downloaded fast-float v0.2.0
[INFO] [stderr]   Downloaded pyo3-ffi v0.20.2
[INFO] [stderr]   Downloaded memmap2 v0.7.1
[INFO] [stderr]   Downloaded target-features v0.1.5
[INFO] running `Command { std: "docker" "create" "-v" "/var/lib/crater-agent-workspace/builds/worker-1-tc1/target:/opt/rustwide/target:rw,Z" "-v" "/var/lib/crater-agent-workspace/builds/worker-1-tc1/source:/opt/rustwide/workdir:ro,Z" "-v" "/var/lib/crater-agent-workspace/cargo-home:/opt/rustwide/cargo-home:ro,Z" "-v" "/var/lib/crater-agent-workspace/rustup-home:/opt/rustwide/rustup-home:ro,Z" "-e" "SOURCE_DIR=/opt/rustwide/workdir" "-e" "CARGO_TARGET_DIR=/opt/rustwide/target" "-e" "CARGO_HOME=/opt/rustwide/cargo-home" "-e" "RUSTUP_HOME=/opt/rustwide/rustup-home" "-w" "/opt/rustwide/workdir" "-m" "1610612736" "--user" "0:0" "--network" "none" "ghcr.io/rust-lang/crates-build-env/linux@sha256:2788e3201cd34a07e3172128adcd8b3090168a8e3bcc40d7c032b9dda1df7d1c" "/opt/rustwide/cargo-home/bin/cargo" "+nightly-2024-02-05" "metadata" "--no-deps" "--format-version=1", kill_on_drop: false }`
[INFO] [stdout] 5f326a2fba61fda843204e85ab62ee4a854631e3898835a70ab142271de3ab23
[INFO] running `Command { std: "docker" "start" "-a" "5f326a2fba61fda843204e85ab62ee4a854631e3898835a70ab142271de3ab23", kill_on_drop: false }`
[INFO] running `Command { std: "docker" "inspect" "5f326a2fba61fda843204e85ab62ee4a854631e3898835a70ab142271de3ab23", kill_on_drop: false }`
[INFO] running `Command { std: "docker" "rm" "-f" "5f326a2fba61fda843204e85ab62ee4a854631e3898835a70ab142271de3ab23", kill_on_drop: false }`
[INFO] [stdout] 5f326a2fba61fda843204e85ab62ee4a854631e3898835a70ab142271de3ab23
[INFO] running `Command { std: "docker" "create" "-v" "/var/lib/crater-agent-workspace/builds/worker-1-tc1/target:/opt/rustwide/target:rw,Z" "-v" "/var/lib/crater-agent-workspace/builds/worker-1-tc1/source:/opt/rustwide/workdir:ro,Z" "-v" "/var/lib/crater-agent-workspace/cargo-home:/opt/rustwide/cargo-home:ro,Z" "-v" "/var/lib/crater-agent-workspace/rustup-home:/opt/rustwide/rustup-home:ro,Z" "-e" "SOURCE_DIR=/opt/rustwide/workdir" "-e" "CARGO_TARGET_DIR=/opt/rustwide/target" "-e" "CARGO_INCREMENTAL=0" "-e" "RUST_BACKTRACE=full" "-e" "RUSTFLAGS=--cap-lints=forbid" "-e" "RUSTDOCFLAGS=--cap-lints=forbid" "-e" "CARGO_HOME=/opt/rustwide/cargo-home" "-e" "RUSTUP_HOME=/opt/rustwide/rustup-home" "-w" "/opt/rustwide/workdir" "-m" "1610612736" "--user" "0:0" "--network" "none" "ghcr.io/rust-lang/crates-build-env/linux@sha256:2788e3201cd34a07e3172128adcd8b3090168a8e3bcc40d7c032b9dda1df7d1c" "/opt/rustwide/cargo-home/bin/cargo" "+nightly-2024-02-05" "check" "--frozen" "--all" "--all-targets" "--message-format=json", kill_on_drop: false }`
[INFO] [stdout] b272666fa75dac6788283b3508fbe55660c363c467e5e544e1f59b22e5af0810
[INFO] running `Command { std: "docker" "start" "-a" "b272666fa75dac6788283b3508fbe55660c363c467e5e544e1f59b22e5af0810", kill_on_drop: false }`
[INFO] [stderr]    Compiling target-features v0.1.5
[INFO] [stderr]    Compiling syn v1.0.109
[INFO] [stderr]     Checking allocator-api2 v0.2.16
[INFO] [stderr]    Compiling num-traits v0.2.17
[INFO] [stderr]    Compiling smartstring v1.0.1
[INFO] [stderr]    Compiling polars-utils v0.35.4
[INFO] [stderr]     Checking equivalent v1.0.1
[INFO] [stderr]     Checking simdutf8 v0.1.4
[INFO] [stderr]     Checking foreign_vec v0.1.0
[INFO] [stderr]     Checking getrandom v0.2.12
[INFO] [stderr]    Compiling syn v2.0.48
[INFO] [stderr]     Checking streaming-iterator v0.1.9
[INFO] [stderr]     Checking fast-float v0.2.0
[INFO] [stderr]     Checking ethnum v1.5.0
[INFO] [stderr]     Checking atoi_simd v0.15.6
[INFO] [stderr]     Checking strength_reduce v0.2.4
[INFO] [stderr]    Compiling polars-core v0.35.4
[INFO] [stderr]     Checking bitflags v2.4.2
[INFO] [stderr]     Checking xxhash-rust v0.8.8
[INFO] [stderr]     Checking ahash v0.8.7
[INFO] [stderr]     Checking rand_core v0.6.4
[INFO] [stderr]    Compiling polars-ops v0.35.4
[INFO] [stderr]     Checking memmap2 v0.7.1
[INFO] [stderr]    Compiling polars-plan v0.35.4
[INFO] [stderr]     Checking home v0.5.9
[INFO] [stderr]     Checking rand_chacha v0.3.1
[INFO] [stderr]    Compiling serde v1.0.196
[INFO] [stderr]    Compiling heck v0.4.1
[INFO] [stderr]    Compiling polars-lazy v0.35.4 (/opt/rustwide/workdir)
[INFO] [stderr]    Compiling serde_json v1.0.113
[INFO] [stderr]     Checking glob v0.3.1
[INFO] [stderr]     Checking hashbrown v0.14.3
[INFO] [stderr]     Checking rand v0.8.5
[INFO] [stderr]     Checking indexmap v2.2.2
[INFO] [stderr]     Checking chrono v0.4.33
[INFO] [stderr]     Checking rand_distr v0.4.3
[INFO] [stderr]     Checking argminmax v0.6.1
[INFO] [stderr]    Compiling thiserror-impl v1.0.56
[INFO] [stderr]    Compiling bytemuck_derive v1.5.0
[INFO] [stderr]    Compiling strum_macros v0.25.3
[INFO] [stderr]     Checking thiserror v1.0.56
[INFO] [stderr]     Checking bytemuck v1.14.1
[INFO] [stderr]     Checking polars-error v0.35.4
[INFO] [stderr]    Compiling multiversion-macros v0.7.3
[INFO] [stderr]     Checking multiversion v0.7.3
[INFO] [stderr]     Checking polars-arrow v0.35.4
[INFO] [stderr]     Checking polars-row v0.35.4
[INFO] [stderr]     Checking polars-io v0.35.4
[INFO] [stdout] warning: unused import: `polars_utils::idxvec`
[INFO] [stdout]  --> src/tests/aggregations.rs:2:5
[INFO] [stdout]   |
[INFO] [stdout] 2 | use polars_utils::idxvec;
[INFO] [stdout]   |     ^^^^^^^^^^^^^^^^^^^^
[INFO] [stdout]   |
[INFO] [stdout]   = note: `#[warn(unused_imports)]` on by default
[INFO] [stdout] 
[INFO] [stdout] 
[INFO] [stdout] warning: unused import: `polars_core::utils::arrow::temporal_conversions::MILLISECONDS_IN_DAY`
[INFO] [stdout]  --> src/tests/logical.rs:1:5
[INFO] [stdout]   |
[INFO] [stdout] 1 | use polars_core::utils::arrow::temporal_conversions::MILLISECONDS_IN_DAY;
[INFO] [stdout]   |     ^^^^^^^^^^^^^^^^^^^^^^^^^^^^^^^^^^^^^^^^^^^^^^^^^^^^^^^^^^^^^^^^^^^^
[INFO] [stdout] 
[INFO] [stdout] 
[INFO] [stdout] error[E0599]: no method named `cum_sum` found for enum `polars_plan::dsl::Expr` in the current scope
[INFO] [stdout]   --> src/tests/aggregations.rs:99:14
[INFO] [stdout]    |
[INFO] [stdout] 97 |           .group_by([col("soil")
[INFO] [stdout]    |  ____________________-
[INFO] [stdout] 98 | |             .neq(col("soil").shift_and_fill(lit(1), col("soil").first()))
[INFO] [stdout] 99 | |             .cum_sum(false)
[INFO] [stdout]    | |             -^^^^^^^ method not found in `Expr`
[INFO] [stdout]    | |_____________|
[INFO] [stdout]    | 
[INFO] [stdout] 
[INFO] [stdout] 
[INFO] [stdout] error[E0599]: no method named `cum_sum` found for enum `polars_plan::dsl::Expr` in the current scope
[INFO] [stdout]     --> src/tests/queries.rs:1009:27
[INFO] [stdout]      |
[INFO] [stdout] 1009 |         .agg([col("vals").cum_sum(false)])
[INFO] [stdout]      |                           ^^^^^^^ method not found in `Expr`
[INFO] [stdout] 
[INFO] [stdout] 
[INFO] [stdout] error[E0433]: failed to resolve: use of undeclared type `CsvReader`
[INFO] [stdout]    --> src/tests/mod.rs:158:14
[INFO] [stdout]     |
[INFO] [stdout] 158 |     let df = CsvReader::new(file)
[INFO] [stdout]     |              ^^^^^^^^^
[INFO] [stdout]     |              |
[INFO] [stdout]     |              use of undeclared type `CsvReader`
[INFO] [stdout]     |              help: a trait with a similar name exists: `SerReader`
[INFO] [stdout] 
[INFO] [stdout] 
[INFO] [stdout] warning: unused import: `polars_io::prelude`
[INFO] [stdout]   --> src/tests/mod.rs:42:5
[INFO] [stdout]    |
[INFO] [stdout] 42 | use polars_io::prelude::*;
[INFO] [stdout]    |     ^^^^^^^^^^^^^^^^^^
[INFO] [stdout] 
[INFO] [stdout] 
[INFO] [stdout] error: aborting due to 3 previous errors; 3 warnings emitted
[INFO] [stdout] 
[INFO] [stdout] 
[INFO] [stdout] Some errors have detailed explanations: E0433, E0599.
[INFO] [stdout] 
[INFO] [stdout] For more information about an error, try `rustc --explain E0433`.
[INFO] [stdout] 
[INFO] [stderr] error: could not compile `polars-lazy` (lib test) due to 4 previous errors; 3 warnings emitted
[INFO] [stderr] warning: build failed, waiting for other jobs to finish...
[INFO] running `Command { std: "docker" "inspect" "b272666fa75dac6788283b3508fbe55660c363c467e5e544e1f59b22e5af0810", kill_on_drop: false }`
[INFO] running `Command { std: "docker" "rm" "-f" "b272666fa75dac6788283b3508fbe55660c363c467e5e544e1f59b22e5af0810", kill_on_drop: false }`
[INFO] [stdout] b272666fa75dac6788283b3508fbe55660c363c467e5e544e1f59b22e5af0810
[INFO] checking polars-lazy-0.35.4 against nightly-2024-02-05+rustflags=-Dunexpected_cfgs+cargoflags=-Zcheck-cfg for check-cfg
[INFO] extracting crate polars-lazy 0.35.4 into /workspace/builds/worker-1-tc2/source
[INFO] validating manifest of crates.io crate polars-lazy 0.35.4 on toolchain nightly-2024-02-05
[INFO] running `Command { std: CARGO_HOME="/workspace/cargo-home" RUSTUP_HOME="/workspace/rustup-home" "/workspace/cargo-home/bin/cargo" "+nightly-2024-02-05" "metadata" "--manifest-path" "Cargo.toml" "--no-deps", kill_on_drop: false }`
[INFO] started tweaking crates.io crate polars-lazy 0.35.4
[INFO] finished tweaking crates.io crate polars-lazy 0.35.4
[INFO] tweaked toml for crates.io crate polars-lazy 0.35.4 written to /workspace/builds/worker-1-tc2/source/Cargo.toml
[INFO] running `Command { std: CARGO_HOME="/workspace/cargo-home" RUSTUP_HOME="/workspace/rustup-home" "/workspace/cargo-home/bin/cargo" "+nightly-2024-02-05" "generate-lockfile" "--manifest-path" "Cargo.toml", kill_on_drop: false }`
[INFO] [stderr]     Updating crates.io index
[INFO] running `Command { std: CARGO_HOME="/workspace/cargo-home" RUSTUP_HOME="/workspace/rustup-home" "/workspace/cargo-home/bin/cargo" "+nightly-2024-02-05" "fetch" "--manifest-path" "Cargo.toml", kill_on_drop: false }`
[INFO] [stderr]     Blocking waiting for file lock on package cache
[INFO] running `Command { std: "docker" "create" "-v" "/var/lib/crater-agent-workspace/builds/worker-1-tc2/target:/opt/rustwide/target:rw,Z" "-v" "/var/lib/crater-agent-workspace/builds/worker-1-tc2/source:/opt/rustwide/workdir:ro,Z" "-v" "/var/lib/crater-agent-workspace/cargo-home:/opt/rustwide/cargo-home:ro,Z" "-v" "/var/lib/crater-agent-workspace/rustup-home:/opt/rustwide/rustup-home:ro,Z" "-e" "SOURCE_DIR=/opt/rustwide/workdir" "-e" "CARGO_TARGET_DIR=/opt/rustwide/target" "-e" "CARGO_HOME=/opt/rustwide/cargo-home" "-e" "RUSTUP_HOME=/opt/rustwide/rustup-home" "-w" "/opt/rustwide/workdir" "-m" "1610612736" "--user" "0:0" "--network" "none" "ghcr.io/rust-lang/crates-build-env/linux@sha256:2788e3201cd34a07e3172128adcd8b3090168a8e3bcc40d7c032b9dda1df7d1c" "/opt/rustwide/cargo-home/bin/cargo" "+nightly-2024-02-05" "metadata" "--no-deps" "--format-version=1", kill_on_drop: false }`
[INFO] [stdout] 92e23b24901a98aaf9e82c2f68a331cb74818ac0b1531450d7b0229dcfed7976
[INFO] running `Command { std: "docker" "start" "-a" "92e23b24901a98aaf9e82c2f68a331cb74818ac0b1531450d7b0229dcfed7976", kill_on_drop: false }`
[INFO] running `Command { std: "docker" "inspect" "92e23b24901a98aaf9e82c2f68a331cb74818ac0b1531450d7b0229dcfed7976", kill_on_drop: false }`
[INFO] running `Command { std: "docker" "rm" "-f" "92e23b24901a98aaf9e82c2f68a331cb74818ac0b1531450d7b0229dcfed7976", kill_on_drop: false }`
[INFO] [stdout] 92e23b24901a98aaf9e82c2f68a331cb74818ac0b1531450d7b0229dcfed7976
[INFO] running `Command { std: "docker" "create" "-v" "/var/lib/crater-agent-workspace/builds/worker-1-tc2/target:/opt/rustwide/target:rw,Z" "-v" "/var/lib/crater-agent-workspace/builds/worker-1-tc2/source:/opt/rustwide/workdir:ro,Z" "-v" "/var/lib/crater-agent-workspace/cargo-home:/opt/rustwide/cargo-home:ro,Z" "-v" "/var/lib/crater-agent-workspace/rustup-home:/opt/rustwide/rustup-home:ro,Z" "-e" "SOURCE_DIR=/opt/rustwide/workdir" "-e" "CARGO_TARGET_DIR=/opt/rustwide/target" "-e" "CARGO_INCREMENTAL=0" "-e" "RUST_BACKTRACE=full" "-e" "RUSTFLAGS=--cap-lints=forbid -Dunexpected_cfgs" "-e" "RUSTDOCFLAGS=--cap-lints=forbid" "-e" "CARGO_HOME=/opt/rustwide/cargo-home" "-e" "RUSTUP_HOME=/opt/rustwide/rustup-home" "-w" "/opt/rustwide/workdir" "-m" "1610612736" "--user" "0:0" "--network" "none" "ghcr.io/rust-lang/crates-build-env/linux@sha256:2788e3201cd34a07e3172128adcd8b3090168a8e3bcc40d7c032b9dda1df7d1c" "/opt/rustwide/cargo-home/bin/cargo" "+nightly-2024-02-05" "check" "--frozen" "--all" "--all-targets" "--message-format=json" "-Zcheck-cfg", kill_on_drop: false }`
[INFO] [stdout] e2c60aa849c6b092d0736376d42519b89ae37e00a216287c0944a7e539971816
[INFO] running `Command { std: "docker" "start" "-a" "e2c60aa849c6b092d0736376d42519b89ae37e00a216287c0944a7e539971816", kill_on_drop: false }`
[INFO] [stderr]    Compiling target-features v0.1.5
[INFO] [stderr]    Compiling syn v1.0.109
[INFO] [stderr]     Checking allocator-api2 v0.2.16
[INFO] [stderr]    Compiling num-traits v0.2.17
[INFO] [stderr]    Compiling smartstring v1.0.1
[INFO] [stderr]    Compiling polars-utils v0.35.4
[INFO] [stderr]     Checking equivalent v1.0.1
[INFO] [stderr]     Checking simdutf8 v0.1.4
[INFO] [stderr]     Checking foreign_vec v0.1.0
[INFO] [stderr]     Checking getrandom v0.2.12
[INFO] [stderr]     Checking ethnum v1.5.0
[INFO] [stderr]     Checking streaming-iterator v0.1.9
[INFO] [stderr]     Checking atoi_simd v0.15.6
[INFO] [stderr]    Compiling syn v2.0.48
[INFO] [stderr]     Checking fast-float v0.2.0
[INFO] [stderr]     Checking strength_reduce v0.2.4
[INFO] [stderr]    Compiling polars-core v0.35.4
[INFO] [stderr]     Checking xxhash-rust v0.8.8
[INFO] [stderr]     Checking bitflags v2.4.2
[INFO] [stderr]    Compiling polars-ops v0.35.4
[INFO] [stderr]     Checking memmap2 v0.7.1
[INFO] [stderr]    Compiling polars-plan v0.35.4
[INFO] [stderr]     Checking ahash v0.8.7
[INFO] [stderr]     Checking rand_core v0.6.4
[INFO] [stderr]     Checking home v0.5.9
[INFO] [stderr]    Compiling heck v0.4.1
[INFO] [stderr]    Compiling serde v1.0.196
[INFO] [stderr]    Compiling polars-lazy v0.35.4 (/opt/rustwide/workdir)
[INFO] [stderr]    Compiling serde_json v1.0.113
[INFO] [stderr]     Checking glob v0.3.1
[INFO] [stderr]     Checking rand_chacha v0.3.1
[INFO] [stderr]     Checking rand v0.8.5
[INFO] [stderr]     Checking hashbrown v0.14.3
[INFO] [stderr]     Checking indexmap v2.2.2
[INFO] [stderr]     Checking chrono v0.4.33
[INFO] [stderr]     Checking rand_distr v0.4.3
[INFO] [stderr]     Checking argminmax v0.6.1
[INFO] [stderr]    Compiling thiserror-impl v1.0.56
[INFO] [stderr]    Compiling bytemuck_derive v1.5.0
[INFO] [stderr]    Compiling strum_macros v0.25.3
[INFO] [stderr]     Checking bytemuck v1.14.1
[INFO] [stderr]     Checking thiserror v1.0.56
[INFO] [stderr]     Checking polars-error v0.35.4
[INFO] [stderr]    Compiling multiversion-macros v0.7.3
[INFO] [stderr]     Checking multiversion v0.7.3
[INFO] [stderr]     Checking polars-arrow v0.35.4
[INFO] [stderr]     Checking polars-row v0.35.4
[INFO] [stderr]     Checking polars-io v0.35.4
[INFO] [stdout] error: unexpected `cfg` condition name: `docsrs`
[INFO] [stdout]    --> src/lib.rs:200:13
[INFO] [stdout]     |
[INFO] [stdout] 200 | #![cfg_attr(docsrs, feature(doc_auto_cfg))]
[INFO] [stdout]     |             ^^^^^^
[INFO] [stdout]     |
[INFO] [stdout]     = help: expected names are: `debug_assertions`, `doc`, `doctest`, `feature`, `miri`, `overflow_checks`, `panic`, `proc_macro`, `relocation_model`, `sanitize`, `sanitizer_cfi_generalize_pointers`, `sanitizer_cfi_normalize_integers`, `target_abi`, `target_arch`, `target_endian`, `target_env`, `target_family`, `target_feature`, `target_has_atomic`, `target_has_atomic_equal_alignment`, `target_has_atomic_load_store`, `target_os`, `target_pointer_width`, `target_thread_local`, `target_vendor`, `test`, `unix`, `windows`
[INFO] [stdout]     = help: consider using a Cargo feature instead or adding `println!("cargo:rustc-check-cfg=cfg(docsrs)");` to the top of a `build.rs`
[INFO] [stdout]     = note: see <https://doc.rust-lang.org/nightly/cargo/reference/unstable.html#check-cfg> for more information about checking conditional configuration
[INFO] [stdout]     = note: requested on the command line with `-D unexpected-cfgs`
[INFO] [stdout] 
[INFO] [stdout] 
[INFO] [stdout] error: unexpected `cfg` condition name: `docsrs`
[INFO] [stdout]    --> src/lib.rs:200:13
[INFO] [stdout]     |
[INFO] [stdout] 200 | #![cfg_attr(docsrs, feature(doc_auto_cfg))]
[INFO] [stdout]     |             ^^^^^^
[INFO] [stdout]     |
[INFO] [stdout]     = help: expected names are: `debug_assertions`, `doc`, `doctest`, `feature`, `miri`, `overflow_checks`, `panic`, `proc_macro`, `relocation_model`, `sanitize`, `sanitizer_cfi_generalize_pointers`, `sanitizer_cfi_normalize_integers`, `target_abi`, `target_arch`, `target_endian`, `target_env`, `target_family`, `target_feature`, `target_has_atomic`, `target_has_atomic_equal_alignment`, `target_has_atomic_load_store`, `target_os`, `target_pointer_width`, `target_thread_local`, `target_vendor`, `test`, `unix`, `windows`
[INFO] [stdout]     = help: consider using a Cargo feature instead or adding `println!("cargo:rustc-check-cfg=cfg(docsrs)");` to the top of a `build.rs`
[INFO] [stdout]     = note: see <https://doc.rust-lang.org/nightly/cargo/reference/unstable.html#check-cfg> for more information about checking conditional configuration
[INFO] [stdout]     = note: requested on the command line with `-D unexpected-cfgs`
[INFO] [stdout] 
[INFO] [stdout] 
[INFO] [stdout] warning: unused import: `polars_utils::idxvec`
[INFO] [stdout]  --> src/tests/aggregations.rs:2:5
[INFO] [stdout]   |
[INFO] [stdout] 2 | use polars_utils::idxvec;
[INFO] [stdout]   |     ^^^^^^^^^^^^^^^^^^^^
[INFO] [stdout]   |
[INFO] [stdout]   = note: `#[warn(unused_imports)]` on by default
[INFO] [stdout] 
[INFO] [stdout] 
[INFO] [stdout] error: unexpected `cfg` condition value: `ignore`
[INFO] [stdout]   --> src/tests/arity.rs:43:7
[INFO] [stdout]    |
[INFO] [stdout] 43 | #[cfg(feature = "ignore")]
[INFO] [stdout]    |       ^^^^^^^^^^^^^^^^^^
[INFO] [stdout]    |
[INFO] [stdout]    = note: expected values for `feature` are: `abs`, `approx_unique`, `arg_where`, `asof_join`, `async`, `bigidx`, `binary_encoding`, `chunked_ids`, `cloud`, `cloud_write`, `coalesce`, `concat_str`, `cov`, `cross_join`, `cse`, `csv`, `cum_agg`, `cumulative_eval`, `cutqcut`, `date_offset`, `diagonal_concat`, `diff`, `dot_diagram`, `dtype-array`, `dtype-categorical`, `dtype-date`, `dtype-datetime`, `dtype-decimal`, `dtype-duration`, `dtype-i16`, `dtype-i8`, `dtype-struct`, `dtype-time`, `dtype-u16`, `dtype-u8`, `dynamic_group_by`, `ewma`, `extract_groups`, `extract_jsonpath`, `fmt`, `fused`, `future`, `futures`, `interpolate`, `ipc`, `is_first_distinct`, `is_in`, `is_last_distinct`, `is_unique`, `json`, `list_any_all`, `list_count`, `list_drop_nulls`, `list_eval`, `list_gather`, `list_sample`, `list_sets`, `list_to_struct`, `log`, `merge_sorted`, `meta`, `mode`, `moment`, `nightly`, `object`, `panic_on_schema`, `parquet`, `pct_change`, `peaks`, `pivot`, `polars-json`, `polars-pipe`, `polars-time`, `propagate_nans`, `pyo3`, `python`, `random`, `range`, `rank`, `regex`, `repeat_by`, `rle`, `rolling_window`, `round_series`, `row_hash`, `search_sorted`, `semi_anti_join`, `serde`, `sign`, `streaming`, `string_encoding`, `string_pad`, `string_to_integer`, `strings`, `temporal`, `test`, `test_all`, `timezones`, `tokio`, `top_k`, `trigonometry`, `true_div`, `unique_counts`
[INFO] [stdout]    = help: consider adding `ignore` as a feature in `Cargo.toml`
[INFO] [stdout]    = note: see <https://doc.rust-lang.org/nightly/cargo/reference/unstable.html#check-cfg> for more information about checking conditional configuration
[INFO] [stdout] 
[INFO] [stdout] 
[INFO] [stdout] warning: unused import: `polars_core::utils::arrow::temporal_conversions::MILLISECONDS_IN_DAY`
[INFO] [stdout]  --> src/tests/logical.rs:1:5
[INFO] [stdout]   |
[INFO] [stdout] 1 | use polars_core::utils::arrow::temporal_conversions::MILLISECONDS_IN_DAY;
[INFO] [stdout]   |     ^^^^^^^^^^^^^^^^^^^^^^^^^^^^^^^^^^^^^^^^^^^^^^^^^^^^^^^^^^^^^^^^^^^^
[INFO] [stdout] 
[INFO] [stdout] 
[INFO] [stdout] error[E0599]: no method named `cum_sum` found for enum `polars_plan::dsl::Expr` in the current scope
[INFO] [stdout]   --> src/tests/aggregations.rs:99:14
[INFO] [stdout]    |
[INFO] [stdout] 97 |           .group_by([col("soil")
[INFO] [stdout]    |  ____________________-
[INFO] [stdout] 98 | |             .neq(col("soil").shift_and_fill(lit(1), col("soil").first()))
[INFO] [stdout] 99 | |             .cum_sum(false)
[INFO] [stdout]    | |             -^^^^^^^ method not found in `Expr`
[INFO] [stdout]    | |_____________|
[INFO] [stdout]    | 
[INFO] [stdout] 
[INFO] [stdout] 
[INFO] [stdout] error[E0599]: no method named `cum_sum` found for enum `polars_plan::dsl::Expr` in the current scope
[INFO] [stdout]     --> src/tests/queries.rs:1009:27
[INFO] [stdout]      |
[INFO] [stdout] 1009 |         .agg([col("vals").cum_sum(false)])
[INFO] [stdout]      |                           ^^^^^^^ method not found in `Expr`
[INFO] [stdout] 
[INFO] [stdout] 
[INFO] [stdout] error[E0433]: failed to resolve: use of undeclared type `CsvReader`
[INFO] [stdout]    --> src/tests/mod.rs:158:14
[INFO] [stdout]     |
[INFO] [stdout] 158 |     let df = CsvReader::new(file)
[INFO] [stdout]     |              ^^^^^^^^^
[INFO] [stdout]     |              |
[INFO] [stdout]     |              use of undeclared type `CsvReader`
[INFO] [stdout]     |              help: a trait with a similar name exists: `SerReader`
[INFO] [stdout] 
[INFO] [stdout] 
[INFO] [stdout] warning: unused import: `polars_io::prelude`
[INFO] [stdout]   --> src/tests/mod.rs:42:5
[INFO] [stdout]    |
[INFO] [stdout] 42 | use polars_io::prelude::*;
[INFO] [stdout]    |     ^^^^^^^^^^^^^^^^^^
[INFO] [stdout] 
[INFO] [stdout] 
[INFO] [stdout] error: aborting due to 5 previous errors; 3 warnings emitted
[INFO] [stdout] 
[INFO] [stdout] 
[INFO] [stdout] Some errors have detailed explanations: E0433, E0599.
[INFO] [stdout] 
[INFO] [stdout] For more information about an error, try `rustc --explain E0433`.
[INFO] [stdout] 
[INFO] [stderr] error: could not compile `polars-lazy` (lib test) due to 6 previous errors; 3 warnings emitted
[INFO] [stderr] warning: build failed, waiting for other jobs to finish...
[INFO] [stdout] error: aborting due to 1 previous error
[INFO] [stdout] 
[INFO] [stdout] 
[INFO] [stderr] error: could not compile `polars-lazy` (lib) due to 2 previous errors
[INFO] running `Command { std: "docker" "inspect" "e2c60aa849c6b092d0736376d42519b89ae37e00a216287c0944a7e539971816", kill_on_drop: false }`
[INFO] running `Command { std: "docker" "rm" "-f" "e2c60aa849c6b092d0736376d42519b89ae37e00a216287c0944a7e539971816", kill_on_drop: false }`
[INFO] [stdout] e2c60aa849c6b092d0736376d42519b89ae37e00a216287c0944a7e539971816
