[INFO] fetching crate plonk-pallet 0.2.2...
[INFO] checking plonk-pallet-0.2.2 against nightly-2024-02-05 for check-cfg
[INFO] extracting crate plonk-pallet 0.2.2 into /workspace/builds/worker-6-tc1/source
[INFO] validating manifest of crates.io crate plonk-pallet 0.2.2 on toolchain nightly-2024-02-05
[INFO] running `Command { std: CARGO_HOME="/workspace/cargo-home" RUSTUP_HOME="/workspace/rustup-home" "/workspace/cargo-home/bin/cargo" "+nightly-2024-02-05" "metadata" "--manifest-path" "Cargo.toml" "--no-deps", kill_on_drop: false }`
[INFO] removed /workspace/builds/worker-6-tc1/source/rust-toolchain
[INFO] started tweaking crates.io crate plonk-pallet 0.2.2
[INFO] finished tweaking crates.io crate plonk-pallet 0.2.2
[INFO] tweaked toml for crates.io crate plonk-pallet 0.2.2 written to /workspace/builds/worker-6-tc1/source/Cargo.toml
[INFO] running `Command { std: CARGO_HOME="/workspace/cargo-home" RUSTUP_HOME="/workspace/rustup-home" "/workspace/cargo-home/bin/cargo" "+nightly-2024-02-05" "generate-lockfile" "--manifest-path" "Cargo.toml", kill_on_drop: false }`
[INFO] [stderr]     Updating crates.io index
[INFO] running `Command { std: CARGO_HOME="/workspace/cargo-home" RUSTUP_HOME="/workspace/rustup-home" "/workspace/cargo-home/bin/cargo" "+nightly-2024-02-05" "fetch" "--manifest-path" "Cargo.toml", kill_on_drop: false }`
[INFO] [stderr]  Downloading crates ...
[INFO] [stderr]   Downloaded fullcodec-jubjub v0.2.0
[INFO] [stderr]   Downloaded fullcodec-subtle v0.2.0
[INFO] [stderr]   Downloaded derive-hex v0.1.2
[INFO] [stderr]   Downloaded fullcodec_rand_xorshift v0.2.0
[INFO] [stderr]   Downloaded dusk-bytes v0.1.7
[INFO] [stderr]   Downloaded fullcodec-bls12_381 v0.2.0
[INFO] [stderr]   Downloaded fullcodec-plonk v0.2.0
[INFO] running `Command { std: "docker" "create" "-v" "/var/lib/crater-agent-workspace/builds/worker-6-tc1/target:/opt/rustwide/target:rw,Z" "-v" "/var/lib/crater-agent-workspace/builds/worker-6-tc1/source:/opt/rustwide/workdir:ro,Z" "-v" "/var/lib/crater-agent-workspace/cargo-home:/opt/rustwide/cargo-home:ro,Z" "-v" "/var/lib/crater-agent-workspace/rustup-home:/opt/rustwide/rustup-home:ro,Z" "-e" "SOURCE_DIR=/opt/rustwide/workdir" "-e" "CARGO_TARGET_DIR=/opt/rustwide/target" "-e" "CARGO_HOME=/opt/rustwide/cargo-home" "-e" "RUSTUP_HOME=/opt/rustwide/rustup-home" "-w" "/opt/rustwide/workdir" "-m" "1610612736" "--user" "0:0" "--network" "none" "ghcr.io/rust-lang/crates-build-env/linux@sha256:2788e3201cd34a07e3172128adcd8b3090168a8e3bcc40d7c032b9dda1df7d1c" "/opt/rustwide/cargo-home/bin/cargo" "+nightly-2024-02-05" "metadata" "--no-deps" "--format-version=1", kill_on_drop: false }`
[INFO] [stdout] e86af794136f2192152a22606d410c0bd8fd45ad7ec25c4712bcede3175b53a8
[INFO] running `Command { std: "docker" "start" "-a" "e86af794136f2192152a22606d410c0bd8fd45ad7ec25c4712bcede3175b53a8", kill_on_drop: false }`
[INFO] running `Command { std: "docker" "inspect" "e86af794136f2192152a22606d410c0bd8fd45ad7ec25c4712bcede3175b53a8", kill_on_drop: false }`
[INFO] running `Command { std: "docker" "rm" "-f" "e86af794136f2192152a22606d410c0bd8fd45ad7ec25c4712bcede3175b53a8", kill_on_drop: false }`
[INFO] [stdout] e86af794136f2192152a22606d410c0bd8fd45ad7ec25c4712bcede3175b53a8
[INFO] running `Command { std: "docker" "create" "-v" "/var/lib/crater-agent-workspace/builds/worker-6-tc1/target:/opt/rustwide/target:rw,Z" "-v" "/var/lib/crater-agent-workspace/builds/worker-6-tc1/source:/opt/rustwide/workdir:ro,Z" "-v" "/var/lib/crater-agent-workspace/cargo-home:/opt/rustwide/cargo-home:ro,Z" "-v" "/var/lib/crater-agent-workspace/rustup-home:/opt/rustwide/rustup-home:ro,Z" "-e" "SOURCE_DIR=/opt/rustwide/workdir" "-e" "CARGO_TARGET_DIR=/opt/rustwide/target" "-e" "CARGO_INCREMENTAL=0" "-e" "RUST_BACKTRACE=full" "-e" "RUSTFLAGS=--cap-lints=forbid" "-e" "RUSTDOCFLAGS=--cap-lints=forbid" "-e" "CARGO_HOME=/opt/rustwide/cargo-home" "-e" "RUSTUP_HOME=/opt/rustwide/rustup-home" "-w" "/opt/rustwide/workdir" "-m" "1610612736" "--user" "0:0" "--network" "none" "ghcr.io/rust-lang/crates-build-env/linux@sha256:2788e3201cd34a07e3172128adcd8b3090168a8e3bcc40d7c032b9dda1df7d1c" "/opt/rustwide/cargo-home/bin/cargo" "+nightly-2024-02-05" "check" "--frozen" "--all" "--all-targets" "--message-format=json", kill_on_drop: false }`
[INFO] [stdout] 8cdbcd6f6aae330534e9dcdb54b5ebb020c57584d8c0d29b70b02784c04ed6fb
[INFO] running `Command { std: "docker" "start" "-a" "8cdbcd6f6aae330534e9dcdb54b5ebb020c57584d8c0d29b70b02784c04ed6fb", kill_on_drop: false }`
[INFO] [stderr]    Compiling radium v0.6.2
[INFO] [stderr]     Checking byteorder v1.5.0
[INFO] [stderr]     Checking funty v1.1.0
[INFO] [stderr]     Checking wyz v0.2.0
[INFO] [stderr]     Checking byte-slice-cast v1.2.2
[INFO] [stderr]     Checking arrayvec v0.7.4
[INFO] [stderr]    Compiling getrandom v0.1.16
[INFO] [stderr]     Checking subtle v2.4.1
[INFO] [stderr]     Checking sp-std v3.0.0
[INFO] [stderr]    Compiling impl-trait-for-tuples v0.2.2
[INFO] [stderr]    Compiling parity-scale-codec-derive v2.3.1
[INFO] [stderr]    Compiling zeroize_derive v1.4.2
[INFO] [stderr]    Compiling crunchy v0.2.2
[INFO] [stderr]     Checking serde v1.0.196
[INFO] [stderr]     Checking digest v0.8.1
[INFO] [stderr]    Compiling num-integer v0.1.45
[INFO] [stderr]    Compiling aho-corasick v1.1.2
[INFO] [stderr]     Checking tracing-core v0.1.32
[INFO] [stderr]    Compiling num-bigint v0.2.6
[INFO] [stderr]     Checking rustc-hex v2.1.0
[INFO] [stderr]    Compiling num-rational v0.2.4
[INFO] [stderr]    Compiling parking_lot_core v0.8.6
[INFO] [stderr]    Compiling ref-cast v1.0.22
[INFO] [stderr]     Checking uint v0.9.5
[INFO] [stderr]     Checking rand_core v0.5.1
[INFO] [stderr]     Checking fixed-hash v0.7.0
[INFO] [stderr]     Checking bitvec v0.20.4
[INFO] [stderr]     Checking block-buffer v0.7.3
[INFO] [stderr]    Compiling sp-debug-derive v3.0.0
[INFO] [stderr]    Compiling ref-cast-impl v1.0.22
[INFO] [stderr]     Checking instant v0.1.12
[INFO] [stderr]     Checking parity-wasm v0.41.0
[INFO] [stderr]     Checking subtle v1.0.0
[INFO] [stderr]     Checking ahash v0.4.8
[INFO] [stderr]     Checking rand_pcg v0.2.1
[INFO] [stderr]     Checking rand_chacha v0.2.2
[INFO] [stderr]     Checking crypto-mac v0.7.0
[INFO] [stderr]     Checking sha2 v0.8.2
[INFO] [stderr]     Checking chrono v0.4.33
[INFO] [stderr]     Checking hashbrown v0.9.1
[INFO] [stderr]     Checking rand v0.7.3
[INFO] [stderr]     Checking tracing-log v0.1.4
[INFO] [stderr]     Checking tracing v0.1.40
[INFO] [stderr]     Checking matchers v0.0.1
[INFO] [stderr]     Checking crypto-mac v0.11.1
[INFO] [stderr]     Checking crypto-mac v0.8.0
[INFO] [stderr]     Checking thread_local v1.1.7
[INFO] [stderr]     Checking hash-db v0.15.2
[INFO] [stderr]     Checking memory_units v0.3.0
[INFO] [stderr]    Compiling parity-util-mem v0.9.0
[INFO] [stderr]    Compiling arrayvec v0.4.12
[INFO] [stderr]    Compiling regex-automata v0.4.5
[INFO] [stderr]     Checking zeroize v1.3.0
[INFO] [stderr]     Checking futures-util v0.3.30
[INFO] [stderr]     Checking curve25519-dalek v2.1.3
[INFO] [stderr]     Checking merlin v2.0.1
[INFO] [stderr]     Checking parking_lot v0.11.2
[INFO] [stderr]     Checking hmac v0.7.1
[INFO] [stderr]     Checking wasmi-validation v0.3.0
[INFO] [stderr]    Compiling parity-util-mem-derive v0.1.0
[INFO] [stderr]     Checking signature v1.6.4
[INFO] [stderr]     Checking environmental v1.1.4
[INFO] [stderr]     Checking arrayvec v0.5.2
[INFO] [stderr]    Compiling tiny-keccak v2.0.2
[INFO] [stderr]     Checking ed25519 v1.5.3
[INFO] [stderr]     Checking wasmi v0.6.2
[INFO] [stderr]     Checking hmac-drbg v0.2.0
[INFO] [stderr]     Checking curve25519-dalek v3.2.1
[INFO] [stderr]     Checking pbkdf2 v0.8.0
[INFO] [stderr]     Checking hmac v0.11.0
[INFO] [stderr]     Checking pbkdf2 v0.4.0
[INFO] [stderr]     Checking hmac v0.8.1
[INFO] [stderr]    Compiling dyn-clonable-impl v0.9.0
[INFO] [stderr]     Checking blake2-rfc v0.2.18
[INFO] [stderr]     Checking libsecp256k1 v0.3.5
[INFO] [stderr]     Checking tiny-bip39 v0.8.2
[INFO] [stderr]     Checking secrecy v0.7.0
[INFO] [stderr]     Checking hash256-std-hasher v0.15.2
[INFO] [stderr]     Checking twox-hash v1.6.3
[INFO] [stderr]    Compiling ahash v0.7.7
[INFO] [stderr]     Checking base58 v0.1.0
[INFO] [stderr]    Compiling cc v1.0.83
[INFO] [stderr]     Checking gimli v0.28.1
[INFO] [stderr]     Checking miniz_oxide v0.7.2
[INFO] [stderr]     Checking object v0.32.2
[INFO] [stderr]     Checking rustc-demangle v0.1.23
[INFO] [stderr]     Checking trie-root v0.16.0
[INFO] [stderr]    Compiling derive_more v0.99.17
[INFO] [stderr]     Checking dyn-clonable v0.9.0
[INFO] [stderr]     Checking integer-sqrt v0.1.5
[INFO] [stderr]    Compiling derive-hex v0.1.2
[INFO] [stderr]     Checking impl-serde v0.3.2
[INFO] [stderr]     Checking tracing-serde v0.1.3
[INFO] [stderr]     Checking serde_json v1.0.113
[INFO] [stderr]     Checking schnorrkel v0.9.1
[INFO] [stderr]     Checking ed25519-dalek v1.0.1
[INFO] [stderr]     Checking hashbrown v0.11.2
[INFO] [stderr]    Compiling frame-support-procedural-tools-derive v3.0.0
[INFO] [stderr]     Checking itertools v0.9.0
[INFO] [stderr]     Checking merlin v3.0.0
[INFO] [stderr]     Checking substrate-bip39 v0.4.5
[INFO] [stderr]     Checking trie-db v0.22.6
[INFO] [stderr]    Compiling toml v0.5.11
[INFO] [stderr]     Checking dusk-bytes v0.1.7
[INFO] [stderr]     Checking tracing-subscriber v0.2.25
[INFO] [stderr]    Compiling backtrace v0.3.69
[INFO] [stderr]    Compiling regex v1.10.3
[INFO] [stderr]    Compiling Inflector v0.11.4
[INFO] [stderr]     Checking futures-executor v0.3.30
[INFO] [stderr]    Compiling proc-macro-crate v0.1.5
[INFO] [stderr]     Checking futures v0.3.30
[INFO] [stderr]    Compiling frame-support-procedural-tools v3.0.0
[INFO] [stderr]     Checking parity-scale-codec v2.3.1
[INFO] [stdout] error[E0603]: module `group` is private
[INFO] [stdout]    --> /opt/rustwide/cargo-home/registry/src/index.crates.io-6f17d22bba15001f/frame-support-procedural-tools-3.0.0/src/syn_ext.rs:47:53
[INFO] [stdout]     |
[INFO] [stdout] 47  |                 let syn::group::$name { token, content } = syn::group::$parse(input)?;
[INFO] [stdout]     |                                                                 ^^^^^ private module
[INFO] [stdout] ...
[INFO] [stdout] 71  | groups_impl!(Braces, Brace, Brace, parse_braces);
[INFO] [stdout]     |                                    ------------ function `parse_braces` is not publicly re-exported
[INFO] [stdout]     |
[INFO] [stdout] note: the module `group` is defined here
[INFO] [stdout]    --> /opt/rustwide/cargo-home/registry/src/index.crates.io-6f17d22bba15001f/syn-1.0.109/src/lib.rs:308:1
[INFO] [stdout]     |
[INFO] [stdout] 308 | mod group;
[INFO] [stdout]     | ^^^^^^^^^
[INFO] [stdout] 
[INFO] [stdout] 
[INFO] [stdout] error[E0603]: module `group` is private
[INFO] [stdout]    --> /opt/rustwide/cargo-home/registry/src/index.crates.io-6f17d22bba15001f/frame-support-procedural-tools-3.0.0/src/syn_ext.rs:47:14
[INFO] [stdout]     |
[INFO] [stdout] 47  |                 let syn::group::$name { token, content } = syn::group::$parse(input)?;
[INFO] [stdout]     |                          ^^^^^ private module
[INFO] [stdout] ...
[INFO] [stdout] 71  | groups_impl!(Braces, Brace, Brace, parse_braces);
[INFO] [stdout]     |              ------ struct `Braces` is not publicly re-exported
[INFO] [stdout]     |
[INFO] [stdout] note: the module `group` is defined here
[INFO] [stdout]    --> /opt/rustwide/cargo-home/registry/src/index.crates.io-6f17d22bba15001f/syn-1.0.109/src/lib.rs:308:1
[INFO] [stdout]     |
[INFO] [stdout] 308 | mod group;
[INFO] [stdout]     | ^^^^^^^^^
[INFO] [stdout] 
[INFO] [stdout] 
[INFO] [stdout] error[E0603]: module `group` is private
[INFO] [stdout]    --> /opt/rustwide/cargo-home/registry/src/index.crates.io-6f17d22bba15001f/frame-support-procedural-tools-3.0.0/src/syn_ext.rs:47:53
[INFO] [stdout]     |
[INFO] [stdout] 47  |                 let syn::group::$name { token, content } = syn::group::$parse(input)?;
[INFO] [stdout]     |                                                                 ^^^^^ private module
[INFO] [stdout] ...
[INFO] [stdout] 72  | groups_impl!(Brackets, Bracket, Bracket, parse_brackets);
[INFO] [stdout]     |                                          -------------- function `parse_brackets` is not publicly re-exported
[INFO] [stdout]     |
[INFO] [stdout] note: the module `group` is defined here
[INFO] [stdout]    --> /opt/rustwide/cargo-home/registry/src/index.crates.io-6f17d22bba15001f/syn-1.0.109/src/lib.rs:308:1
[INFO] [stdout]     |
[INFO] [stdout] 308 | mod group;
[INFO] [stdout]     | ^^^^^^^^^
[INFO] [stdout] 
[INFO] [stdout] 
[INFO] [stdout] error[E0603]: module `group` is private
[INFO] [stdout]    --> /opt/rustwide/cargo-home/registry/src/index.crates.io-6f17d22bba15001f/frame-support-procedural-tools-3.0.0/src/syn_ext.rs:47:14
[INFO] [stdout]     |
[INFO] [stdout] 47  |                 let syn::group::$name { token, content } = syn::group::$parse(input)?;
[INFO] [stdout]     |                          ^^^^^ private module
[INFO] [stdout] ...
[INFO] [stdout] 72  | groups_impl!(Brackets, Bracket, Bracket, parse_brackets);
[INFO] [stdout]     |              -------- struct `Brackets` is not publicly re-exported
[INFO] [stdout]     |
[INFO] [stdout] note: the module `group` is defined here
[INFO] [stdout]    --> /opt/rustwide/cargo-home/registry/src/index.crates.io-6f17d22bba15001f/syn-1.0.109/src/lib.rs:308:1
[INFO] [stdout]     |
[INFO] [stdout] 308 | mod group;
[INFO] [stdout]     | ^^^^^^^^^
[INFO] [stdout] 
[INFO] [stdout] 
[INFO] [stdout] error[E0603]: module `group` is private
[INFO] [stdout]    --> /opt/rustwide/cargo-home/registry/src/index.crates.io-6f17d22bba15001f/frame-support-procedural-tools-3.0.0/src/syn_ext.rs:47:53
[INFO] [stdout]     |
[INFO] [stdout] 47  |                 let syn::group::$name { token, content } = syn::group::$parse(input)?;
[INFO] [stdout]     |                                                                 ^^^^^ private module
[INFO] [stdout] ...
[INFO] [stdout] 73  | groups_impl!(Parens, Paren, Parenthesis, parse_parens);
[INFO] [stdout]     |                                          ------------ function `parse_parens` is not publicly re-exported
[INFO] [stdout]     |
[INFO] [stdout] note: the module `group` is defined here
[INFO] [stdout]    --> /opt/rustwide/cargo-home/registry/src/index.crates.io-6f17d22bba15001f/syn-1.0.109/src/lib.rs:308:1
[INFO] [stdout]     |
[INFO] [stdout] 308 | mod group;
[INFO] [stdout]     | ^^^^^^^^^
[INFO] [stdout] 
[INFO] [stdout] 
[INFO] [stdout] error[E0603]: module `group` is private
[INFO] [stdout]    --> /opt/rustwide/cargo-home/registry/src/index.crates.io-6f17d22bba15001f/frame-support-procedural-tools-3.0.0/src/syn_ext.rs:47:14
[INFO] [stdout]     |
[INFO] [stdout] 47  |                 let syn::group::$name { token, content } = syn::group::$parse(input)?;
[INFO] [stdout]     |                          ^^^^^ private module
[INFO] [stdout] ...
[INFO] [stdout] 73  | groups_impl!(Parens, Paren, Parenthesis, parse_parens);
[INFO] [stdout]     |              ------ struct `Parens` is not publicly re-exported
[INFO] [stdout]     |
[INFO] [stdout] note: the module `group` is defined here
[INFO] [stdout]    --> /opt/rustwide/cargo-home/registry/src/index.crates.io-6f17d22bba15001f/syn-1.0.109/src/lib.rs:308:1
[INFO] [stdout]     |
[INFO] [stdout] 308 | mod group;
[INFO] [stdout]     | ^^^^^^^^^
[INFO] [stdout] 
[INFO] [stdout] 
[INFO] [stdout] error: aborting due to 6 previous errors
[INFO] [stdout] 
[INFO] [stdout] 
[INFO] [stdout] For more information about this error, try `rustc --explain E0603`.
[INFO] [stdout] 
[INFO] [stderr] error: could not compile `frame-support-procedural-tools` (lib) due to 7 previous errors
[INFO] [stderr] warning: build failed, waiting for other jobs to finish...
[INFO] running `Command { std: "docker" "inspect" "8cdbcd6f6aae330534e9dcdb54b5ebb020c57584d8c0d29b70b02784c04ed6fb", kill_on_drop: false }`
[INFO] running `Command { std: "docker" "rm" "-f" "8cdbcd6f6aae330534e9dcdb54b5ebb020c57584d8c0d29b70b02784c04ed6fb", kill_on_drop: false }`
[INFO] [stdout] 8cdbcd6f6aae330534e9dcdb54b5ebb020c57584d8c0d29b70b02784c04ed6fb
[INFO] checking plonk-pallet-0.2.2 against nightly-2024-02-05+rustflags=-Dunexpected_cfgs+cargoflags=-Zcheck-cfg for check-cfg
[INFO] extracting crate plonk-pallet 0.2.2 into /workspace/builds/worker-6-tc2/source
[INFO] validating manifest of crates.io crate plonk-pallet 0.2.2 on toolchain nightly-2024-02-05
[INFO] running `Command { std: CARGO_HOME="/workspace/cargo-home" RUSTUP_HOME="/workspace/rustup-home" "/workspace/cargo-home/bin/cargo" "+nightly-2024-02-05" "metadata" "--manifest-path" "Cargo.toml" "--no-deps", kill_on_drop: false }`
[INFO] removed /workspace/builds/worker-6-tc2/source/rust-toolchain
[INFO] started tweaking crates.io crate plonk-pallet 0.2.2
[INFO] finished tweaking crates.io crate plonk-pallet 0.2.2
[INFO] tweaked toml for crates.io crate plonk-pallet 0.2.2 written to /workspace/builds/worker-6-tc2/source/Cargo.toml
[INFO] running `Command { std: CARGO_HOME="/workspace/cargo-home" RUSTUP_HOME="/workspace/rustup-home" "/workspace/cargo-home/bin/cargo" "+nightly-2024-02-05" "generate-lockfile" "--manifest-path" "Cargo.toml", kill_on_drop: false }`
[INFO] [stderr]     Blocking waiting for file lock on package cache
[INFO] [stderr]     Updating crates.io index
[INFO] running `Command { std: CARGO_HOME="/workspace/cargo-home" RUSTUP_HOME="/workspace/rustup-home" "/workspace/cargo-home/bin/cargo" "+nightly-2024-02-05" "fetch" "--manifest-path" "Cargo.toml", kill_on_drop: false }`
[INFO] [stderr]     Blocking waiting for file lock on package cache
[INFO] running `Command { std: "docker" "create" "-v" "/var/lib/crater-agent-workspace/builds/worker-6-tc2/target:/opt/rustwide/target:rw,Z" "-v" "/var/lib/crater-agent-workspace/builds/worker-6-tc2/source:/opt/rustwide/workdir:ro,Z" "-v" "/var/lib/crater-agent-workspace/cargo-home:/opt/rustwide/cargo-home:ro,Z" "-v" "/var/lib/crater-agent-workspace/rustup-home:/opt/rustwide/rustup-home:ro,Z" "-e" "SOURCE_DIR=/opt/rustwide/workdir" "-e" "CARGO_TARGET_DIR=/opt/rustwide/target" "-e" "CARGO_HOME=/opt/rustwide/cargo-home" "-e" "RUSTUP_HOME=/opt/rustwide/rustup-home" "-w" "/opt/rustwide/workdir" "-m" "1610612736" "--user" "0:0" "--network" "none" "ghcr.io/rust-lang/crates-build-env/linux@sha256:2788e3201cd34a07e3172128adcd8b3090168a8e3bcc40d7c032b9dda1df7d1c" "/opt/rustwide/cargo-home/bin/cargo" "+nightly-2024-02-05" "metadata" "--no-deps" "--format-version=1", kill_on_drop: false }`
[INFO] [stdout] 5f5c5f89676df14b6021b442646227ee3eb7b3dc29c1a6326a1e6606e2aa0f13
[INFO] running `Command { std: "docker" "start" "-a" "5f5c5f89676df14b6021b442646227ee3eb7b3dc29c1a6326a1e6606e2aa0f13", kill_on_drop: false }`
[INFO] running `Command { std: "docker" "inspect" "5f5c5f89676df14b6021b442646227ee3eb7b3dc29c1a6326a1e6606e2aa0f13", kill_on_drop: false }`
[INFO] running `Command { std: "docker" "rm" "-f" "5f5c5f89676df14b6021b442646227ee3eb7b3dc29c1a6326a1e6606e2aa0f13", kill_on_drop: false }`
[INFO] [stdout] 5f5c5f89676df14b6021b442646227ee3eb7b3dc29c1a6326a1e6606e2aa0f13
[INFO] running `Command { std: "docker" "create" "-v" "/var/lib/crater-agent-workspace/builds/worker-6-tc2/target:/opt/rustwide/target:rw,Z" "-v" "/var/lib/crater-agent-workspace/builds/worker-6-tc2/source:/opt/rustwide/workdir:ro,Z" "-v" "/var/lib/crater-agent-workspace/cargo-home:/opt/rustwide/cargo-home:ro,Z" "-v" "/var/lib/crater-agent-workspace/rustup-home:/opt/rustwide/rustup-home:ro,Z" "-e" "SOURCE_DIR=/opt/rustwide/workdir" "-e" "CARGO_TARGET_DIR=/opt/rustwide/target" "-e" "CARGO_INCREMENTAL=0" "-e" "RUST_BACKTRACE=full" "-e" "RUSTFLAGS=--cap-lints=forbid -Dunexpected_cfgs" "-e" "RUSTDOCFLAGS=--cap-lints=forbid" "-e" "CARGO_HOME=/opt/rustwide/cargo-home" "-e" "RUSTUP_HOME=/opt/rustwide/rustup-home" "-w" "/opt/rustwide/workdir" "-m" "1610612736" "--user" "0:0" "--network" "none" "ghcr.io/rust-lang/crates-build-env/linux@sha256:2788e3201cd34a07e3172128adcd8b3090168a8e3bcc40d7c032b9dda1df7d1c" "/opt/rustwide/cargo-home/bin/cargo" "+nightly-2024-02-05" "check" "--frozen" "--all" "--all-targets" "--message-format=json" "-Zcheck-cfg", kill_on_drop: false }`
[INFO] [stdout] 225bc151c90ada41341f322f2ecf610587dd0cc17d47851c84c04d7f77150383
[INFO] running `Command { std: "docker" "start" "-a" "225bc151c90ada41341f322f2ecf610587dd0cc17d47851c84c04d7f77150383", kill_on_drop: false }`
[INFO] [stderr]     Checking byteorder v1.5.0
[INFO] [stderr]    Compiling radium v0.6.2
[INFO] [stderr]     Checking wyz v0.2.0
[INFO] [stderr]     Checking funty v1.1.0
[INFO] [stderr]     Checking arrayvec v0.7.4
[INFO] [stderr]     Checking byte-slice-cast v1.2.2
[INFO] [stderr]    Compiling getrandom v0.1.16
[INFO] [stderr]     Checking subtle v2.4.1
[INFO] [stderr]    Compiling crunchy v0.2.2
[INFO] [stderr]    Compiling impl-trait-for-tuples v0.2.2
[INFO] [stderr]    Compiling parity-scale-codec-derive v2.3.1
[INFO] [stderr]    Compiling zeroize_derive v1.4.2
[INFO] [stderr]     Checking sp-std v3.0.0
[INFO] [stderr]     Checking serde v1.0.196
[INFO] [stderr]     Checking digest v0.8.1
[INFO] [stderr]    Compiling num-integer v0.1.45
[INFO] [stderr]    Compiling aho-corasick v1.1.2
[INFO] [stderr]     Checking tracing-core v0.1.32
[INFO] [stderr]    Compiling num-bigint v0.2.6
[INFO] [stderr]     Checking rustc-hex v2.1.0
[INFO] [stderr]    Compiling num-rational v0.2.4
[INFO] [stderr]    Compiling parking_lot_core v0.8.6
[INFO] [stderr]    Compiling ref-cast v1.0.22
[INFO] [stderr]     Checking rand_core v0.5.1
[INFO] [stderr]     Checking block-buffer v0.7.3
[INFO] [stderr]     Checking fixed-hash v0.7.0
[INFO] [stderr]     Checking bitvec v0.20.4
[INFO] [stderr]    Compiling sp-debug-derive v3.0.0
[INFO] [stderr]    Compiling ref-cast-impl v1.0.22
[INFO] [stderr]     Checking rand_chacha v0.2.2
[INFO] [stderr]     Checking rand_pcg v0.2.1
[INFO] [stderr]     Checking uint v0.9.5
[INFO] [stderr]     Checking instant v0.1.12
[INFO] [stderr]     Checking parity-wasm v0.41.0
[INFO] [stderr]     Checking subtle v1.0.0
[INFO] [stderr]     Checking ahash v0.4.8
[INFO] [stderr]     Checking sha2 v0.8.2
[INFO] [stderr]     Checking crypto-mac v0.7.0
[INFO] [stderr]     Checking hashbrown v0.9.1
[INFO] [stderr]     Checking tracing v0.1.40
[INFO] [stderr]     Checking tracing-log v0.1.4
[INFO] [stderr]     Checking rand v0.7.3
[INFO] [stderr]    Compiling regex-automata v0.4.5
[INFO] [stderr]     Checking chrono v0.4.33
[INFO] [stderr]     Checking matchers v0.0.1
[INFO] [stderr]     Checking crypto-mac v0.8.0
[INFO] [stderr]     Checking crypto-mac v0.11.1
[INFO] [stderr]     Checking zeroize v1.3.0
[INFO] [stderr]     Checking thread_local v1.1.7
[INFO] [stderr]    Compiling arrayvec v0.4.12
[INFO] [stderr]     Checking hash-db v0.15.2
[INFO] [stderr]     Checking memory_units v0.3.0
[INFO] [stderr]    Compiling parity-util-mem v0.9.0
[INFO] [stderr]     Checking futures-util v0.3.30
[INFO] [stderr]     Checking curve25519-dalek v2.1.3
[INFO] [stderr]     Checking merlin v2.0.1
[INFO] [stderr]    Compiling parity-util-mem-derive v0.1.0
[INFO] [stderr]     Checking parking_lot v0.11.2
[INFO] [stderr]     Checking hmac v0.7.1
[INFO] [stderr]     Checking environmental v1.1.4
[INFO] [stderr]     Checking wasmi-validation v0.3.0
[INFO] [stderr]    Compiling tiny-keccak v2.0.2
[INFO] [stderr]     Checking arrayvec v0.5.2
[INFO] [stderr]     Checking signature v1.6.4
[INFO] [stderr]     Checking hmac-drbg v0.2.0
[INFO] [stderr]     Checking ed25519 v1.5.3
[INFO] [stderr]     Checking curve25519-dalek v3.2.1
[INFO] [stderr]     Checking pbkdf2 v0.8.0
[INFO] [stderr]     Checking wasmi v0.6.2
[INFO] [stderr]     Checking hmac v0.11.0
[INFO] [stderr]     Checking hmac v0.8.1
[INFO] [stderr]     Checking pbkdf2 v0.4.0
[INFO] [stderr]    Compiling dyn-clonable-impl v0.9.0
[INFO] [stderr]     Checking libsecp256k1 v0.3.5
[INFO] [stderr]     Checking tiny-bip39 v0.8.2
[INFO] [stderr]     Checking blake2-rfc v0.2.18
[INFO] [stderr]     Checking secrecy v0.7.0
[INFO] [stderr]     Checking hash256-std-hasher v0.15.2
[INFO] [stderr]     Checking twox-hash v1.6.3
[INFO] [stderr]    Compiling ahash v0.7.7
[INFO] [stderr]     Checking base58 v0.1.0
[INFO] [stderr]    Compiling cc v1.0.83
[INFO] [stderr]     Checking gimli v0.28.1
[INFO] [stderr]     Checking miniz_oxide v0.7.2
[INFO] [stderr]     Checking object v0.32.2
[INFO] [stderr]     Checking rustc-demangle v0.1.23
[INFO] [stderr]     Checking trie-root v0.16.0
[INFO] [stderr]    Compiling derive_more v0.99.17
[INFO] [stderr]     Checking integer-sqrt v0.1.5
[INFO] [stderr]     Checking impl-serde v0.3.2
[INFO] [stderr]     Checking serde_json v1.0.113
[INFO] [stderr]     Checking tracing-serde v0.1.3
[INFO] [stderr]     Checking schnorrkel v0.9.1
[INFO] [stderr]     Checking ed25519-dalek v1.0.1
[INFO] [stderr]    Compiling derive-hex v0.1.2
[INFO] [stderr]     Checking dyn-clonable v0.9.0
[INFO] [stderr]    Compiling frame-support-procedural-tools-derive v3.0.0
[INFO] [stderr]     Checking itertools v0.9.0
[INFO] [stderr]     Checking merlin v3.0.0
[INFO] [stderr]     Checking hashbrown v0.11.2
[INFO] [stderr]    Compiling toml v0.5.11
[INFO] [stderr]    Compiling regex v1.10.3
[INFO] [stderr]     Checking substrate-bip39 v0.4.5
[INFO] [stderr]     Checking tracing-subscriber v0.2.25
[INFO] [stderr]     Checking trie-db v0.22.6
[INFO] [stderr]    Compiling backtrace v0.3.69
[INFO] [stderr]    Compiling Inflector v0.11.4
[INFO] [stderr]     Checking dusk-bytes v0.1.7
[INFO] [stderr]     Checking futures-executor v0.3.30
[INFO] [stderr]     Checking addr2line v0.21.0
[INFO] [stderr]    Compiling proc-macro-crate v0.1.5
[INFO] [stderr]     Checking futures v0.3.30
[INFO] [stderr]    Compiling frame-support-procedural-tools v3.0.0
[INFO] [stdout] error[E0603]: module `group` is private
[INFO] [stdout]    --> /opt/rustwide/cargo-home/registry/src/index.crates.io-6f17d22bba15001f/frame-support-procedural-tools-3.0.0/src/syn_ext.rs:47:53
[INFO] [stdout]     |
[INFO] [stdout] 47  |                 let syn::group::$name { token, content } = syn::group::$parse(input)?;
[INFO] [stdout]     |                                                                 ^^^^^ private module
[INFO] [stdout] ...
[INFO] [stdout] 71  | groups_impl!(Braces, Brace, Brace, parse_braces);
[INFO] [stdout]     |                                    ------------ function `parse_braces` is not publicly re-exported
[INFO] [stdout]     |
[INFO] [stdout] note: the module `group` is defined here
[INFO] [stdout]    --> /opt/rustwide/cargo-home/registry/src/index.crates.io-6f17d22bba15001f/syn-1.0.109/src/lib.rs:308:1
[INFO] [stdout]     |
[INFO] [stdout] 308 | mod group;
[INFO] [stdout]     | ^^^^^^^^^
[INFO] [stdout] 
[INFO] [stdout] 
[INFO] [stdout] error[E0603]: module `group` is private
[INFO] [stdout]    --> /opt/rustwide/cargo-home/registry/src/index.crates.io-6f17d22bba15001f/frame-support-procedural-tools-3.0.0/src/syn_ext.rs:47:14
[INFO] [stdout]     |
[INFO] [stdout] 47  |                 let syn::group::$name { token, content } = syn::group::$parse(input)?;
[INFO] [stdout]     |                          ^^^^^ private module
[INFO] [stdout] ...
[INFO] [stdout] 71  | groups_impl!(Braces, Brace, Brace, parse_braces);
[INFO] [stdout]     |              ------ struct `Braces` is not publicly re-exported
[INFO] [stdout]     |
[INFO] [stdout] note: the module `group` is defined here
[INFO] [stdout]    --> /opt/rustwide/cargo-home/registry/src/index.crates.io-6f17d22bba15001f/syn-1.0.109/src/lib.rs:308:1
[INFO] [stdout]     |
[INFO] [stdout] 308 | mod group;
[INFO] [stdout]     | ^^^^^^^^^
[INFO] [stdout] 
[INFO] [stdout] 
[INFO] [stdout] error[E0603]: module `group` is private
[INFO] [stdout]    --> /opt/rustwide/cargo-home/registry/src/index.crates.io-6f17d22bba15001f/frame-support-procedural-tools-3.0.0/src/syn_ext.rs:47:53
[INFO] [stdout]     |
[INFO] [stdout] 47  |                 let syn::group::$name { token, content } = syn::group::$parse(input)?;
[INFO] [stdout]     |                                                                 ^^^^^ private module
[INFO] [stdout] ...
[INFO] [stdout] 72  | groups_impl!(Brackets, Bracket, Bracket, parse_brackets);
[INFO] [stdout]     |                                          -------------- function `parse_brackets` is not publicly re-exported
[INFO] [stdout]     |
[INFO] [stdout] note: the module `group` is defined here
[INFO] [stdout]    --> /opt/rustwide/cargo-home/registry/src/index.crates.io-6f17d22bba15001f/syn-1.0.109/src/lib.rs:308:1
[INFO] [stdout]     |
[INFO] [stdout] 308 | mod group;
[INFO] [stdout]     | ^^^^^^^^^
[INFO] [stdout] 
[INFO] [stdout] 
[INFO] [stdout] error[E0603]: module `group` is private
[INFO] [stdout]    --> /opt/rustwide/cargo-home/registry/src/index.crates.io-6f17d22bba15001f/frame-support-procedural-tools-3.0.0/src/syn_ext.rs:47:14
[INFO] [stdout]     |
[INFO] [stdout] 47  |                 let syn::group::$name { token, content } = syn::group::$parse(input)?;
[INFO] [stdout]     |                          ^^^^^ private module
[INFO] [stdout] ...
[INFO] [stdout] 72  | groups_impl!(Brackets, Bracket, Bracket, parse_brackets);
[INFO] [stdout]     |              -------- struct `Brackets` is not publicly re-exported
[INFO] [stdout]     |
[INFO] [stdout] note: the module `group` is defined here
[INFO] [stdout]    --> /opt/rustwide/cargo-home/registry/src/index.crates.io-6f17d22bba15001f/syn-1.0.109/src/lib.rs:308:1
[INFO] [stdout]     |
[INFO] [stdout] 308 | mod group;
[INFO] [stdout]     | ^^^^^^^^^
[INFO] [stdout] 
[INFO] [stdout] 
[INFO] [stdout] error[E0603]: module `group` is private
[INFO] [stdout]    --> /opt/rustwide/cargo-home/registry/src/index.crates.io-6f17d22bba15001f/frame-support-procedural-tools-3.0.0/src/syn_ext.rs:47:53
[INFO] [stdout]     |
[INFO] [stdout] 47  |                 let syn::group::$name { token, content } = syn::group::$parse(input)?;
[INFO] [stdout]     |                                                                 ^^^^^ private module
[INFO] [stdout] ...
[INFO] [stdout] 73  | groups_impl!(Parens, Paren, Parenthesis, parse_parens);
[INFO] [stdout]     |                                          ------------ function `parse_parens` is not publicly re-exported
[INFO] [stdout]     |
[INFO] [stdout] note: the module `group` is defined here
[INFO] [stdout]    --> /opt/rustwide/cargo-home/registry/src/index.crates.io-6f17d22bba15001f/syn-1.0.109/src/lib.rs:308:1
[INFO] [stdout]     |
[INFO] [stdout] 308 | mod group;
[INFO] [stdout]     | ^^^^^^^^^
[INFO] [stdout] 
[INFO] [stdout] 
[INFO] [stdout] error[E0603]: module `group` is private
[INFO] [stdout]    --> /opt/rustwide/cargo-home/registry/src/index.crates.io-6f17d22bba15001f/frame-support-procedural-tools-3.0.0/src/syn_ext.rs:47:14
[INFO] [stdout]     |
[INFO] [stdout] 47  |                 let syn::group::$name { token, content } = syn::group::$parse(input)?;
[INFO] [stdout]     |                          ^^^^^ private module
[INFO] [stdout] ...
[INFO] [stdout] 73  | groups_impl!(Parens, Paren, Parenthesis, parse_parens);
[INFO] [stdout]     |              ------ struct `Parens` is not publicly re-exported
[INFO] [stdout]     |
[INFO] [stdout] note: the module `group` is defined here
[INFO] [stdout]    --> /opt/rustwide/cargo-home/registry/src/index.crates.io-6f17d22bba15001f/syn-1.0.109/src/lib.rs:308:1
[INFO] [stdout]     |
[INFO] [stdout] 308 | mod group;
[INFO] [stdout]     | ^^^^^^^^^
[INFO] [stdout] 
[INFO] [stdout] 
[INFO] [stdout] error: aborting due to 6 previous errors
[INFO] [stdout] 
[INFO] [stdout] 
[INFO] [stdout] For more information about this error, try `rustc --explain E0603`.
[INFO] [stdout] 
[INFO] [stderr] error: could not compile `frame-support-procedural-tools` (lib) due to 7 previous errors
[INFO] [stderr] warning: build failed, waiting for other jobs to finish...
[INFO] running `Command { std: "docker" "inspect" "225bc151c90ada41341f322f2ecf610587dd0cc17d47851c84c04d7f77150383", kill_on_drop: false }`
[INFO] running `Command { std: "docker" "rm" "-f" "225bc151c90ada41341f322f2ecf610587dd0cc17d47851c84c04d7f77150383", kill_on_drop: false }`
[INFO] [stdout] 225bc151c90ada41341f322f2ecf610587dd0cc17d47851c84c04d7f77150383
