[INFO] fetching crate plerkle 1.3.4...
[INFO] checking plerkle-1.3.4 against nightly-2024-02-05 for check-cfg
[INFO] extracting crate plerkle 1.3.4 into /workspace/builds/worker-3-tc1/source
[INFO] validating manifest of crates.io crate plerkle 1.3.4 on toolchain nightly-2024-02-05
[INFO] running `Command { std: CARGO_HOME="/workspace/cargo-home" RUSTUP_HOME="/workspace/rustup-home" "/workspace/cargo-home/bin/cargo" "+nightly-2024-02-05" "metadata" "--manifest-path" "Cargo.toml" "--no-deps", kill_on_drop: false }`
[INFO] started tweaking crates.io crate plerkle 1.3.4
[INFO] finished tweaking crates.io crate plerkle 1.3.4
[INFO] tweaked toml for crates.io crate plerkle 1.3.4 written to /workspace/builds/worker-3-tc1/source/Cargo.toml
[INFO] running `Command { std: CARGO_HOME="/workspace/cargo-home" RUSTUP_HOME="/workspace/rustup-home" "/workspace/cargo-home/bin/cargo" "+nightly-2024-02-05" "generate-lockfile" "--manifest-path" "Cargo.toml", kill_on_drop: false }`
[INFO] [stderr]     Updating crates.io index
[INFO] running `Command { std: CARGO_HOME="/workspace/cargo-home" RUSTUP_HOME="/workspace/rustup-home" "/workspace/cargo-home/bin/cargo" "+nightly-2024-02-05" "fetch" "--manifest-path" "Cargo.toml", kill_on_drop: false }`
[INFO] [stderr]  Downloading crates ...
[INFO] [stderr]   Downloaded atomic v0.6.0
[INFO] [stderr]   Downloaded solana-frozen-abi v1.16.27
[INFO] [stderr]   Downloaded pear_codegen v0.2.8
[INFO] [stderr]   Downloaded pear v0.2.8
[INFO] [stderr]   Downloaded cadence-macros v0.29.1
[INFO] [stderr]   Downloaded solana-config-program v1.16.27
[INFO] [stderr]   Downloaded solana-sdk-macro v1.16.27
[INFO] [stderr]   Downloaded solana-logger v1.16.27
[INFO] [stderr]   Downloaded figment v0.10.14
[INFO] [stderr]   Downloaded plerkle_messenger v1.6.0
[INFO] [stderr]   Downloaded solana-measure v1.16.27
[INFO] [stderr]   Downloaded solana-address-lookup-table-program v1.16.27
[INFO] [stderr]   Downloaded solana-transaction-status v1.16.27
[INFO] [stderr]   Downloaded flatbuffers v23.5.26
[INFO] [stderr]   Downloaded cadence v0.29.1
[INFO] [stderr]   Downloaded solana-metrics v1.16.27
[INFO] [stderr]   Downloaded solana-sdk v1.16.27
[INFO] [stderr]   Downloaded solana-zk-token-sdk v1.16.27
[INFO] [stderr]   Downloaded solana-program v1.16.27
[INFO] [stderr]   Downloaded solana-program-runtime v1.16.27
[INFO] [stderr]   Downloaded ahash v0.8.4
[INFO] [stderr]   Downloaded plerkle_serialization v1.6.0
[INFO] [stderr]   Downloaded solana-account-decoder v1.16.27
[INFO] [stderr]   Downloaded solana-frozen-abi-macro v1.16.27
[INFO] [stderr]   Downloaded inlinable_string v0.1.15
[INFO] [stderr]   Downloaded flatbuffers v22.12.6
[INFO] [stderr]   Downloaded solana-geyser-plugin-interface v1.16.27
[INFO] running `Command { std: "docker" "create" "-v" "/var/lib/crater-agent-workspace/builds/worker-3-tc1/target:/opt/rustwide/target:rw,Z" "-v" "/var/lib/crater-agent-workspace/builds/worker-3-tc1/source:/opt/rustwide/workdir:ro,Z" "-v" "/var/lib/crater-agent-workspace/cargo-home:/opt/rustwide/cargo-home:ro,Z" "-v" "/var/lib/crater-agent-workspace/rustup-home:/opt/rustwide/rustup-home:ro,Z" "-e" "SOURCE_DIR=/opt/rustwide/workdir" "-e" "CARGO_TARGET_DIR=/opt/rustwide/target" "-e" "CARGO_HOME=/opt/rustwide/cargo-home" "-e" "RUSTUP_HOME=/opt/rustwide/rustup-home" "-w" "/opt/rustwide/workdir" "-m" "1610612736" "--user" "0:0" "--network" "none" "ghcr.io/rust-lang/crates-build-env/linux@sha256:2788e3201cd34a07e3172128adcd8b3090168a8e3bcc40d7c032b9dda1df7d1c" "/opt/rustwide/cargo-home/bin/cargo" "+nightly-2024-02-05" "metadata" "--no-deps" "--format-version=1", kill_on_drop: false }`
[INFO] [stdout] bb46c1ea1b3e0f38020d5007d4c3e7bba1bbb0f6ef5239a31e5a8c57469b3797
[INFO] running `Command { std: "docker" "start" "-a" "bb46c1ea1b3e0f38020d5007d4c3e7bba1bbb0f6ef5239a31e5a8c57469b3797", kill_on_drop: false }`
[INFO] running `Command { std: "docker" "inspect" "bb46c1ea1b3e0f38020d5007d4c3e7bba1bbb0f6ef5239a31e5a8c57469b3797", kill_on_drop: false }`
[INFO] running `Command { std: "docker" "rm" "-f" "bb46c1ea1b3e0f38020d5007d4c3e7bba1bbb0f6ef5239a31e5a8c57469b3797", kill_on_drop: false }`
[INFO] [stdout] bb46c1ea1b3e0f38020d5007d4c3e7bba1bbb0f6ef5239a31e5a8c57469b3797
[INFO] running `Command { std: "docker" "create" "-v" "/var/lib/crater-agent-workspace/builds/worker-3-tc1/target:/opt/rustwide/target:rw,Z" "-v" "/var/lib/crater-agent-workspace/builds/worker-3-tc1/source:/opt/rustwide/workdir:ro,Z" "-v" "/var/lib/crater-agent-workspace/cargo-home:/opt/rustwide/cargo-home:ro,Z" "-v" "/var/lib/crater-agent-workspace/rustup-home:/opt/rustwide/rustup-home:ro,Z" "-e" "SOURCE_DIR=/opt/rustwide/workdir" "-e" "CARGO_TARGET_DIR=/opt/rustwide/target" "-e" "CARGO_INCREMENTAL=0" "-e" "RUST_BACKTRACE=full" "-e" "RUSTFLAGS=--cap-lints=forbid" "-e" "RUSTDOCFLAGS=--cap-lints=forbid" "-e" "CARGO_HOME=/opt/rustwide/cargo-home" "-e" "RUSTUP_HOME=/opt/rustwide/rustup-home" "-w" "/opt/rustwide/workdir" "-m" "1610612736" "--user" "0:0" "--network" "none" "ghcr.io/rust-lang/crates-build-env/linux@sha256:2788e3201cd34a07e3172128adcd8b3090168a8e3bcc40d7c032b9dda1df7d1c" "/opt/rustwide/cargo-home/bin/cargo" "+nightly-2024-02-05" "check" "--frozen" "--all" "--all-targets" "--message-format=json", kill_on_drop: false }`
[INFO] [stdout] f1312b8a09e6e1b06c54e69561fe68dde99b206b954c29e694a7f8ceb92445fd
[INFO] running `Command { std: "docker" "start" "-a" "f1312b8a09e6e1b06c54e69561fe68dde99b206b954c29e694a7f8ceb92445fd", kill_on_drop: false }`
[INFO] [stderr]    Compiling libc v0.2.153
[INFO] [stderr]    Compiling serde v1.0.196
[INFO] [stderr]     Checking subtle v2.4.1
[INFO] [stderr]     Checking once_cell v1.19.0
[INFO] [stderr]    Compiling semver v1.0.21
[INFO] [stderr]    Compiling syn v1.0.109
[INFO] [stderr]     Checking memchr v2.7.1
[INFO] [stderr]    Compiling crossbeam-utils v0.8.19
[INFO] [stderr]    Compiling generic-array v0.14.7
[INFO] [stderr]    Compiling num-traits v0.2.17
[INFO] [stderr]    Compiling num-integer v0.1.45
[INFO] [stderr]    Compiling getrandom v0.1.16
[INFO] [stderr]    Compiling typenum v1.17.0
[INFO] [stderr]    Compiling syn v2.0.48
[INFO] [stderr]    Compiling crunchy v0.2.2
[INFO] [stderr]     Checking either v1.9.0
[INFO] [stderr]    Compiling num-bigint v0.4.4
[INFO] [stderr]    Compiling ahash v0.8.4
[INFO] [stderr]     Checking byteorder v1.5.0
[INFO] [stderr]     Checking zerocopy v0.7.32
[INFO] [stderr]     Checking block-padding v0.2.1
[INFO] [stderr]    Compiling wasm-bindgen-shared v0.2.90
[INFO] [stderr]    Compiling paste v1.0.14
[INFO] [stderr]    Compiling equivalent v1.0.1
[INFO] [stderr]    Compiling hashbrown v0.14.3
[INFO] [stderr]    Compiling rayon-core v1.12.1
[INFO] [stderr]     Checking itertools v0.10.5
[INFO] [stderr]    Compiling ahash v0.7.7
[INFO] [stderr]    Compiling rustc_version v0.4.0
[INFO] [stderr]    Compiling log v0.4.20
[INFO] [stderr]     Checking crossbeam-epoch v0.9.18
[INFO] [stderr]     Checking arrayref v0.3.7
[INFO] [stderr]    Compiling bumpalo v3.14.0
[INFO] [stderr]    Compiling winnow v0.5.37
[INFO] [stderr]    Compiling toml_datetime v0.6.5
[INFO] [stderr]    Compiling feature-probe v0.1.1
[INFO] [stderr]    Compiling solana-frozen-abi-macro v1.16.27
[INFO] [stderr]     Checking crossbeam-deque v0.8.5
[INFO] [stderr]     Checking bitmaps v2.1.0
[INFO] [stderr]    Compiling im v15.1.0
[INFO] [stderr]     Checking constant_time_eq v0.3.0
[INFO] [stderr]    Compiling bv v0.11.1
[INFO] [stderr]     Checking keccak v0.1.5
[INFO] [stderr]    Compiling indexmap v2.2.2
[INFO] [stderr]     Checking arrayvec v0.7.4
[INFO] [stderr]    Compiling rustversion v1.0.14
[INFO] [stderr]    Compiling solana-frozen-abi v1.16.27
[INFO] [stderr]    Compiling wasm-bindgen v0.2.90
[INFO] [stderr]     Checking base64 v0.21.7
[INFO] [stderr]    Compiling lock_api v0.4.11
[INFO] [stderr]     Checking rayon v1.8.1
[INFO] [stderr]     Checking sized-chunks v0.6.5
[INFO] [stderr]     Checking getrandom v0.2.12
[INFO] [stderr]     Checking jobserver v0.1.27
[INFO] [stderr]     Checking rand_core v0.6.4
[INFO] [stderr]     Checking rand_core v0.5.1
[INFO] [stderr]     Checking memmap2 v0.5.10
[INFO] [stderr]     Checking bs58 v0.4.0
[INFO] [stderr]     Checking rand_chacha v0.3.1
[INFO] [stderr]     Checking rand_xoshiro v0.6.0
[INFO] [stderr]     Checking rand_chacha v0.2.2
[INFO] [stderr]     Checking hashbrown v0.11.2
[INFO] [stderr]     Checking cc v1.0.83
[INFO] [stderr]    Compiling parking_lot_core v0.9.9
[INFO] [stderr]     Checking hashbrown v0.13.2
[INFO] [stderr]     Checking rand v0.8.5
[INFO] [stderr]     Checking rand v0.7.3
[INFO] [stderr]     Checking base64 v0.12.3
[INFO] [stderr]     Checking aho-corasick v1.1.2
[INFO] [stderr]    Compiling ident_case v1.0.1
[INFO] [stderr]     Checking array-bytes v1.4.1
[INFO] [stderr]    Compiling strsim v0.10.0
[INFO] [stderr]    Compiling fnv v1.0.7
[INFO] [stderr]     Checking signature v1.6.4
[INFO] [stderr]     Checking mio v0.8.10
[INFO] [stderr]     Checking ed25519 v1.5.3
[INFO] [stderr]     Checking socket2 v0.5.5
[INFO] [stderr]     Checking ark-std v0.4.0
[INFO] [stderr]     Checking atty v0.2.14
[INFO] [stderr]     Checking parking_lot v0.12.1
[INFO] [stderr]    Compiling toml_edit v0.19.15
[INFO] [stderr]     Checking num_cpus v1.16.0
[INFO] [stderr]     Checking signal-hook-registry v1.4.1
[INFO] [stderr]     Checking humantime v2.1.0
[INFO] [stderr]    Compiling solana-sdk v1.16.27
[INFO] [stderr]     Checking derivation-path v0.2.0
[INFO] [stderr]     Checking uriparse v0.6.4
[INFO] [stderr]     Checking qstring v0.7.2
[INFO] [stderr]     Checking assert_matches v1.5.0
[INFO] [stderr]     Checking tracing-core v0.1.32
[INFO] [stderr]    Compiling cpufeatures v0.2.12
[INFO] [stderr]     Checking spin v0.9.8
[INFO] [stderr]     Checking untrusted v0.9.0
[INFO] [stderr]    Compiling rustls v0.21.10
[INFO] [stderr]     Checking alloc-no-stdlib v2.0.4
[INFO] [stderr]     Checking idna v0.5.0
[INFO] [stderr]    Compiling num-bigint v0.2.6
[INFO] [stderr]     Checking adler v1.0.2
[INFO] [stderr]     Checking alloc-stdlib v0.2.2
[INFO] [stderr]     Checking miniz_oxide v0.7.2
[INFO] [stderr]     Checking http-body v0.4.6
[INFO] [stderr]     Checking brotli-decompressor v2.5.1
[INFO] [stderr]     Checking crossbeam-channel v0.5.11
[INFO] [stderr]    Compiling num-complex v0.2.4
[INFO] [stderr]     Checking regex-automata v0.4.5
[INFO] [stderr]    Compiling num-rational v0.2.4
[INFO] [stderr]    Compiling num-iter v0.1.43
[INFO] [stderr]     Checking url v2.5.0
[INFO] [stderr]     Checking httpdate v1.0.3
[INFO] [stderr]     Checking flate2 v1.0.28
[INFO] [stderr]    Compiling blake3 v1.5.0
[INFO] [stderr]    Compiling solana-program v1.16.27
[INFO] [stderr]    Compiling ring v0.17.7
[INFO] [stderr]    Compiling winapi v0.3.9
[INFO] [stderr]     Checking void v1.0.2
[INFO] [stderr]     Checking unreachable v1.0.0
[INFO] [stderr]    Compiling openssl-sys v0.9.99
[INFO] [stderr]    Compiling zstd-sys v2.0.9+zstd.1.5.5
[INFO] [stderr]    Compiling toml_edit v0.21.1
[INFO] [stderr]     Checking rustls-pemfile v1.0.4
[INFO] [stderr]    Compiling wasm-bindgen-backend v0.2.90
[INFO] [stderr]    Compiling darling_core v0.20.5
[INFO] [stderr]     Checking brotli v3.4.0
[INFO] [stderr]    Compiling proc-macro-crate v1.3.1
[INFO] [stderr]     Checking encoding_rs v0.8.33
[INFO] [stderr]    Compiling borsh-derive-internal v0.10.3
[INFO] [stderr]    Compiling borsh-derive-internal v0.9.3
[INFO] [stderr]    Compiling borsh-schema-derive-internal v0.9.3
[INFO] [stderr]    Compiling borsh-schema-derive-internal v0.10.3
[INFO] [stderr]     Checking sync_wrapper v0.1.2
[INFO] [stderr]     Checking mime v0.3.17
[INFO] [stderr]     Checking plain v0.2.3
[INFO] [stderr]     Checking ascii v0.9.3
[INFO] [stderr]     Checking webpki-roots v0.25.4
[INFO] [stderr]     Checking ipnet v2.9.0
[INFO] [stderr]     Checking num v0.2.1
[INFO] [stderr]     Checking gethostname v0.2.3
[INFO] [stderr]    Compiling solana-program-runtime v1.16.27
[INFO] [stderr]     Checking combine v3.8.1
[INFO] [stderr]     Checking hash32 v0.2.1
[INFO] [stderr]     Checking rustc-demangle v0.1.23
[INFO] [stderr]     Checking percentage v0.1.0
[INFO] [stderr]    Compiling zstd-safe v5.0.2+zstd.1.5.2
[INFO] [stderr]     Checking eager v0.1.0
[INFO] [stderr]    Compiling wasm-bindgen-macro-support v0.2.90
[INFO] [stderr]    Compiling solana-address-lookup-table-program v1.16.27
[INFO] [stderr]    Compiling proc-macro2-diagnostics v0.10.1
[INFO] [stderr]    Compiling openssl v0.10.63
[INFO] [stderr]    Compiling rustix v0.38.31
[INFO] [stderr]     Checking regex v1.10.3
[INFO] [stderr]    Compiling yansi v1.0.0-rc.1
[INFO] [stderr]    Compiling proc-macro-crate v3.1.0
[INFO] [stderr]    Compiling native-tls v0.2.11
[INFO] [stderr]    Compiling uncased v0.9.10
[INFO] [stderr]     Checking env_logger v0.9.3
[INFO] [stderr]     Checking Inflector v0.11.4
[INFO] [stderr]     Checking linux-raw-sys v0.4.13
[INFO] [stderr]    Compiling flatbuffers v23.5.26
[INFO] [stderr]    Compiling figment v0.10.14
[INFO] [stderr]     Checking solana-logger v1.16.27
[INFO] [stderr]     Checking inlinable_string v0.1.15
[INFO] [stderr]     Checking fastrand v2.0.1
[INFO] [stderr]     Checking cadence v0.29.1
[INFO] [stderr]    Compiling flatbuffers v22.12.6
[INFO] [stderr]     Checking event-listener v2.5.3
[INFO] [stderr]     Checking sha1_smol v1.0.0
[INFO] [stderr]     Checking arc-swap v1.6.0
[INFO] [stderr]     Checking async-mutex v1.4.0
[INFO] [stderr]     Checking cadence-macros v0.29.1
[INFO] [stderr]    Compiling serde_derive v1.0.196
[INFO] [stderr]    Compiling zeroize_derive v1.4.2
[INFO] [stderr]    Compiling thiserror-impl v1.0.56
[INFO] [stderr]    Compiling bytemuck_derive v1.5.0
[INFO] [stderr]    Compiling wasm-bindgen-macro v0.2.90
[INFO] [stderr]    Compiling solana-sdk-macro v1.16.27
[INFO] [stderr]    Compiling darling_macro v0.20.5
[INFO] [stderr]    Compiling tokio-macros v2.2.0
[INFO] [stderr]    Compiling num_enum_derive v0.6.1
[INFO] [stderr]    Compiling ark-serialize-derive v0.4.2
[INFO] [stderr]    Compiling ark-ff-macros v0.4.2
[INFO] [stderr]    Compiling ark-ff-asm v0.4.2
[INFO] [stderr]    Compiling derivative v2.2.0
[INFO] [stderr]     Checking zeroize v1.3.0
[INFO] [stderr]    Compiling num-derive v0.3.3
[INFO] [stderr]    Compiling darling v0.20.5
[INFO] [stderr]    Compiling tracing-attributes v0.1.27
[INFO] [stderr]    Compiling serde_with_macros v2.3.3
[INFO] [stderr]    Compiling futures-macro v0.3.30
[INFO] [stderr]     Checking merlin v3.0.0
[INFO] [stderr]     Checking tokio v1.36.0
[INFO] [stderr]    Compiling num-derive v0.4.1
[INFO] [stderr]     Checking bytemuck v1.14.1
[INFO] [stderr]    Compiling scroll_derive v0.11.1
[INFO] [stderr]    Compiling enum-iterator-derive v1.3.0
[INFO] [stderr]    Compiling num_enum_derive v0.7.2
[INFO] [stderr]    Compiling openssl-macros v0.1.1
[INFO] [stderr]     Checking thiserror v1.0.56
[INFO] [stderr]    Compiling pear_codegen v0.2.8
[INFO] [stderr]     Checking tempfile v3.10.0
[INFO] [stderr]    Compiling async-trait v0.1.77
[INFO] [stderr]     Checking num_enum v0.6.1
[INFO] [stderr]     Checking scroll v0.11.0
[INFO] [stderr]     Checking futures-util v0.3.30
[INFO] [stderr]     Checking goblin v0.5.4
[INFO] [stderr]     Checking enum-iterator v1.5.0
[INFO] [stderr]     Checking tracing v0.1.40
[INFO] [stderr]     Checking pear v0.2.8
[INFO] [stderr]     Checking num_enum v0.7.2
[INFO] [stderr]     Checking solana_rbpf v0.6.1
[INFO] [stderr]     Checking tokio-util v0.7.10
[INFO] [stderr]     Checking async-compression v0.4.6
[INFO] [stderr]     Checking tokio-native-tls v0.3.1
[INFO] [stderr]     Checking futures-executor v0.3.30
[INFO] [stderr]     Checking rustls-webpki v0.101.7
[INFO] [stderr]     Checking sct v0.7.1
[INFO] [stderr]     Checking futures v0.3.30
[INFO] [stderr]     Checking h2 v0.3.24
[INFO] [stderr]     Checking combine v4.6.6
[INFO] [stderr]     Checking serde_json v1.0.113
[INFO] [stderr]     Checking serde_bytes v0.11.14
[INFO] [stderr]     Checking bincode v1.3.3
[INFO] [stderr]     Checking serde_with v2.3.3
[INFO] [stderr]     Checking chrono v0.4.33
[INFO] [stderr]     Checking serde_urlencoded v0.7.1
[INFO] [stderr]    Compiling toml v0.5.11
[INFO] [stderr]     Checking block-buffer v0.10.4
[INFO] [stderr]     Checking crypto-common v0.1.6
[INFO] [stderr]     Checking digest v0.9.0
[INFO] [stderr]     Checking block-buffer v0.9.0
[INFO] [stderr]     Checking crypto-mac v0.8.0
[INFO] [stderr]     Checking cipher v0.3.0
[INFO] [stderr]     Checking universal-hash v0.4.1
[INFO] [stderr]     Checking aead v0.4.3
[INFO] [stderr]     Checking curve25519-dalek v3.2.1
[INFO] [stderr]     Checking sha2 v0.9.9
[INFO] [stderr]     Checking digest v0.10.7
[INFO] [stderr]     Checking libsecp256k1-core v0.2.2
[INFO] [stderr]     Checking sha3 v0.9.1
[INFO] [stderr]     Checking hmac v0.8.1
[INFO] [stderr]     Checking pbkdf2 v0.4.0
[INFO] [stderr]     Checking polyval v0.5.3
[INFO] [stderr]     Checking ctr v0.8.0
[INFO] [stderr]     Checking aes v0.7.5
[INFO] [stderr]     Checking hmac-drbg v0.3.0
[INFO] [stderr]     Checking ark-serialize v0.4.2
[INFO] [stderr]     Checking sha2 v0.10.8
[INFO] [stderr]     Checking sha3 v0.10.8
[INFO] [stderr]     Checking tiny-bip39 v0.8.2
[INFO] [stderr]     Checking hmac v0.12.1
[INFO] [stderr]     Checking pbkdf2 v0.11.0
[INFO] [stderr]     Checking ark-ff v0.4.2
[INFO] [stderr]     Checking zstd v0.11.2+zstd.1.5.2
[INFO] [stderr]     Checking aes-gcm-siv v0.10.3
[INFO] [stderr]    Compiling proc-macro-crate v0.1.5
[INFO] [stderr]     Checking ed25519-dalek v1.0.1
[INFO] [stderr]     Checking tokio-rustls v0.24.1
[INFO] [stderr]    Compiling borsh-derive v0.9.3
[INFO] [stderr]    Compiling borsh-derive v0.10.3
[INFO] [stderr]     Checking ed25519-dalek-bip32 v0.2.0
[INFO] [stderr]    Compiling spl-discriminator-syn v0.1.2
[INFO] [stderr]    Compiling spl-program-error-derive v0.3.2
[INFO] [stderr]    Compiling libsecp256k1-gen-ecmult v0.2.1
[INFO] [stderr]    Compiling libsecp256k1-gen-genmult v0.2.1
[INFO] [stderr]    Compiling spl-discriminator-derive v0.1.2
[INFO] [stderr]    Compiling libsecp256k1 v0.6.0
[INFO] [stderr]     Checking hyper v0.14.28
[INFO] [stderr]     Checking borsh v0.9.3
[INFO] [stderr]     Checking borsh v0.10.3
[INFO] [stderr]     Checking hyper-rustls v0.24.2
[INFO] [stderr]     Checking redis v0.22.3
[INFO] [stderr]     Checking reqwest v0.11.24
[INFO] [stderr]     Checking plerkle_messenger v1.6.0
[INFO] [stderr]     Checking ark-poly v0.4.2
[INFO] [stderr]     Checking ark-ec v0.4.2
[INFO] [stderr]     Checking ark-bn254 v0.4.0
[INFO] [stderr]     Checking spl-program-error v0.3.0
[INFO] [stderr]     Checking spl-discriminator v0.1.0
[INFO] [stderr]     Checking spl-token v4.0.0
[INFO] [stderr]     Checking spl-memo v4.0.0
[INFO] [stderr]     Checking solana-zk-token-sdk v1.16.27
[INFO] [stderr]     Checking solana-measure v1.16.27
[INFO] [stderr]     Checking solana-metrics v1.16.27
[INFO] [stderr]     Checking solana-config-program v1.16.27
[INFO] [stderr]     Checking spl-pod v0.1.0
[INFO] [stderr]     Checking spl-type-length-value v0.3.0
[INFO] [stderr]     Checking spl-tlv-account-resolution v0.4.0
[INFO] [stderr]     Checking spl-token-metadata-interface v0.2.0
[INFO] [stderr]     Checking spl-transfer-hook-interface v0.3.0
[INFO] [stderr]     Checking spl-token-2022 v0.9.0
[INFO] [stderr]     Checking solana-account-decoder v1.16.27
[INFO] [stderr]     Checking spl-associated-token-account v2.2.0
[INFO] [stderr]     Checking solana-transaction-status v1.16.27
[INFO] [stderr]     Checking solana-geyser-plugin-interface v1.16.27
[INFO] [stderr]     Checking plerkle_serialization v1.6.0
[INFO] [stderr]     Checking plerkle v1.3.4 (/opt/rustwide/workdir)
[INFO] [stdout] error[E0053]: method `update_account` has an incompatible type for trait
[INFO] [stdout]    --> src/geyser_plugin_nft.rs:273:9
[INFO] [stdout]     |
[INFO] [stdout] 273 |         &mut self,
[INFO] [stdout]     |         ^^^^^^^^^
[INFO] [stdout]     |         |
[INFO] [stdout]     |         types differ in mutability
[INFO] [stdout]     |         help: change the self-receiver type to match the trait: `&self`
[INFO] [stdout]     |
[INFO] [stdout]     = note: expected signature `fn(&Plerkle<'_>, ReplicaAccountInfoVersions<'_>, _, _) -> Result<_, _>`
[INFO] [stdout]                found signature `fn(&mut Plerkle<'_>, ReplicaAccountInfoVersions<'_>, _, _) -> Result<_, _>`
[INFO] [stdout] 
[INFO] [stdout] 
[INFO] [stdout] error[E0053]: method `update_account` has an incompatible type for trait
[INFO] [stdout]    --> src/geyser_plugin_nft.rs:273:9
[INFO] [stdout]     |
[INFO] [stdout] 273 |         &mut self,
[INFO] [stdout]     |         ^^^^^^^^^
[INFO] [stdout]     |         |
[INFO] [stdout]     |         types differ in mutability
[INFO] [stdout]     |         help: change the self-receiver type to match the trait: `&self`
[INFO] [stdout]     |
[INFO] [stdout]     = note: expected signature `fn(&Plerkle<'_>, ReplicaAccountInfoVersions<'_>, _, _) -> Result<_, _>`
[INFO] [stdout]                found signature `fn(&mut Plerkle<'_>, ReplicaAccountInfoVersions<'_>, _, _) -> Result<_, _>`
[INFO] [stdout] 
[INFO] [stdout] 
[INFO] [stdout] error[E0053]: method `notify_end_of_startup` has an incompatible type for trait
[INFO] [stdout]    --> src/geyser_plugin_nft.rs:333:9
[INFO] [stdout]     |
[INFO] [stdout] 333 |         &mut self,
[INFO] [stdout]     |         ^^^^^^^^^
[INFO] [stdout]     |         |
[INFO] [stdout]     |         types differ in mutability
[INFO] [stdout]     |         help: change the self-receiver type to match the trait: `&self`
[INFO] [stdout]     |
[INFO] [stdout]     = note: expected signature `fn(&Plerkle<'_>) -> Result<_, _>`
[INFO] [stdout]                found signature `fn(&mut Plerkle<'_>) -> Result<_, _>`
[INFO] [stdout] 
[INFO] [stdout] 
[INFO] [stdout] error[E0053]: method `notify_end_of_startup` has an incompatible type for trait
[INFO] [stdout]    --> src/geyser_plugin_nft.rs:333:9
[INFO] [stdout]     |
[INFO] [stdout] 333 |         &mut self,
[INFO] [stdout]     |         ^^^^^^^^^
[INFO] [stdout]     |         |
[INFO] [stdout]     |         types differ in mutability
[INFO] [stdout]     |         help: change the self-receiver type to match the trait: `&self`
[INFO] [stdout]     |
[INFO] [stdout]     = note: expected signature `fn(&Plerkle<'_>) -> Result<_, _>`
[INFO] [stdout]                found signature `fn(&mut Plerkle<'_>) -> Result<_, _>`
[INFO] [stdout] 
[INFO] [stdout] 
[INFO] [stdout] error[E0053]: method `update_slot_status` has an incompatible type for trait
[INFO] [stdout]    --> src/geyser_plugin_nft.rs:343:9
[INFO] [stdout]     |
[INFO] [stdout] 343 |         &mut self,
[INFO] [stdout]     |         ^^^^^^^^^
[INFO] [stdout]     |         |
[INFO] [stdout]     |         types differ in mutability
[INFO] [stdout]     |         help: change the self-receiver type to match the trait: `&self`
[INFO] [stdout]     |
[INFO] [stdout]     = note: expected signature `fn(&Plerkle<'_>, _, std::option::Option<_>, solana_geyser_plugin_interface::geyser_plugin_interface::SlotStatus) -> Result<_, _>`
[INFO] [stdout]                found signature `fn(&mut Plerkle<'_>, _, std::option::Option<_>, solana_geyser_plugin_interface::geyser_plugin_interface::SlotStatus) -> Result<_, _>`
[INFO] [stdout] 
[INFO] [stdout] 
[INFO] [stdout] error[E0053]: method `update_slot_status` has an incompatible type for trait
[INFO] [stdout]    --> src/geyser_plugin_nft.rs:343:9
[INFO] [stdout]     |
[INFO] [stdout] 343 |         &mut self,
[INFO] [stdout]     |         ^^^^^^^^^
[INFO] [stdout]     |         |
[INFO] [stdout]     |         types differ in mutability
[INFO] [stdout]     |         help: change the self-receiver type to match the trait: `&self`
[INFO] [stdout]     |
[INFO] [stdout]     = note: expected signature `fn(&Plerkle<'_>, _, std::option::Option<_>, solana_geyser_plugin_interface::geyser_plugin_interface::SlotStatus) -> Result<_, _>`
[INFO] [stdout]                found signature `fn(&mut Plerkle<'_>, _, std::option::Option<_>, solana_geyser_plugin_interface::geyser_plugin_interface::SlotStatus) -> Result<_, _>`
[INFO] [stdout] 
[INFO] [stdout] 
[INFO] [stdout] error[E0053]: method `notify_transaction` has an incompatible type for trait
[INFO] [stdout]    --> src/geyser_plugin_nft.rs:371:9
[INFO] [stdout]     |
[INFO] [stdout] 371 |         &mut self,
[INFO] [stdout]     |         ^^^^^^^^^
[INFO] [stdout]     |         |
[INFO] [stdout]     |         types differ in mutability
[INFO] [stdout]     |         help: change the self-receiver type to match the trait: `&self`
[INFO] [stdout]     |
[INFO] [stdout]     = note: expected signature `fn(&Plerkle<'_>, ReplicaTransactionInfoVersions<'_>, _) -> Result<_, _>`
[INFO] [stdout]                found signature `fn(&mut Plerkle<'_>, ReplicaTransactionInfoVersions<'_>, _) -> Result<_, _>`
[INFO] [stdout] 
[INFO] [stdout] 
[INFO] [stdout] error[E0053]: method `notify_transaction` has an incompatible type for trait
[INFO] [stdout]    --> src/geyser_plugin_nft.rs:371:9
[INFO] [stdout]     |
[INFO] [stdout] 371 |         &mut self,
[INFO] [stdout]     |         ^^^^^^^^^
[INFO] [stdout]     |         |
[INFO] [stdout]     |         types differ in mutability
[INFO] [stdout]     |         help: change the self-receiver type to match the trait: `&self`
[INFO] [stdout]     |
[INFO] [stdout]     = note: expected signature `fn(&Plerkle<'_>, ReplicaTransactionInfoVersions<'_>, _) -> Result<_, _>`
[INFO] [stdout]                found signature `fn(&mut Plerkle<'_>, ReplicaTransactionInfoVersions<'_>, _) -> Result<_, _>`
[INFO] [stdout] 
[INFO] [stdout] 
[INFO] [stdout] error[E0053]: method `notify_block_metadata` has an incompatible type for trait
[INFO] [stdout]    --> src/geyser_plugin_nft.rs:430:9
[INFO] [stdout]     |
[INFO] [stdout] 430 |         &mut self,
[INFO] [stdout]     |         ^^^^^^^^^
[INFO] [stdout]     |         |
[INFO] [stdout]     |         types differ in mutability
[INFO] [stdout]     |         help: change the self-receiver type to match the trait: `&self`
[INFO] [stdout]     |
[INFO] [stdout]     = note: expected signature `fn(&Plerkle<'_>, ReplicaBlockInfoVersions<'_>) -> Result<_, _>`
[INFO] [stdout]                found signature `fn(&mut Plerkle<'_>, ReplicaBlockInfoVersions<'_>) -> Result<_, _>`
[INFO] [stdout] 
[INFO] [stdout] 
[INFO] [stdout] error[E0053]: method `notify_block_metadata` has an incompatible type for trait
[INFO] [stdout]    --> src/geyser_plugin_nft.rs:430:9
[INFO] [stdout]     |
[INFO] [stdout] 430 |         &mut self,
[INFO] [stdout]     |         ^^^^^^^^^
[INFO] [stdout]     |         |
[INFO] [stdout]     |         types differ in mutability
[INFO] [stdout]     |         help: change the self-receiver type to match the trait: `&self`
[INFO] [stdout]     |
[INFO] [stdout]     = note: expected signature `fn(&Plerkle<'_>, ReplicaBlockInfoVersions<'_>) -> Result<_, _>`
[INFO] [stdout]                found signature `fn(&mut Plerkle<'_>, ReplicaBlockInfoVersions<'_>) -> Result<_, _>`
[INFO] [stdout] 
[INFO] [stdout] 
[INFO] [stdout] error[E0308]: arguments to this function are incorrect
[INFO] [stdout]    --> src/geyser_plugin_nft.rs:314:23
[INFO] [stdout]     |
[INFO] [stdout] 314 |         let builder = serialize_account(builder, account, slot, is_startup);
[INFO] [stdout]     |                       ^^^^^^^^^^^^^^^^^ -------  ------- expected `ReplicaAccountInfoV2<'_>`, found a different `ReplicaAccountInfoV2<'_>`
[INFO] [stdout]     |                                         |
[INFO] [stdout]     |                                         expected `FlatBufferBuilder<'_>`, found a different `FlatBufferBuilder<'_>`
[INFO] [stdout]     |
[INFO] [stdout]     = note: `FlatBufferBuilder<'_>` and `FlatBufferBuilder<'_>` have similar names, but are actually distinct types
[INFO] [stdout] note: `FlatBufferBuilder<'_>` is defined in crate `flatbuffers`
[INFO] [stdout]    --> /opt/rustwide/cargo-home/registry/src/index.crates.io-6f17d22bba15001f/flatbuffers-22.12.6/src/builder.rs:43:1
[INFO] [stdout]     |
[INFO] [stdout] 43  | pub struct FlatBufferBuilder<'fbb> {
[INFO] [stdout]     | ^^^^^^^^^^^^^^^^^^^^^^^^^^^^^^^^^^
[INFO] [stdout] note: `FlatBufferBuilder<'_>` is defined in crate `flatbuffers`
[INFO] [stdout]    --> /opt/rustwide/cargo-home/registry/src/index.crates.io-6f17d22bba15001f/flatbuffers-23.5.26/src/builder.rs:43:1
[INFO] [stdout]     |
[INFO] [stdout] 43  | pub struct FlatBufferBuilder<'fbb> {
[INFO] [stdout]     | ^^^^^^^^^^^^^^^^^^^^^^^^^^^^^^^^^^
[INFO] [stdout]     = note: perhaps two different versions of crate `flatbuffers` are being used?
[INFO] [stdout]     = note: `ReplicaAccountInfoV2<'_>` and `ReplicaAccountInfoV2<'_>` have similar names, but are actually distinct types
[INFO] [stdout] note: `ReplicaAccountInfoV2<'_>` is defined in crate `solana_geyser_plugin_interface`
[INFO] [stdout]    --> /opt/rustwide/cargo-home/registry/src/index.crates.io-6f17d22bba15001f/solana-geyser-plugin-interface-1.16.27/src/geyser_plugin_interface.rs:48:1
[INFO] [stdout]     |
[INFO] [stdout] 48  | pub struct ReplicaAccountInfoV2<'a> {
[INFO] [stdout]     | ^^^^^^^^^^^^^^^^^^^^^^^^^^^^^^^^^^^
[INFO] [stdout] note: `ReplicaAccountInfoV2<'_>` is defined in crate `plerkle_serialization`
[INFO] [stdout]    --> /opt/rustwide/cargo-home/registry/src/index.crates.io-6f17d22bba15001f/plerkle_serialization-1.6.0/src/solana_geyser_plugin_interface_shims.rs:6:1
[INFO] [stdout]     |
[INFO] [stdout] 6   | pub struct ReplicaAccountInfoV2<'a> {
[INFO] [stdout]     | ^^^^^^^^^^^^^^^^^^^^^^^^^^^^^^^^^^^
[INFO] [stdout] note: function defined here
[INFO] [stdout]    --> /opt/rustwide/cargo-home/registry/src/index.crates.io-6f17d22bba15001f/plerkle_serialization-1.6.0/src/serializer/serializer_stable.rs:21:8
[INFO] [stdout]     |
[INFO] [stdout] 21  | pub fn serialize_account<'a>(
[INFO] [stdout]     |        ^^^^^^^^^^^^^^^^^
[INFO] [stdout] 
[INFO] [stdout] 
[INFO] [stdout] error[E0308]: arguments to this function are incorrect
[INFO] [stdout]    --> src/geyser_plugin_nft.rs:314:23
[INFO] [stdout]     |
[INFO] [stdout] 314 |         let builder = serialize_account(builder, account, slot, is_startup);
[INFO] [stdout]     |                       ^^^^^^^^^^^^^^^^^ -------  ------- expected `ReplicaAccountInfoV2<'_>`, found a different `ReplicaAccountInfoV2<'_>`
[INFO] [stdout]     |                                         |
[INFO] [stdout]     |                                         expected `FlatBufferBuilder<'_>`, found a different `FlatBufferBuilder<'_>`
[INFO] [stdout]     |
[INFO] [stdout]     = note: `FlatBufferBuilder<'_>` and `FlatBufferBuilder<'_>` have similar names, but are actually distinct types
[INFO] [stdout] note: `FlatBufferBuilder<'_>` is defined in crate `flatbuffers`
[INFO] [stdout]    --> /opt/rustwide/cargo-home/registry/src/index.crates.io-6f17d22bba15001f/flatbuffers-22.12.6/src/builder.rs:43:1
[INFO] [stdout]     |
[INFO] [stdout] 43  | pub struct FlatBufferBuilder<'fbb> {
[INFO] [stdout]     | ^^^^^^^^^^^^^^^^^^^^^^^^^^^^^^^^^^
[INFO] [stdout] note: `FlatBufferBuilder<'_>` is defined in crate `flatbuffers`
[INFO] [stdout]    --> /opt/rustwide/cargo-home/registry/src/index.crates.io-6f17d22bba15001f/flatbuffers-23.5.26/src/builder.rs:43:1
[INFO] [stdout]     |
[INFO] [stdout] 43  | pub struct FlatBufferBuilder<'fbb> {
[INFO] [stdout]     | ^^^^^^^^^^^^^^^^^^^^^^^^^^^^^^^^^^
[INFO] [stdout]     = note: perhaps two different versions of crate `flatbuffers` are being used?
[INFO] [stdout]     = note: `ReplicaAccountInfoV2<'_>` and `ReplicaAccountInfoV2<'_>` have similar names, but are actually distinct types
[INFO] [stdout] note: `ReplicaAccountInfoV2<'_>` is defined in crate `solana_geyser_plugin_interface`
[INFO] [stdout]    --> /opt/rustwide/cargo-home/registry/src/index.crates.io-6f17d22bba15001f/solana-geyser-plugin-interface-1.16.27/src/geyser_plugin_interface.rs:48:1
[INFO] [stdout]     |
[INFO] [stdout] 48  | pub struct ReplicaAccountInfoV2<'a> {
[INFO] [stdout]     | ^^^^^^^^^^^^^^^^^^^^^^^^^^^^^^^^^^^
[INFO] [stdout] note: `ReplicaAccountInfoV2<'_>` is defined in crate `plerkle_serialization`
[INFO] [stdout]    --> /opt/rustwide/cargo-home/registry/src/index.crates.io-6f17d22bba15001f/plerkle_serialization-1.6.0/src/solana_geyser_plugin_interface_shims.rs:6:1
[INFO] [stdout]     |
[INFO] [stdout] 6   | pub struct ReplicaAccountInfoV2<'a> {
[INFO] [stdout]     | ^^^^^^^^^^^^^^^^^^^^^^^^^^^^^^^^^^^
[INFO] [stdout] note: function defined here
[INFO] [stdout]    --> /opt/rustwide/cargo-home/registry/src/index.crates.io-6f17d22bba15001f/plerkle_serialization-1.6.0/src/serializer/serializer_stable.rs:21:8
[INFO] [stdout]     |
[INFO] [stdout] 21  | pub fn serialize_account<'a>(
[INFO] [stdout]     |        ^^^^^^^^^^^^^^^^^
[INFO] [stdout] 
[INFO] [stdout] 
[INFO] [stdout] error[E0308]: mismatched types
[INFO] [stdout]    --> src/geyser_plugin_nft.rs:320:17
[INFO] [stdout]     |
[INFO] [stdout] 320 |                 builder,
[INFO] [stdout]     |                 ^^^^^^^ expected `FlatBufferBuilder<'_>`, found a different `FlatBufferBuilder<'_>`
[INFO] [stdout]     |
[INFO] [stdout]     = note: `FlatBufferBuilder<'_>` and `FlatBufferBuilder<'_>` have similar names, but are actually distinct types
[INFO] [stdout] note: `FlatBufferBuilder<'_>` is defined in crate `flatbuffers`
[INFO] [stdout]    --> /opt/rustwide/cargo-home/registry/src/index.crates.io-6f17d22bba15001f/flatbuffers-23.5.26/src/builder.rs:43:1
[INFO] [stdout]     |
[INFO] [stdout] 43  | pub struct FlatBufferBuilder<'fbb> {
[INFO] [stdout]     | ^^^^^^^^^^^^^^^^^^^^^^^^^^^^^^^^^^
[INFO] [stdout] note: `FlatBufferBuilder<'_>` is defined in crate `flatbuffers`
[INFO] [stdout]    --> /opt/rustwide/cargo-home/registry/src/index.crates.io-6f17d22bba15001f/flatbuffers-22.12.6/src/builder.rs:43:1
[INFO] [stdout]     |
[INFO] [stdout] 43  | pub struct FlatBufferBuilder<'fbb> {
[INFO] [stdout]     | ^^^^^^^^^^^^^^^^^^^^^^^^^^^^^^^^^^
[INFO] [stdout]     = note: perhaps two different versions of crate `flatbuffers` are being used?
[INFO] [stdout] 
[INFO] [stdout] 
[INFO] [stdout] error[E0308]: mismatched types
[INFO] [stdout]    --> src/geyser_plugin_nft.rs:320:17
[INFO] [stdout]     |
[INFO] [stdout] 320 |                 builder,
[INFO] [stdout]     |                 ^^^^^^^ expected `FlatBufferBuilder<'_>`, found a different `FlatBufferBuilder<'_>`
[INFO] [stdout]     |
[INFO] [stdout]     = note: `FlatBufferBuilder<'_>` and `FlatBufferBuilder<'_>` have similar names, but are actually distinct types
[INFO] [stdout] note: `FlatBufferBuilder<'_>` is defined in crate `flatbuffers`
[INFO] [stdout]    --> /opt/rustwide/cargo-home/registry/src/index.crates.io-6f17d22bba15001f/flatbuffers-23.5.26/src/builder.rs:43:1
[INFO] [stdout]     |
[INFO] [stdout] 43  | pub struct FlatBufferBuilder<'fbb> {
[INFO] [stdout]     | ^^^^^^^^^^^^^^^^^^^^^^^^^^^^^^^^^^
[INFO] [stdout] note: `FlatBufferBuilder<'_>` is defined in crate `flatbuffers`
[INFO] [stdout]    --> /opt/rustwide/cargo-home/registry/src/index.crates.io-6f17d22bba15001f/flatbuffers-22.12.6/src/builder.rs:43:1
[INFO] [stdout]     |
[INFO] [stdout] 43  | pub struct FlatBufferBuilder<'fbb> {
[INFO] [stdout]     | ^^^^^^^^^^^^^^^^^^^^^^^^^^^^^^^^^^
[INFO] [stdout]     = note: perhaps two different versions of crate `flatbuffers` are being used?
[INFO] [stdout] 
[INFO] [stdout] 
[INFO] [stdout] error[E0308]: arguments to this function are incorrect
[INFO] [stdout]    --> src/geyser_plugin_nft.rs:355:23
[INFO] [stdout]     |
[INFO] [stdout] 355 |         let builder = serialize_slot_status(builder, slot, parent, status);
[INFO] [stdout]     |                       ^^^^^^^^^^^^^^^^^^^^^ -------                ------ expected `SlotStatus`, found a different `SlotStatus`
[INFO] [stdout]     |                                             |
[INFO] [stdout]     |                                             expected `FlatBufferBuilder<'_>`, found a different `FlatBufferBuilder<'_>`
[INFO] [stdout]     |
[INFO] [stdout]     = note: `FlatBufferBuilder<'_>` and `FlatBufferBuilder<'_>` have similar names, but are actually distinct types
[INFO] [stdout] note: `FlatBufferBuilder<'_>` is defined in crate `flatbuffers`
[INFO] [stdout]    --> /opt/rustwide/cargo-home/registry/src/index.crates.io-6f17d22bba15001f/flatbuffers-22.12.6/src/builder.rs:43:1
[INFO] [stdout]     |
[INFO] [stdout] 43  | pub struct FlatBufferBuilder<'fbb> {
[INFO] [stdout]     | ^^^^^^^^^^^^^^^^^^^^^^^^^^^^^^^^^^
[INFO] [stdout] note: `FlatBufferBuilder<'_>` is defined in crate `flatbuffers`
[INFO] [stdout]    --> /opt/rustwide/cargo-home/registry/src/index.crates.io-6f17d22bba15001f/flatbuffers-23.5.26/src/builder.rs:43:1
[INFO] [stdout]     |
[INFO] [stdout] 43  | pub struct FlatBufferBuilder<'fbb> {
[INFO] [stdout]     | ^^^^^^^^^^^^^^^^^^^^^^^^^^^^^^^^^^
[INFO] [stdout]     = note: perhaps two different versions of crate `flatbuffers` are being used?
[INFO] [stdout]     = note: `SlotStatus` and `SlotStatus` have similar names, but are actually distinct types
[INFO] [stdout] note: `SlotStatus` is defined in crate `solana_geyser_plugin_interface`
[INFO] [stdout]    --> /opt/rustwide/cargo-home/registry/src/index.crates.io-6f17d22bba15001f/solana-geyser-plugin-interface-1.16.27/src/geyser_plugin_interface.rs:246:1
[INFO] [stdout]     |
[INFO] [stdout] 246 | pub enum SlotStatus {
[INFO] [stdout]     | ^^^^^^^^^^^^^^^^^^^
[INFO] [stdout] note: `SlotStatus` is defined in crate `plerkle_serialization`
[INFO] [stdout]    --> /opt/rustwide/cargo-home/registry/src/index.crates.io-6f17d22bba15001f/plerkle_serialization-1.6.0/src/solana_geyser_plugin_interface_shims.rs:66:1
[INFO] [stdout]     |
[INFO] [stdout] 66  | pub enum SlotStatus {
[INFO] [stdout]     | ^^^^^^^^^^^^^^^^^^^
[INFO] [stdout] note: function defined here
[INFO] [stdout]    --> /opt/rustwide/cargo-home/registry/src/index.crates.io-6f17d22bba15001f/plerkle_serialization-1.6.0/src/serializer/serializer_stable.rs:55:8
[INFO] [stdout]     |
[INFO] [stdout] 55  | pub fn serialize_slot_status<'a>(
[INFO] [stdout]     |        ^^^^^^^^^^^^^^^^^^^^^
[INFO] [stdout] 
[INFO] [stdout] 
[INFO] [stdout] error[E0308]: mismatched types
[INFO] [stdout]    --> src/geyser_plugin_nft.rs:361:17
[INFO] [stdout]     |
[INFO] [stdout] 361 |                 builder,
[INFO] [stdout]     |                 ^^^^^^^ expected `FlatBufferBuilder<'_>`, found a different `FlatBufferBuilder<'_>`
[INFO] [stdout]     |
[INFO] [stdout]     = note: `FlatBufferBuilder<'_>` and `FlatBufferBuilder<'_>` have similar names, but are actually distinct types
[INFO] [stdout] note: `FlatBufferBuilder<'_>` is defined in crate `flatbuffers`
[INFO] [stdout]    --> /opt/rustwide/cargo-home/registry/src/index.crates.io-6f17d22bba15001f/flatbuffers-23.5.26/src/builder.rs:43:1
[INFO] [stdout]     |
[INFO] [stdout] 43  | pub struct FlatBufferBuilder<'fbb> {
[INFO] [stdout]     | ^^^^^^^^^^^^^^^^^^^^^^^^^^^^^^^^^^
[INFO] [stdout] note: `FlatBufferBuilder<'_>` is defined in crate `flatbuffers`
[INFO] [stdout]    --> /opt/rustwide/cargo-home/registry/src/index.crates.io-6f17d22bba15001f/flatbuffers-22.12.6/src/builder.rs:43:1
[INFO] [stdout]     |
[INFO] [stdout] 43  | pub struct FlatBufferBuilder<'fbb> {
[INFO] [stdout]     | ^^^^^^^^^^^^^^^^^^^^^^^^^^^^^^^^^^
[INFO] [stdout]     = note: perhaps two different versions of crate `flatbuffers` are being used?
[INFO] [stdout] 
[INFO] [stdout] 
[INFO] [stdout] error[E0308]: arguments to this function are incorrect
[INFO] [stdout]    --> src/geyser_plugin_nft.rs:355:23
[INFO] [stdout]     |
[INFO] [stdout] 355 |         let builder = serialize_slot_status(builder, slot, parent, status);
[INFO] [stdout]     |                       ^^^^^^^^^^^^^^^^^^^^^ -------                ------ expected `SlotStatus`, found a different `SlotStatus`
[INFO] [stdout]     |                                             |
[INFO] [stdout]     |                                             expected `FlatBufferBuilder<'_>`, found a different `FlatBufferBuilder<'_>`
[INFO] [stdout]     |
[INFO] [stdout]     = note: `FlatBufferBuilder<'_>` and `FlatBufferBuilder<'_>` have similar names, but are actually distinct types
[INFO] [stdout] note: `FlatBufferBuilder<'_>` is defined in crate `flatbuffers`
[INFO] [stdout]    --> /opt/rustwide/cargo-home/registry/src/index.crates.io-6f17d22bba15001f/flatbuffers-22.12.6/src/builder.rs:43:1
[INFO] [stdout]     |
[INFO] [stdout] 43  | pub struct FlatBufferBuilder<'fbb> {
[INFO] [stdout]     | ^^^^^^^^^^^^^^^^^^^^^^^^^^^^^^^^^^
[INFO] [stdout] note: `FlatBufferBuilder<'_>` is defined in crate `flatbuffers`
[INFO] [stdout]    --> /opt/rustwide/cargo-home/registry/src/index.crates.io-6f17d22bba15001f/flatbuffers-23.5.26/src/builder.rs:43:1
[INFO] [stdout]     |
[INFO] [stdout] 43  | pub struct FlatBufferBuilder<'fbb> {
[INFO] [stdout]     | ^^^^^^^^^^^^^^^^^^^^^^^^^^^^^^^^^^
[INFO] [stdout]     = note: perhaps two different versions of crate `flatbuffers` are being used?
[INFO] [stdout]     = note: `SlotStatus` and `SlotStatus` have similar names, but are actually distinct types
[INFO] [stdout] note: `SlotStatus` is defined in crate `solana_geyser_plugin_interface`
[INFO] [stdout]    --> /opt/rustwide/cargo-home/registry/src/index.crates.io-6f17d22bba15001f/solana-geyser-plugin-interface-1.16.27/src/geyser_plugin_interface.rs:246:1
[INFO] [stdout]     |
[INFO] [stdout] 246 | pub enum SlotStatus {
[INFO] [stdout]     | ^^^^^^^^^^^^^^^^^^^
[INFO] [stdout] note: `SlotStatus` is defined in crate `plerkle_serialization`
[INFO] [stdout]    --> /opt/rustwide/cargo-home/registry/src/index.crates.io-6f17d22bba15001f/plerkle_serialization-1.6.0/src/solana_geyser_plugin_interface_shims.rs:66:1
[INFO] [stdout]     |
[INFO] [stdout] 66  | pub enum SlotStatus {
[INFO] [stdout]     | ^^^^^^^^^^^^^^^^^^^
[INFO] [stdout] note: function defined here
[INFO] [stdout]    --> /opt/rustwide/cargo-home/registry/src/index.crates.io-6f17d22bba15001f/plerkle_serialization-1.6.0/src/serializer/serializer_stable.rs:55:8
[INFO] [stdout]     |
[INFO] [stdout] 55  | pub fn serialize_slot_status<'a>(
[INFO] [stdout]     |        ^^^^^^^^^^^^^^^^^^^^^
[INFO] [stdout] 
[INFO] [stdout] 
[INFO] [stdout] error[E0308]: mismatched types
[INFO] [stdout]    --> src/geyser_plugin_nft.rs:361:17
[INFO] [stdout]     |
[INFO] [stdout] 361 |                 builder,
[INFO] [stdout]     |                 ^^^^^^^ expected `FlatBufferBuilder<'_>`, found a different `FlatBufferBuilder<'_>`
[INFO] [stdout]     |
[INFO] [stdout]     = note: `FlatBufferBuilder<'_>` and `FlatBufferBuilder<'_>` have similar names, but are actually distinct types
[INFO] [stdout] note: `FlatBufferBuilder<'_>` is defined in crate `flatbuffers`
[INFO] [stdout]    --> /opt/rustwide/cargo-home/registry/src/index.crates.io-6f17d22bba15001f/flatbuffers-23.5.26/src/builder.rs:43:1
[INFO] [stdout]     |
[INFO] [stdout] 43  | pub struct FlatBufferBuilder<'fbb> {
[INFO] [stdout]     | ^^^^^^^^^^^^^^^^^^^^^^^^^^^^^^^^^^
[INFO] [stdout] note: `FlatBufferBuilder<'_>` is defined in crate `flatbuffers`
[INFO] [stdout]    --> /opt/rustwide/cargo-home/registry/src/index.crates.io-6f17d22bba15001f/flatbuffers-22.12.6/src/builder.rs:43:1
[INFO] [stdout]     |
[INFO] [stdout] 43  | pub struct FlatBufferBuilder<'fbb> {
[INFO] [stdout]     | ^^^^^^^^^^^^^^^^^^^^^^^^^^^^^^^^^^
[INFO] [stdout]     = note: perhaps two different versions of crate `flatbuffers` are being used?
[INFO] [stdout] 
[INFO] [stdout] 
[INFO] [stdout] error[E0308]: arguments to this function are incorrect
[INFO] [stdout]    --> src/geyser_plugin_nft.rs:412:23
[INFO] [stdout]     |
[INFO] [stdout] 412 |         let builder = serialize_transaction(builder, transaction_info, slot);
[INFO] [stdout]     |                       ^^^^^^^^^^^^^^^^^^^^^ -------  ---------------- expected `ReplicaTransactionInfoV2<'_>`, found a different `ReplicaTransactionInfoV2<'_>`
[INFO] [stdout]     |                                             |
[INFO] [stdout]     |                                             expected `FlatBufferBuilder<'_>`, found a different `FlatBufferBuilder<'_>`
[INFO] [stdout]     |
[INFO] [stdout]     = note: `FlatBufferBuilder<'_>` and `FlatBufferBuilder<'_>` have similar names, but are actually distinct types
[INFO] [stdout] note: `FlatBufferBuilder<'_>` is defined in crate `flatbuffers`
[INFO] [stdout]    --> /opt/rustwide/cargo-home/registry/src/index.crates.io-6f17d22bba15001f/flatbuffers-22.12.6/src/builder.rs:43:1
[INFO] [stdout]     |
[INFO] [stdout] 43  | pub struct FlatBufferBuilder<'fbb> {
[INFO] [stdout]     | ^^^^^^^^^^^^^^^^^^^^^^^^^^^^^^^^^^
[INFO] [stdout] note: `FlatBufferBuilder<'_>` is defined in crate `flatbuffers`
[INFO] [stdout]    --> /opt/rustwide/cargo-home/registry/src/index.crates.io-6f17d22bba15001f/flatbuffers-23.5.26/src/builder.rs:43:1
[INFO] [stdout]     |
[INFO] [stdout] 43  | pub struct FlatBufferBuilder<'fbb> {
[INFO] [stdout]     | ^^^^^^^^^^^^^^^^^^^^^^^^^^^^^^^^^^
[INFO] [stdout]     = note: perhaps two different versions of crate `flatbuffers` are being used?
[INFO] [stdout]     = note: `ReplicaTransactionInfoV2<'_>` and `ReplicaTransactionInfoV2<'_>` have similar names, but are actually distinct types
[INFO] [stdout] note: `ReplicaTransactionInfoV2<'_>` is defined in crate `solana_geyser_plugin_interface`
[INFO] [stdout]    --> /opt/rustwide/cargo-home/registry/src/index.crates.io-6f17d22bba15001f/solana-geyser-plugin-interface-1.16.27/src/geyser_plugin_interface.rs:139:1
[INFO] [stdout]     |
[INFO] [stdout] 139 | pub struct ReplicaTransactionInfoV2<'a> {
[INFO] [stdout]     | ^^^^^^^^^^^^^^^^^^^^^^^^^^^^^^^^^^^^^^^
[INFO] [stdout] note: `ReplicaTransactionInfoV2<'_>` is defined in crate `plerkle_serialization`
[INFO] [stdout]    --> /opt/rustwide/cargo-home/registry/src/index.crates.io-6f17d22bba15001f/plerkle_serialization-1.6.0/src/solana_geyser_plugin_interface_shims.rs:37:1
[INFO] [stdout]     |
[INFO] [stdout] 37  | pub struct ReplicaTransactionInfoV2<'a> {
[INFO] [stdout]     | ^^^^^^^^^^^^^^^^^^^^^^^^^^^^^^^^^^^^^^^
[INFO] [stdout] note: function defined here
[INFO] [stdout]    --> /opt/rustwide/cargo-home/registry/src/index.crates.io-6f17d22bba15001f/plerkle_serialization-1.6.0/src/serializer/serializer_stable.rs:85:8
[INFO] [stdout]     |
[INFO] [stdout] 85  | pub fn serialize_transaction<'a>(
[INFO] [stdout]     |        ^^^^^^^^^^^^^^^^^^^^^
[INFO] [stdout] 
[INFO] [stdout] 
[INFO] [stdout] error[E0308]: arguments to this function are incorrect
[INFO] [stdout]    --> src/geyser_plugin_nft.rs:412:23
[INFO] [stdout]     |
[INFO] [stdout] 412 |         let builder = serialize_transaction(builder, transaction_info, slot);
[INFO] [stdout]     |                       ^^^^^^^^^^^^^^^^^^^^^ -------  ---------------- expected `ReplicaTransactionInfoV2<'_>`, found a different `ReplicaTransactionInfoV2<'_>`
[INFO] [stdout]     |                                             |
[INFO] [stdout]     |                                             expected `FlatBufferBuilder<'_>`, found a different `FlatBufferBuilder<'_>`
[INFO] [stdout]     |
[INFO] [stdout]     = note: `FlatBufferBuilder<'_>` and `FlatBufferBuilder<'_>` have similar names, but are actually distinct types
[INFO] [stdout] note: `FlatBufferBuilder<'_>` is defined in crate `flatbuffers`
[INFO] [stdout]    --> /opt/rustwide/cargo-home/registry/src/index.crates.io-6f17d22bba15001f/flatbuffers-22.12.6/src/builder.rs:43:1
[INFO] [stdout]     |
[INFO] [stdout] 43  | pub struct FlatBufferBuilder<'fbb> {
[INFO] [stdout]     | ^^^^^^^^^^^^^^^^^^^^^^^^^^^^^^^^^^
[INFO] [stdout] note: `FlatBufferBuilder<'_>` is defined in crate `flatbuffers`
[INFO] [stdout]    --> /opt/rustwide/cargo-home/registry/src/index.crates.io-6f17d22bba15001f/flatbuffers-23.5.26/src/builder.rs:43:1
[INFO] [stdout]     |
[INFO] [stdout] 43  | pub struct FlatBufferBuilder<'fbb> {
[INFO] [stdout]     | ^^^^^^^^^^^^^^^^^^^^^^^^^^^^^^^^^^
[INFO] [stdout]     = note: perhaps two different versions of crate `flatbuffers` are being used?
[INFO] [stdout]     = note: `ReplicaTransactionInfoV2<'_>` and `ReplicaTransactionInfoV2<'_>` have similar names, but are actually distinct types
[INFO] [stdout] note: `ReplicaTransactionInfoV2<'_>` is defined in crate `solana_geyser_plugin_interface`
[INFO] [stdout]    --> /opt/rustwide/cargo-home/registry/src/index.crates.io-6f17d22bba15001f/solana-geyser-plugin-interface-1.16.27/src/geyser_plugin_interface.rs:139:1
[INFO] [stdout]     |
[INFO] [stdout] 139 | pub struct ReplicaTransactionInfoV2<'a> {
[INFO] [stdout]     | ^^^^^^^^^^^^^^^^^^^^^^^^^^^^^^^^^^^^^^^
[INFO] [stdout] note: `ReplicaTransactionInfoV2<'_>` is defined in crate `plerkle_serialization`
[INFO] [stdout]    --> /opt/rustwide/cargo-home/registry/src/index.crates.io-6f17d22bba15001f/plerkle_serialization-1.6.0/src/solana_geyser_plugin_interface_shims.rs:37:1
[INFO] [stdout]     |
[INFO] [stdout] 37  | pub struct ReplicaTransactionInfoV2<'a> {
[INFO] [stdout]     | ^^^^^^^^^^^^^^^^^^^^^^^^^^^^^^^^^^^^^^^
[INFO] [stdout] note: function defined here
[INFO] [stdout]    --> /opt/rustwide/cargo-home/registry/src/index.crates.io-6f17d22bba15001f/plerkle_serialization-1.6.0/src/serializer/serializer_stable.rs:85:8
[INFO] [stdout]     |
[INFO] [stdout] 85  | pub fn serialize_transaction<'a>(
[INFO] [stdout]     |        ^^^^^^^^^^^^^^^^^^^^^
[INFO] [stdout] 
[INFO] [stdout] 
[INFO] [stdout] error[E0308]: mismatched types
[INFO] [stdout]    --> src/geyser_plugin_nft.rs:418:17
[INFO] [stdout]     |
[INFO] [stdout] 418 |                 builder,
[INFO] [stdout]     |                 ^^^^^^^ expected `FlatBufferBuilder<'_>`, found a different `FlatBufferBuilder<'_>`
[INFO] [stdout]     |
[INFO] [stdout]     = note: `FlatBufferBuilder<'_>` and `FlatBufferBuilder<'_>` have similar names, but are actually distinct types
[INFO] [stdout] note: `FlatBufferBuilder<'_>` is defined in crate `flatbuffers`
[INFO] [stdout]    --> /opt/rustwide/cargo-home/registry/src/index.crates.io-6f17d22bba15001f/flatbuffers-23.5.26/src/builder.rs:43:1
[INFO] [stdout]     |
[INFO] [stdout] 43  | pub struct FlatBufferBuilder<'fbb> {
[INFO] [stdout]     | ^^^^^^^^^^^^^^^^^^^^^^^^^^^^^^^^^^
[INFO] [stdout] note: `FlatBufferBuilder<'_>` is defined in crate `flatbuffers`
[INFO] [stdout]    --> /opt/rustwide/cargo-home/registry/src/index.crates.io-6f17d22bba15001f/flatbuffers-22.12.6/src/builder.rs:43:1
[INFO] [stdout]     |
[INFO] [stdout] 43  | pub struct FlatBufferBuilder<'fbb> {
[INFO] [stdout]     | ^^^^^^^^^^^^^^^^^^^^^^^^^^^^^^^^^^
[INFO] [stdout]     = note: perhaps two different versions of crate `flatbuffers` are being used?
[INFO] [stdout] 
[INFO] [stdout] 
[INFO] [stdout] error[E0308]: mismatched types
[INFO] [stdout]    --> src/geyser_plugin_nft.rs:418:17
[INFO] [stdout]     |
[INFO] [stdout] 418 |                 builder,
[INFO] [stdout]     |                 ^^^^^^^ expected `FlatBufferBuilder<'_>`, found a different `FlatBufferBuilder<'_>`
[INFO] [stdout]     |
[INFO] [stdout]     = note: `FlatBufferBuilder<'_>` and `FlatBufferBuilder<'_>` have similar names, but are actually distinct types
[INFO] [stdout] note: `FlatBufferBuilder<'_>` is defined in crate `flatbuffers`
[INFO] [stdout]    --> /opt/rustwide/cargo-home/registry/src/index.crates.io-6f17d22bba15001f/flatbuffers-23.5.26/src/builder.rs:43:1
[INFO] [stdout]     |
[INFO] [stdout] 43  | pub struct FlatBufferBuilder<'fbb> {
[INFO] [stdout]     | ^^^^^^^^^^^^^^^^^^^^^^^^^^^^^^^^^^
[INFO] [stdout] note: `FlatBufferBuilder<'_>` is defined in crate `flatbuffers`
[INFO] [stdout]    --> /opt/rustwide/cargo-home/registry/src/index.crates.io-6f17d22bba15001f/flatbuffers-22.12.6/src/builder.rs:43:1
[INFO] [stdout]     |
[INFO] [stdout] 43  | pub struct FlatBufferBuilder<'fbb> {
[INFO] [stdout]     | ^^^^^^^^^^^^^^^^^^^^^^^^^^^^^^^^^^
[INFO] [stdout]     = note: perhaps two different versions of crate `flatbuffers` are being used?
[INFO] [stdout] 
[INFO] [stdout] 
[INFO] [stdout] error[E0308]: arguments to this function are incorrect
[INFO] [stdout]    --> src/geyser_plugin_nft.rs:442:31
[INFO] [stdout]     |
[INFO] [stdout] 442 |                 let builder = serialize_block(builder, block_info);
[INFO] [stdout]     |                               ^^^^^^^^^^^^^^^ -------  ---------- expected `&ReplicaBlockInfoV2<'_>`, found `&ReplicaBlockInfo<'_>`
[INFO] [stdout]     |                                               |
[INFO] [stdout]     |                                               expected `FlatBufferBuilder<'_>`, found a different `FlatBufferBuilder<'_>`
[INFO] [stdout]     |
[INFO] [stdout]     = note: `FlatBufferBuilder<'_>` and `FlatBufferBuilder<'_>` have similar names, but are actually distinct types
[INFO] [stdout] note: `FlatBufferBuilder<'_>` is defined in crate `flatbuffers`
[INFO] [stdout]    --> /opt/rustwide/cargo-home/registry/src/index.crates.io-6f17d22bba15001f/flatbuffers-22.12.6/src/builder.rs:43:1
[INFO] [stdout]     |
[INFO] [stdout] 43  | pub struct FlatBufferBuilder<'fbb> {
[INFO] [stdout]     | ^^^^^^^^^^^^^^^^^^^^^^^^^^^^^^^^^^
[INFO] [stdout] note: `FlatBufferBuilder<'_>` is defined in crate `flatbuffers`
[INFO] [stdout]    --> /opt/rustwide/cargo-home/registry/src/index.crates.io-6f17d22bba15001f/flatbuffers-23.5.26/src/builder.rs:43:1
[INFO] [stdout]     |
[INFO] [stdout] 43  | pub struct FlatBufferBuilder<'fbb> {
[INFO] [stdout]     | ^^^^^^^^^^^^^^^^^^^^^^^^^^^^^^^^^^
[INFO] [stdout]     = note: perhaps two different versions of crate `flatbuffers` are being used?
[INFO] [stdout]     = note: expected reference `&plerkle_serialization::solana_geyser_plugin_interface_shims::ReplicaBlockInfoV2<'_>`
[INFO] [stdout]                found reference `&ReplicaBlockInfo<'_>`
[INFO] [stdout] note: function defined here
[INFO] [stdout]    --> /opt/rustwide/cargo-home/registry/src/index.crates.io-6f17d22bba15001f/plerkle_serialization-1.6.0/src/serializer/serializer_stable.rs:230:8
[INFO] [stdout]     |
[INFO] [stdout] 230 | pub fn serialize_block<'a>(
[INFO] [stdout]     |        ^^^^^^^^^^^^^^^
[INFO] [stdout] 
[INFO] [stdout] 
[INFO] [stdout] error[E0308]: arguments to this function are incorrect
[INFO] [stdout]    --> src/geyser_plugin_nft.rs:442:31
[INFO] [stdout]     |
[INFO] [stdout] 442 |                 let builder = serialize_block(builder, block_info);
[INFO] [stdout]     |                               ^^^^^^^^^^^^^^^ -------  ---------- expected `&ReplicaBlockInfoV2<'_>`, found `&ReplicaBlockInfo<'_>`
[INFO] [stdout]     |                                               |
[INFO] [stdout]     |                                               expected `FlatBufferBuilder<'_>`, found a different `FlatBufferBuilder<'_>`
[INFO] [stdout]     |
[INFO] [stdout]     = note: `FlatBufferBuilder<'_>` and `FlatBufferBuilder<'_>` have similar names, but are actually distinct types
[INFO] [stdout] note: `FlatBufferBuilder<'_>` is defined in crate `flatbuffers`
[INFO] [stdout]    --> /opt/rustwide/cargo-home/registry/src/index.crates.io-6f17d22bba15001f/flatbuffers-22.12.6/src/builder.rs:43:1
[INFO] [stdout]     |
[INFO] [stdout] 43  | pub struct FlatBufferBuilder<'fbb> {
[INFO] [stdout]     | ^^^^^^^^^^^^^^^^^^^^^^^^^^^^^^^^^^
[INFO] [stdout] note: `FlatBufferBuilder<'_>` is defined in crate `flatbuffers`
[INFO] [stdout]    --> /opt/rustwide/cargo-home/registry/src/index.crates.io-6f17d22bba15001f/flatbuffers-23.5.26/src/builder.rs:43:1
[INFO] [stdout]     |
[INFO] [stdout] 43  | pub struct FlatBufferBuilder<'fbb> {
[INFO] [stdout]     | ^^^^^^^^^^^^^^^^^^^^^^^^^^^^^^^^^^
[INFO] [stdout]     = note: perhaps two different versions of crate `flatbuffers` are being used?
[INFO] [stdout]     = note: expected reference `&plerkle_serialization::solana_geyser_plugin_interface_shims::ReplicaBlockInfoV2<'_>`
[INFO] [stdout]                found reference `&ReplicaBlockInfo<'_>`
[INFO] [stdout] note: function defined here
[INFO] [stdout]    --> /opt/rustwide/cargo-home/registry/src/index.crates.io-6f17d22bba15001f/plerkle_serialization-1.6.0/src/serializer/serializer_stable.rs:230:8
[INFO] [stdout]     |
[INFO] [stdout] 230 | pub fn serialize_block<'a>(
[INFO] [stdout]     |        ^^^^^^^^^^^^^^^
[INFO] [stdout] 
[INFO] [stdout] 
[INFO] [stdout] error[E0308]: mismatched types
[INFO] [stdout]    --> src/geyser_plugin_nft.rs:448:25
[INFO] [stdout]     |
[INFO] [stdout] 448 |                         builder,
[INFO] [stdout]     |                         ^^^^^^^ expected `FlatBufferBuilder<'_>`, found a different `FlatBufferBuilder<'_>`
[INFO] [stdout]     |
[INFO] [stdout]     = note: `FlatBufferBuilder<'_>` and `FlatBufferBuilder<'_>` have similar names, but are actually distinct types
[INFO] [stdout] note: `FlatBufferBuilder<'_>` is defined in crate `flatbuffers`
[INFO] [stdout]    --> /opt/rustwide/cargo-home/registry/src/index.crates.io-6f17d22bba15001f/flatbuffers-23.5.26/src/builder.rs:43:1
[INFO] [stdout]     |
[INFO] [stdout] 43  | pub struct FlatBufferBuilder<'fbb> {
[INFO] [stdout]     | ^^^^^^^^^^^^^^^^^^^^^^^^^^^^^^^^^^
[INFO] [stdout] note: `FlatBufferBuilder<'_>` is defined in crate `flatbuffers`
[INFO] [stdout]    --> /opt/rustwide/cargo-home/registry/src/index.crates.io-6f17d22bba15001f/flatbuffers-22.12.6/src/builder.rs:43:1
[INFO] [stdout]     |
[INFO] [stdout] 43  | pub struct FlatBufferBuilder<'fbb> {
[INFO] [stdout]     | ^^^^^^^^^^^^^^^^^^^^^^^^^^^^^^^^^^
[INFO] [stdout]     = note: perhaps two different versions of crate `flatbuffers` are being used?
[INFO] [stdout] 
[INFO] [stdout] 
[INFO] [stdout] error[E0308]: mismatched types
[INFO] [stdout]    --> src/geyser_plugin_nft.rs:448:25
[INFO] [stdout]     |
[INFO] [stdout] 448 |                         builder,
[INFO] [stdout]     |                         ^^^^^^^ expected `FlatBufferBuilder<'_>`, found a different `FlatBufferBuilder<'_>`
[INFO] [stdout]     |
[INFO] [stdout]     = note: `FlatBufferBuilder<'_>` and `FlatBufferBuilder<'_>` have similar names, but are actually distinct types
[INFO] [stdout] note: `FlatBufferBuilder<'_>` is defined in crate `flatbuffers`
[INFO] [stdout]    --> /opt/rustwide/cargo-home/registry/src/index.crates.io-6f17d22bba15001f/flatbuffers-23.5.26/src/builder.rs:43:1
[INFO] [stdout]     |
[INFO] [stdout] 43  | pub struct FlatBufferBuilder<'fbb> {
[INFO] [stdout]     | ^^^^^^^^^^^^^^^^^^^^^^^^^^^^^^^^^^
[INFO] [stdout] note: `FlatBufferBuilder<'_>` is defined in crate `flatbuffers`
[INFO] [stdout]    --> /opt/rustwide/cargo-home/registry/src/index.crates.io-6f17d22bba15001f/flatbuffers-22.12.6/src/builder.rs:43:1
[INFO] [stdout]     |
[INFO] [stdout] 43  | pub struct FlatBufferBuilder<'fbb> {
[INFO] [stdout]     | ^^^^^^^^^^^^^^^^^^^^^^^^^^^^^^^^^^
[INFO] [stdout]     = note: perhaps two different versions of crate `flatbuffers` are being used?
[INFO] [stdout] 
[INFO] [stdout] 
[INFO] [stdout] error: aborting due to 13 previous errors
[INFO] [stdout] 
[INFO] [stdout] 
[INFO] [stdout] Some errors have detailed explanations: E0053, E0308.
[INFO] [stdout] 
[INFO] [stdout] For more information about an error, try `rustc --explain E0053`.
[INFO] [stdout] 
[INFO] [stdout] error: aborting due to 13 previous errors
[INFO] [stdout] 
[INFO] [stdout] 
[INFO] [stdout] Some errors have detailed explanations: E0053, E0308.
[INFO] [stdout] 
[INFO] [stdout] For more information about an error, try `rustc --explain E0053`.
[INFO] [stdout] 
[INFO] [stderr] error: could not compile `plerkle` (lib) due to 14 previous errors
[INFO] [stderr] warning: build failed, waiting for other jobs to finish...
[INFO] [stderr] error: could not compile `plerkle` (lib test) due to 14 previous errors
[INFO] running `Command { std: "docker" "inspect" "f1312b8a09e6e1b06c54e69561fe68dde99b206b954c29e694a7f8ceb92445fd", kill_on_drop: false }`
[INFO] running `Command { std: "docker" "rm" "-f" "f1312b8a09e6e1b06c54e69561fe68dde99b206b954c29e694a7f8ceb92445fd", kill_on_drop: false }`
[INFO] [stdout] f1312b8a09e6e1b06c54e69561fe68dde99b206b954c29e694a7f8ceb92445fd
