[INFO] fetching crate platform-data 0.1.0-beta.3...
[INFO] checking platform-data-0.1.0-beta.3 against nightly-2024-02-05 for check-cfg
[INFO] extracting crate platform-data 0.1.0-beta.3 into /workspace/builds/worker-5-tc1/source
[INFO] validating manifest of crates.io crate platform-data 0.1.0-beta.3 on toolchain nightly-2024-02-05
[INFO] running `Command { std: CARGO_HOME="/workspace/cargo-home" RUSTUP_HOME="/workspace/rustup-home" "/workspace/cargo-home/bin/cargo" "+nightly-2024-02-05" "metadata" "--manifest-path" "Cargo.toml" "--no-deps", kill_on_drop: false }`
[INFO] started tweaking crates.io crate platform-data 0.1.0-beta.3
[INFO] finished tweaking crates.io crate platform-data 0.1.0-beta.3
[INFO] tweaked toml for crates.io crate platform-data 0.1.0-beta.3 written to /workspace/builds/worker-5-tc1/source/Cargo.toml
[INFO] running `Command { std: CARGO_HOME="/workspace/cargo-home" RUSTUP_HOME="/workspace/rustup-home" "/workspace/cargo-home/bin/cargo" "+nightly-2024-02-05" "generate-lockfile" "--manifest-path" "Cargo.toml", kill_on_drop: false }`
[INFO] [stderr]     Updating crates.io index
[INFO] running `Command { std: CARGO_HOME="/workspace/cargo-home" RUSTUP_HOME="/workspace/rustup-home" "/workspace/cargo-home/bin/cargo" "+nightly-2024-02-05" "fetch" "--manifest-path" "Cargo.toml", kill_on_drop: false }`
[INFO] [stderr]  Downloading crates ...
[INFO] [stderr]   Downloaded quickcheck_macros v1.0.0
[INFO] running `Command { std: "docker" "create" "-v" "/var/lib/crater-agent-workspace/builds/worker-5-tc1/target:/opt/rustwide/target:rw,Z" "-v" "/var/lib/crater-agent-workspace/builds/worker-5-tc1/source:/opt/rustwide/workdir:ro,Z" "-v" "/var/lib/crater-agent-workspace/cargo-home:/opt/rustwide/cargo-home:ro,Z" "-v" "/var/lib/crater-agent-workspace/rustup-home:/opt/rustwide/rustup-home:ro,Z" "-e" "SOURCE_DIR=/opt/rustwide/workdir" "-e" "CARGO_TARGET_DIR=/opt/rustwide/target" "-e" "CARGO_HOME=/opt/rustwide/cargo-home" "-e" "RUSTUP_HOME=/opt/rustwide/rustup-home" "-w" "/opt/rustwide/workdir" "-m" "1610612736" "--user" "0:0" "--network" "none" "ghcr.io/rust-lang/crates-build-env/linux@sha256:2788e3201cd34a07e3172128adcd8b3090168a8e3bcc40d7c032b9dda1df7d1c" "/opt/rustwide/cargo-home/bin/cargo" "+nightly-2024-02-05" "metadata" "--no-deps" "--format-version=1", kill_on_drop: false }`
[INFO] [stdout] 4312f165dbddd8df9f7b176c67a1a680dec0b017ba11b53c3aeac89117bd107e
[INFO] running `Command { std: "docker" "start" "-a" "4312f165dbddd8df9f7b176c67a1a680dec0b017ba11b53c3aeac89117bd107e", kill_on_drop: false }`
[INFO] running `Command { std: "docker" "inspect" "4312f165dbddd8df9f7b176c67a1a680dec0b017ba11b53c3aeac89117bd107e", kill_on_drop: false }`
[INFO] running `Command { std: "docker" "rm" "-f" "4312f165dbddd8df9f7b176c67a1a680dec0b017ba11b53c3aeac89117bd107e", kill_on_drop: false }`
[INFO] [stdout] 4312f165dbddd8df9f7b176c67a1a680dec0b017ba11b53c3aeac89117bd107e
[INFO] running `Command { std: "docker" "create" "-v" "/var/lib/crater-agent-workspace/builds/worker-5-tc1/target:/opt/rustwide/target:rw,Z" "-v" "/var/lib/crater-agent-workspace/builds/worker-5-tc1/source:/opt/rustwide/workdir:ro,Z" "-v" "/var/lib/crater-agent-workspace/cargo-home:/opt/rustwide/cargo-home:ro,Z" "-v" "/var/lib/crater-agent-workspace/rustup-home:/opt/rustwide/rustup-home:ro,Z" "-e" "SOURCE_DIR=/opt/rustwide/workdir" "-e" "CARGO_TARGET_DIR=/opt/rustwide/target" "-e" "CARGO_INCREMENTAL=0" "-e" "RUST_BACKTRACE=full" "-e" "RUSTFLAGS=--cap-lints=forbid" "-e" "RUSTDOCFLAGS=--cap-lints=forbid" "-e" "CARGO_HOME=/opt/rustwide/cargo-home" "-e" "RUSTUP_HOME=/opt/rustwide/rustup-home" "-w" "/opt/rustwide/workdir" "-m" "1610612736" "--user" "0:0" "--network" "none" "ghcr.io/rust-lang/crates-build-env/linux@sha256:2788e3201cd34a07e3172128adcd8b3090168a8e3bcc40d7c032b9dda1df7d1c" "/opt/rustwide/cargo-home/bin/cargo" "+nightly-2024-02-05" "check" "--frozen" "--all" "--all-targets" "--message-format=json", kill_on_drop: false }`
[INFO] [stdout] fbe5b30e76440b913c2534ac9ccb0e2ac27ecee78b16c4f16456a6f62ab427ad
[INFO] running `Command { std: "docker" "start" "-a" "fbe5b30e76440b913c2534ac9ccb0e2ac27ecee78b16c4f16456a6f62ab427ad", kill_on_drop: false }`
[INFO] [stderr]     Checking memchr v2.7.1
[INFO] [stderr]     Checking funty v2.0.0
[INFO] [stderr]    Compiling quickcheck_macros v1.0.0
[INFO] [stderr]     Checking rand_core v0.6.4
[INFO] [stderr]     Checking rand v0.8.5
[INFO] [stderr]     Checking aho-corasick v1.1.2
[INFO] [stderr]     Checking platform-data v0.1.0-beta.3 (/opt/rustwide/workdir)
[INFO] [stdout] error[E0432]: unresolved import `std::default::default`
[INFO] [stdout]  --> src/constants.rs:1:5
[INFO] [stdout]   |
[INFO] [stdout] 1 | use std::default::default;
[INFO] [stdout]   |     ^^^^^^^^^^^^^^^^^^^^^ no `default` in `default`
[INFO] [stdout]   |
[INFO] [stdout] help: a similar name exists in the module
[INFO] [stdout]   |
[INFO] [stdout] 1 | use std::default::Default;
[INFO] [stdout]   |                   ~~~~~~~
[INFO] [stdout] help: consider importing one of these items instead
[INFO] [stdout]   |
[INFO] [stdout] 1 | use core::default;
[INFO] [stdout]   |     ~~~~~~~~~~~~~
[INFO] [stdout] 1 | use std::default;
[INFO] [stdout]   |     ~~~~~~~~~~~~
[INFO] [stdout] 
[INFO] [stdout] 
[INFO] [stdout] error[E0658]: `impl Trait` in associated types is unstable
[INFO] [stdout]   --> src/point.rs:52:21
[INFO] [stdout]    |
[INFO] [stdout] 52 |     type IntoIter = impl Iterator<Item = T>;
[INFO] [stdout]    |                     ^^^^^^^^^^^^^^^^^^^^^^^
[INFO] [stdout]    |
[INFO] [stdout]    = note: see issue #63063 <https://github.com/rust-lang/rust/issues/63063> for more information
[INFO] [stdout]    = help: add `#![feature(impl_trait_in_assoc_type)]` to the crate attributes to enable
[INFO] [stdout]    = note: this compiler was built on 2024-02-04; consider upgrading it if it is out of date
[INFO] [stdout] 
[INFO] [stdout] 
[INFO] [stdout] error[E0658]: use of unstable library feature 'error_generic_member_access'
[INFO] [stdout]  --> src/links.rs:4:10
[INFO] [stdout]   |
[INFO] [stdout] 4 | #[derive(thiserror::Error, Debug)]
[INFO] [stdout]   |          ^^^^^^^^^^^^^^^^
[INFO] [stdout]   |
[INFO] [stdout]   = note: see issue #99301 <https://github.com/rust-lang/rust/issues/99301> for more information
[INFO] [stdout]   = help: add `#![feature(error_generic_member_access)]` to the crate attributes to enable
[INFO] [stdout]   = note: this compiler was built on 2024-02-04; consider upgrading it if it is out of date
[INFO] [stdout]   = note: this error originates in the derive macro `thiserror::Error` (in Nightly builds, run with -Z macro-backtrace for more info)
[INFO] [stdout] 
[INFO] [stdout] 
[INFO] [stdout] warning: the feature `backtrace` has been stable since 1.65.0 and no longer requires an attribute to enable
[INFO] [stdout]   --> src/lib.rs:10:12
[INFO] [stdout]    |
[INFO] [stdout] 10 | #![feature(backtrace)]
[INFO] [stdout]    |            ^^^^^^^^^
[INFO] [stdout]    |
[INFO] [stdout]    = note: `#[warn(stable_features)]` on by default
[INFO] [stdout] 
[INFO] [stdout] 
[INFO] [stdout] error[E0635]: unknown feature `default_free_fn`
[INFO] [stdout]  --> src/lib.rs:1:12
[INFO] [stdout]   |
[INFO] [stdout] 1 | #![feature(default_free_fn)]
[INFO] [stdout]   |            ^^^^^^^^^^^^^^^
[INFO] [stdout] 
[INFO] [stdout] 
[INFO] [stdout] error[E0635]: unknown feature `const_deref`
[INFO] [stdout]  --> src/lib.rs:9:12
[INFO] [stdout]   |
[INFO] [stdout] 9 | #![feature(const_deref)]
[INFO] [stdout]   |            ^^^^^^^^^^^
[INFO] [stdout] 
[INFO] [stdout] 
[INFO] [stdout] error[E0635]: unknown feature `const_result_drop`
[INFO] [stdout]  --> src/lib.rs:6:12
[INFO] [stdout]   |
[INFO] [stdout] 6 | #![feature(const_result_drop)]
[INFO] [stdout]   |            ^^^^^^^^^^^^^^^^^
[INFO] [stdout] 
[INFO] [stdout] 
[INFO] [stdout] error[E0635]: unknown feature `const_convert`
[INFO] [stdout]  --> src/lib.rs:8:12
[INFO] [stdout]   |
[INFO] [stdout] 8 | #![feature(const_convert)]
[INFO] [stdout]   |            ^^^^^^^^^^^^^
[INFO] [stdout] 
[INFO] [stdout] 
[INFO] [stdout] error: `~const` can only be applied to `#[const_trait]` traits
[INFO] [stdout]   --> src/converters.rs:10:47
[INFO] [stdout]    |
[INFO] [stdout] 10 |     pub const fn convert<T: LinkType + ~const Integral + ~const Sub>(&self, source: T) -> T {
[INFO] [stdout]    |                                               ^^^^^^^^
[INFO] [stdout] 
[INFO] [stdout] 
[INFO] [stdout] error: `~const` can only be applied to `#[const_trait]` traits
[INFO] [stdout]   --> src/converters.rs:10:65
[INFO] [stdout]    |
[INFO] [stdout] 10 |     pub const fn convert<T: LinkType + ~const Integral + ~const Sub>(&self, source: T) -> T {
[INFO] [stdout]    |                                                                 ^^^
[INFO] [stdout] 
[INFO] [stdout] 
[INFO] [stdout] error: `~const` can only be applied to `#[const_trait]` traits
[INFO] [stdout]   --> src/converters.rs:19:47
[INFO] [stdout]    |
[INFO] [stdout] 19 |     pub const fn convert<T: LinkType + ~const Integral + ~const Sub>(&self, source: T) -> T {
[INFO] [stdout]    |                                               ^^^^^^^^
[INFO] [stdout] 
[INFO] [stdout] 
[INFO] [stdout] error: `~const` can only be applied to `#[const_trait]` traits
[INFO] [stdout]   --> src/converters.rs:19:65
[INFO] [stdout]    |
[INFO] [stdout] 19 |     pub const fn convert<T: LinkType + ~const Integral + ~const Sub>(&self, source: T) -> T {
[INFO] [stdout]    |                                                                 ^^^
[INFO] [stdout] 
[INFO] [stdout] 
[INFO] [stdout] error: `~const` can only be applied to `#[const_trait]` traits
[INFO] [stdout]   --> src/hybrid.rs:17:19
[INFO] [stdout]    |
[INFO] [stdout] 17 |         T: ~const Div<Output = T>,
[INFO] [stdout]    |                   ^^^^^^^^^^^^^^^
[INFO] [stdout] 
[INFO] [stdout] 
[INFO] [stdout] error: `~const` can only be applied to `#[const_trait]` traits
[INFO] [stdout]   --> src/hybrid.rs:24:19
[INFO] [stdout]    |
[INFO] [stdout] 24 |         T: ~const Integral + ~const Sub,
[INFO] [stdout]    |                   ^^^^^^^^
[INFO] [stdout] 
[INFO] [stdout] 
[INFO] [stdout] error: `~const` can only be applied to `#[const_trait]` traits
[INFO] [stdout]   --> src/hybrid.rs:24:37
[INFO] [stdout]    |
[INFO] [stdout] 24 |         T: ~const Integral + ~const Sub,
[INFO] [stdout]    |                                     ^^^
[INFO] [stdout] 
[INFO] [stdout] 
[INFO] [stdout] error: `~const` can only be applied to `#[const_trait]` traits
[INFO] [stdout]   --> src/hybrid.rs:37:19
[INFO] [stdout]    |
[INFO] [stdout] 37 |         T: ~const Integral + ~const Sub,
[INFO] [stdout]    |                   ^^^^^^^^
[INFO] [stdout] 
[INFO] [stdout] 
[INFO] [stdout] error: `~const` can only be applied to `#[const_trait]` traits
[INFO] [stdout]   --> src/hybrid.rs:37:37
[INFO] [stdout]    |
[INFO] [stdout] 37 |         T: ~const Integral + ~const Sub,
[INFO] [stdout]    |                                     ^^^
[INFO] [stdout] 
[INFO] [stdout] 
[INFO] [stdout] error: `~const` can only be applied to `#[const_trait]` traits
[INFO] [stdout]   --> src/hybrid.rs:44:19
[INFO] [stdout]    |
[INFO] [stdout] 44 |         T: ~const Default + ~const PartialEq,
[INFO] [stdout]    |                   ^^^^^^^
[INFO] [stdout] 
[INFO] [stdout] 
[INFO] [stdout] error: `~const` can only be applied to `#[const_trait]` traits
[INFO] [stdout]   --> src/hybrid.rs:51:19
[INFO] [stdout]    |
[INFO] [stdout] 51 |         T: ~const Div + ~const PartialOrd,
[INFO] [stdout]    |                   ^^^
[INFO] [stdout] 
[INFO] [stdout] 
[INFO] [stdout] error: `~const` can only be applied to `#[const_trait]` traits
[INFO] [stdout]   --> src/hybrid.rs:51:32
[INFO] [stdout]    |
[INFO] [stdout] 51 |         T: ~const Div + ~const PartialOrd,
[INFO] [stdout]    |                                ^^^^^^^^^^
[INFO] [stdout] 
[INFO] [stdout] 
[INFO] [stdout] error: `~const` can only be applied to `#[const_trait]` traits
[INFO] [stdout]   --> src/hybrid.rs:58:19
[INFO] [stdout]    |
[INFO] [stdout] 58 |         T: ~const Div + ~const PartialOrd + ~const PartialEq,
[INFO] [stdout]    |                   ^^^
[INFO] [stdout] 
[INFO] [stdout] 
[INFO] [stdout] error: `~const` can only be applied to `#[const_trait]` traits
[INFO] [stdout]   --> src/hybrid.rs:58:32
[INFO] [stdout]    |
[INFO] [stdout] 58 |         T: ~const Div + ~const PartialOrd + ~const PartialEq,
[INFO] [stdout]    |                                ^^^^^^^^^^
[INFO] [stdout] 
[INFO] [stdout] 
[INFO] [stdout] error: `~const` can only be applied to `#[const_trait]` traits
[INFO] [stdout]   --> src/hybrid.rs:65:19
[INFO] [stdout]    |
[INFO] [stdout] 65 |         T: ~const Integral,
[INFO] [stdout]    |                   ^^^^^^^^
[INFO] [stdout] 
[INFO] [stdout] 
[INFO] [stdout] error: aborting due to 22 previous errors; 1 warning emitted
[INFO] [stdout] 
[INFO] [stdout] 
[INFO] [stdout] Some errors have detailed explanations: E0432, E0635, E0658.
[INFO] [stdout] 
[INFO] [stdout] For more information about an error, try `rustc --explain E0432`.
[INFO] [stdout] 
[INFO] [stderr] error: could not compile `platform-data` (lib) due to 23 previous errors; 1 warning emitted
[INFO] [stderr] warning: build failed, waiting for other jobs to finish...
[INFO] running `Command { std: "docker" "inspect" "fbe5b30e76440b913c2534ac9ccb0e2ac27ecee78b16c4f16456a6f62ab427ad", kill_on_drop: false }`
[INFO] running `Command { std: "docker" "rm" "-f" "fbe5b30e76440b913c2534ac9ccb0e2ac27ecee78b16c4f16456a6f62ab427ad", kill_on_drop: false }`
[INFO] [stdout] fbe5b30e76440b913c2534ac9ccb0e2ac27ecee78b16c4f16456a6f62ab427ad
