[INFO] fetching crate pixset 0.0.6...
[INFO] checking pixset-0.0.6 against nightly-2024-02-05 for check-cfg
[INFO] extracting crate pixset 0.0.6 into /workspace/builds/worker-4-tc1/source
[INFO] validating manifest of crates.io crate pixset 0.0.6 on toolchain nightly-2024-02-05
[INFO] running `Command { std: CARGO_HOME="/workspace/cargo-home" RUSTUP_HOME="/workspace/rustup-home" "/workspace/cargo-home/bin/cargo" "+nightly-2024-02-05" "metadata" "--manifest-path" "Cargo.toml" "--no-deps", kill_on_drop: false }`
[INFO] started tweaking crates.io crate pixset 0.0.6
[INFO] finished tweaking crates.io crate pixset 0.0.6
[INFO] tweaked toml for crates.io crate pixset 0.0.6 written to /workspace/builds/worker-4-tc1/source/Cargo.toml
[INFO] running `Command { std: CARGO_HOME="/workspace/cargo-home" RUSTUP_HOME="/workspace/rustup-home" "/workspace/cargo-home/bin/cargo" "+nightly-2024-02-05" "generate-lockfile" "--manifest-path" "Cargo.toml", kill_on_drop: false }`
[INFO] [stderr]     Updating crates.io index
[INFO] running `Command { std: CARGO_HOME="/workspace/cargo-home" RUSTUP_HOME="/workspace/rustup-home" "/workspace/cargo-home/bin/cargo" "+nightly-2024-02-05" "fetch" "--manifest-path" "Cargo.toml", kill_on_drop: false }`
[INFO] [stderr]  Downloading crates ...
[INFO] [stderr]   Downloaded pixset_derive v0.0.5
[INFO] running `Command { std: "docker" "create" "-v" "/var/lib/crater-agent-workspace/builds/worker-4-tc1/target:/opt/rustwide/target:rw,Z" "-v" "/var/lib/crater-agent-workspace/builds/worker-4-tc1/source:/opt/rustwide/workdir:ro,Z" "-v" "/var/lib/crater-agent-workspace/cargo-home:/opt/rustwide/cargo-home:ro,Z" "-v" "/var/lib/crater-agent-workspace/rustup-home:/opt/rustwide/rustup-home:ro,Z" "-e" "SOURCE_DIR=/opt/rustwide/workdir" "-e" "CARGO_TARGET_DIR=/opt/rustwide/target" "-e" "CARGO_HOME=/opt/rustwide/cargo-home" "-e" "RUSTUP_HOME=/opt/rustwide/rustup-home" "-w" "/opt/rustwide/workdir" "-m" "1610612736" "--user" "0:0" "--network" "none" "ghcr.io/rust-lang/crates-build-env/linux@sha256:2788e3201cd34a07e3172128adcd8b3090168a8e3bcc40d7c032b9dda1df7d1c" "/opt/rustwide/cargo-home/bin/cargo" "+nightly-2024-02-05" "metadata" "--no-deps" "--format-version=1", kill_on_drop: false }`
[INFO] [stdout] 96a7013d13a66750593047069840814fd760307bf33a2e65f60119e761a65a3a
[INFO] running `Command { std: "docker" "start" "-a" "96a7013d13a66750593047069840814fd760307bf33a2e65f60119e761a65a3a", kill_on_drop: false }`
[INFO] running `Command { std: "docker" "inspect" "96a7013d13a66750593047069840814fd760307bf33a2e65f60119e761a65a3a", kill_on_drop: false }`
[INFO] running `Command { std: "docker" "rm" "-f" "96a7013d13a66750593047069840814fd760307bf33a2e65f60119e761a65a3a", kill_on_drop: false }`
[INFO] [stdout] 96a7013d13a66750593047069840814fd760307bf33a2e65f60119e761a65a3a
[INFO] running `Command { std: "docker" "create" "-v" "/var/lib/crater-agent-workspace/builds/worker-4-tc1/target:/opt/rustwide/target:rw,Z" "-v" "/var/lib/crater-agent-workspace/builds/worker-4-tc1/source:/opt/rustwide/workdir:ro,Z" "-v" "/var/lib/crater-agent-workspace/cargo-home:/opt/rustwide/cargo-home:ro,Z" "-v" "/var/lib/crater-agent-workspace/rustup-home:/opt/rustwide/rustup-home:ro,Z" "-e" "SOURCE_DIR=/opt/rustwide/workdir" "-e" "CARGO_TARGET_DIR=/opt/rustwide/target" "-e" "CARGO_INCREMENTAL=0" "-e" "RUST_BACKTRACE=full" "-e" "RUSTFLAGS=--cap-lints=forbid" "-e" "RUSTDOCFLAGS=--cap-lints=forbid" "-e" "CARGO_HOME=/opt/rustwide/cargo-home" "-e" "RUSTUP_HOME=/opt/rustwide/rustup-home" "-w" "/opt/rustwide/workdir" "-m" "1610612736" "--user" "0:0" "--network" "none" "ghcr.io/rust-lang/crates-build-env/linux@sha256:2788e3201cd34a07e3172128adcd8b3090168a8e3bcc40d7c032b9dda1df7d1c" "/opt/rustwide/cargo-home/bin/cargo" "+nightly-2024-02-05" "check" "--frozen" "--all" "--all-targets" "--message-format=json", kill_on_drop: false }`
[INFO] [stdout] af7e15559d8159ce669bb1cd66d2a34a350892af5572487980e13afa342bef02
[INFO] running `Command { std: "docker" "start" "-a" "af7e15559d8159ce669bb1cd66d2a34a350892af5572487980e13afa342bef02", kill_on_drop: false }`
[INFO] [stderr]    Compiling unicode-xid v0.0.4
[INFO] [stderr]    Compiling quote v0.3.15
[INFO] [stderr]    Compiling synom v0.11.3
[INFO] [stderr]    Compiling syn v0.11.11
[INFO] [stderr]    Compiling pixset_derive v0.0.5
[INFO] [stderr]     Checking pixset v0.0.6 (/opt/rustwide/workdir)
[INFO] [stdout] error[E0433]: failed to resolve: could not find `Str` in `pixset`
[INFO] [stdout]   --> benches/benches.rs:11:40
[INFO] [stdout]    |
[INFO] [stdout] 11 |         for (_pix, _offset) in pixset::Str::from("Yo, Dawg;").iter() {}
[INFO] [stdout]    |                                        ^^^ could not find `Str` in `pixset`
[INFO] [stdout] 
[INFO] [stdout] 
[INFO] [stdout] error[E0433]: failed to resolve: could not find `Pixset` in `pixset`
[INFO] [stdout]   --> benches/benches.rs:17:26
[INFO] [stdout]    |
[INFO] [stdout] 17 |     let pixset = pixset::Pixset::new(100, 16);
[INFO] [stdout]    |                          ^^^^^^ could not find `Pixset` in `pixset`
[INFO] [stdout] 
[INFO] [stdout] 
[INFO] [stdout] error: aborting due to 2 previous errors
[INFO] [stdout] 
[INFO] [stdout] 
[INFO] [stdout] For more information about this error, try `rustc --explain E0433`.
[INFO] [stdout] 
[INFO] [stderr] error: could not compile `pixset` (bench "benches") due to 3 previous errors
[INFO] [stderr] warning: build failed, waiting for other jobs to finish...
[INFO] running `Command { std: "docker" "inspect" "af7e15559d8159ce669bb1cd66d2a34a350892af5572487980e13afa342bef02", kill_on_drop: false }`
[INFO] running `Command { std: "docker" "rm" "-f" "af7e15559d8159ce669bb1cd66d2a34a350892af5572487980e13afa342bef02", kill_on_drop: false }`
[INFO] [stdout] af7e15559d8159ce669bb1cd66d2a34a350892af5572487980e13afa342bef02
[INFO] checking pixset-0.0.6 against nightly-2024-02-05+rustflags=-Dunexpected_cfgs+cargoflags=-Zcheck-cfg for check-cfg
[INFO] extracting crate pixset 0.0.6 into /workspace/builds/worker-4-tc2/source
[INFO] validating manifest of crates.io crate pixset 0.0.6 on toolchain nightly-2024-02-05
[INFO] running `Command { std: CARGO_HOME="/workspace/cargo-home" RUSTUP_HOME="/workspace/rustup-home" "/workspace/cargo-home/bin/cargo" "+nightly-2024-02-05" "metadata" "--manifest-path" "Cargo.toml" "--no-deps", kill_on_drop: false }`
[INFO] started tweaking crates.io crate pixset 0.0.6
[INFO] finished tweaking crates.io crate pixset 0.0.6
[INFO] tweaked toml for crates.io crate pixset 0.0.6 written to /workspace/builds/worker-4-tc2/source/Cargo.toml
[INFO] running `Command { std: CARGO_HOME="/workspace/cargo-home" RUSTUP_HOME="/workspace/rustup-home" "/workspace/cargo-home/bin/cargo" "+nightly-2024-02-05" "generate-lockfile" "--manifest-path" "Cargo.toml", kill_on_drop: false }`
[INFO] [stderr]     Updating crates.io index
[INFO] running `Command { std: CARGO_HOME="/workspace/cargo-home" RUSTUP_HOME="/workspace/rustup-home" "/workspace/cargo-home/bin/cargo" "+nightly-2024-02-05" "fetch" "--manifest-path" "Cargo.toml", kill_on_drop: false }`
[INFO] running `Command { std: "docker" "create" "-v" "/var/lib/crater-agent-workspace/builds/worker-4-tc2/target:/opt/rustwide/target:rw,Z" "-v" "/var/lib/crater-agent-workspace/builds/worker-4-tc2/source:/opt/rustwide/workdir:ro,Z" "-v" "/var/lib/crater-agent-workspace/cargo-home:/opt/rustwide/cargo-home:ro,Z" "-v" "/var/lib/crater-agent-workspace/rustup-home:/opt/rustwide/rustup-home:ro,Z" "-e" "SOURCE_DIR=/opt/rustwide/workdir" "-e" "CARGO_TARGET_DIR=/opt/rustwide/target" "-e" "CARGO_HOME=/opt/rustwide/cargo-home" "-e" "RUSTUP_HOME=/opt/rustwide/rustup-home" "-w" "/opt/rustwide/workdir" "-m" "1610612736" "--user" "0:0" "--network" "none" "ghcr.io/rust-lang/crates-build-env/linux@sha256:2788e3201cd34a07e3172128adcd8b3090168a8e3bcc40d7c032b9dda1df7d1c" "/opt/rustwide/cargo-home/bin/cargo" "+nightly-2024-02-05" "metadata" "--no-deps" "--format-version=1", kill_on_drop: false }`
[INFO] [stdout] 543e8efe18c763b2f802d975c4b020480f6f597dd3f96ce137a06e08e041b620
[INFO] running `Command { std: "docker" "start" "-a" "543e8efe18c763b2f802d975c4b020480f6f597dd3f96ce137a06e08e041b620", kill_on_drop: false }`
[INFO] running `Command { std: "docker" "inspect" "543e8efe18c763b2f802d975c4b020480f6f597dd3f96ce137a06e08e041b620", kill_on_drop: false }`
[INFO] running `Command { std: "docker" "rm" "-f" "543e8efe18c763b2f802d975c4b020480f6f597dd3f96ce137a06e08e041b620", kill_on_drop: false }`
[INFO] [stdout] 543e8efe18c763b2f802d975c4b020480f6f597dd3f96ce137a06e08e041b620
[INFO] running `Command { std: "docker" "create" "-v" "/var/lib/crater-agent-workspace/builds/worker-4-tc2/target:/opt/rustwide/target:rw,Z" "-v" "/var/lib/crater-agent-workspace/builds/worker-4-tc2/source:/opt/rustwide/workdir:ro,Z" "-v" "/var/lib/crater-agent-workspace/cargo-home:/opt/rustwide/cargo-home:ro,Z" "-v" "/var/lib/crater-agent-workspace/rustup-home:/opt/rustwide/rustup-home:ro,Z" "-e" "SOURCE_DIR=/opt/rustwide/workdir" "-e" "CARGO_TARGET_DIR=/opt/rustwide/target" "-e" "CARGO_INCREMENTAL=0" "-e" "RUST_BACKTRACE=full" "-e" "RUSTFLAGS=--cap-lints=forbid -Dunexpected_cfgs" "-e" "RUSTDOCFLAGS=--cap-lints=forbid" "-e" "CARGO_HOME=/opt/rustwide/cargo-home" "-e" "RUSTUP_HOME=/opt/rustwide/rustup-home" "-w" "/opt/rustwide/workdir" "-m" "1610612736" "--user" "0:0" "--network" "none" "ghcr.io/rust-lang/crates-build-env/linux@sha256:2788e3201cd34a07e3172128adcd8b3090168a8e3bcc40d7c032b9dda1df7d1c" "/opt/rustwide/cargo-home/bin/cargo" "+nightly-2024-02-05" "check" "--frozen" "--all" "--all-targets" "--message-format=json" "-Zcheck-cfg", kill_on_drop: false }`
[INFO] [stdout] e49ac7bfc64c953922bc7948c5bbcbdeaeb79192d80572b081abebf0801c2798
[INFO] running `Command { std: "docker" "start" "-a" "e49ac7bfc64c953922bc7948c5bbcbdeaeb79192d80572b081abebf0801c2798", kill_on_drop: false }`
[INFO] [stderr]    Compiling unicode-xid v0.0.4
[INFO] [stderr]    Compiling quote v0.3.15
[INFO] [stderr]    Compiling synom v0.11.3
[INFO] [stderr]    Compiling syn v0.11.11
[INFO] [stderr]    Compiling pixset_derive v0.0.5
[INFO] [stderr]     Checking pixset v0.0.6 (/opt/rustwide/workdir)
[INFO] [stdout] error[E0433]: failed to resolve: could not find `Str` in `pixset`
[INFO] [stdout]   --> benches/benches.rs:11:40
[INFO] [stdout]    |
[INFO] [stdout] 11 |         for (_pix, _offset) in pixset::Str::from("Yo, Dawg;").iter() {}
[INFO] [stdout]    |                                        ^^^ could not find `Str` in `pixset`
[INFO] [stdout] 
[INFO] [stdout] 
[INFO] [stdout] error[E0433]: failed to resolve: could not find `Pixset` in `pixset`
[INFO] [stdout]   --> benches/benches.rs:17:26
[INFO] [stdout]    |
[INFO] [stdout] 17 |     let pixset = pixset::Pixset::new(100, 16);
[INFO] [stdout]    |                          ^^^^^^ could not find `Pixset` in `pixset`
[INFO] [stdout] 
[INFO] [stdout] 
[INFO] [stdout] error: aborting due to 2 previous errors
[INFO] [stdout] 
[INFO] [stdout] 
[INFO] [stdout] For more information about this error, try `rustc --explain E0433`.
[INFO] [stdout] 
[INFO] [stderr] error: could not compile `pixset` (bench "benches") due to 3 previous errors
[INFO] running `Command { std: "docker" "inspect" "e49ac7bfc64c953922bc7948c5bbcbdeaeb79192d80572b081abebf0801c2798", kill_on_drop: false }`
[INFO] running `Command { std: "docker" "rm" "-f" "e49ac7bfc64c953922bc7948c5bbcbdeaeb79192d80572b081abebf0801c2798", kill_on_drop: false }`
[INFO] [stdout] e49ac7bfc64c953922bc7948c5bbcbdeaeb79192d80572b081abebf0801c2798
