[INFO] fetching crate pio 0.2.1...
[INFO] checking pio-0.2.1 against nightly-2024-02-05 for check-cfg
[INFO] extracting crate pio 0.2.1 into /workspace/builds/worker-4-tc1/source
[INFO] validating manifest of crates.io crate pio 0.2.1 on toolchain nightly-2024-02-05
[INFO] running `Command { std: CARGO_HOME="/workspace/cargo-home" RUSTUP_HOME="/workspace/rustup-home" "/workspace/cargo-home/bin/cargo" "+nightly-2024-02-05" "metadata" "--manifest-path" "Cargo.toml" "--no-deps", kill_on_drop: false }`
[INFO] started tweaking crates.io crate pio 0.2.1
[INFO] finished tweaking crates.io crate pio 0.2.1
[INFO] tweaked toml for crates.io crate pio 0.2.1 written to /workspace/builds/worker-4-tc1/source/Cargo.toml
[INFO] running `Command { std: CARGO_HOME="/workspace/cargo-home" RUSTUP_HOME="/workspace/rustup-home" "/workspace/cargo-home/bin/cargo" "+nightly-2024-02-05" "generate-lockfile" "--manifest-path" "Cargo.toml", kill_on_drop: false }`
[INFO] [stderr]     Updating crates.io index
[INFO] running `Command { std: CARGO_HOME="/workspace/cargo-home" RUSTUP_HOME="/workspace/rustup-home" "/workspace/cargo-home/bin/cargo" "+nightly-2024-02-05" "fetch" "--manifest-path" "Cargo.toml", kill_on_drop: false }`
[INFO] running `Command { std: "docker" "create" "-v" "/var/lib/crater-agent-workspace/builds/worker-4-tc1/target:/opt/rustwide/target:rw,Z" "-v" "/var/lib/crater-agent-workspace/builds/worker-4-tc1/source:/opt/rustwide/workdir:ro,Z" "-v" "/var/lib/crater-agent-workspace/cargo-home:/opt/rustwide/cargo-home:ro,Z" "-v" "/var/lib/crater-agent-workspace/rustup-home:/opt/rustwide/rustup-home:ro,Z" "-e" "SOURCE_DIR=/opt/rustwide/workdir" "-e" "CARGO_TARGET_DIR=/opt/rustwide/target" "-e" "CARGO_HOME=/opt/rustwide/cargo-home" "-e" "RUSTUP_HOME=/opt/rustwide/rustup-home" "-w" "/opt/rustwide/workdir" "-m" "1610612736" "--user" "0:0" "--network" "none" "ghcr.io/rust-lang/crates-build-env/linux@sha256:2788e3201cd34a07e3172128adcd8b3090168a8e3bcc40d7c032b9dda1df7d1c" "/opt/rustwide/cargo-home/bin/cargo" "+nightly-2024-02-05" "metadata" "--no-deps" "--format-version=1", kill_on_drop: false }`
[INFO] [stdout] 4b9be5e70b67d8d57c74b33d69aa8a4eb2f6577574d9eab20401bfd7f1874f9c
[INFO] running `Command { std: "docker" "start" "-a" "4b9be5e70b67d8d57c74b33d69aa8a4eb2f6577574d9eab20401bfd7f1874f9c", kill_on_drop: false }`
[INFO] running `Command { std: "docker" "inspect" "4b9be5e70b67d8d57c74b33d69aa8a4eb2f6577574d9eab20401bfd7f1874f9c", kill_on_drop: false }`
[INFO] running `Command { std: "docker" "rm" "-f" "4b9be5e70b67d8d57c74b33d69aa8a4eb2f6577574d9eab20401bfd7f1874f9c", kill_on_drop: false }`
[INFO] [stdout] 4b9be5e70b67d8d57c74b33d69aa8a4eb2f6577574d9eab20401bfd7f1874f9c
[INFO] running `Command { std: "docker" "create" "-v" "/var/lib/crater-agent-workspace/builds/worker-4-tc1/target:/opt/rustwide/target:rw,Z" "-v" "/var/lib/crater-agent-workspace/builds/worker-4-tc1/source:/opt/rustwide/workdir:ro,Z" "-v" "/var/lib/crater-agent-workspace/cargo-home:/opt/rustwide/cargo-home:ro,Z" "-v" "/var/lib/crater-agent-workspace/rustup-home:/opt/rustwide/rustup-home:ro,Z" "-e" "SOURCE_DIR=/opt/rustwide/workdir" "-e" "CARGO_TARGET_DIR=/opt/rustwide/target" "-e" "CARGO_INCREMENTAL=0" "-e" "RUST_BACKTRACE=full" "-e" "RUSTFLAGS=--cap-lints=forbid" "-e" "RUSTDOCFLAGS=--cap-lints=forbid" "-e" "CARGO_HOME=/opt/rustwide/cargo-home" "-e" "RUSTUP_HOME=/opt/rustwide/rustup-home" "-w" "/opt/rustwide/workdir" "-m" "1610612736" "--user" "0:0" "--network" "none" "ghcr.io/rust-lang/crates-build-env/linux@sha256:2788e3201cd34a07e3172128adcd8b3090168a8e3bcc40d7c032b9dda1df7d1c" "/opt/rustwide/cargo-home/bin/cargo" "+nightly-2024-02-05" "check" "--frozen" "--all" "--all-targets" "--message-format=json", kill_on_drop: false }`
[INFO] [stdout] 5585f35bb9e30d820fe410e39e661bd5e122d622408f2319289626972ac45f9f
[INFO] running `Command { std: "docker" "start" "-a" "5585f35bb9e30d820fe410e39e661bd5e122d622408f2319289626972ac45f9f", kill_on_drop: false }`
[INFO] [stderr]    Compiling proc-macro2 v0.4.30
[INFO] [stderr]    Compiling syn v1.0.109
[INFO] [stderr]    Compiling unicode-xid v0.1.0
[INFO] [stderr]    Compiling paste v1.0.14
[INFO] [stderr]    Compiling syn v0.15.44
[INFO] [stderr]     Checking arrayvec v0.7.4
[INFO] [stderr]     Checking ansi_term v0.11.0
[INFO] [stderr]     Checking difference v2.0.0
[INFO] [stderr]    Compiling glob v0.3.1
[INFO] [stderr]     Checking pretty_assertions v0.6.1
[INFO] [stderr]    Compiling quote v0.6.13
[INFO] [stderr]    Compiling num_enum_derive v0.5.11
[INFO] [stderr]     Checking num_enum v0.5.11
[INFO] [stderr]     Checking pio v0.2.1 (/opt/rustwide/workdir)
[INFO] [stderr]    Compiling test-generator v0.3.1
[INFO] [stdout] error[E0433]: failed to resolve: use of undeclared crate or module `pio_proc`
[INFO] [stdout]   --> tests/proc.rs:44:13
[INFO] [stdout]    |
[INFO] [stdout] 44 |     let p = pio_proc::pio_asm!(
[INFO] [stdout]    |             ^^^^^^^^ use of undeclared crate or module `pio_proc`
[INFO] [stdout] 
[INFO] [stdout] 
[INFO] [stdout] error[E0433]: failed to resolve: use of undeclared crate or module `pio_proc`
[INFO] [stdout]   --> tests/proc.rs:30:13
[INFO] [stdout]    |
[INFO] [stdout] 30 |     let p = pio_proc::pio_asm!("label:", "jmp label", options(max_program_size = 1));
[INFO] [stdout]    |             ^^^^^^^^ use of undeclared crate or module `pio_proc`
[INFO] [stdout] 
[INFO] [stdout] 
[INFO] [stdout] error[E0433]: failed to resolve: use of undeclared crate or module `pio_proc`
[INFO] [stdout]  --> tests/proc.rs:8:14
[INFO] [stdout]   |
[INFO] [stdout] 8 |     let p2 = pio_proc::pio_file!(
[INFO] [stdout]   |              ^^^^^^^^ use of undeclared crate or module `pio_proc`
[INFO] [stdout] 
[INFO] [stdout] 
[INFO] [stdout] error[E0433]: failed to resolve: use of undeclared crate or module `pio_proc`
[INFO] [stdout]  --> tests/proc.rs:3:13
[INFO] [stdout]   |
[INFO] [stdout] 3 |     let p = pio_proc::pio_file!(
[INFO] [stdout]   |             ^^^^^^^^ use of undeclared crate or module `pio_proc`
[INFO] [stdout] 
[INFO] [stdout] 
[INFO] [stdout] error[E0433]: failed to resolve: use of undeclared crate or module `pio_proc`
[INFO] [stdout]   --> tests/proc.rs:84:5
[INFO] [stdout]    |
[INFO] [stdout] 84 |     pio_proc::pio_asm!(
[INFO] [stdout]    |     ^^^^^^^^ use of undeclared crate or module `pio_proc`
[INFO] [stdout] 
[INFO] [stdout] 
[INFO] [stdout] error[E0433]: failed to resolve: use of undeclared crate or module `pio_proc`
[INFO] [stdout]   --> tests/proc.rs:81:5
[INFO] [stdout]    |
[INFO] [stdout] 81 |     pio_proc::pio_asm!("label:", "jmp label", options(max_program_size = 10 + 20));
[INFO] [stdout]    |     ^^^^^^^^ use of undeclared crate or module `pio_proc`
[INFO] [stdout] 
[INFO] [stdout] 
[INFO] [stdout] error[E0433]: failed to resolve: use of undeclared crate or module `pio_proc`
[INFO] [stdout]   --> tests/proc.rs:74:5
[INFO] [stdout]    |
[INFO] [stdout] 74 |     pio_proc::pio_asm!(
[INFO] [stdout]    |     ^^^^^^^^ use of undeclared crate or module `pio_proc`
[INFO] [stdout] 
[INFO] [stdout] 
[INFO] [stdout] error[E0433]: failed to resolve: use of undeclared crate or module `pio_proc`
[INFO] [stdout]   --> tests/proc.rs:70:5
[INFO] [stdout]    |
[INFO] [stdout] 70 |     pio_proc::pio_asm!("label:", "jmp label", options(max_program_size = 32));
[INFO] [stdout]    |     ^^^^^^^^ use of undeclared crate or module `pio_proc`
[INFO] [stdout] 
[INFO] [stdout] 
[INFO] [stdout] error: aborting due to 8 previous errors
[INFO] [stdout] 
[INFO] [stdout] 
[INFO] [stdout] For more information about this error, try `rustc --explain E0433`.
[INFO] [stdout] 
[INFO] [stderr] error: could not compile `pio` (test "proc") due to 9 previous errors
[INFO] [stderr] warning: build failed, waiting for other jobs to finish...
[INFO] [stdout] error[E0433]: failed to resolve: use of undeclared crate or module `pio_parser`
[INFO] [stdout]   --> tests/pico-examples.rs:11:9
[INFO] [stdout]    |
[INFO] [stdout] 11 |         pio_parser::Parser::<{ pio::RP2040_MAX_PROGRAM_SIZE }>::parse_file(&program_source)
[INFO] [stdout]    |         ^^^^^^^^^^ use of undeclared crate or module `pio_parser`
[INFO] [stdout] 
[INFO] [stdout] 
[INFO] [stdout] error: aborting due to 1 previous error
[INFO] [stdout] 
[INFO] [stdout] 
[INFO] [stdout] For more information about this error, try `rustc --explain E0433`.
[INFO] [stdout] 
[INFO] [stderr] error: could not compile `pio` (test "pico-examples") due to 2 previous errors
[INFO] running `Command { std: "docker" "inspect" "5585f35bb9e30d820fe410e39e661bd5e122d622408f2319289626972ac45f9f", kill_on_drop: false }`
[INFO] running `Command { std: "docker" "rm" "-f" "5585f35bb9e30d820fe410e39e661bd5e122d622408f2319289626972ac45f9f", kill_on_drop: false }`
[INFO] [stdout] 5585f35bb9e30d820fe410e39e661bd5e122d622408f2319289626972ac45f9f
[INFO] checking pio-0.2.1 against nightly-2024-02-05+rustflags=-Dunexpected_cfgs+cargoflags=-Zcheck-cfg for check-cfg
[INFO] extracting crate pio 0.2.1 into /workspace/builds/worker-4-tc2/source
[INFO] validating manifest of crates.io crate pio 0.2.1 on toolchain nightly-2024-02-05
[INFO] running `Command { std: CARGO_HOME="/workspace/cargo-home" RUSTUP_HOME="/workspace/rustup-home" "/workspace/cargo-home/bin/cargo" "+nightly-2024-02-05" "metadata" "--manifest-path" "Cargo.toml" "--no-deps", kill_on_drop: false }`
[INFO] started tweaking crates.io crate pio 0.2.1
[INFO] finished tweaking crates.io crate pio 0.2.1
[INFO] tweaked toml for crates.io crate pio 0.2.1 written to /workspace/builds/worker-4-tc2/source/Cargo.toml
[INFO] running `Command { std: CARGO_HOME="/workspace/cargo-home" RUSTUP_HOME="/workspace/rustup-home" "/workspace/cargo-home/bin/cargo" "+nightly-2024-02-05" "generate-lockfile" "--manifest-path" "Cargo.toml", kill_on_drop: false }`
[INFO] [stderr]     Updating crates.io index
[INFO] running `Command { std: CARGO_HOME="/workspace/cargo-home" RUSTUP_HOME="/workspace/rustup-home" "/workspace/cargo-home/bin/cargo" "+nightly-2024-02-05" "fetch" "--manifest-path" "Cargo.toml", kill_on_drop: false }`
[INFO] running `Command { std: "docker" "create" "-v" "/var/lib/crater-agent-workspace/builds/worker-4-tc2/target:/opt/rustwide/target:rw,Z" "-v" "/var/lib/crater-agent-workspace/builds/worker-4-tc2/source:/opt/rustwide/workdir:ro,Z" "-v" "/var/lib/crater-agent-workspace/cargo-home:/opt/rustwide/cargo-home:ro,Z" "-v" "/var/lib/crater-agent-workspace/rustup-home:/opt/rustwide/rustup-home:ro,Z" "-e" "SOURCE_DIR=/opt/rustwide/workdir" "-e" "CARGO_TARGET_DIR=/opt/rustwide/target" "-e" "CARGO_HOME=/opt/rustwide/cargo-home" "-e" "RUSTUP_HOME=/opt/rustwide/rustup-home" "-w" "/opt/rustwide/workdir" "-m" "1610612736" "--user" "0:0" "--network" "none" "ghcr.io/rust-lang/crates-build-env/linux@sha256:2788e3201cd34a07e3172128adcd8b3090168a8e3bcc40d7c032b9dda1df7d1c" "/opt/rustwide/cargo-home/bin/cargo" "+nightly-2024-02-05" "metadata" "--no-deps" "--format-version=1", kill_on_drop: false }`
[INFO] [stdout] fd8afe5cda7a59417f46b10436fc31977f8ad202ec769bb6acd8525772fe5c5f
[INFO] running `Command { std: "docker" "start" "-a" "fd8afe5cda7a59417f46b10436fc31977f8ad202ec769bb6acd8525772fe5c5f", kill_on_drop: false }`
[INFO] running `Command { std: "docker" "inspect" "fd8afe5cda7a59417f46b10436fc31977f8ad202ec769bb6acd8525772fe5c5f", kill_on_drop: false }`
[INFO] running `Command { std: "docker" "rm" "-f" "fd8afe5cda7a59417f46b10436fc31977f8ad202ec769bb6acd8525772fe5c5f", kill_on_drop: false }`
[INFO] [stdout] fd8afe5cda7a59417f46b10436fc31977f8ad202ec769bb6acd8525772fe5c5f
[INFO] running `Command { std: "docker" "create" "-v" "/var/lib/crater-agent-workspace/builds/worker-4-tc2/target:/opt/rustwide/target:rw,Z" "-v" "/var/lib/crater-agent-workspace/builds/worker-4-tc2/source:/opt/rustwide/workdir:ro,Z" "-v" "/var/lib/crater-agent-workspace/cargo-home:/opt/rustwide/cargo-home:ro,Z" "-v" "/var/lib/crater-agent-workspace/rustup-home:/opt/rustwide/rustup-home:ro,Z" "-e" "SOURCE_DIR=/opt/rustwide/workdir" "-e" "CARGO_TARGET_DIR=/opt/rustwide/target" "-e" "CARGO_INCREMENTAL=0" "-e" "RUST_BACKTRACE=full" "-e" "RUSTFLAGS=--cap-lints=forbid -Dunexpected_cfgs" "-e" "RUSTDOCFLAGS=--cap-lints=forbid" "-e" "CARGO_HOME=/opt/rustwide/cargo-home" "-e" "RUSTUP_HOME=/opt/rustwide/rustup-home" "-w" "/opt/rustwide/workdir" "-m" "1610612736" "--user" "0:0" "--network" "none" "ghcr.io/rust-lang/crates-build-env/linux@sha256:2788e3201cd34a07e3172128adcd8b3090168a8e3bcc40d7c032b9dda1df7d1c" "/opt/rustwide/cargo-home/bin/cargo" "+nightly-2024-02-05" "check" "--frozen" "--all" "--all-targets" "--message-format=json" "-Zcheck-cfg", kill_on_drop: false }`
[INFO] [stdout] ff5d387da4314d86e4f62c1453cecd7d3f4390bfb71af62154ecbe11d1e50551
[INFO] running `Command { std: "docker" "start" "-a" "ff5d387da4314d86e4f62c1453cecd7d3f4390bfb71af62154ecbe11d1e50551", kill_on_drop: false }`
[INFO] [stderr]    Compiling proc-macro2 v0.4.30
[INFO] [stderr]    Compiling syn v1.0.109
[INFO] [stderr]    Compiling unicode-xid v0.1.0
[INFO] [stderr]    Compiling paste v1.0.14
[INFO] [stderr]    Compiling syn v0.15.44
[INFO] [stderr]     Checking ansi_term v0.11.0
[INFO] [stderr]     Checking arrayvec v0.7.4
[INFO] [stderr]     Checking difference v2.0.0
[INFO] [stderr]    Compiling glob v0.3.1
[INFO] [stderr]     Checking pretty_assertions v0.6.1
[INFO] [stderr]    Compiling quote v0.6.13
[INFO] [stderr]    Compiling num_enum_derive v0.5.11
[INFO] [stderr]     Checking num_enum v0.5.11
[INFO] [stderr]     Checking pio v0.2.1 (/opt/rustwide/workdir)
[INFO] [stderr]    Compiling test-generator v0.3.1
[INFO] [stdout] error[E0433]: failed to resolve: use of undeclared crate or module `pio_proc`
[INFO] [stdout]   --> tests/proc.rs:44:13
[INFO] [stdout]    |
[INFO] [stdout] 44 |     let p = pio_proc::pio_asm!(
[INFO] [stdout]    |             ^^^^^^^^ use of undeclared crate or module `pio_proc`
[INFO] [stdout] 
[INFO] [stdout] 
[INFO] [stdout] error[E0433]: failed to resolve: use of undeclared crate or module `pio_proc`
[INFO] [stdout]   --> tests/proc.rs:30:13
[INFO] [stdout]    |
[INFO] [stdout] 30 |     let p = pio_proc::pio_asm!("label:", "jmp label", options(max_program_size = 1));
[INFO] [stdout]    |             ^^^^^^^^ use of undeclared crate or module `pio_proc`
[INFO] [stdout] 
[INFO] [stdout] 
[INFO] [stdout] error[E0433]: failed to resolve: use of undeclared crate or module `pio_proc`
[INFO] [stdout]  --> tests/proc.rs:8:14
[INFO] [stdout]   |
[INFO] [stdout] 8 |     let p2 = pio_proc::pio_file!(
[INFO] [stdout]   |              ^^^^^^^^ use of undeclared crate or module `pio_proc`
[INFO] [stdout] 
[INFO] [stdout] 
[INFO] [stdout] error[E0433]: failed to resolve: use of undeclared crate or module `pio_proc`
[INFO] [stdout]  --> tests/proc.rs:3:13
[INFO] [stdout]   |
[INFO] [stdout] 3 |     let p = pio_proc::pio_file!(
[INFO] [stdout]   |             ^^^^^^^^ use of undeclared crate or module `pio_proc`
[INFO] [stdout] 
[INFO] [stdout] 
[INFO] [stdout] error[E0433]: failed to resolve: use of undeclared crate or module `pio_proc`
[INFO] [stdout]   --> tests/proc.rs:84:5
[INFO] [stdout]    |
[INFO] [stdout] 84 |     pio_proc::pio_asm!(
[INFO] [stdout]    |     ^^^^^^^^ use of undeclared crate or module `pio_proc`
[INFO] [stdout] 
[INFO] [stdout] 
[INFO] [stdout] error[E0433]: failed to resolve: use of undeclared crate or module `pio_proc`
[INFO] [stdout]   --> tests/proc.rs:81:5
[INFO] [stdout]    |
[INFO] [stdout] 81 |     pio_proc::pio_asm!("label:", "jmp label", options(max_program_size = 10 + 20));
[INFO] [stdout]    |     ^^^^^^^^ use of undeclared crate or module `pio_proc`
[INFO] [stdout] 
[INFO] [stdout] 
[INFO] [stdout] error[E0433]: failed to resolve: use of undeclared crate or module `pio_proc`
[INFO] [stdout]   --> tests/proc.rs:74:5
[INFO] [stdout]    |
[INFO] [stdout] 74 |     pio_proc::pio_asm!(
[INFO] [stdout]    |     ^^^^^^^^ use of undeclared crate or module `pio_proc`
[INFO] [stdout] 
[INFO] [stdout] 
[INFO] [stdout] error[E0433]: failed to resolve: use of undeclared crate or module `pio_proc`
[INFO] [stdout]   --> tests/proc.rs:70:5
[INFO] [stdout]    |
[INFO] [stdout] 70 |     pio_proc::pio_asm!("label:", "jmp label", options(max_program_size = 32));
[INFO] [stdout]    |     ^^^^^^^^ use of undeclared crate or module `pio_proc`
[INFO] [stdout] 
[INFO] [stdout] 
[INFO] [stdout] error: aborting due to 8 previous errors
[INFO] [stdout] 
[INFO] [stdout] 
[INFO] [stdout] For more information about this error, try `rustc --explain E0433`.
[INFO] [stdout] 
[INFO] [stdout] error[E0433]: failed to resolve: use of undeclared crate or module `pio_parser`
[INFO] [stdout]   --> tests/pico-examples.rs:11:9
[INFO] [stdout]    |
[INFO] [stdout] 11 |         pio_parser::Parser::<{ pio::RP2040_MAX_PROGRAM_SIZE }>::parse_file(&program_source)
[INFO] [stdout]    |         ^^^^^^^^^^ use of undeclared crate or module `pio_parser`
[INFO] [stdout] 
[INFO] [stdout] 
[INFO] [stderr] error: could not compile `pio` (test "proc") due to 9 previous errors
[INFO] [stderr] warning: build failed, waiting for other jobs to finish...
[INFO] [stdout] error: aborting due to 1 previous error
[INFO] [stdout] 
[INFO] [stdout] 
[INFO] [stdout] For more information about this error, try `rustc --explain E0433`.
[INFO] [stdout] 
[INFO] [stderr] error: could not compile `pio` (test "pico-examples") due to 2 previous errors
[INFO] running `Command { std: "docker" "inspect" "ff5d387da4314d86e4f62c1453cecd7d3f4390bfb71af62154ecbe11d1e50551", kill_on_drop: false }`
[INFO] running `Command { std: "docker" "rm" "-f" "ff5d387da4314d86e4f62c1453cecd7d3f4390bfb71af62154ecbe11d1e50551", kill_on_drop: false }`
[INFO] [stdout] ff5d387da4314d86e4f62c1453cecd7d3f4390bfb71af62154ecbe11d1e50551
