[INFO] fetching crate pink-subrpc 0.5.0...
[INFO] checking pink-subrpc-0.5.0 against nightly-2024-02-05 for check-cfg
[INFO] extracting crate pink-subrpc 0.5.0 into /workspace/builds/worker-1-tc1/source
[INFO] validating manifest of crates.io crate pink-subrpc 0.5.0 on toolchain nightly-2024-02-05
[INFO] running `Command { std: CARGO_HOME="/workspace/cargo-home" RUSTUP_HOME="/workspace/rustup-home" "/workspace/cargo-home/bin/cargo" "+nightly-2024-02-05" "metadata" "--manifest-path" "Cargo.toml" "--no-deps", kill_on_drop: false }`
[INFO] started tweaking crates.io crate pink-subrpc 0.5.0
[INFO] finished tweaking crates.io crate pink-subrpc 0.5.0
[INFO] tweaked toml for crates.io crate pink-subrpc 0.5.0 written to /workspace/builds/worker-1-tc1/source/Cargo.toml
[INFO] running `Command { std: CARGO_HOME="/workspace/cargo-home" RUSTUP_HOME="/workspace/rustup-home" "/workspace/cargo-home/bin/cargo" "+nightly-2024-02-05" "generate-lockfile" "--manifest-path" "Cargo.toml", kill_on_drop: false }`
[INFO] [stderr]     Updating crates.io index
[INFO] running `Command { std: CARGO_HOME="/workspace/cargo-home" RUSTUP_HOME="/workspace/rustup-home" "/workspace/cargo-home/bin/cargo" "+nightly-2024-02-05" "fetch" "--manifest-path" "Cargo.toml", kill_on_drop: false }`
[INFO] [stderr]     Blocking waiting for file lock on package cache
[INFO] [stderr]  Downloading crates ...
[INFO] [stderr]   Downloaded ink_codegen v4.3.0
[INFO] [stderr]   Downloaded ink_metadata v4.3.0
[INFO] [stderr]   Downloaded ink_prelude v4.3.0
[INFO] [stderr]   Downloaded pink-types v0.1.0
[INFO] [stderr]   Downloaded pink-extension-macro v0.4.4
[INFO] [stderr]   Downloaded this-crate v0.1.0
[INFO] [stderr]   Downloaded pink-extension v0.5.1
[INFO] [stderr]   Downloaded ink_ir v4.3.0
[INFO] [stderr]   Downloaded ink_macro v4.3.0
[INFO] [stderr]   Downloaded ink_env v4.3.0
[INFO] [stderr]   Downloaded ink v4.3.0
[INFO] [stderr]   Downloaded ink_allocator v4.3.0
[INFO] [stderr]   Downloaded ink_storage_traits v4.3.0
[INFO] [stderr]   Downloaded ink_engine v4.3.0
[INFO] [stderr]   Downloaded unzip3 v1.0.0
[INFO] [stderr]   Downloaded pink-json v0.4.0
[INFO] [stderr]   Downloaded ink_storage v4.3.0
[INFO] [stderr]   Downloaded ink_primitives v4.3.0
[INFO] [stderr]   Downloaded rlibc v1.0.0
[INFO] running `Command { std: "docker" "create" "-v" "/var/lib/crater-agent-workspace/builds/worker-1-tc1/target:/opt/rustwide/target:rw,Z" "-v" "/var/lib/crater-agent-workspace/builds/worker-1-tc1/source:/opt/rustwide/workdir:ro,Z" "-v" "/var/lib/crater-agent-workspace/cargo-home:/opt/rustwide/cargo-home:ro,Z" "-v" "/var/lib/crater-agent-workspace/rustup-home:/opt/rustwide/rustup-home:ro,Z" "-e" "SOURCE_DIR=/opt/rustwide/workdir" "-e" "CARGO_TARGET_DIR=/opt/rustwide/target" "-e" "CARGO_HOME=/opt/rustwide/cargo-home" "-e" "RUSTUP_HOME=/opt/rustwide/rustup-home" "-w" "/opt/rustwide/workdir" "-m" "1610612736" "--user" "0:0" "--network" "none" "ghcr.io/rust-lang/crates-build-env/linux@sha256:2788e3201cd34a07e3172128adcd8b3090168a8e3bcc40d7c032b9dda1df7d1c" "/opt/rustwide/cargo-home/bin/cargo" "+nightly-2024-02-05" "metadata" "--no-deps" "--format-version=1", kill_on_drop: false }`
[INFO] [stdout] 01f5a4f61f342199154ba6f0af210b69cfcf526fe8a2cd8f1ec193138106150b
[INFO] running `Command { std: "docker" "start" "-a" "01f5a4f61f342199154ba6f0af210b69cfcf526fe8a2cd8f1ec193138106150b", kill_on_drop: false }`
[INFO] running `Command { std: "docker" "inspect" "01f5a4f61f342199154ba6f0af210b69cfcf526fe8a2cd8f1ec193138106150b", kill_on_drop: false }`
[INFO] running `Command { std: "docker" "rm" "-f" "01f5a4f61f342199154ba6f0af210b69cfcf526fe8a2cd8f1ec193138106150b", kill_on_drop: false }`
[INFO] [stdout] 01f5a4f61f342199154ba6f0af210b69cfcf526fe8a2cd8f1ec193138106150b
[INFO] running `Command { std: "docker" "create" "-v" "/var/lib/crater-agent-workspace/builds/worker-1-tc1/target:/opt/rustwide/target:rw,Z" "-v" "/var/lib/crater-agent-workspace/builds/worker-1-tc1/source:/opt/rustwide/workdir:ro,Z" "-v" "/var/lib/crater-agent-workspace/cargo-home:/opt/rustwide/cargo-home:ro,Z" "-v" "/var/lib/crater-agent-workspace/rustup-home:/opt/rustwide/rustup-home:ro,Z" "-e" "SOURCE_DIR=/opt/rustwide/workdir" "-e" "CARGO_TARGET_DIR=/opt/rustwide/target" "-e" "CARGO_INCREMENTAL=0" "-e" "RUST_BACKTRACE=full" "-e" "RUSTFLAGS=--cap-lints=forbid" "-e" "RUSTDOCFLAGS=--cap-lints=forbid" "-e" "CARGO_HOME=/opt/rustwide/cargo-home" "-e" "RUSTUP_HOME=/opt/rustwide/rustup-home" "-w" "/opt/rustwide/workdir" "-m" "1610612736" "--user" "0:0" "--network" "none" "ghcr.io/rust-lang/crates-build-env/linux@sha256:2788e3201cd34a07e3172128adcd8b3090168a8e3bcc40d7c032b9dda1df7d1c" "/opt/rustwide/cargo-home/bin/cargo" "+nightly-2024-02-05" "check" "--frozen" "--all" "--all-targets" "--message-format=json", kill_on_drop: false }`
[INFO] [stdout] b73d83cc641097103cd5c96220a9004a9231a1332e0c464e705ea9b9c30cac19
[INFO] running `Command { std: "docker" "start" "-a" "b73d83cc641097103cd5c96220a9004a9231a1332e0c464e705ea9b9c30cac19", kill_on_drop: false }`
[INFO] [stderr]    Compiling proc-macro2 v1.0.78
[INFO] [stderr]    Compiling unicode-ident v1.0.12
[INFO] [stderr]    Compiling equivalent v1.0.1
[INFO] [stderr]    Compiling hashbrown v0.14.3
[INFO] [stderr]    Compiling toml_datetime v0.6.3
[INFO] [stderr]    Compiling syn v1.0.109
[INFO] [stderr]    Compiling winnow v0.5.37
[INFO] [stderr]    Compiling serde v1.0.196
[INFO] [stderr]    Compiling once_cell v1.19.0
[INFO] [stderr]    Compiling radium v0.7.0
[INFO] [stderr]    Compiling typenum v1.17.0
[INFO] [stderr]    Compiling generic-array v0.14.7
[INFO] [stderr]    Compiling libc v0.2.153
[INFO] [stderr]    Compiling ident_case v1.0.1
[INFO] [stderr]    Compiling fnv v1.0.7
[INFO] [stderr]     Checking arrayvec v0.7.4
[INFO] [stderr]     Checking byte-slice-cast v1.2.2
[INFO] [stderr]     Checking tap v1.0.1
[INFO] [stderr]     Checking wyz v0.5.1
[INFO] [stderr]     Checking funty v2.0.0
[INFO] [stderr]    Compiling indexmap v2.2.2
[INFO] [stderr]     Checking subtle v2.5.0
[INFO] [stderr]    Compiling quote v1.0.35
[INFO] [stderr]    Compiling syn v2.0.48
[INFO] [stderr]     Checking bitvec v1.0.1
[INFO] [stderr]     Checking smallvec v1.13.1
[INFO] [stderr]    Compiling toml_edit v0.19.15
[INFO] [stderr]    Compiling toml_edit v0.20.2
[INFO] [stderr]     Checking crypto-common v0.1.6
[INFO] [stderr]     Checking block-buffer v0.10.4
[INFO] [stderr]     Checking digest v0.10.7
[INFO] [stderr]    Compiling cc v1.0.83
[INFO] [stderr]     Checking static_assertions v1.1.0
[INFO] [stderr]    Compiling serde_json v1.0.113
[INFO] [stderr]    Compiling proc-macro-crate v1.3.1
[INFO] [stderr]    Compiling proc-macro-crate v2.0.2
[INFO] [stderr]    Compiling secp256k1-sys v0.8.1
[INFO] [stderr]     Checking ink_prelude v4.3.0
[INFO] [stderr]    Compiling ryu v1.0.16
[INFO] [stderr]    Compiling memchr v2.7.1
[INFO] [stderr]    Compiling itoa v1.0.10
[INFO] [stderr]    Compiling rustix v0.38.31
[INFO] [stderr]     Checking xxhash-rust v0.8.8
[INFO] [stderr]    Compiling aho-corasick v1.1.2
[INFO] [stderr]     Checking getrandom v0.2.12
[INFO] [stderr]    Compiling linux-raw-sys v0.4.13
[INFO] [stderr]    Compiling bitflags v2.4.2
[INFO] [stderr]    Compiling darling_core v0.14.4
[INFO] [stderr]    Compiling regex-syntax v0.8.2
[INFO] [stderr]     Checking keccak v0.1.5
[INFO] [stderr]    Compiling either v1.9.0
[INFO] [stderr]     Checking cpufeatures v0.2.12
[INFO] [stderr]     Checking sha3 v0.10.8
[INFO] [stderr]     Checking sha2 v0.10.8
[INFO] [stderr]    Compiling itertools v0.10.5
[INFO] [stderr]    Compiling regex-automata v0.4.5
[INFO] [stderr]    Compiling serde_derive v1.0.196
[INFO] [stderr]    Compiling num-traits v0.2.17
[INFO] [stderr]     Checking rand_core v0.6.4
[INFO] [stderr]    Compiling blake2 v0.10.6
[INFO] [stderr]    Compiling paste v1.0.14
[INFO] [stderr]     Checking arrayref v0.3.7
[INFO] [stderr]     Checking ppv-lite86 v0.2.17
[INFO] [stderr]    Compiling ink_ir v4.3.0
[INFO] [stderr]    Compiling is-terminal v0.4.10
[INFO] [stderr]     Checking rand_chacha v0.3.1
[INFO] [stderr]     Checking secp256k1 v0.27.0
[INFO] [stderr]    Compiling humantime v2.1.0
[INFO] [stderr]    Compiling termcolor v1.4.1
[INFO] [stderr]    Compiling log v0.4.20
[INFO] [stderr]    Compiling impl-trait-for-tuples v0.2.2
[INFO] [stderr]    Compiling parity-scale-codec-derive v3.6.9
[INFO] [stderr]    Compiling scale-info-derive v2.10.0
[INFO] [stderr]    Compiling derive_more v0.99.17
[INFO] [stderr]    Compiling darling_macro v0.14.4
[INFO] [stderr]    Compiling darling v0.14.4
[INFO] [stderr]    Compiling scale-decode-derive v0.9.0
[INFO] [stderr]    Compiling scale-encode-derive v0.5.0
[INFO] [stderr]    Compiling regex v1.10.3
[INFO] [stderr]    Compiling heck v0.4.1
[INFO] [stderr]    Compiling env_logger v0.10.2
[INFO] [stderr]     Checking rand v0.8.5
[INFO] [stderr]     Checking ink_allocator v4.3.0
[INFO] [stderr]    Compiling crunchy v0.2.2
[INFO] [stderr]     Checking byteorder v1.5.0
[INFO] [stderr]    Compiling synstructure v0.13.1
[INFO] [stderr]    Compiling Inflector v0.11.4
[INFO] [stderr]    Compiling unicode-xid v0.2.4
[INFO] [stderr]     Checking array-init v2.1.0
[INFO] [stderr]     Checking hex v0.4.3
[INFO] [stderr]    Compiling num_enum_derive v0.6.1
[INFO] [stderr]     Checking rustc-hex v2.1.0
[INFO] [stderr]    Compiling unzip3 v1.0.0
[INFO] [stderr]     Checking constant_time_eq v0.3.0
[INFO] [stderr]    Compiling pink-extension-macro v0.4.4
[INFO] [stderr]     Checking uint v0.9.5
[INFO] [stderr]     Checking blake2b_simd v1.0.2
[INFO] [stderr]     Checking fixed-hash v0.8.0
[INFO] [stderr]     Checking twox-hash v1.6.3
[INFO] [stderr]     Checking sp-std v8.0.0
[INFO] [stderr]     Checking this-crate v0.1.0
[INFO] [stderr]     Checking hex-literal v0.4.1
[INFO] [stderr]     Checking base58 v0.2.0
[INFO] [stderr]     Checking sp-core-hashing v9.0.0
[INFO] [stderr]     Checking num_enum v0.6.1
[INFO] [stderr]     Checking parity-scale-codec v3.6.9
[INFO] [stderr]     Checking impl-serde v0.4.0
[INFO] [stderr]     Checking pink-json v0.4.0
[INFO] [stderr]     Checking scale-info v2.10.0
[INFO] [stderr]     Checking impl-codec v0.6.0
[INFO] [stderr]    Compiling ss58-registry v1.46.0
[INFO] [stderr]    Compiling scale-bits v0.4.0
[INFO] [stderr]    Compiling scale-encode v0.5.0
[INFO] [stderr]     Checking pink-types v0.1.0
[INFO] [stderr]     Checking scale-decode v0.9.0
[INFO] [stderr]     Checking primitive-types v0.12.2
[INFO] [stderr]     Checking ink_primitives v4.3.0
[INFO] [stderr]     Checking ink_metadata v4.3.0
[INFO] [stderr]     Checking ink_engine v4.3.0
[INFO] [stderr]    Compiling ink_codegen v4.3.0
[INFO] [stderr]     Checking ink_storage_traits v4.3.0
[INFO] [stderr]     Checking ink_env v4.3.0
[INFO] [stderr]     Checking ink_storage v4.3.0
[INFO] [stderr]    Compiling ink_macro v4.3.0
[INFO] [stderr]     Checking ink v4.3.0
[INFO] [stderr]     Checking pink-extension v0.5.1
[INFO] [stderr]     Checking pink-subrpc v0.5.0 (/opt/rustwide/workdir)
[INFO] [stdout] error[E0433]: failed to resolve: use of undeclared crate or module `xcm`
[INFO] [stdout]    --> src/lib.rs:499:13
[INFO] [stdout]     |
[INFO] [stdout] 499 |         use xcm::v2::{AssetId, Fungibility, Junction, Junctions, MultiAsset, MultiLocation};
[INFO] [stdout]     |             ^^^ use of undeclared crate or module `xcm`
[INFO] [stdout] 
[INFO] [stdout] 
[INFO] [stdout] error[E0433]: failed to resolve: use of undeclared crate or module `pink_extension_runtime`
[INFO] [stdout]    --> src/contracts/mod.rs:302:9
[INFO] [stdout]     |
[INFO] [stdout] 302 |         pink_extension_runtime::mock_ext::mock_all_ext();
[INFO] [stdout]     |         ^^^^^^^^^^^^^^^^^^^^^^ use of undeclared crate or module `pink_extension_runtime`
[INFO] [stdout] 
[INFO] [stdout] 
[INFO] [stdout] error[E0433]: failed to resolve: use of undeclared crate or module `pink_extension_runtime`
[INFO] [stdout]    --> src/contracts/mod.rs:337:9
[INFO] [stdout]     |
[INFO] [stdout] 337 |         pink_extension_runtime::mock_ext::mock_all_ext();
[INFO] [stdout]     |         ^^^^^^^^^^^^^^^^^^^^^^ use of undeclared crate or module `pink_extension_runtime`
[INFO] [stdout] 
[INFO] [stdout] 
[INFO] [stdout] error[E0433]: failed to resolve: use of undeclared crate or module `pink_extension_runtime`
[INFO] [stdout]    --> src/contracts/mod.rs:375:9
[INFO] [stdout]     |
[INFO] [stdout] 375 |         pink_extension_runtime::mock_ext::mock_all_ext();
[INFO] [stdout]     |         ^^^^^^^^^^^^^^^^^^^^^^ use of undeclared crate or module `pink_extension_runtime`
[INFO] [stdout] 
[INFO] [stdout] 
[INFO] [stdout] error[E0433]: failed to resolve: use of undeclared crate or module `pink_extension_runtime`
[INFO] [stdout]    --> src/contracts/mod.rs:408:9
[INFO] [stdout]     |
[INFO] [stdout] 408 |         pink_extension_runtime::mock_ext::mock_all_ext();
[INFO] [stdout]     |         ^^^^^^^^^^^^^^^^^^^^^^ use of undeclared crate or module `pink_extension_runtime`
[INFO] [stdout] 
[INFO] [stdout] 
[INFO] [stdout] error[E0433]: failed to resolve: use of undeclared crate or module `pink_extension_runtime`
[INFO] [stdout]    --> src/contracts/mod.rs:441:9
[INFO] [stdout]     |
[INFO] [stdout] 441 |         pink_extension_runtime::mock_ext::mock_all_ext();
[INFO] [stdout]     |         ^^^^^^^^^^^^^^^^^^^^^^ use of undeclared crate or module `pink_extension_runtime`
[INFO] [stdout] 
[INFO] [stdout] 
[INFO] [stdout] error[E0433]: failed to resolve: use of undeclared crate or module `pink_extension_runtime`
[INFO] [stdout]    --> src/contracts/mod.rs:486:9
[INFO] [stdout]     |
[INFO] [stdout] 486 |         pink_extension_runtime::mock_ext::mock_all_ext();
[INFO] [stdout]     |         ^^^^^^^^^^^^^^^^^^^^^^ use of undeclared crate or module `pink_extension_runtime`
[INFO] [stdout] 
[INFO] [stdout] 
[INFO] [stdout] error[E0433]: failed to resolve: use of undeclared crate or module `pink_extension_runtime`
[INFO] [stdout]    --> src/contracts/mod.rs:531:9
[INFO] [stdout]     |
[INFO] [stdout] 531 |         pink_extension_runtime::mock_ext::mock_all_ext();
[INFO] [stdout]     |         ^^^^^^^^^^^^^^^^^^^^^^ use of undeclared crate or module `pink_extension_runtime`
[INFO] [stdout] 
[INFO] [stdout] 
[INFO] [stdout] error[E0433]: failed to resolve: use of undeclared crate or module `pink_extension_runtime`
[INFO] [stdout]    --> src/lib.rs:389:9
[INFO] [stdout]     |
[INFO] [stdout] 389 |         pink_extension_runtime::mock_ext::mock_all_ext();
[INFO] [stdout]     |         ^^^^^^^^^^^^^^^^^^^^^^ use of undeclared crate or module `pink_extension_runtime`
[INFO] [stdout] 
[INFO] [stdout] 
[INFO] [stdout] error[E0433]: failed to resolve: use of undeclared crate or module `pink_extension_runtime`
[INFO] [stdout]    --> src/lib.rs:399:9
[INFO] [stdout]     |
[INFO] [stdout] 399 |         pink_extension_runtime::mock_ext::mock_all_ext();
[INFO] [stdout]     |         ^^^^^^^^^^^^^^^^^^^^^^ use of undeclared crate or module `pink_extension_runtime`
[INFO] [stdout] 
[INFO] [stdout] 
[INFO] [stdout] error[E0433]: failed to resolve: use of undeclared crate or module `pink_extension_runtime`
[INFO] [stdout]    --> src/lib.rs:406:9
[INFO] [stdout]     |
[INFO] [stdout] 406 |         pink_extension_runtime::mock_ext::mock_all_ext();
[INFO] [stdout]     |         ^^^^^^^^^^^^^^^^^^^^^^ use of undeclared crate or module `pink_extension_runtime`
[INFO] [stdout] 
[INFO] [stdout] 
[INFO] [stdout] error[E0433]: failed to resolve: use of undeclared crate or module `pink_extension_runtime`
[INFO] [stdout]    --> src/lib.rs:445:9
[INFO] [stdout]     |
[INFO] [stdout] 445 |         pink_extension_runtime::mock_ext::mock_all_ext();
[INFO] [stdout]     |         ^^^^^^^^^^^^^^^^^^^^^^ use of undeclared crate or module `pink_extension_runtime`
[INFO] [stdout] 
[INFO] [stdout] 
[INFO] [stdout] error[E0433]: failed to resolve: use of undeclared crate or module `pink_extension_runtime`
[INFO] [stdout]    --> src/lib.rs:465:9
[INFO] [stdout]     |
[INFO] [stdout] 465 |         pink_extension_runtime::mock_ext::mock_all_ext();
[INFO] [stdout]     |         ^^^^^^^^^^^^^^^^^^^^^^ use of undeclared crate or module `pink_extension_runtime`
[INFO] [stdout] 
[INFO] [stdout] 
[INFO] [stdout] error[E0433]: failed to resolve: use of undeclared crate or module `pink_extension_runtime`
[INFO] [stdout]    --> src/lib.rs:498:9
[INFO] [stdout]     |
[INFO] [stdout] 498 |         pink_extension_runtime::mock_ext::mock_all_ext();
[INFO] [stdout]     |         ^^^^^^^^^^^^^^^^^^^^^^ use of undeclared crate or module `pink_extension_runtime`
[INFO] [stdout] 
[INFO] [stdout] 
[INFO] [stdout] error[E0433]: failed to resolve: use of undeclared crate or module `pink_extension_runtime`
[INFO] [stdout]    --> src/lib.rs:565:9
[INFO] [stdout]     |
[INFO] [stdout] 565 |         pink_extension_runtime::mock_ext::mock_all_ext();
[INFO] [stdout]     |         ^^^^^^^^^^^^^^^^^^^^^^ use of undeclared crate or module `pink_extension_runtime`
[INFO] [stdout] 
[INFO] [stdout] 
[INFO] [stdout] error: aborting due to 15 previous errors
[INFO] [stdout] 
[INFO] [stdout] 
[INFO] [stdout] For more information about this error, try `rustc --explain E0433`.
[INFO] [stdout] 
[INFO] [stderr] error: could not compile `pink-subrpc` (lib test) due to 16 previous errors
[INFO] [stderr] warning: build failed, waiting for other jobs to finish...
[INFO] running `Command { std: "docker" "inspect" "b73d83cc641097103cd5c96220a9004a9231a1332e0c464e705ea9b9c30cac19", kill_on_drop: false }`
[INFO] running `Command { std: "docker" "rm" "-f" "b73d83cc641097103cd5c96220a9004a9231a1332e0c464e705ea9b9c30cac19", kill_on_drop: false }`
[INFO] [stdout] b73d83cc641097103cd5c96220a9004a9231a1332e0c464e705ea9b9c30cac19
