[INFO] fetching crate pink-extension-runtime 0.5.0...
[INFO] checking pink-extension-runtime-0.5.0 against nightly-2024-02-05 for check-cfg
[INFO] extracting crate pink-extension-runtime 0.5.0 into /workspace/builds/worker-1-tc1/source
[INFO] validating manifest of crates.io crate pink-extension-runtime 0.5.0 on toolchain nightly-2024-02-05
[INFO] running `Command { std: CARGO_HOME="/workspace/cargo-home" RUSTUP_HOME="/workspace/rustup-home" "/workspace/cargo-home/bin/cargo" "+nightly-2024-02-05" "metadata" "--manifest-path" "Cargo.toml" "--no-deps", kill_on_drop: false }`
[INFO] started tweaking crates.io crate pink-extension-runtime 0.5.0
[INFO] finished tweaking crates.io crate pink-extension-runtime 0.5.0
[INFO] tweaked toml for crates.io crate pink-extension-runtime 0.5.0 written to /workspace/builds/worker-1-tc1/source/Cargo.toml
[INFO] running `Command { std: CARGO_HOME="/workspace/cargo-home" RUSTUP_HOME="/workspace/rustup-home" "/workspace/cargo-home/bin/cargo" "+nightly-2024-02-05" "generate-lockfile" "--manifest-path" "Cargo.toml", kill_on_drop: false }`
[INFO] [stderr]     Updating crates.io index
[INFO] running `Command { std: CARGO_HOME="/workspace/cargo-home" RUSTUP_HOME="/workspace/rustup-home" "/workspace/cargo-home/bin/cargo" "+nightly-2024-02-05" "fetch" "--manifest-path" "Cargo.toml", kill_on_drop: false }`
[INFO] [stderr]  Downloading crates ...
[INFO] [stderr]   Downloaded sp-std v8.0.0
[INFO] [stderr]   Downloaded ink_ir v4.3.0
[INFO] [stderr]   Downloaded sp-runtime-interface-proc-macro v11.0.0
[INFO] [stderr]   Downloaded reqwest-env-proxy v0.1.0
[INFO] [stderr]   Downloaded sp-wasm-interface v14.0.0
[INFO] [stderr]   Downloaded ink_engine v4.3.0
[INFO] [stderr]   Downloaded scale-encode-derive v0.5.0
[INFO] [stderr]   Downloaded sp-core-hashing v9.0.0
[INFO] [stderr]   Downloaded sp-storage v13.0.0
[INFO] [stderr]   Downloaded ink_metadata v4.3.0
[INFO] [stderr]   Downloaded sp-core v21.0.0
[INFO] [stderr]   Downloaded unzip3 v1.0.0
[INFO] [stderr]   Downloaded sp-runtime-interface v17.0.0
[INFO] [stderr]   Downloaded ink_storage_traits v4.3.0
[INFO] [stderr]   Downloaded sp-tracing v10.0.0
[INFO] [stderr]   Downloaded ink_storage v4.3.0
[INFO] [stderr]   Downloaded scale-bits v0.4.0
[INFO] [stderr]   Downloaded ink_env v4.3.0
[INFO] [stderr]   Downloaded ink_macro v4.3.0
[INFO] [stderr]   Downloaded ink_codegen v4.3.0
[INFO] [stderr]   Downloaded ink_prelude v4.3.0
[INFO] [stderr]   Downloaded scale-encode v0.5.0
[INFO] [stderr]   Downloaded scale-decode-derive v0.9.0
[INFO] [stderr]   Downloaded ink_primitives v4.3.0
[INFO] [stderr]   Downloaded this-crate v0.1.0
[INFO] [stderr]   Downloaded ink v4.3.0
[INFO] [stderr]   Downloaded ink_allocator v4.3.0
[INFO] [stderr]   Downloaded sp-debug-derive v8.0.0
[INFO] [stderr]   Downloaded pink-types v0.1.0
[INFO] [stderr]   Downloaded pink-extension-macro v0.4.4
[INFO] [stderr]   Downloaded sp-externalities v0.19.0
[INFO] [stderr]   Downloaded pink-extension v0.5.1
[INFO] [stderr]   Downloaded scale-decode v0.9.0
[INFO] running `Command { std: "docker" "create" "-v" "/var/lib/crater-agent-workspace/builds/worker-1-tc1/target:/opt/rustwide/target:rw,Z" "-v" "/var/lib/crater-agent-workspace/builds/worker-1-tc1/source:/opt/rustwide/workdir:ro,Z" "-v" "/var/lib/crater-agent-workspace/cargo-home:/opt/rustwide/cargo-home:ro,Z" "-v" "/var/lib/crater-agent-workspace/rustup-home:/opt/rustwide/rustup-home:ro,Z" "-e" "SOURCE_DIR=/opt/rustwide/workdir" "-e" "CARGO_TARGET_DIR=/opt/rustwide/target" "-e" "CARGO_HOME=/opt/rustwide/cargo-home" "-e" "RUSTUP_HOME=/opt/rustwide/rustup-home" "-w" "/opt/rustwide/workdir" "-m" "1610612736" "--user" "0:0" "--network" "none" "ghcr.io/rust-lang/crates-build-env/linux@sha256:2788e3201cd34a07e3172128adcd8b3090168a8e3bcc40d7c032b9dda1df7d1c" "/opt/rustwide/cargo-home/bin/cargo" "+nightly-2024-02-05" "metadata" "--no-deps" "--format-version=1", kill_on_drop: false }`
[INFO] [stdout] ea8133de4660c992153527cd82e868c52a6966ec1a8caf17d3a8f8ed58ba1e45
[INFO] running `Command { std: "docker" "start" "-a" "ea8133de4660c992153527cd82e868c52a6966ec1a8caf17d3a8f8ed58ba1e45", kill_on_drop: false }`
[INFO] running `Command { std: "docker" "inspect" "ea8133de4660c992153527cd82e868c52a6966ec1a8caf17d3a8f8ed58ba1e45", kill_on_drop: false }`
[INFO] running `Command { std: "docker" "rm" "-f" "ea8133de4660c992153527cd82e868c52a6966ec1a8caf17d3a8f8ed58ba1e45", kill_on_drop: false }`
[INFO] [stdout] ea8133de4660c992153527cd82e868c52a6966ec1a8caf17d3a8f8ed58ba1e45
[INFO] running `Command { std: "docker" "create" "-v" "/var/lib/crater-agent-workspace/builds/worker-1-tc1/target:/opt/rustwide/target:rw,Z" "-v" "/var/lib/crater-agent-workspace/builds/worker-1-tc1/source:/opt/rustwide/workdir:ro,Z" "-v" "/var/lib/crater-agent-workspace/cargo-home:/opt/rustwide/cargo-home:ro,Z" "-v" "/var/lib/crater-agent-workspace/rustup-home:/opt/rustwide/rustup-home:ro,Z" "-e" "SOURCE_DIR=/opt/rustwide/workdir" "-e" "CARGO_TARGET_DIR=/opt/rustwide/target" "-e" "CARGO_INCREMENTAL=0" "-e" "RUST_BACKTRACE=full" "-e" "RUSTFLAGS=--cap-lints=forbid" "-e" "RUSTDOCFLAGS=--cap-lints=forbid" "-e" "CARGO_HOME=/opt/rustwide/cargo-home" "-e" "RUSTUP_HOME=/opt/rustwide/rustup-home" "-w" "/opt/rustwide/workdir" "-m" "1610612736" "--user" "0:0" "--network" "none" "ghcr.io/rust-lang/crates-build-env/linux@sha256:2788e3201cd34a07e3172128adcd8b3090168a8e3bcc40d7c032b9dda1df7d1c" "/opt/rustwide/cargo-home/bin/cargo" "+nightly-2024-02-05" "check" "--frozen" "--all" "--all-targets" "--message-format=json", kill_on_drop: false }`
[INFO] [stdout] f4f1fe0db4a7607bf7bcd4dfc93231447fcc85fa079c99f0cc4b072a0082357f
[INFO] running `Command { std: "docker" "start" "-a" "f4f1fe0db4a7607bf7bcd4dfc93231447fcc85fa079c99f0cc4b072a0082357f", kill_on_drop: false }`
[INFO] [stderr]    Compiling version_check v0.9.4
[INFO] [stderr]    Compiling libc v0.2.153
[INFO] [stderr]    Compiling typenum v1.17.0
[INFO] [stderr]    Compiling equivalent v1.0.1
[INFO] [stderr]    Compiling syn v1.0.109
[INFO] [stderr]    Compiling hashbrown v0.14.3
[INFO] [stderr]    Compiling winnow v0.5.37
[INFO] [stderr]    Compiling syn v2.0.48
[INFO] [stderr]    Compiling toml_datetime v0.6.3
[INFO] [stderr]    Compiling generic-array v0.14.7
[INFO] [stderr]     Checking bytes v1.5.0
[INFO] [stderr]    Compiling indexmap v2.2.2
[INFO] [stderr]    Compiling once_cell v1.19.0
[INFO] [stderr]    Compiling cc v1.0.83
[INFO] [stderr]    Compiling radium v0.7.0
[INFO] [stderr]     Checking arrayvec v0.7.4
[INFO] [stderr]     Checking smallvec v1.13.1
[INFO] [stderr]     Checking subtle v2.4.1
[INFO] [stderr]     Checking memchr v2.7.1
[INFO] [stderr]     Checking byte-slice-cast v1.2.2
[INFO] [stderr]     Checking getrandom v0.2.12
[INFO] [stderr]    Compiling fnv v1.0.7
[INFO] [stderr]    Compiling strsim v0.10.0
[INFO] [stderr]    Compiling ident_case v1.0.1
[INFO] [stderr]     Checking pin-project-lite v0.2.13
[INFO] [stderr]    Compiling toml_edit v0.20.2
[INFO] [stderr]    Compiling toml_edit v0.19.15
[INFO] [stderr]     Checking rand_core v0.6.4
[INFO] [stderr]     Checking tap v1.0.1
[INFO] [stderr]     Checking tinyvec_macros v0.1.1
[INFO] [stderr]     Checking tinyvec v1.6.0
[INFO] [stderr]     Checking wyz v0.5.1
[INFO] [stderr]     Checking funty v2.0.0
[INFO] [stderr]    Compiling serde v1.0.196
[INFO] [stderr]     Checking rand_chacha v0.3.1
[INFO] [stderr]     Checking bitvec v1.0.1
[INFO] [stderr]     Checking unicode-normalization v0.1.22
[INFO] [stderr]    Compiling ahash v0.7.7
[INFO] [stderr]     Checking log v0.4.20
[INFO] [stderr]    Compiling proc-macro-crate v2.0.2
[INFO] [stderr]    Compiling proc-macro-crate v1.3.1
[INFO] [stderr]     Checking rand v0.8.5
[INFO] [stderr]     Checking percent-encoding v2.3.1
[INFO] [stderr]     Checking unicode-bidi v0.3.15
[INFO] [stderr]    Compiling thiserror v1.0.56
[INFO] [stderr]     Checking form_urlencoded v1.2.1
[INFO] [stderr]     Checking block-buffer v0.10.4
[INFO] [stderr]     Checking crypto-common v0.1.6
[INFO] [stderr]     Checking tracing-core v0.1.32
[INFO] [stderr]    Compiling lock_api v0.4.11
[INFO] [stderr]    Compiling darling_core v0.14.4
[INFO] [stderr]    Compiling parking_lot_core v0.9.9
[INFO] [stderr]    Compiling aho-corasick v1.1.2
[INFO] [stderr]     Checking digest v0.10.7
[INFO] [stderr]     Checking hashbrown v0.12.3
[INFO] [stderr]     Checking idna v0.5.0
[INFO] [stderr]     Checking num_cpus v1.16.0
[INFO] [stderr]    Compiling slab v0.4.9
[INFO] [stderr]    Compiling indexmap v1.9.3
[INFO] [stderr]     Checking futures-sink v0.3.30
[INFO] [stderr]     Checking futures-core v0.3.30
[INFO] [stderr]     Checking byteorder v1.5.0
[INFO] [stderr]     Checking scopeguard v1.2.0
[INFO] [stderr]     Checking url v2.5.0
[INFO] [stderr]     Checking cpufeatures v0.2.12
[INFO] [stderr]     Checking futures-channel v0.3.30
[INFO] [stderr]    Compiling regex-automata v0.4.5
[INFO] [stderr]     Checking parking_lot v0.12.1
[INFO] [stderr]     Checking pin-utils v0.1.0
[INFO] [stderr]    Compiling getrandom v0.1.16
[INFO] [stderr]     Checking futures-task v0.3.30
[INFO] [stderr]     Checking futures-io v0.3.30
[INFO] [stderr]    Compiling paste v1.0.14
[INFO] [stderr]     Checking signal-hook-registry v1.4.1
[INFO] [stderr]     Checking mio v0.8.10
[INFO] [stderr]     Checking socket2 v0.5.5
[INFO] [stderr]    Compiling ahash v0.8.7
[INFO] [stderr]    Compiling num-traits v0.2.17
[INFO] [stderr]     Checking keccak v0.1.5
[INFO] [stderr]    Compiling serde_derive v1.0.196
[INFO] [stderr]    Compiling thiserror-impl v1.0.56
[INFO] [stderr]    Compiling tracing-attributes v0.1.27
[INFO] [stderr]    Compiling futures-macro v0.3.30
[INFO] [stderr]    Compiling tokio-macros v2.2.0
[INFO] [stderr]    Compiling impl-trait-for-tuples v0.2.2
[INFO] [stderr]    Compiling parity-scale-codec-derive v3.6.9
[INFO] [stderr]    Compiling scale-info-derive v2.10.0
[INFO] [stderr]    Compiling derive_more v0.99.17
[INFO] [stderr]    Compiling darling_macro v0.14.4
[INFO] [stderr]     Checking tracing v0.1.40
[INFO] [stderr]    Compiling regex v1.10.3
[INFO] [stderr]    Compiling darling v0.14.4
[INFO] [stderr]    Compiling scale-encode-derive v0.5.0
[INFO] [stderr]    Compiling scale-decode-derive v0.9.0
[INFO] [stderr]     Checking futures-util v0.3.30
[INFO] [stderr]     Checking static_assertions v1.1.0
[INFO] [stderr]     Checking tokio v1.36.0
[INFO] [stderr]    Compiling zeroize_derive v1.4.2
[INFO] [stderr]    Compiling ring v0.17.7
[INFO] [stderr]    Compiling cfg-if v1.0.0
[INFO] [stderr]     Checking zerocopy v0.7.32
[INFO] [stderr]     Checking arrayref v0.3.7
[INFO] [stderr]    Compiling crc32fast v1.3.2
[INFO] [stderr]    Compiling anyhow v1.0.79
[INFO] [stderr]    Compiling heck v0.4.1
[INFO] [stderr]     Checking zeroize v1.7.0
[INFO] [stderr]     Checking rand_core v0.5.1
[INFO] [stderr]    Compiling crunchy v0.2.2
[INFO] [stderr]    Compiling itoa v1.0.10
[INFO] [stderr]    Compiling target-lexicon v0.12.13
[INFO] [stderr]     Checking stable_deref_trait v1.2.0
[INFO] [stderr]    Compiling io-lifetimes v1.0.11
[INFO] [stderr]    Compiling rustix v0.38.31
[INFO] [stderr]    Compiling ryu v1.0.16
[INFO] [stderr]     Checking fallible-iterator v0.2.0
[INFO] [stderr]     Checking parity-scale-codec v3.6.9
[INFO] [stderr]     Checking impl-serde v0.4.0
[INFO] [stderr]     Checking cranelift-entity v0.95.1
[INFO] [stderr]     Checking hashbrown v0.13.2
[INFO] [stderr]     Checking gimli v0.27.3
[INFO] [stderr]     Checking wasmparser v0.102.0
[INFO] [stderr]    Compiling serde_json v1.0.113
[INFO] [stderr]     Checking scale-info v2.10.0
[INFO] [stderr]     Checking sha2 v0.10.8
[INFO] [stderr]    Compiling secp256k1-sys v0.8.1
[INFO] [stderr]     Checking digest v0.9.0
[INFO] [stderr]    Compiling memoffset v0.8.0
[INFO] [stderr]     Checking ink_prelude v4.3.0
[INFO] [stderr]    Compiling rustix v0.36.17
[INFO] [stderr]     Checking scale-bits v0.4.0
[INFO] [stderr]     Checking scale-encode v0.5.0
[INFO] [stderr]     Checking scale-decode v0.9.0
[INFO] [stderr]     Checking bitflags v2.4.2
[INFO] [stderr]     Checking spin v0.9.8
[INFO] [stderr]     Checking linux-raw-sys v0.4.13
[INFO] [stderr]     Checking untrusted v0.9.0
[INFO] [stderr]     Checking xxhash-rust v0.8.8
[INFO] [stderr]     Checking object v0.30.4
[INFO] [stderr]     Checking sha3 v0.10.8
[INFO] [stderr]    Compiling wasmtime-runtime v8.0.1
[INFO] [stderr]     Checking generic-array v0.12.4
[INFO] [stderr]     Checking ink_primitives v4.3.0
[INFO] [stderr]     Checking wasmtime-types v8.0.1
[INFO] [stderr]    Compiling either v1.9.0
[INFO] [stderr]     Checking sp-std v8.0.0
[INFO] [stderr]    Compiling cpp_demangle v0.3.5
[INFO] [stderr]     Checking linux-raw-sys v0.1.4
[INFO] [stderr]    Compiling itertools v0.10.5
[INFO] [stderr]     Checking memfd v0.6.4
[INFO] [stderr]    Compiling Inflector v0.11.4
[INFO] [stderr]     Checking http v0.2.11
[INFO] [stderr]     Checking wasmtime-environ v8.0.1
[INFO] [stderr]    Compiling libsecp256k1-core v0.3.0
[INFO] [stderr]    Compiling blake2 v0.10.6
[INFO] [stderr]    Compiling psm v0.1.21
[INFO] [stderr]     Checking wasmtime-jit-debug v8.0.1
[INFO] [stderr]     Checking wasmtime-asm-macros v8.0.1
[INFO] [stderr]    Compiling async-trait v0.1.77
[INFO] [stderr]    Compiling rustls v0.21.10
[INFO] [stderr]    Compiling ref-cast v1.0.22
[INFO] [stderr]    Compiling httparse v1.8.0
[INFO] [stderr]     Checking hex v0.4.3
[INFO] [stderr]     Checking regex-syntax v0.6.29
[INFO] [stderr]     Checking byte-tools v0.3.1
[INFO] [stderr]     Checking block-padding v0.1.5
[INFO] [stderr]    Compiling ink_ir v4.3.0
[INFO] [stderr]    Compiling is-terminal v0.4.10
[INFO] [stderr]     Checking ink_metadata v4.3.0
[INFO] [stderr]     Checking secp256k1 v0.27.0
[INFO] [stderr]     Checking digest v0.8.1
[INFO] [stderr]     Checking addr2line v0.19.0
[INFO] [stderr]     Checking sct v0.7.1
[INFO] [stderr]     Checking rustls-webpki v0.101.7
[INFO] [stderr]     Checking tokio-util v0.7.10
[INFO] [stderr]     Checking bincode v1.3.3
[INFO] [stderr]    Compiling ref-cast-impl v1.0.22
[INFO] [stderr]     Checking block-buffer v0.9.0
[INFO] [stderr]     Checking regex-automata v0.1.10
[INFO] [stderr]     Checking wasmtime-jit-icache-coherence v8.0.1
[INFO] [stderr]    Compiling humantime v2.1.0
[INFO] [stderr]    Compiling wasmtime v8.0.1
[INFO] [stderr]     Checking match_cfg v0.1.0
[INFO] [stderr]     Checking try-lock v0.2.5
[INFO] [stderr]     Checking rustc-demangle v0.1.23
[INFO] [stderr]     Checking opaque-debug v0.3.0
[INFO] [stderr]     Checking iana-time-zone v0.1.60
[INFO] [stderr]     Checking chrono v0.4.33
[INFO] [stderr]     Checking sharded-slab v0.1.7
[INFO] [stderr]     Checking wasmtime-jit v8.0.1
[INFO] [stderr]     Checking matchers v0.0.1
[INFO] [stderr]     Checking sha2 v0.9.9
[INFO] [stderr]    Compiling env_logger v0.10.2
[INFO] [stderr]     Checking want v0.3.1
[INFO] [stderr]     Checking hostname v0.3.1
[INFO] [stderr]     Checking h2 v0.3.24
[INFO] [stderr]     Checking ink_storage_traits v4.3.0
[INFO] [stderr]     Checking ink_engine v4.3.0
[INFO] [stderr]     Checking block-buffer v0.7.3
[INFO] [stderr]    Compiling libsecp256k1-gen-genmult v0.3.0
[INFO] [stderr]    Compiling libsecp256k1-gen-ecmult v0.3.0
[INFO] [stderr]     Checking http-body v0.4.6
[INFO] [stderr]     Checking tracing-serde v0.1.3
[INFO] [stderr]     Checking rand_chacha v0.2.2
[INFO] [stderr]    Compiling enum-as-inner v0.6.0
[INFO] [stderr]    Compiling sp-debug-derive v8.0.0
[INFO] [stderr]     Checking tracing-log v0.1.4
[INFO] [stderr]     Checking idna v0.4.0
[INFO] [stderr]    Compiling secp256k1-sys v0.6.1
[INFO] [stderr]     Checking crypto-mac v0.11.1
[INFO] [stderr]     Checking thread_local v1.1.7
[INFO] [stderr]     Checking ink_allocator v4.3.0
[INFO] [stderr]     Checking quick-error v1.2.3
[INFO] [stderr]    Compiling unicode-xid v0.2.4
[INFO] [stderr]     Checking httpdate v1.0.3
[INFO] [stderr]     Checking ansi_term v0.12.1
[INFO] [stderr]     Checking data-encoding v2.5.0
[INFO] [stderr]     Checking linked-hash-map v0.5.6
[INFO] [stderr]     Checking fake-simd v0.1.2
[INFO] [stderr]     Checking rustc-hex v2.1.0
[INFO] [stderr]     Checking opaque-debug v0.2.3
[INFO] [stderr]     Checking ipnet v2.9.0
[INFO] [stderr]     Checking tower-service v0.3.2
[INFO] [stderr]     Checking lru-cache v0.1.2
[INFO] [stderr]     Checking fixed-hash v0.8.0
[INFO] [stderr]     Checking sha2 v0.8.2
[INFO] [stderr]     Checking tracing-subscriber v0.2.25
[INFO] [stderr]    Compiling ss58-registry v1.46.0
[INFO] [stderr]     Checking sp-storage v13.0.0
[INFO] [stderr]     Checking tokio-rustls v0.24.1
[INFO] [stderr]     Checking resolv-conf v0.7.0
[INFO] [stderr]     Checking trust-dns-proto v0.23.2
[INFO] [stderr]     Checking ink_env v4.3.0
[INFO] [stderr]     Checking rand v0.7.3
[INFO] [stderr]    Compiling ink_codegen v4.3.0
[INFO] [stderr]    Compiling libsecp256k1 v0.7.1
[INFO] [stderr]     Checking hyper v0.14.28
[INFO] [stderr]     Checking curve25519-dalek v2.1.3
[INFO] [stderr]     Checking uint v0.9.5
[INFO] [stderr]     Checking impl-codec v0.6.0
[INFO] [stderr]     Checking merlin v2.0.1
[INFO] [stderr]    Compiling synstructure v0.13.1
[INFO] [stderr]     Checking base64 v0.21.7
[INFO] [stderr]     Checking arrayvec v0.5.2
[INFO] [stderr]     Checking environmental v1.1.4
[INFO] [stderr]     Checking array-init v2.1.0
[INFO] [stderr]     Checking constant_time_eq v0.3.0
[INFO] [stderr]     Checking tokio-socks v0.5.1
[INFO] [stderr]     Checking blake2b_simd v1.0.2
[INFO] [stderr]     Checking schnorrkel v0.9.1
[INFO] [stderr]     Checking ink_storage v4.3.0
[INFO] [stderr]     Checking sp-externalities v0.19.0
[INFO] [stderr]     Checking trust-dns-resolver v0.23.2
[INFO] [stderr]     Checking rustls-pemfile v1.0.4
[INFO] [stderr]     Checking primitive-types v0.12.2
[INFO] [stderr]     Checking sp-tracing v10.0.0
[INFO] [stderr]     Checking hmac v0.11.0
[INFO] [stderr]     Checking hyper-rustls v0.24.2
[INFO] [stderr]     Checking pbkdf2 v0.8.0
[INFO] [stderr]    Compiling sp-runtime-interface-proc-macro v11.0.0
[INFO] [stderr]     Checking sp-wasm-interface v14.0.0
[INFO] [stderr]     Checking serde_urlencoded v0.7.1
[INFO] [stderr]     Checking curve25519-dalek v3.2.0
[INFO] [stderr]     Checking futures-executor v0.3.30
[INFO] [stderr]     Checking twox-hash v1.6.3
[INFO] [stderr]    Compiling dyn-clonable-impl v0.9.0
[INFO] [stderr]    Compiling num_enum_derive v0.6.1
[INFO] [stderr]     Checking hmac v0.12.1
[INFO] [stderr]     Checking pbkdf2 v0.11.0
[INFO] [stderr]     Checking num-format v0.4.4
[INFO] [stderr]    Compiling ring v0.16.20
[INFO] [stderr]     Checking encoding_rs v0.8.33
[INFO] [stderr]    Compiling ink_macro v4.3.0
[INFO] [stderr]     Checking rustc-hash v1.1.0
[INFO] [stderr]     Checking sync_wrapper v0.1.2
[INFO] [stderr]     Checking base64 v0.13.1
[INFO] [stderr]    Compiling unzip3 v1.0.0
[INFO] [stderr]     Checking mime v0.3.17
[INFO] [stderr]     Checking webpki-roots v0.25.4
[INFO] [stderr]     Checking dyn-clone v1.0.16
[INFO] [stderr]     Checking dyn-clonable v0.9.0
[INFO] [stderr]    Compiling pink-extension-macro v0.4.4
[INFO] [stderr]     Checking tiny-bip39 v1.0.0
[INFO] [stderr]     Checking reqwest v0.11.24
[INFO] [stderr]     Checking ed25519-zebra v3.1.0
[INFO] [stderr]     Checking sp-core-hashing v9.0.0
[INFO] [stderr]     Checking num_enum v0.6.1
[INFO] [stderr]     Checking secp256k1 v0.24.3
[INFO] [stderr]     Checking futures v0.3.30
[INFO] [stderr]     Checking substrate-bip39 v0.4.5
[INFO] [stderr]     Checking hash256-std-hasher v0.15.2
[INFO] [stderr]     Checking pink-types v0.1.0
[INFO] [stderr]     Checking bounded-collections v0.1.9
[INFO] [stderr]     Checking secrecy v0.8.0
[INFO] [stderr]     Checking bs58 v0.4.0
[INFO] [stderr]     Checking spin v0.5.2
[INFO] [stderr]     Checking hash-db v0.16.0
[INFO] [stderr]     Checking this-crate v0.1.0
[INFO] [stderr]     Checking untrusted v0.7.1
[INFO] [stderr]     Checking array-bytes v4.2.0
[INFO] [stderr]     Checking ink v4.3.0
[INFO] [stderr]     Checking reqwest-env-proxy v0.1.0
[INFO] [stderr]     Checking hex_fmt v0.3.0
[INFO] [stderr]     Checking pink-extension v0.5.1
[INFO] [stderr]     Checking sp-runtime-interface v17.0.0
[INFO] [stderr]     Checking sp-core v21.0.0
[INFO] [stderr]     Checking pink-extension-runtime v0.5.0 (/opt/rustwide/workdir)
[INFO] [stdout] error[E0046]: not all trait items implemented, missing: `js_eval`
[INFO] [stdout]    --> src/lib.rs:180:1
[INFO] [stdout]     |
[INFO] [stdout] 180 | impl<T: PinkRuntimeEnv, E: From<&'static str>> PinkExtBackend for DefaultPinkExtension<'_, T, E> {
[INFO] [stdout]     | ^^^^^^^^^^^^^^^^^^^^^^^^^^^^^^^^^^^^^^^^^^^^^^^^^^^^^^^^^^^^^^^^^^^^^^^^^^^^^^^^^^^^^^^^^^^^^^^^ missing `js_eval` in implementation
[INFO] [stdout]     |
[INFO] [stdout]     = help: implement the missing item: `fn js_eval(&self, _: Vec<JsCode>, _: Vec<std::string::String>) -> Result<JsValue, <Self as PinkExtBackend>::Error> { todo!() }`
[INFO] [stdout] 
[INFO] [stdout] 
[INFO] [stdout] error[E0046]: not all trait items implemented, missing: `js_eval`
[INFO] [stdout]    --> src/lib.rs:180:1
[INFO] [stdout]     |
[INFO] [stdout] 180 | impl<T: PinkRuntimeEnv, E: From<&'static str>> PinkExtBackend for DefaultPinkExtension<'_, T, E> {
[INFO] [stdout]     | ^^^^^^^^^^^^^^^^^^^^^^^^^^^^^^^^^^^^^^^^^^^^^^^^^^^^^^^^^^^^^^^^^^^^^^^^^^^^^^^^^^^^^^^^^^^^^^^^ missing `js_eval` in implementation
[INFO] [stdout]     |
[INFO] [stdout]     = help: implement the missing item: `fn js_eval(&self, _: Vec<JsCode>, _: Vec<std::string::String>) -> Result<JsValue, <Self as PinkExtBackend>::Error> { todo!() }`
[INFO] [stdout] 
[INFO] [stdout] 
[INFO] [stdout] error[E0046]: not all trait items implemented, missing: `js_eval`
[INFO] [stdout]   --> src/mock_ext.rs:22:1
[INFO] [stdout]    |
[INFO] [stdout] 22 | impl ext::PinkExtBackend for MockExtension {
[INFO] [stdout]    | ^^^^^^^^^^^^^^^^^^^^^^^^^^^^^^^^^^^^^^^^^^ missing `js_eval` in implementation
[INFO] [stdout]    |
[INFO] [stdout]    = help: implement the missing item: `fn js_eval(&self, _: Vec<JsCode>, _: Vec<std::string::String>) -> Result<JsValue, <Self as PinkExtBackend>::Error> { todo!() }`
[INFO] [stdout] 
[INFO] [stdout] 
[INFO] [stdout] error[E0046]: not all trait items implemented, missing: `js_eval`
[INFO] [stdout]   --> src/mock_ext.rs:22:1
[INFO] [stdout]    |
[INFO] [stdout] 22 | impl ext::PinkExtBackend for MockExtension {
[INFO] [stdout]    | ^^^^^^^^^^^^^^^^^^^^^^^^^^^^^^^^^^^^^^^^^^ missing `js_eval` in implementation
[INFO] [stdout]    |
[INFO] [stdout]    = help: implement the missing item: `fn js_eval(&self, _: Vec<JsCode>, _: Vec<std::string::String>) -> Result<JsValue, <Self as PinkExtBackend>::Error> { todo!() }`
[INFO] [stdout] 
[INFO] [stdout] 
[INFO] [stdout] error: aborting due to 2 previous errors
[INFO] [stdout] 
[INFO] [stdout] 
[INFO] [stdout] For more information about this error, try `rustc --explain E0046`.
[INFO] [stdout] 
[INFO] [stdout] error: aborting due to 2 previous errors
[INFO] [stdout] 
[INFO] [stdout] 
[INFO] [stdout] For more information about this error, try `rustc --explain E0046`.
[INFO] [stdout] 
[INFO] [stderr] error: could not compile `pink-extension-runtime` (lib) due to 3 previous errors
[INFO] [stderr] warning: build failed, waiting for other jobs to finish...
[INFO] [stderr] error: could not compile `pink-extension-runtime` (lib test) due to 3 previous errors
[INFO] running `Command { std: "docker" "inspect" "f4f1fe0db4a7607bf7bcd4dfc93231447fcc85fa079c99f0cc4b072a0082357f", kill_on_drop: false }`
[INFO] running `Command { std: "docker" "rm" "-f" "f4f1fe0db4a7607bf7bcd4dfc93231447fcc85fa079c99f0cc4b072a0082357f", kill_on_drop: false }`
[INFO] [stdout] f4f1fe0db4a7607bf7bcd4dfc93231447fcc85fa079c99f0cc4b072a0082357f
[INFO] checking pink-extension-runtime-0.5.0 against nightly-2024-02-05+rustflags=-Dunexpected_cfgs+cargoflags=-Zcheck-cfg for check-cfg
[INFO] extracting crate pink-extension-runtime 0.5.0 into /workspace/builds/worker-1-tc2/source
[INFO] validating manifest of crates.io crate pink-extension-runtime 0.5.0 on toolchain nightly-2024-02-05
[INFO] running `Command { std: CARGO_HOME="/workspace/cargo-home" RUSTUP_HOME="/workspace/rustup-home" "/workspace/cargo-home/bin/cargo" "+nightly-2024-02-05" "metadata" "--manifest-path" "Cargo.toml" "--no-deps", kill_on_drop: false }`
[INFO] started tweaking crates.io crate pink-extension-runtime 0.5.0
[INFO] finished tweaking crates.io crate pink-extension-runtime 0.5.0
[INFO] tweaked toml for crates.io crate pink-extension-runtime 0.5.0 written to /workspace/builds/worker-1-tc2/source/Cargo.toml
[INFO] running `Command { std: CARGO_HOME="/workspace/cargo-home" RUSTUP_HOME="/workspace/rustup-home" "/workspace/cargo-home/bin/cargo" "+nightly-2024-02-05" "generate-lockfile" "--manifest-path" "Cargo.toml", kill_on_drop: false }`
[INFO] [stderr]     Updating crates.io index
[INFO] running `Command { std: CARGO_HOME="/workspace/cargo-home" RUSTUP_HOME="/workspace/rustup-home" "/workspace/cargo-home/bin/cargo" "+nightly-2024-02-05" "fetch" "--manifest-path" "Cargo.toml", kill_on_drop: false }`
[INFO] running `Command { std: "docker" "create" "-v" "/var/lib/crater-agent-workspace/builds/worker-1-tc2/target:/opt/rustwide/target:rw,Z" "-v" "/var/lib/crater-agent-workspace/builds/worker-1-tc2/source:/opt/rustwide/workdir:ro,Z" "-v" "/var/lib/crater-agent-workspace/cargo-home:/opt/rustwide/cargo-home:ro,Z" "-v" "/var/lib/crater-agent-workspace/rustup-home:/opt/rustwide/rustup-home:ro,Z" "-e" "SOURCE_DIR=/opt/rustwide/workdir" "-e" "CARGO_TARGET_DIR=/opt/rustwide/target" "-e" "CARGO_HOME=/opt/rustwide/cargo-home" "-e" "RUSTUP_HOME=/opt/rustwide/rustup-home" "-w" "/opt/rustwide/workdir" "-m" "1610612736" "--user" "0:0" "--network" "none" "ghcr.io/rust-lang/crates-build-env/linux@sha256:2788e3201cd34a07e3172128adcd8b3090168a8e3bcc40d7c032b9dda1df7d1c" "/opt/rustwide/cargo-home/bin/cargo" "+nightly-2024-02-05" "metadata" "--no-deps" "--format-version=1", kill_on_drop: false }`
[INFO] [stdout] a14270cc20affec84517918833cd35f9ae106544214a6043f6a41f54ede8db45
[INFO] running `Command { std: "docker" "start" "-a" "a14270cc20affec84517918833cd35f9ae106544214a6043f6a41f54ede8db45", kill_on_drop: false }`
[INFO] running `Command { std: "docker" "inspect" "a14270cc20affec84517918833cd35f9ae106544214a6043f6a41f54ede8db45", kill_on_drop: false }`
[INFO] running `Command { std: "docker" "rm" "-f" "a14270cc20affec84517918833cd35f9ae106544214a6043f6a41f54ede8db45", kill_on_drop: false }`
[INFO] [stdout] a14270cc20affec84517918833cd35f9ae106544214a6043f6a41f54ede8db45
[INFO] running `Command { std: "docker" "create" "-v" "/var/lib/crater-agent-workspace/builds/worker-1-tc2/target:/opt/rustwide/target:rw,Z" "-v" "/var/lib/crater-agent-workspace/builds/worker-1-tc2/source:/opt/rustwide/workdir:ro,Z" "-v" "/var/lib/crater-agent-workspace/cargo-home:/opt/rustwide/cargo-home:ro,Z" "-v" "/var/lib/crater-agent-workspace/rustup-home:/opt/rustwide/rustup-home:ro,Z" "-e" "SOURCE_DIR=/opt/rustwide/workdir" "-e" "CARGO_TARGET_DIR=/opt/rustwide/target" "-e" "CARGO_INCREMENTAL=0" "-e" "RUST_BACKTRACE=full" "-e" "RUSTFLAGS=--cap-lints=forbid -Dunexpected_cfgs" "-e" "RUSTDOCFLAGS=--cap-lints=forbid" "-e" "CARGO_HOME=/opt/rustwide/cargo-home" "-e" "RUSTUP_HOME=/opt/rustwide/rustup-home" "-w" "/opt/rustwide/workdir" "-m" "1610612736" "--user" "0:0" "--network" "none" "ghcr.io/rust-lang/crates-build-env/linux@sha256:2788e3201cd34a07e3172128adcd8b3090168a8e3bcc40d7c032b9dda1df7d1c" "/opt/rustwide/cargo-home/bin/cargo" "+nightly-2024-02-05" "check" "--frozen" "--all" "--all-targets" "--message-format=json" "-Zcheck-cfg", kill_on_drop: false }`
[INFO] [stdout] a31662a49b6feb5857f4e8f0cebcad3cef861ff9fae276ad05029c845e5eacd6
[INFO] running `Command { std: "docker" "start" "-a" "a31662a49b6feb5857f4e8f0cebcad3cef861ff9fae276ad05029c845e5eacd6", kill_on_drop: false }`
[INFO] [stderr]    Compiling libc v0.2.153
[INFO] [stderr]    Compiling version_check v0.9.4
[INFO] [stderr]    Compiling typenum v1.17.0
[INFO] [stderr]    Compiling equivalent v1.0.1
[INFO] [stderr]    Compiling syn v1.0.109
[INFO] [stderr]    Compiling hashbrown v0.14.3
[INFO] [stderr]    Compiling winnow v0.5.37
[INFO] [stderr]    Compiling syn v2.0.48
[INFO] [stderr]    Compiling toml_datetime v0.6.3
[INFO] [stderr]    Compiling generic-array v0.14.7
[INFO] [stderr]     Checking bytes v1.5.0
[INFO] [stderr]    Compiling indexmap v2.2.2
[INFO] [stderr]    Compiling cc v1.0.83
[INFO] [stderr]    Compiling once_cell v1.19.0
[INFO] [stderr]    Compiling radium v0.7.0
[INFO] [stderr]     Checking smallvec v1.13.1
[INFO] [stderr]     Checking arrayvec v0.7.4
[INFO] [stderr]     Checking subtle v2.4.1
[INFO] [stderr]     Checking memchr v2.7.1
[INFO] [stderr]     Checking byte-slice-cast v1.2.2
[INFO] [stderr]     Checking getrandom v0.2.12
[INFO] [stderr]    Compiling ident_case v1.0.1
[INFO] [stderr]    Compiling fnv v1.0.7
[INFO] [stderr]    Compiling toml_edit v0.20.2
[INFO] [stderr]    Compiling toml_edit v0.19.15
[INFO] [stderr]     Checking pin-project-lite v0.2.13
[INFO] [stderr]    Compiling strsim v0.10.0
[INFO] [stderr]     Checking rand_core v0.6.4
[INFO] [stderr]     Checking tap v1.0.1
[INFO] [stderr]     Checking tinyvec_macros v0.1.1
[INFO] [stderr]     Checking wyz v0.5.1
[INFO] [stderr]     Checking tinyvec v1.6.0
[INFO] [stderr]     Checking funty v2.0.0
[INFO] [stderr]    Compiling serde v1.0.196
[INFO] [stderr]     Checking rand_chacha v0.3.1
[INFO] [stderr]     Checking bitvec v1.0.1
[INFO] [stderr]    Compiling ahash v0.7.7
[INFO] [stderr]     Checking unicode-normalization v0.1.22
[INFO] [stderr]     Checking log v0.4.20
[INFO] [stderr]    Compiling proc-macro-crate v1.3.1
[INFO] [stderr]    Compiling proc-macro-crate v2.0.2
[INFO] [stderr]     Checking rand v0.8.5
[INFO] [stderr]     Checking percent-encoding v2.3.1
[INFO] [stderr]     Checking unicode-bidi v0.3.15
[INFO] [stderr]    Compiling thiserror v1.0.56
[INFO] [stderr]     Checking form_urlencoded v1.2.1
[INFO] [stderr]     Checking block-buffer v0.10.4
[INFO] [stderr]     Checking crypto-common v0.1.6
[INFO] [stderr]     Checking tracing-core v0.1.32
[INFO] [stderr]    Compiling lock_api v0.4.11
[INFO] [stderr]    Compiling parking_lot_core v0.9.9
[INFO] [stderr]    Compiling darling_core v0.14.4
[INFO] [stderr]     Checking hashbrown v0.12.3
[INFO] [stderr]     Checking digest v0.10.7
[INFO] [stderr]    Compiling aho-corasick v1.1.2
[INFO] [stderr]     Checking idna v0.5.0
[INFO] [stderr]     Checking num_cpus v1.16.0
[INFO] [stderr]    Compiling slab v0.4.9
[INFO] [stderr]    Compiling indexmap v1.9.3
[INFO] [stderr]     Checking byteorder v1.5.0
[INFO] [stderr]     Checking futures-sink v0.3.30
[INFO] [stderr]     Checking scopeguard v1.2.0
[INFO] [stderr]     Checking futures-core v0.3.30
[INFO] [stderr]     Checking url v2.5.0
[INFO] [stderr]     Checking cpufeatures v0.2.12
[INFO] [stderr]     Checking futures-channel v0.3.30
[INFO] [stderr]     Checking parking_lot v0.12.1
[INFO] [stderr]    Compiling getrandom v0.1.16
[INFO] [stderr]    Compiling paste v1.0.14
[INFO] [stderr]     Checking futures-task v0.3.30
[INFO] [stderr]     Checking pin-utils v0.1.0
[INFO] [stderr]     Checking futures-io v0.3.30
[INFO] [stderr]     Checking signal-hook-registry v1.4.1
[INFO] [stderr]     Checking mio v0.8.10
[INFO] [stderr]     Checking socket2 v0.5.5
[INFO] [stderr]    Compiling regex-automata v0.4.5
[INFO] [stderr]    Compiling ahash v0.8.7
[INFO] [stderr]    Compiling num-traits v0.2.17
[INFO] [stderr]     Checking keccak v0.1.5
[INFO] [stderr]     Checking static_assertions v1.1.0
[INFO] [stderr]    Compiling serde_derive v1.0.196
[INFO] [stderr]    Compiling thiserror-impl v1.0.56
[INFO] [stderr]    Compiling tracing-attributes v0.1.27
[INFO] [stderr]    Compiling futures-macro v0.3.30
[INFO] [stderr]    Compiling parity-scale-codec-derive v3.6.9
[INFO] [stderr]    Compiling impl-trait-for-tuples v0.2.2
[INFO] [stderr]    Compiling scale-info-derive v2.10.0
[INFO] [stderr]    Compiling derive_more v0.99.17
[INFO] [stderr]    Compiling darling_macro v0.14.4
[INFO] [stderr]     Checking tracing v0.1.40
[INFO] [stderr]    Compiling regex v1.10.3
[INFO] [stderr]    Compiling darling v0.14.4
[INFO] [stderr]    Compiling scale-decode-derive v0.9.0
[INFO] [stderr]    Compiling scale-encode-derive v0.5.0
[INFO] [stderr]     Checking futures-util v0.3.30
[INFO] [stderr]    Compiling tokio-macros v2.2.0
[INFO] [stderr]    Compiling zeroize_derive v1.4.2
[INFO] [stderr]    Compiling ring v0.17.7
[INFO] [stderr]    Compiling anyhow v1.0.79
[INFO] [stderr]     Checking tokio v1.36.0
[INFO] [stderr]    Compiling heck v0.4.1
[INFO] [stderr]     Checking arrayref v0.3.7
[INFO] [stderr]    Compiling cfg-if v1.0.0
[INFO] [stderr]     Checking zerocopy v0.7.32
[INFO] [stderr]    Compiling crc32fast v1.3.2
[INFO] [stderr]     Checking zeroize v1.7.0
[INFO] [stderr]     Checking rand_core v0.5.1
[INFO] [stderr]    Compiling io-lifetimes v1.0.11
[INFO] [stderr]    Compiling target-lexicon v0.12.13
[INFO] [stderr]     Checking stable_deref_trait v1.2.0
[INFO] [stderr]    Compiling crunchy v0.2.2
[INFO] [stderr]    Compiling rustix v0.38.31
[INFO] [stderr]    Compiling itoa v1.0.10
[INFO] [stderr]     Checking fallible-iterator v0.2.0
[INFO] [stderr]    Compiling ryu v1.0.16
[INFO] [stderr]     Checking hashbrown v0.13.2
[INFO] [stderr]     Checking sha2 v0.10.8
[INFO] [stderr]    Compiling secp256k1-sys v0.8.1
[INFO] [stderr]     Checking digest v0.9.0
[INFO] [stderr]     Checking ink_prelude v4.3.0
[INFO] [stderr]    Compiling memoffset v0.8.0
[INFO] [stderr]     Checking bitflags v2.4.2
[INFO] [stderr]     Checking untrusted v0.9.0
[INFO] [stderr]     Checking xxhash-rust v0.8.8
[INFO] [stderr]     Checking parity-scale-codec v3.6.9
[INFO] [stderr]     Checking impl-serde v0.4.0
[INFO] [stderr]     Checking cranelift-entity v0.95.1
[INFO] [stderr]    Compiling rustix v0.36.17
[INFO] [stderr]     Checking linux-raw-sys v0.4.13
[INFO] [stderr]     Checking spin v0.9.8
[INFO] [stderr]    Compiling serde_json v1.0.113
[INFO] [stderr]     Checking gimli v0.27.3
[INFO] [stderr]     Checking wasmparser v0.102.0
[INFO] [stderr]     Checking object v0.30.4
[INFO] [stderr]     Checking scale-info v2.10.0
[INFO] [stderr]     Checking scale-bits v0.4.0
[INFO] [stderr]     Checking scale-encode v0.5.0
[INFO] [stderr]     Checking scale-decode v0.9.0
[INFO] [stderr]     Checking sha3 v0.10.8
[INFO] [stderr]    Compiling wasmtime-runtime v8.0.1
[INFO] [stderr]     Checking generic-array v0.12.4
[INFO] [stderr]    Compiling either v1.9.0
[INFO] [stderr]     Checking linux-raw-sys v0.1.4
[INFO] [stderr]    Compiling cpp_demangle v0.3.5
[INFO] [stderr]     Checking sp-std v8.0.0
[INFO] [stderr]    Compiling Inflector v0.11.4
[INFO] [stderr]     Checking http v0.2.11
[INFO] [stderr]    Compiling itertools v0.10.5
[INFO] [stderr]    Compiling libsecp256k1-core v0.3.0
[INFO] [stderr]     Checking ink_primitives v4.3.0
[INFO] [stderr]     Checking wasmtime-types v8.0.1
[INFO] [stderr]     Checking memfd v0.6.4
[INFO] [stderr]    Compiling blake2 v0.10.6
[INFO] [stderr]     Checking wasmtime-environ v8.0.1
[INFO] [stderr]    Compiling psm v0.1.21
[INFO] [stderr]     Checking wasmtime-jit-debug v8.0.1
[INFO] [stderr]     Checking wasmtime-asm-macros v8.0.1
[INFO] [stderr]    Compiling httparse v1.8.0
[INFO] [stderr]     Checking regex-syntax v0.6.29
[INFO] [stderr]    Compiling rustls v0.21.10
[INFO] [stderr]    Compiling async-trait v0.1.77
[INFO] [stderr]     Checking hex v0.4.3
[INFO] [stderr]    Compiling ref-cast v1.0.22
[INFO] [stderr]     Checking byte-tools v0.3.1
[INFO] [stderr]     Checking block-padding v0.1.5
[INFO] [stderr]    Compiling ink_ir v4.3.0
[INFO] [stderr]    Compiling is-terminal v0.4.10
[INFO] [stderr]     Checking ink_metadata v4.3.0
[INFO] [stderr]     Checking addr2line v0.19.0
[INFO] [stderr]     Checking secp256k1 v0.27.0
[INFO] [stderr]     Checking digest v0.8.1
[INFO] [stderr]     Checking sct v0.7.1
[INFO] [stderr]     Checking rustls-webpki v0.101.7
[INFO] [stderr]     Checking tokio-util v0.7.10
[INFO] [stderr]     Checking regex-automata v0.1.10
[INFO] [stderr]     Checking bincode v1.3.3
[INFO] [stderr]    Compiling ref-cast-impl v1.0.22
[INFO] [stderr]     Checking block-buffer v0.9.0
[INFO] [stderr]     Checking wasmtime-jit-icache-coherence v8.0.1
[INFO] [stderr]    Compiling wasmtime v8.0.1
[INFO] [stderr]    Compiling humantime v2.1.0
[INFO] [stderr]     Checking iana-time-zone v0.1.60
[INFO] [stderr]     Checking opaque-debug v0.3.0
[INFO] [stderr]     Checking try-lock v0.2.5
[INFO] [stderr]     Checking rustc-demangle v0.1.23
[INFO] [stderr]     Checking match_cfg v0.1.0
[INFO] [stderr]     Checking want v0.3.1
[INFO] [stderr]     Checking hostname v0.3.1
[INFO] [stderr]     Checking sha2 v0.9.9
[INFO] [stderr]    Compiling env_logger v0.10.2
[INFO] [stderr]     Checking matchers v0.0.1
[INFO] [stderr]     Checking wasmtime-jit v8.0.1
[INFO] [stderr]     Checking chrono v0.4.33
[INFO] [stderr]     Checking sharded-slab v0.1.7
[INFO] [stderr]     Checking h2 v0.3.24
[INFO] [stderr]     Checking ink_storage_traits v4.3.0
[INFO] [stderr]     Checking ink_engine v4.3.0
[INFO] [stderr]     Checking block-buffer v0.7.3
[INFO] [stderr]    Compiling libsecp256k1-gen-genmult v0.3.0
[INFO] [stderr]    Compiling libsecp256k1-gen-ecmult v0.3.0
[INFO] [stderr]     Checking http-body v0.4.6
[INFO] [stderr]     Checking tracing-serde v0.1.3
[INFO] [stderr]     Checking rand_chacha v0.2.2
[INFO] [stderr]    Compiling enum-as-inner v0.6.0
[INFO] [stderr]    Compiling sp-debug-derive v8.0.0
[INFO] [stderr]     Checking tracing-log v0.1.4
[INFO] [stderr]     Checking idna v0.4.0
[INFO] [stderr]    Compiling secp256k1-sys v0.6.1
[INFO] [stderr]     Checking crypto-mac v0.11.1
[INFO] [stderr]     Checking thread_local v1.1.7
[INFO] [stderr]     Checking ink_allocator v4.3.0
[INFO] [stderr]     Checking ansi_term v0.12.1
[INFO] [stderr]     Checking opaque-debug v0.2.3
[INFO] [stderr]     Checking tower-service v0.3.2
[INFO] [stderr]     Checking linked-hash-map v0.5.6
[INFO] [stderr]    Compiling unicode-xid v0.2.4
[INFO] [stderr]     Checking ipnet v2.9.0
[INFO] [stderr]     Checking data-encoding v2.5.0
[INFO] [stderr]     Checking httpdate v1.0.3
[INFO] [stderr]     Checking fake-simd v0.1.2
[INFO] [stderr]     Checking quick-error v1.2.3
[INFO] [stderr]     Checking rustc-hex v2.1.0
[INFO] [stderr]     Checking sha2 v0.8.2
[INFO] [stderr]     Checking resolv-conf v0.7.0
[INFO] [stderr]     Checking lru-cache v0.1.2
[INFO] [stderr]     Checking fixed-hash v0.8.0
[INFO] [stderr]     Checking tokio-rustls v0.24.1
[INFO] [stderr]    Compiling ss58-registry v1.46.0
[INFO] [stderr]     Checking sp-storage v13.0.0
[INFO] [stderr]     Checking tracing-subscriber v0.2.25
[INFO] [stderr]     Checking trust-dns-proto v0.23.2
[INFO] [stderr]     Checking ink_env v4.3.0
[INFO] [stderr]     Checking rand v0.7.3
[INFO] [stderr]    Compiling ink_codegen v4.3.0
[INFO] [stderr]     Checking hyper v0.14.28
[INFO] [stderr]    Compiling libsecp256k1 v0.7.1
[INFO] [stderr]     Checking curve25519-dalek v2.1.3
[INFO] [stderr]     Checking uint v0.9.5
[INFO] [stderr]     Checking impl-codec v0.6.0
[INFO] [stderr]     Checking merlin v2.0.1
[INFO] [stderr]    Compiling synstructure v0.13.1
[INFO] [stderr]     Checking constant_time_eq v0.3.0
[INFO] [stderr]     Checking environmental v1.1.4
[INFO] [stderr]     Checking array-init v2.1.0
[INFO] [stderr]     Checking arrayvec v0.5.2
[INFO] [stderr]     Checking base64 v0.21.7
[INFO] [stderr]     Checking schnorrkel v0.9.1
[INFO] [stderr]     Checking rustls-pemfile v1.0.4
[INFO] [stderr]     Checking ink_storage v4.3.0
[INFO] [stderr]     Checking tokio-socks v0.5.1
[INFO] [stderr]     Checking sp-externalities v0.19.0
[INFO] [stderr]     Checking blake2b_simd v1.0.2
[INFO] [stderr]     Checking trust-dns-resolver v0.23.2
[INFO] [stderr]     Checking primitive-types v0.12.2
[INFO] [stderr]     Checking sp-tracing v10.0.0
[INFO] [stderr]     Checking hmac v0.11.0
[INFO] [stderr]     Checking hyper-rustls v0.24.2
[INFO] [stderr]     Checking pbkdf2 v0.8.0
[INFO] [stderr]    Compiling sp-runtime-interface-proc-macro v11.0.0
[INFO] [stderr]     Checking serde_urlencoded v0.7.1
[INFO] [stderr]     Checking sp-wasm-interface v14.0.0
[INFO] [stderr]     Checking curve25519-dalek v3.2.0
[INFO] [stderr]     Checking futures-executor v0.3.30
[INFO] [stderr]    Compiling dyn-clonable-impl v0.9.0
[INFO] [stderr]    Compiling num_enum_derive v0.6.1
[INFO] [stderr]     Checking twox-hash v1.6.3
[INFO] [stderr]     Checking pbkdf2 v0.11.0
[INFO] [stderr]     Checking hmac v0.12.1
[INFO] [stderr]     Checking num-format v0.4.4
[INFO] [stderr]    Compiling ring v0.16.20
[INFO] [stderr]     Checking encoding_rs v0.8.33
[INFO] [stderr]    Compiling unzip3 v1.0.0
[INFO] [stderr]    Compiling ink_macro v4.3.0
[INFO] [stderr]     Checking sync_wrapper v0.1.2
[INFO] [stderr]     Checking base64 v0.13.1
[INFO] [stderr]     Checking mime v0.3.17
[INFO] [stderr]     Checking dyn-clone v1.0.16
[INFO] [stderr]     Checking webpki-roots v0.25.4
[INFO] [stderr]     Checking rustc-hash v1.1.0
[INFO] [stderr]     Checking dyn-clonable v0.9.0
[INFO] [stderr]     Checking tiny-bip39 v1.0.0
[INFO] [stderr]    Compiling pink-extension-macro v0.4.4
[INFO] [stderr]     Checking ed25519-zebra v3.1.0
[INFO] [stderr]     Checking sp-core-hashing v9.0.0
[INFO] [stderr]     Checking futures v0.3.30
[INFO] [stderr]     Checking num_enum v0.6.1
[INFO] [stderr]     Checking reqwest v0.11.24
[INFO] [stderr]     Checking secp256k1 v0.24.3
[INFO] [stderr]     Checking substrate-bip39 v0.4.5
[INFO] [stderr]     Checking hash256-std-hasher v0.15.2
[INFO] [stderr]     Checking bounded-collections v0.1.9
[INFO] [stderr]     Checking pink-types v0.1.0
[INFO] [stderr]     Checking secrecy v0.8.0
[INFO] [stderr]     Checking hash-db v0.16.0
[INFO] [stderr]     Checking this-crate v0.1.0
[INFO] [stderr]     Checking spin v0.5.2
[INFO] [stderr]     Checking untrusted v0.7.1
[INFO] [stderr]     Checking bs58 v0.4.0
[INFO] [stderr]     Checking array-bytes v4.2.0
[INFO] [stderr]     Checking hex_fmt v0.3.0
[INFO] [stderr]     Checking reqwest-env-proxy v0.1.0
[INFO] [stderr]     Checking ink v4.3.0
[INFO] [stderr]     Checking pink-extension v0.5.1
[INFO] [stderr]     Checking sp-runtime-interface v17.0.0
[INFO] [stderr]     Checking sp-core v21.0.0
[INFO] [stderr]     Checking pink-extension-runtime v0.5.0 (/opt/rustwide/workdir)
[INFO] [stdout] error[E0046]: not all trait items implemented, missing: `js_eval`
[INFO] [stdout]    --> src/lib.rs:180:1
[INFO] [stdout]     |
[INFO] [stdout] 180 | impl<T: PinkRuntimeEnv, E: From<&'static str>> PinkExtBackend for DefaultPinkExtension<'_, T, E> {
[INFO] [stdout]     | ^^^^^^^^^^^^^^^^^^^^^^^^^^^^^^^^^^^^^^^^^^^^^^^^^^^^^^^^^^^^^^^^^^^^^^^^^^^^^^^^^^^^^^^^^^^^^^^^ missing `js_eval` in implementation
[INFO] [stdout]     |
[INFO] [stdout]     = help: implement the missing item: `fn js_eval(&self, _: Vec<JsCode>, _: Vec<std::string::String>) -> Result<JsValue, <Self as PinkExtBackend>::Error> { todo!() }`
[INFO] [stdout] 
[INFO] [stdout] 
[INFO] [stdout] error[E0046]: not all trait items implemented, missing: `js_eval`
[INFO] [stdout]   --> src/mock_ext.rs:22:1
[INFO] [stdout]    |
[INFO] [stdout] 22 | impl ext::PinkExtBackend for MockExtension {
[INFO] [stdout]    | ^^^^^^^^^^^^^^^^^^^^^^^^^^^^^^^^^^^^^^^^^^ missing `js_eval` in implementation
[INFO] [stdout]    |
[INFO] [stdout]    = help: implement the missing item: `fn js_eval(&self, _: Vec<JsCode>, _: Vec<std::string::String>) -> Result<JsValue, <Self as PinkExtBackend>::Error> { todo!() }`
[INFO] [stdout] 
[INFO] [stdout] 
[INFO] [stdout] error[E0046]: not all trait items implemented, missing: `js_eval`
[INFO] [stdout]    --> src/lib.rs:180:1
[INFO] [stdout]     |
[INFO] [stdout] 180 | impl<T: PinkRuntimeEnv, E: From<&'static str>> PinkExtBackend for DefaultPinkExtension<'_, T, E> {
[INFO] [stdout]     | ^^^^^^^^^^^^^^^^^^^^^^^^^^^^^^^^^^^^^^^^^^^^^^^^^^^^^^^^^^^^^^^^^^^^^^^^^^^^^^^^^^^^^^^^^^^^^^^^ missing `js_eval` in implementation
[INFO] [stdout]     |
[INFO] [stdout]     = help: implement the missing item: `fn js_eval(&self, _: Vec<JsCode>, _: Vec<std::string::String>) -> Result<JsValue, <Self as PinkExtBackend>::Error> { todo!() }`
[INFO] [stdout] 
[INFO] [stdout] 
[INFO] [stdout] error[E0046]: not all trait items implemented, missing: `js_eval`
[INFO] [stdout]   --> src/mock_ext.rs:22:1
[INFO] [stdout]    |
[INFO] [stdout] 22 | impl ext::PinkExtBackend for MockExtension {
[INFO] [stdout]    | ^^^^^^^^^^^^^^^^^^^^^^^^^^^^^^^^^^^^^^^^^^ missing `js_eval` in implementation
[INFO] [stdout]    |
[INFO] [stdout]    = help: implement the missing item: `fn js_eval(&self, _: Vec<JsCode>, _: Vec<std::string::String>) -> Result<JsValue, <Self as PinkExtBackend>::Error> { todo!() }`
[INFO] [stdout] 
[INFO] [stdout] 
[INFO] [stdout] error: aborting due to 2 previous errors
[INFO] [stdout] 
[INFO] [stdout] 
[INFO] [stdout] For more information about this error, try `rustc --explain E0046`.
[INFO] [stdout] 
[INFO] [stderr] error: could not compile `pink-extension-runtime` (lib) due to 3 previous errors
[INFO] [stderr] warning: build failed, waiting for other jobs to finish...
[INFO] [stdout] error: aborting due to 2 previous errors
[INFO] [stdout] 
[INFO] [stdout] 
[INFO] [stdout] For more information about this error, try `rustc --explain E0046`.
[INFO] [stdout] 
[INFO] [stderr] error: could not compile `pink-extension-runtime` (lib test) due to 3 previous errors
[INFO] running `Command { std: "docker" "inspect" "a31662a49b6feb5857f4e8f0cebcad3cef861ff9fae276ad05029c845e5eacd6", kill_on_drop: false }`
[INFO] running `Command { std: "docker" "rm" "-f" "a31662a49b6feb5857f4e8f0cebcad3cef861ff9fae276ad05029c845e5eacd6", kill_on_drop: false }`
[INFO] [stdout] a31662a49b6feb5857f4e8f0cebcad3cef861ff9fae276ad05029c845e5eacd6
