[INFO] fetching crate piecrust 0.13.0...
[INFO] checking piecrust-0.13.0 against nightly-2024-02-05 for check-cfg
[INFO] extracting crate piecrust 0.13.0 into /workspace/builds/worker-3-tc1/source
[INFO] validating manifest of crates.io crate piecrust 0.13.0 on toolchain nightly-2024-02-05
[INFO] running `Command { std: CARGO_HOME="/workspace/cargo-home" RUSTUP_HOME="/workspace/rustup-home" "/workspace/cargo-home/bin/cargo" "+nightly-2024-02-05" "metadata" "--manifest-path" "Cargo.toml" "--no-deps", kill_on_drop: false }`
[INFO] started tweaking crates.io crate piecrust 0.13.0
[INFO] removed 0 missing tests
[INFO] finished tweaking crates.io crate piecrust 0.13.0
[INFO] tweaked toml for crates.io crate piecrust 0.13.0 written to /workspace/builds/worker-3-tc1/source/Cargo.toml
[INFO] running `Command { std: CARGO_HOME="/workspace/cargo-home" RUSTUP_HOME="/workspace/rustup-home" "/workspace/cargo-home/bin/cargo" "+nightly-2024-02-05" "generate-lockfile" "--manifest-path" "Cargo.toml", kill_on_drop: false }`
[INFO] [stderr]     Updating crates.io index
[INFO] running `Command { std: CARGO_HOME="/workspace/cargo-home" RUSTUP_HOME="/workspace/rustup-home" "/workspace/cargo-home/bin/cargo" "+nightly-2024-02-05" "fetch" "--manifest-path" "Cargo.toml", kill_on_drop: false }`
[INFO] [stderr]  Downloading crates ...
[INFO] [stderr]   Downloaded cranelift-codegen-shared v0.101.4
[INFO] [stderr]   Downloaded cranelift-frontend v0.101.4
[INFO] [stderr]   Downloaded cranelift-codegen-meta v0.101.4
[INFO] [stderr]   Downloaded cranelift-bforest v0.101.4
[INFO] [stderr]   Downloaded cranelift-control v0.101.4
[INFO] [stderr]   Downloaded piecrust-uplink v0.8.0
[INFO] [stderr]   Downloaded cranelift-native v0.101.4
[INFO] [stderr]   Downloaded cranelift-entity v0.101.4
[INFO] [stderr]   Downloaded cranelift-isle v0.101.4
[INFO] [stderr]   Downloaded cranelift-codegen v0.101.4
[INFO] [stderr]   Downloaded wasmparser v0.115.0
[INFO] [stderr]   Downloaded cranelift-wasm v0.101.4
[INFO] [stderr]   Downloaded wasm-encoder v0.35.0
[INFO] [stderr]   Downloaded wasmtime-types v14.0.4
[INFO] [stderr]   Downloaded const-decoder v0.3.0
[INFO] [stderr]   Downloaded crumbles v0.3.0
[INFO] [stderr]   Downloaded wasmtime-cranelift-shared v14.0.0
[INFO] [stderr]   Downloaded wasmtime-jit-icache-coherence v14.0.0
[INFO] [stderr]   Downloaded wasmtime-versioned-export-macros v14.0.0
[INFO] [stderr]   Downloaded wasmtime-asm-macros v14.0.0
[INFO] [stderr]   Downloaded wasmtime-jit-debug v14.0.0
[INFO] [stderr]   Downloaded dusk-merkle v0.5.2
[INFO] [stderr]   Downloaded wasmtime-wmemcheck v14.0.0
[INFO] [stderr]   Downloaded dusk-jubjub v0.12.1
[INFO] [stderr]   Downloaded wasmtime-jit v14.0.0
[INFO] [stderr]   Downloaded wasmtime-cranelift v14.0.0
[INFO] [stderr]   Downloaded dusk-plonk v0.14.1
[INFO] [stderr]   Downloaded wasmtime-environ v14.0.0
[INFO] [stderr]   Downloaded wasmtime-runtime v14.0.0
[INFO] [stderr]   Downloaded dusk-bls12_381 v0.11.3
[INFO] [stderr]   Downloaded dusk-wasmtime v14.0.0
[INFO] running `Command { std: "docker" "create" "-v" "/var/lib/crater-agent-workspace/builds/worker-3-tc1/target:/opt/rustwide/target:rw,Z" "-v" "/var/lib/crater-agent-workspace/builds/worker-3-tc1/source:/opt/rustwide/workdir:ro,Z" "-v" "/var/lib/crater-agent-workspace/cargo-home:/opt/rustwide/cargo-home:ro,Z" "-v" "/var/lib/crater-agent-workspace/rustup-home:/opt/rustwide/rustup-home:ro,Z" "-e" "SOURCE_DIR=/opt/rustwide/workdir" "-e" "CARGO_TARGET_DIR=/opt/rustwide/target" "-e" "CARGO_HOME=/opt/rustwide/cargo-home" "-e" "RUSTUP_HOME=/opt/rustwide/rustup-home" "-w" "/opt/rustwide/workdir" "-m" "1610612736" "--user" "0:0" "--network" "none" "ghcr.io/rust-lang/crates-build-env/linux@sha256:2788e3201cd34a07e3172128adcd8b3090168a8e3bcc40d7c032b9dda1df7d1c" "/opt/rustwide/cargo-home/bin/cargo" "+nightly-2024-02-05" "metadata" "--no-deps" "--format-version=1", kill_on_drop: false }`
[INFO] [stdout] 8c6467753de074745b90e978f0578b93551a5286e084f21e3bad8718e71cba19
[INFO] running `Command { std: "docker" "start" "-a" "8c6467753de074745b90e978f0578b93551a5286e084f21e3bad8718e71cba19", kill_on_drop: false }`
[INFO] running `Command { std: "docker" "inspect" "8c6467753de074745b90e978f0578b93551a5286e084f21e3bad8718e71cba19", kill_on_drop: false }`
[INFO] running `Command { std: "docker" "rm" "-f" "8c6467753de074745b90e978f0578b93551a5286e084f21e3bad8718e71cba19", kill_on_drop: false }`
[INFO] [stdout] 8c6467753de074745b90e978f0578b93551a5286e084f21e3bad8718e71cba19
[INFO] running `Command { std: "docker" "create" "-v" "/var/lib/crater-agent-workspace/builds/worker-3-tc1/target:/opt/rustwide/target:rw,Z" "-v" "/var/lib/crater-agent-workspace/builds/worker-3-tc1/source:/opt/rustwide/workdir:ro,Z" "-v" "/var/lib/crater-agent-workspace/cargo-home:/opt/rustwide/cargo-home:ro,Z" "-v" "/var/lib/crater-agent-workspace/rustup-home:/opt/rustwide/rustup-home:ro,Z" "-e" "SOURCE_DIR=/opt/rustwide/workdir" "-e" "CARGO_TARGET_DIR=/opt/rustwide/target" "-e" "CARGO_INCREMENTAL=0" "-e" "RUST_BACKTRACE=full" "-e" "RUSTFLAGS=--cap-lints=forbid" "-e" "RUSTDOCFLAGS=--cap-lints=forbid" "-e" "CARGO_HOME=/opt/rustwide/cargo-home" "-e" "RUSTUP_HOME=/opt/rustwide/rustup-home" "-w" "/opt/rustwide/workdir" "-m" "1610612736" "--user" "0:0" "--network" "none" "ghcr.io/rust-lang/crates-build-env/linux@sha256:2788e3201cd34a07e3172128adcd8b3090168a8e3bcc40d7c032b9dda1df7d1c" "/opt/rustwide/cargo-home/bin/cargo" "+nightly-2024-02-05" "check" "--frozen" "--all" "--all-targets" "--message-format=json", kill_on_drop: false }`
[INFO] [stdout] ef1bb631af976796ac431662e92961f64ee66388af0f83992ddfbb62598c6b6b
[INFO] running `Command { std: "docker" "start" "-a" "ef1bb631af976796ac431662e92961f64ee66388af0f83992ddfbb62598c6b6b", kill_on_drop: false }`
[INFO] [stderr]    Compiling version_check v0.9.4
[INFO] [stderr]    Compiling serde v1.0.196
[INFO] [stderr]     Checking zerocopy v0.7.32
[INFO] [stderr]    Compiling syn v1.0.109
[INFO] [stderr]     Checking equivalent v1.0.1
[INFO] [stderr]    Compiling target-lexicon v0.12.13
[INFO] [stderr]    Compiling semver v1.0.21
[INFO] [stderr]    Compiling cranelift-isle v0.101.4
[INFO] [stderr]    Compiling libc v0.2.153
[INFO] [stderr]     Checking either v1.9.0
[INFO] [stderr]    Compiling crossbeam-utils v0.8.19
[INFO] [stderr]    Compiling cranelift-codegen-shared v0.101.4
[INFO] [stderr]    Compiling bytecheck v0.6.12
[INFO] [stderr]    Compiling syn v2.0.48
[INFO] [stderr]     Checking getrandom v0.2.12
[INFO] [stderr]    Compiling crc32fast v1.3.2
[INFO] [stderr]     Checking simdutf8 v0.1.4
[INFO] [stderr]    Compiling cranelift-codegen-meta v0.101.4
[INFO] [stderr]     Checking rand_core v0.6.4
[INFO] [stderr]    Compiling rayon-core v1.12.1
[INFO] [stderr]     Checking smallvec v1.13.1
[INFO] [stderr]    Compiling ahash v0.8.7
[INFO] [stderr]    Compiling ahash v0.7.7
[INFO] [stderr]    Compiling rend v0.4.2
[INFO] [stderr]     Checking arbitrary v1.3.2
[INFO] [stderr]    Compiling anyhow v1.0.79
[INFO] [stderr]     Checking rustc-hash v1.1.0
[INFO] [stderr]     Checking slice-group-by v0.3.1
[INFO] [stderr]    Compiling rkyv v0.7.44
[INFO] [stderr]    Compiling typenum v1.17.0
[INFO] [stderr]     Checking bumpalo v3.14.0
[INFO] [stderr]    Compiling rustix v0.38.31
[INFO] [stderr]     Checking bitflags v2.4.2
[INFO] [stderr]     Checking crossbeam-epoch v0.9.18
[INFO] [stderr]     Checking hashbrown v0.12.3
[INFO] [stderr]     Checking hashbrown v0.14.3
[INFO] [stderr]     Checking hashbrown v0.13.2
[INFO] [stderr]    Compiling generic-array v0.14.7
[INFO] [stderr]    Compiling serde_json v1.0.113
[INFO] [stderr]     Checking crossbeam-deque v0.8.5
[INFO] [stderr]     Checking linux-raw-sys v0.4.13
[INFO] [stderr]     Checking seahash v4.1.0
[INFO] [stderr]     Checking itertools v0.10.5
[INFO] [stderr]    Compiling cc v1.0.83
[INFO] [stderr]    Compiling memoffset v0.9.0
[INFO] [stderr]     Checking ppv-lite86 v0.2.17
[INFO] [stderr]    Compiling cpp_demangle v0.3.5
[INFO] [stderr]     Checking leb128 v0.2.5
[INFO] [stderr]     Checking cranelift-control v0.101.4
[INFO] [stderr]     Checking wasm-encoder v0.35.0
[INFO] [stderr]     Checking rayon v1.8.1
[INFO] [stderr]    Compiling num-traits v0.2.17
[INFO] [stderr]     Checking wasmtime-asm-macros v14.0.0
[INFO] [stderr]     Checking rand_chacha v0.3.1
[INFO] [stderr]     Checking regalloc2 v0.9.3
[INFO] [stderr]    Compiling indexmap v1.9.3
[INFO] [stderr]     Checking uuid v1.7.0
[INFO] [stderr]     Checking rand v0.8.5
[INFO] [stderr]     Checking sptr v0.3.2
[INFO] [stderr]     Checking wasmtime-wmemcheck v14.0.0
[INFO] [stderr]     Checking debugid v0.8.0
[INFO] [stderr]     Checking fxhash v0.2.1
[INFO] [stderr]     Checking wasmtime-jit-icache-coherence v14.0.0
[INFO] [stderr]     Checking half v2.3.1
[INFO] [stderr]     Checking rustc-demangle v0.1.23
[INFO] [stderr]     Checking plotters-backend v0.3.5
[INFO] [stderr]     Checking ciborium-io v0.2.2
[INFO] [stderr]     Checking subtle v2.5.0
[INFO] [stderr]     Checking regex-syntax v0.8.2
[INFO] [stderr]     Checking os_str_bytes v6.6.1
[INFO] [stderr]     Checking ciborium-ll v0.2.2
[INFO] [stderr]     Checking plotters-svg v0.3.5
[INFO] [stderr]     Checking clap_lex v0.2.4
[INFO] [stderr]     Checking constant_time_eq v0.3.0
[INFO] [stderr]     Checking textwrap v0.16.0
[INFO] [stderr]     Checking crypto-common v0.1.6
[INFO] [stderr]     Checking block-buffer v0.10.4
[INFO] [stderr]     Checking arrayref v0.3.7
[INFO] [stderr]     Checking cpufeatures v0.2.12
[INFO] [stderr]     Checking fastrand v2.0.1
[INFO] [stderr]     Checking keccak v0.1.5
[INFO] [stderr]     Checking digest v0.10.7
[INFO] [stderr]     Checking ahash v0.4.8
[INFO] [stderr]     Checking arrayvec v0.7.4
[INFO] [stderr]     Checking rangemap v1.4.0
[INFO] [stderr]    Compiling blake3 v1.5.0
[INFO] [stderr]     Checking same-file v1.0.6
[INFO] [stderr]     Checking cast v0.3.0
[INFO] [stderr]     Checking hashbrown v0.9.1
[INFO] [stderr]     Checking clap v3.2.25
[INFO] [stderr]     Checking sha2 v0.10.8
[INFO] [stderr]     Checking walkdir v2.4.0
[INFO] [stderr]     Checking miniz_oxide v0.7.2
[INFO] [stderr]     Checking itertools v0.9.0
[INFO] [stderr]     Checking atty v0.2.14
[INFO] [stderr]     Checking crumbles v0.3.0
[INFO] [stderr]     Checking const-decoder v0.3.0
[INFO] [stderr]     Checking criterion-plot v0.5.0
[INFO] [stderr]     Checking oorandom v11.1.3
[INFO] [stderr]     Checking hex v0.4.3
[INFO] [stderr]     Checking anes v0.1.6
[INFO] [stderr]     Checking plotters v0.3.5
[INFO] [stderr]     Checking regex-automata v0.4.5
[INFO] [stderr]    Compiling cranelift-codegen v0.101.4
[INFO] [stderr]    Compiling ptr_meta_derive v0.1.4
[INFO] [stderr]    Compiling bytecheck_derive v0.6.12
[INFO] [stderr]    Compiling rkyv_derive v0.7.44
[INFO] [stderr]    Compiling derive-hex v0.1.2
[INFO] [stderr]     Checking memfd v0.6.4
[INFO] [stderr]     Checking tempfile v3.10.0
[INFO] [stderr]     Checking dusk-bytes v0.1.7
[INFO] [stderr]     Checking ptr_meta v0.1.4
[INFO] [stderr]    Compiling serde_derive v1.0.196
[INFO] [stderr]    Compiling thiserror-impl v1.0.56
[INFO] [stderr]    Compiling wasmtime-versioned-export-macros v14.0.0
[INFO] [stderr]    Compiling zeroize_derive v1.4.2
[INFO] [stderr]    Compiling msgpacker-derive v0.3.1
[INFO] [stderr]     Checking regex v1.10.3
[INFO] [stderr]    Compiling wasmtime-runtime v14.0.0
[INFO] [stderr]     Checking wasmtime-jit-debug v14.0.0
[INFO] [stderr]     Checking zeroize v1.7.0
[INFO] [stderr]     Checking msgpacker v0.4.3
[INFO] [stderr]     Checking merlin v3.0.0
[INFO] [stderr]     Checking thiserror v1.0.56
[INFO] [stderr]     Checking dusk-bls12_381 v0.11.3
[INFO] [stderr]     Checking dusk-merkle v0.5.2
[INFO] [stderr]     Checking piecrust-uplink v0.8.0
[INFO] [stderr]     Checking indexmap v2.2.2
[INFO] [stderr]     Checking cranelift-entity v0.101.4
[INFO] [stderr]     Checking bincode v1.3.3
[INFO] [stderr]     Checking ciborium v0.2.2
[INFO] [stderr]     Checking cranelift-bforest v0.101.4
[INFO] [stderr]     Checking gimli v0.28.1
[INFO] [stderr]     Checking wasmparser v0.115.0
[INFO] [stderr]     Checking object v0.32.2
[INFO] [stderr]     Checking dusk-jubjub v0.12.1
[INFO] [stderr]     Checking fxprof-processed-profile v0.6.0
[INFO] [stderr]     Checking tinytemplate v1.2.1
[INFO] [stderr]     Checking criterion v0.4.0
[INFO] [stderr]     Checking dusk-plonk v0.14.1
[INFO] [stderr]     Checking addr2line v0.21.0
[INFO] [stderr]     Checking wasmtime-types v14.0.4
[INFO] [stderr]     Checking wasmtime-environ v14.0.0
[INFO] [stderr]     Checking wasmtime-jit v14.0.0
[INFO] [stderr]     Checking cranelift-frontend v0.101.4
[INFO] [stderr]     Checking cranelift-native v0.101.4
[INFO] [stderr]     Checking wasmtime-cranelift-shared v14.0.0
[INFO] [stderr]     Checking cranelift-wasm v0.101.4
[INFO] [stderr]     Checking wasmtime-cranelift v14.0.0
[INFO] [stderr]     Checking dusk-wasmtime v14.0.0
[INFO] [stderr]     Checking piecrust v0.13.0 (/opt/rustwide/workdir)
[INFO] [stdout] error: couldn't read tests/../../target/stripped/feeder.wasm: No such file or directory (os error 2)
[INFO] [stdout]   --> tests/feeder.rs:21:9
[INFO] [stdout]    |
[INFO] [stdout] 21 |         contract_bytecode!("feeder"),
[INFO] [stdout]    |         ^^^^^^^^^^^^^^^^^^^^^^^^^^^^
[INFO] [stdout]    |
[INFO] [stdout]    = note: this error originates in the macro `include_bytes` which comes from the expansion of the macro `contract_bytecode` (in Nightly builds, run with -Z macro-backtrace for more info)
[INFO] [stdout] 
[INFO] [stdout] 
[INFO] [stdout] error: couldn't read tests/../../target/stripped/feeder.wasm: No such file or directory (os error 2)
[INFO] [stdout]   --> tests/feeder.rs:59:9
[INFO] [stdout]    |
[INFO] [stdout] 59 |         contract_bytecode!("feeder"),
[INFO] [stdout]    |         ^^^^^^^^^^^^^^^^^^^^^^^^^^^^
[INFO] [stdout]    |
[INFO] [stdout]    = note: this error originates in the macro `include_bytes` which comes from the expansion of the macro `contract_bytecode` (in Nightly builds, run with -Z macro-backtrace for more info)
[INFO] [stdout] 
[INFO] [stdout] 
[INFO] [stdout] error: couldn't read tests/../../target/stripped/everest.wasm: No such file or directory (os error 2)
[INFO] [stdout]   --> tests/everest.rs:21:9
[INFO] [stdout]    |
[INFO] [stdout] 21 |         contract_bytecode!("everest"),
[INFO] [stdout]    |         ^^^^^^^^^^^^^^^^^^^^^^^^^^^^^
[INFO] [stdout]    |
[INFO] [stdout]    = note: this error originates in the macro `include_bytes` which comes from the expansion of the macro `contract_bytecode` (in Nightly builds, run with -Z macro-backtrace for more info)
[INFO] [stdout] 
[INFO] [stdout] 
[INFO] [stdout] error: couldn't read tests/../../target/stripped/box.wasm: No such file or directory (os error 2)
[INFO] [stdout]   --> tests/box.rs:20:9
[INFO] [stdout]    |
[INFO] [stdout] 20 |         contract_bytecode!("box"),
[INFO] [stdout]    |         ^^^^^^^^^^^^^^^^^^^^^^^^^
[INFO] [stdout]    |
[INFO] [stdout]    = note: this error originates in the macro `include_bytes` which comes from the expansion of the macro `contract_bytecode` (in Nightly builds, run with -Z macro-backtrace for more info)
[INFO] [stdout] 
[INFO] [stdout] 
[INFO] [stdout] error: couldn't read benches/../../target/stripped/stack.wasm: No such file or directory (os error 2)
[INFO] [stdout]   --> benches/stack.rs:20:17
[INFO] [stdout]    |
[INFO] [stdout] 20 |         .deploy(contract_bytecode!("stack"))
[INFO] [stdout]    |                 ^^^^^^^^^^^^^^^^^^^^^^^^^^^
[INFO] [stdout]    |
[INFO] [stdout]    = note: this error originates in the macro `include_bytes` which comes from the expansion of the macro `contract_bytecode` (in Nightly builds, run with -Z macro-backtrace for more info)
[INFO] [stdout] 
[INFO] [stdout] 
[INFO] [stdout] error: couldn't read tests/../../target/stripped/everest.wasm: No such file or directory (os error 2)
[INFO] [stdout]   --> tests/everest.rs:37:9
[INFO] [stdout]    |
[INFO] [stdout] 37 |         contract_bytecode!("everest"),
[INFO] [stdout]    |         ^^^^^^^^^^^^^^^^^^^^^^^^^^^^^
[INFO] [stdout]    |
[INFO] [stdout]    = note: this error originates in the macro `include_bytes` which comes from the expansion of the macro `contract_bytecode` (in Nightly builds, run with -Z macro-backtrace for more info)
[INFO] [stdout] 
[INFO] [stdout] 
[INFO] [stdout] error: couldn't read benches/../../target/stripped/stack.wasm: No such file or directory (os error 2)
[INFO] [stdout]   --> benches/stack.rs:38:17
[INFO] [stdout]    |
[INFO] [stdout] 38 |         .deploy(contract_bytecode!("stack"))
[INFO] [stdout]    |                 ^^^^^^^^^^^^^^^^^^^^^^^^^^^
[INFO] [stdout]    |
[INFO] [stdout]    = note: this error originates in the macro `include_bytes` which comes from the expansion of the macro `contract_bytecode` (in Nightly builds, run with -Z macro-backtrace for more info)
[INFO] [stdout] 
[INFO] [stdout] 
[INFO] [stdout] error: couldn't read tests/../../target/stripped/box.wasm: No such file or directory (os error 2)
[INFO] [stdout]   --> tests/box.rs:45:9
[INFO] [stdout]    |
[INFO] [stdout] 45 |         contract_bytecode!("box"),
[INFO] [stdout]    |         ^^^^^^^^^^^^^^^^^^^^^^^^^
[INFO] [stdout]    |
[INFO] [stdout]    = note: this error originates in the macro `include_bytes` which comes from the expansion of the macro `contract_bytecode` (in Nightly builds, run with -Z macro-backtrace for more info)
[INFO] [stdout] 
[INFO] [stdout] 
[INFO] [stdout] error: couldn't read tests/../../target/stripped/c-example.wasm: No such file or directory (os error 2)
[INFO] [stdout]   --> tests/validation.rs:19:9
[INFO] [stdout]    |
[INFO] [stdout] 19 |         contract_bytecode!("c-example"),
[INFO] [stdout]    |         ^^^^^^^^^^^^^^^^^^^^^^^^^^^^^^^
[INFO] [stdout]    |
[INFO] [stdout]    = note: this error originates in the macro `include_bytes` which comes from the expansion of the macro `contract_bytecode` (in Nightly builds, run with -Z macro-backtrace for more info)
[INFO] [stdout] 
[INFO] [stdout] 
[INFO] [stdout] error: couldn't read tests/../../target/stripped/invalid.wasm: No such file or directory (os error 2)
[INFO] [stdout]   --> tests/validation.rs:39:13
[INFO] [stdout]    |
[INFO] [stdout] 39 |             contract_bytecode!("invalid"),
[INFO] [stdout]    |             ^^^^^^^^^^^^^^^^^^^^^^^^^^^^^
[INFO] [stdout]    |
[INFO] [stdout]    = note: this error originates in the macro `include_bytes` which comes from the expansion of the macro `contract_bytecode` (in Nightly builds, run with -Z macro-backtrace for more info)
[INFO] [stdout] 
[INFO] [stdout] 
[INFO] [stdout] error: couldn't read tests/../../target/stripped/counter.wasm: No such file or directory (os error 2)
[INFO] [stdout]   --> tests/root.rs:19:9
[INFO] [stdout]    |
[INFO] [stdout] 19 |         contract_bytecode!("counter"),
[INFO] [stdout]    |         ^^^^^^^^^^^^^^^^^^^^^^^^^^^^^
[INFO] [stdout]    |
[INFO] [stdout]    = note: this error originates in the macro `include_bytes` which comes from the expansion of the macro `contract_bytecode` (in Nightly builds, run with -Z macro-backtrace for more info)
[INFO] [stdout] 
[INFO] [stdout] 
[INFO] [stdout] error: couldn't read tests/../../target/stripped/box.wasm: No such file or directory (os error 2)
[INFO] [stdout]   --> tests/root.rs:36:9
[INFO] [stdout]    |
[INFO] [stdout] 36 |         contract_bytecode!("box"),
[INFO] [stdout]    |         ^^^^^^^^^^^^^^^^^^^^^^^^^
[INFO] [stdout]    |
[INFO] [stdout]    = note: this error originates in the macro `include_bytes` which comes from the expansion of the macro `contract_bytecode` (in Nightly builds, run with -Z macro-backtrace for more info)
[INFO] [stdout] 
[INFO] [stdout] 
[INFO] [stdout] error: couldn't read tests/../../target/stripped/vector.wasm: No such file or directory (os error 2)
[INFO] [stdout]   --> tests/vector.rs:19:9
[INFO] [stdout]    |
[INFO] [stdout] 19 |         contract_bytecode!("vector"),
[INFO] [stdout]    |         ^^^^^^^^^^^^^^^^^^^^^^^^^^^^
[INFO] [stdout]    |
[INFO] [stdout]    = note: this error originates in the macro `include_bytes` which comes from the expansion of the macro `contract_bytecode` (in Nightly builds, run with -Z macro-backtrace for more info)
[INFO] [stdout] 
[INFO] [stdout] 
[INFO] [stdout] error: couldn't read tests/../../target/stripped/counter.wasm: No such file or directory (os error 2)
[INFO] [stdout]   --> tests/root.rs:68:9
[INFO] [stdout]    |
[INFO] [stdout] 68 |         contract_bytecode!("counter"),
[INFO] [stdout]    |         ^^^^^^^^^^^^^^^^^^^^^^^^^^^^^
[INFO] [stdout]    |
[INFO] [stdout]    = note: this error originates in the macro `include_bytes` which comes from the expansion of the macro `contract_bytecode` (in Nightly builds, run with -Z macro-backtrace for more info)
[INFO] [stdout] 
[INFO] [stdout] 
[INFO] [stdout] error: couldn't read tests/../../target/stripped/counter.wasm: No such file or directory (os error 2)
[INFO] [stdout]   --> tests/commit.rs:23:13
[INFO] [stdout]    |
[INFO] [stdout] 23 |             contract_bytecode!("counter"),
[INFO] [stdout]    |             ^^^^^^^^^^^^^^^^^^^^^^^^^^^^^
[INFO] [stdout]    |
[INFO] [stdout]    = note: this error originates in the macro `include_bytes` which comes from the expansion of the macro `contract_bytecode` (in Nightly builds, run with -Z macro-backtrace for more info)
[INFO] [stdout] 
[INFO] [stdout] 
[INFO] [stdout] error: couldn't read tests/../../target/stripped/counter.wasm: No such file or directory (os error 2)
[INFO] [stdout]   --> tests/commit.rs:46:9
[INFO] [stdout]    |
[INFO] [stdout] 46 |         contract_bytecode!("counter"),
[INFO] [stdout]    |         ^^^^^^^^^^^^^^^^^^^^^^^^^^^^^
[INFO] [stdout]    |
[INFO] [stdout]    = note: this error originates in the macro `include_bytes` which comes from the expansion of the macro `contract_bytecode` (in Nightly builds, run with -Z macro-backtrace for more info)
[INFO] [stdout] 
[INFO] [stdout] 
[INFO] [stdout] error: couldn't read tests/../../target/stripped/stack.wasm: No such file or directory (os error 2)
[INFO] [stdout]   --> tests/stack.rs:19:9
[INFO] [stdout]    |
[INFO] [stdout] 19 |         contract_bytecode!("stack"),
[INFO] [stdout]    |         ^^^^^^^^^^^^^^^^^^^^^^^^^^^
[INFO] [stdout]    |
[INFO] [stdout]    = note: this error originates in the macro `include_bytes` which comes from the expansion of the macro `contract_bytecode` (in Nightly builds, run with -Z macro-backtrace for more info)
[INFO] [stdout] 
[INFO] [stdout] 
[INFO] [stdout] error: couldn't read tests/../../target/stripped/counter.wasm: No such file or directory (os error 2)
[INFO] [stdout]   --> tests/commit.rs:78:9
[INFO] [stdout]    |
[INFO] [stdout] 78 |         contract_bytecode!("counter"),
[INFO] [stdout]    |         ^^^^^^^^^^^^^^^^^^^^^^^^^^^^^
[INFO] [stdout]    |
[INFO] [stdout]    = note: this error originates in the macro `include_bytes` which comes from the expansion of the macro `contract_bytecode` (in Nightly builds, run with -Z macro-backtrace for more info)
[INFO] [stdout] 
[INFO] [stdout] 
[INFO] [stdout] error: couldn't read tests/../../target/stripped/stack.wasm: No such file or directory (os error 2)
[INFO] [stdout]   --> tests/stack.rs:47:9
[INFO] [stdout]    |
[INFO] [stdout] 47 |         contract_bytecode!("stack"),
[INFO] [stdout]    |         ^^^^^^^^^^^^^^^^^^^^^^^^^^^
[INFO] [stdout]    |
[INFO] [stdout]    = note: this error originates in the macro `include_bytes` which comes from the expansion of the macro `contract_bytecode` (in Nightly builds, run with -Z macro-backtrace for more info)
[INFO] [stdout] 
[INFO] [stdout] 
[INFO] [stdout] error: couldn't read tests/../../target/stripped/counter.wasm: No such file or directory (os error 2)
[INFO] [stdout]    --> tests/commit.rs:127:9
[INFO] [stdout]     |
[INFO] [stdout] 127 |         contract_bytecode!("counter"),
[INFO] [stdout]     |         ^^^^^^^^^^^^^^^^^^^^^^^^^^^^^
[INFO] [stdout]     |
[INFO] [stdout]     = note: this error originates in the macro `include_bytes` which comes from the expansion of the macro `contract_bytecode` (in Nightly builds, run with -Z macro-backtrace for more info)
[INFO] [stdout] 
[INFO] [stdout] 
[INFO] [stdout] error: couldn't read tests/../../target/stripped/box.wasm: No such file or directory (os error 2)
[INFO] [stdout]    --> tests/commit.rs:132:9
[INFO] [stdout]     |
[INFO] [stdout] 132 |         contract_bytecode!("box"),
[INFO] [stdout]     |         ^^^^^^^^^^^^^^^^^^^^^^^^^
[INFO] [stdout]     |
[INFO] [stdout]     = note: this error originates in the macro `include_bytes` which comes from the expansion of the macro `contract_bytecode` (in Nightly builds, run with -Z macro-backtrace for more info)
[INFO] [stdout] 
[INFO] [stdout] 
[INFO] [stdout] error: couldn't read tests/../../target/stripped/fibonacci.wasm: No such file or directory (os error 2)
[INFO] [stdout]   --> tests/fibonacci.rs:19:9
[INFO] [stdout]    |
[INFO] [stdout] 19 |         contract_bytecode!("fibonacci"),
[INFO] [stdout]    |         ^^^^^^^^^^^^^^^^^^^^^^^^^^^^^^^
[INFO] [stdout]    |
[INFO] [stdout]    = note: this error originates in the macro `include_bytes` which comes from the expansion of the macro `contract_bytecode` (in Nightly builds, run with -Z macro-backtrace for more info)
[INFO] [stdout] 
[INFO] [stdout] 
[INFO] [stdout] error: couldn't read tests/../../target/stripped/counter.wasm: No such file or directory (os error 2)
[INFO] [stdout]    --> tests/commit.rs:192:9
[INFO] [stdout]     |
[INFO] [stdout] 192 |         contract_bytecode!("counter"),
[INFO] [stdout]     |         ^^^^^^^^^^^^^^^^^^^^^^^^^^^^^
[INFO] [stdout]     |
[INFO] [stdout]     = note: this error originates in the macro `include_bytes` which comes from the expansion of the macro `contract_bytecode` (in Nightly builds, run with -Z macro-backtrace for more info)
[INFO] [stdout] 
[INFO] [stdout] 
[INFO] [stdout] error: couldn't read tests/../../target/stripped/counter.wasm: No such file or directory (os error 2)
[INFO] [stdout]    --> tests/commit.rs:252:9
[INFO] [stdout]     |
[INFO] [stdout] 252 |         contract_bytecode!("counter"),
[INFO] [stdout]     |         ^^^^^^^^^^^^^^^^^^^^^^^^^^^^^
[INFO] [stdout]     |
[INFO] [stdout]     = note: this error originates in the macro `include_bytes` which comes from the expansion of the macro `contract_bytecode` (in Nightly builds, run with -Z macro-backtrace for more info)
[INFO] [stdout] 
[INFO] [stdout] 
[INFO] [stdout] error: couldn't read tests/../../target/stripped/everest.wasm: No such file or directory (os error 2)
[INFO] [stdout]    --> tests/commit.rs:346:9
[INFO] [stdout]     |
[INFO] [stdout] 346 |         contract_bytecode!("everest"),
[INFO] [stdout]     |         ^^^^^^^^^^^^^^^^^^^^^^^^^^^^^
[INFO] [stdout]     |
[INFO] [stdout]     = note: this error originates in the macro `include_bytes` which comes from the expansion of the macro `contract_bytecode` (in Nightly builds, run with -Z macro-backtrace for more info)
[INFO] [stdout] 
[INFO] [stdout] 
[INFO] [stdout] error: couldn't read tests/../../target/stripped/counter.wasm: No such file or directory (os error 2)
[INFO] [stdout]   --> tests/persistence.rs:23:13
[INFO] [stdout]    |
[INFO] [stdout] 23 |             contract_bytecode!("counter"),
[INFO] [stdout]    |             ^^^^^^^^^^^^^^^^^^^^^^^^^^^^^
[INFO] [stdout]    |
[INFO] [stdout]    = note: this error originates in the macro `include_bytes` which comes from the expansion of the macro `contract_bytecode` (in Nightly builds, run with -Z macro-backtrace for more info)
[INFO] [stdout] 
[INFO] [stdout] 
[INFO] [stdout] error: couldn't read tests/../../target/stripped/box.wasm: No such file or directory (os error 2)
[INFO] [stdout]   --> tests/persistence.rs:28:13
[INFO] [stdout]    |
[INFO] [stdout] 28 |             contract_bytecode!("box"),
[INFO] [stdout]    |             ^^^^^^^^^^^^^^^^^^^^^^^^^
[INFO] [stdout]    |
[INFO] [stdout]    = note: this error originates in the macro `include_bytes` which comes from the expansion of the macro `contract_bytecode` (in Nightly builds, run with -Z macro-backtrace for more info)
[INFO] [stdout] 
[INFO] [stdout] 
[INFO] [stdout] error: couldn't read tests/../../target/stripped/counter.wasm: No such file or directory (os error 2)
[INFO] [stdout]    --> tests/persistence.rs:108:9
[INFO] [stdout]     |
[INFO] [stdout] 108 |         contract_bytecode!("counter"),
[INFO] [stdout]     |         ^^^^^^^^^^^^^^^^^^^^^^^^^^^^^
[INFO] [stdout]     |
[INFO] [stdout]     = note: this error originates in the macro `include_bytes` which comes from the expansion of the macro `contract_bytecode` (in Nightly builds, run with -Z macro-backtrace for more info)
[INFO] [stdout] 
[INFO] [stdout] 
[INFO] [stdout] error: couldn't read tests/../../target/stripped/box.wasm: No such file or directory (os error 2)
[INFO] [stdout]    --> tests/persistence.rs:113:9
[INFO] [stdout]     |
[INFO] [stdout] 113 |         contract_bytecode!("box"),
[INFO] [stdout]     |         ^^^^^^^^^^^^^^^^^^^^^^^^^
[INFO] [stdout]     |
[INFO] [stdout]     = note: this error originates in the macro `include_bytes` which comes from the expansion of the macro `contract_bytecode` (in Nightly builds, run with -Z macro-backtrace for more info)
[INFO] [stdout] 
[INFO] [stdout] 
[INFO] [stdout] error: aborting due to 2 previous errors
[INFO] [stdout] 
[INFO] [stdout] 
[INFO] [stdout] error: aborting due to 2 previous errors
[INFO] [stdout] 
[INFO] [stdout] 
[INFO] [stdout] error: aborting due to 2 previous errors
[INFO] [stdout] 
[INFO] [stdout] 
[INFO] [stdout] error: couldn't read tests/../../target/stripped/host.wasm: No such file or directory (os error 2)
[INFO] [stdout]   --> tests/host.rs:75:9
[INFO] [stdout]    |
[INFO] [stdout] 75 |         contract_bytecode!("host"),
[INFO] [stdout]    |         ^^^^^^^^^^^^^^^^^^^^^^^^^^
[INFO] [stdout]    |
[INFO] [stdout]    = note: this error originates in the macro `include_bytes` which comes from the expansion of the macro `contract_bytecode` (in Nightly builds, run with -Z macro-backtrace for more info)
[INFO] [stdout] 
[INFO] [stdout] 
[INFO] [stderr] error: could not compile `piecrust` (test "feeder") due to 3 previous errors
[INFO] [stdout] error: couldn't read tests/../../target/stripped/host.wasm: No such file or directory (os error 2)
[INFO] [stdout]    --> tests/host.rs:145:9
[INFO] [stdout]     |
[INFO] [stdout] 145 |         contract_bytecode!("host"),
[INFO] [stdout]     |         ^^^^^^^^^^^^^^^^^^^^^^^^^^
[INFO] [stdout]     |
[INFO] [stdout]     = note: this error originates in the macro `include_bytes` which comes from the expansion of the macro `contract_bytecode` (in Nightly builds, run with -Z macro-backtrace for more info)
[INFO] [stdout] 
[INFO] [stdout] 
[INFO] [stderr] warning: build failed, waiting for other jobs to finish...
[INFO] [stderr] error: could not compile `piecrust` (test "validation") due to 3 previous errors
[INFO] [stdout] error: aborting due to 1 previous error
[INFO] [stdout] 
[INFO] [stdout] 
[INFO] [stderr] error: could not compile `piecrust` (test "everest") due to 3 previous errors
[INFO] [stdout] error: aborting due to 2 previous errors
[INFO] [stdout] 
[INFO] [stdout] 
[INFO] [stdout] error: aborting due to 3 previous errors
[INFO] [stdout] 
[INFO] [stdout] 
[INFO] [stdout] error: couldn't read tests/../../target/stripped/eventer.wasm: No such file or directory (os error 2)
[INFO] [stdout]   --> tests/eventer.rs:19:9
[INFO] [stdout]    |
[INFO] [stdout] 19 |         contract_bytecode!("eventer"),
[INFO] [stdout]    |         ^^^^^^^^^^^^^^^^^^^^^^^^^^^^^
[INFO] [stdout]    |
[INFO] [stdout]    = note: this error originates in the macro `include_bytes` which comes from the expansion of the macro `contract_bytecode` (in Nightly builds, run with -Z macro-backtrace for more info)
[INFO] [stdout] 
[INFO] [stdout] 
[INFO] [stdout] error: couldn't read tests/../../target/stripped/grower.wasm: No such file or directory (os error 2)
[INFO] [stdout]   --> tests/growth.rs:20:9
[INFO] [stdout]    |
[INFO] [stdout] 20 |         contract_bytecode!("grower"),
[INFO] [stdout]    |         ^^^^^^^^^^^^^^^^^^^^^^^^^^^^
[INFO] [stdout]    |
[INFO] [stdout]    = note: this error originates in the macro `include_bytes` which comes from the expansion of the macro `contract_bytecode` (in Nightly builds, run with -Z macro-backtrace for more info)
[INFO] [stdout] 
[INFO] [stdout] 
[INFO] [stdout] error: couldn't read tests/../../target/stripped/grower.wasm: No such file or directory (os error 2)
[INFO] [stdout]   --> tests/growth.rs:63:9
[INFO] [stdout]    |
[INFO] [stdout] 63 |         contract_bytecode!("grower"),
[INFO] [stdout]    |         ^^^^^^^^^^^^^^^^^^^^^^^^^^^^
[INFO] [stdout]    |
[INFO] [stdout]    = note: this error originates in the macro `include_bytes` which comes from the expansion of the macro `contract_bytecode` (in Nightly builds, run with -Z macro-backtrace for more info)
[INFO] [stdout] 
[INFO] [stdout] 
[INFO] [stdout] error: couldn't read tests/../../target/stripped/grower.wasm: No such file or directory (os error 2)
[INFO] [stdout]   --> tests/growth.rs:68:9
[INFO] [stdout]    |
[INFO] [stdout] 68 |         contract_bytecode!("grower"),
[INFO] [stdout]    |         ^^^^^^^^^^^^^^^^^^^^^^^^^^^^
[INFO] [stdout]    |
[INFO] [stdout]    = note: this error originates in the macro `include_bytes` which comes from the expansion of the macro `contract_bytecode` (in Nightly builds, run with -Z macro-backtrace for more info)
[INFO] [stdout] 
[INFO] [stdout] 
[INFO] [stderr] error: could not compile `piecrust` (test "vector") due to 2 previous errors
[INFO] [stdout] error: aborting due to 1 previous error
[INFO] [stdout] 
[INFO] [stdout] 
[INFO] [stderr] error: could not compile `piecrust` (test "box") due to 3 previous errors
[INFO] [stderr] error: could not compile `piecrust` (test "root") due to 4 previous errors
[INFO] [stdout] error: aborting due to 2 previous errors
[INFO] [stdout] 
[INFO] [stdout] 
[INFO] [stderr] error: could not compile `piecrust` (test "fibonacci") due to 2 previous errors
[INFO] [stdout] error: couldn't read tests/../../target/stripped/metadata.wasm: No such file or directory (os error 2)
[INFO] [stdout]   --> tests/metadata.rs:21:9
[INFO] [stdout]    |
[INFO] [stdout] 21 |         contract_bytecode!("metadata"),
[INFO] [stdout]    |         ^^^^^^^^^^^^^^^^^^^^^^^^^^^^^^
[INFO] [stdout]    |
[INFO] [stdout]    = note: this error originates in the macro `include_bytes` which comes from the expansion of the macro `contract_bytecode` (in Nightly builds, run with -Z macro-backtrace for more info)
[INFO] [stdout] 
[INFO] [stdout] 
[INFO] [stderr] error: could not compile `piecrust` (test "stack") due to 3 previous errors
[INFO] [stdout] error: aborting due to 4 previous errors
[INFO] [stdout] 
[INFO] [stdout] 
[INFO] [stdout] error: aborting due to 1 previous error
[INFO] [stdout] 
[INFO] [stdout] 
[INFO] [stderr] error: could not compile `piecrust` (test "persistence") due to 5 previous errors
[INFO] [stdout] error: couldn't read tests/../../target/stripped/counter.wasm: No such file or directory (os error 2)
[INFO] [stdout]   --> tests/counter.rs:19:9
[INFO] [stdout]    |
[INFO] [stdout] 19 |         contract_bytecode!("counter"),
[INFO] [stdout]    |         ^^^^^^^^^^^^^^^^^^^^^^^^^^^^^
[INFO] [stdout]    |
[INFO] [stdout]    = note: this error originates in the macro `include_bytes` which comes from the expansion of the macro `contract_bytecode` (in Nightly builds, run with -Z macro-backtrace for more info)
[INFO] [stdout] 
[INFO] [stdout] 
[INFO] [stdout] error: couldn't read tests/../../target/stripped/counter.wasm: No such file or directory (os error 2)
[INFO] [stdout]   --> tests/counter.rs:39:9
[INFO] [stdout]    |
[INFO] [stdout] 39 |         contract_bytecode!("counter"),
[INFO] [stdout]    |         ^^^^^^^^^^^^^^^^^^^^^^^^^^^^^
[INFO] [stdout]    |
[INFO] [stdout]    = note: this error originates in the macro `include_bytes` which comes from the expansion of the macro `contract_bytecode` (in Nightly builds, run with -Z macro-backtrace for more info)
[INFO] [stdout] 
[INFO] [stdout] 
[INFO] [stdout] error: couldn't read tests/../../target/stripped/counter.wasm: No such file or directory (os error 2)
[INFO] [stdout]   --> tests/counter.rs:66:9
[INFO] [stdout]    |
[INFO] [stdout] 66 |         contract_bytecode!("counter"),
[INFO] [stdout]    |         ^^^^^^^^^^^^^^^^^^^^^^^^^^^^^
[INFO] [stdout]    |
[INFO] [stdout]    = note: this error originates in the macro `include_bytes` which comes from the expansion of the macro `contract_bytecode` (in Nightly builds, run with -Z macro-backtrace for more info)
[INFO] [stdout] 
[INFO] [stdout] 
[INFO] [stdout] error: couldn't read tests/../../target/stripped/c-example.wasm: No such file or directory (os error 2)
[INFO] [stdout]   --> tests/counter.rs:71:9
[INFO] [stdout]    |
[INFO] [stdout] 71 |         contract_bytecode!("c-example"),
[INFO] [stdout]    |         ^^^^^^^^^^^^^^^^^^^^^^^^^^^^^^^
[INFO] [stdout]    |
[INFO] [stdout]    = note: this error originates in the macro `include_bytes` which comes from the expansion of the macro `contract_bytecode` (in Nightly builds, run with -Z macro-backtrace for more info)
[INFO] [stdout] 
[INFO] [stdout] 
[INFO] [stdout] error: couldn't read tests/../../target/stripped/fallible_counter.wasm: No such file or directory (os error 2)
[INFO] [stdout]   --> tests/counter.rs:98:9
[INFO] [stdout]    |
[INFO] [stdout] 98 |         contract_bytecode!("fallible_counter"),
[INFO] [stdout]    |         ^^^^^^^^^^^^^^^^^^^^^^^^^^^^^^^^^^^^^^
[INFO] [stdout]    |
[INFO] [stdout]    = note: this error originates in the macro `include_bytes` which comes from the expansion of the macro `contract_bytecode` (in Nightly builds, run with -Z macro-backtrace for more info)
[INFO] [stdout] 
[INFO] [stdout] 
[INFO] [stderr] error: could not compile `piecrust` (test "eventer") due to 2 previous errors
[INFO] [stdout] error: aborting due to 1 previous error
[INFO] [stdout] 
[INFO] [stdout] 
[INFO] [stderr] error: could not compile `piecrust` (test "metadata") due to 2 previous errors
[INFO] [stdout] error: aborting due to 8 previous errors
[INFO] [stdout] 
[INFO] [stdout] 
[INFO] [stderr] error: could not compile `piecrust` (test "commit") due to 9 previous errors
[INFO] [stdout] error: aborting due to 3 previous errors
[INFO] [stdout] 
[INFO] [stdout] 
[INFO] [stdout] error: aborting due to 5 previous errors
[INFO] [stdout] 
[INFO] [stdout] 
[INFO] [stderr] error: could not compile `piecrust` (test "growth") due to 4 previous errors
[INFO] [stdout] error[E0599]: no method named `deploy` found for struct `VM` in the current scope
[INFO] [stdout]   --> benches/stack.rs:20:10
[INFO] [stdout]    |
[INFO] [stdout] 19 |       let id = vm
[INFO] [stdout]    |  ______________-
[INFO] [stdout] 20 | |         .deploy(contract_bytecode!("stack"))
[INFO] [stdout]    | |         -^^^^^^ method not found in `VM`
[INFO] [stdout]    | |_________|
[INFO] [stdout]    | 
[INFO] [stdout] 
[INFO] [stdout] 
[INFO] [stdout] error: aborting due to 2 previous errors
[INFO] [stdout] 
[INFO] [stdout] 
[INFO] [stderr] error: could not compile `piecrust` (test "counter") due to 6 previous errors
[INFO] [stdout] error[E0061]: this method takes 1 argument but 0 arguments were supplied
[INFO] [stdout]    --> benches/stack.rs:23:26
[INFO] [stdout]     |
[INFO] [stdout] 23  |     let mut session = vm.session();
[INFO] [stdout]     |                          ^^^^^^^-- an argument is missing
[INFO] [stdout]     |
[INFO] [stdout] note: method defined here
[INFO] [stdout]    --> /opt/rustwide/workdir/src/vm.rs:161:12
[INFO] [stdout]     |
[INFO] [stdout] 161 |     pub fn session(
[INFO] [stdout]     |            ^^^^^^^
[INFO] [stdout] help: provide the argument
[INFO] [stdout]     |
[INFO] [stdout] 23  |     let mut session = vm.session(/* data */);
[INFO] [stdout]     |                                 ~~~~~~~~~~~~
[INFO] [stdout] 
[INFO] [stdout] 
[INFO] [stderr] error: could not compile `piecrust` (test "host") due to 3 previous errors
[INFO] [stdout] error[E0599]: no method named `call` found for enum `Result` in the current scope
[INFO] [stdout]    --> benches/stack.rs:28:18
[INFO] [stdout]     |
[INFO] [stdout] 27  | /             session
[INFO] [stdout] 28  | |                 .call::<i32, ()>(id, "push", black_box(42))
[INFO] [stdout]     | |                 -^^^^ method not found in `Result<Session, Error>`
[INFO] [stdout]     | |_________________|
[INFO] [stdout]     | 
[INFO] [stdout]     |
[INFO] [stdout] note: the method `call` exists on the type `Session`
[INFO] [stdout]    --> /opt/rustwide/workdir/src/session.rs:337:5
[INFO] [stdout]     |
[INFO] [stdout] 337 | /     pub fn call<A, R>(
[INFO] [stdout] 338 | |         &mut self,
[INFO] [stdout] 339 | |         contract: ContractId,
[INFO] [stdout] 340 | |         fn_name: &str,
[INFO] [stdout] ...   |
[INFO] [stdout] 347 | |         R::Archived: Deserialize<R, Infallible>
[INFO] [stdout] 348 | |             + for<'b> CheckBytes<DefaultValidator<'b>>,
[INFO] [stdout]     | |_______________________________________________________^
[INFO] [stdout] help: consider using `Result::expect` to unwrap the `Session` value, panicking if the value is a `Result::Err`
[INFO] [stdout]     |
[INFO] [stdout] 27  |             session.expect("REASON")
[INFO] [stdout]     |                    +++++++++++++++++
[INFO] [stdout] 
[INFO] [stdout] 
[INFO] [stdout] error[E0599]: no method named `deploy` found for struct `VM` in the current scope
[INFO] [stdout]   --> benches/stack.rs:38:10
[INFO] [stdout]    |
[INFO] [stdout] 37 |       let id = vm
[INFO] [stdout]    |  ______________-
[INFO] [stdout] 38 | |         .deploy(contract_bytecode!("stack"))
[INFO] [stdout]    | |         -^^^^^^ method not found in `VM`
[INFO] [stdout]    | |_________|
[INFO] [stdout]    | 
[INFO] [stdout] 
[INFO] [stdout] 
[INFO] [stdout] error[E0061]: this method takes 1 argument but 0 arguments were supplied
[INFO] [stdout]    --> benches/stack.rs:41:26
[INFO] [stdout]     |
[INFO] [stdout] 41  |     let mut session = vm.session();
[INFO] [stdout]     |                          ^^^^^^^-- an argument is missing
[INFO] [stdout]     |
[INFO] [stdout] note: method defined here
[INFO] [stdout]    --> /opt/rustwide/workdir/src/vm.rs:161:12
[INFO] [stdout]     |
[INFO] [stdout] 161 |     pub fn session(
[INFO] [stdout]     |            ^^^^^^^
[INFO] [stdout] help: provide the argument
[INFO] [stdout]     |
[INFO] [stdout] 41  |     let mut session = vm.session(/* data */);
[INFO] [stdout]     |                                 ~~~~~~~~~~~~
[INFO] [stdout] 
[INFO] [stdout] 
[INFO] [stdout] error[E0599]: no method named `call` found for enum `Result` in the current scope
[INFO] [stdout]    --> benches/stack.rs:45:14
[INFO] [stdout]     |
[INFO] [stdout] 44  | /         session
[INFO] [stdout] 45  | |             .call(id, "push", black_box(42))
[INFO] [stdout]     | |             -^^^^ method not found in `Result<Session, Error>`
[INFO] [stdout]     | |_____________|
[INFO] [stdout]     | 
[INFO] [stdout]     |
[INFO] [stdout] note: the method `call` exists on the type `Session`
[INFO] [stdout]    --> /opt/rustwide/workdir/src/session.rs:337:5
[INFO] [stdout]     |
[INFO] [stdout] 337 | /     pub fn call<A, R>(
[INFO] [stdout] 338 | |         &mut self,
[INFO] [stdout] 339 | |         contract: ContractId,
[INFO] [stdout] 340 | |         fn_name: &str,
[INFO] [stdout] ...   |
[INFO] [stdout] 347 | |         R::Archived: Deserialize<R, Infallible>
[INFO] [stdout] 348 | |             + for<'b> CheckBytes<DefaultValidator<'b>>,
[INFO] [stdout]     | |_______________________________________________________^
[INFO] [stdout] help: consider using `Result::expect` to unwrap the `Session` value, panicking if the value is a `Result::Err`
[INFO] [stdout]     |
[INFO] [stdout] 44  |         session.expect("REASON")
[INFO] [stdout]     |                +++++++++++++++++
[INFO] [stdout] 
[INFO] [stdout] 
[INFO] [stdout] error[E0599]: no method named `call` found for enum `Result` in the current scope
[INFO] [stdout]    --> benches/stack.rs:52:18
[INFO] [stdout]     |
[INFO] [stdout] 51  | /             session
[INFO] [stdout] 52  | |                 .call::<(), Option<i32>>(id, "pop", ())
[INFO] [stdout]     | |                 -^^^^ method not found in `Result<Session, Error>`
[INFO] [stdout]     | |_________________|
[INFO] [stdout]     | 
[INFO] [stdout]     |
[INFO] [stdout] note: the method `call` exists on the type `Session`
[INFO] [stdout]    --> /opt/rustwide/workdir/src/session.rs:337:5
[INFO] [stdout]     |
[INFO] [stdout] 337 | /     pub fn call<A, R>(
[INFO] [stdout] 338 | |         &mut self,
[INFO] [stdout] 339 | |         contract: ContractId,
[INFO] [stdout] 340 | |         fn_name: &str,
[INFO] [stdout] ...   |
[INFO] [stdout] 347 | |         R::Archived: Deserialize<R, Infallible>
[INFO] [stdout] 348 | |             + for<'b> CheckBytes<DefaultValidator<'b>>,
[INFO] [stdout]     | |_______________________________________________________^
[INFO] [stdout] help: consider using `Result::expect` to unwrap the `Session` value, panicking if the value is a `Result::Err`
[INFO] [stdout]     |
[INFO] [stdout] 51  |             session.expect("REASON")
[INFO] [stdout]     |                    +++++++++++++++++
[INFO] [stdout] 
[INFO] [stdout] 
[INFO] [stdout] error: aborting due to 9 previous errors
[INFO] [stdout] 
[INFO] [stdout] 
[INFO] [stdout] Some errors have detailed explanations: E0061, E0599.
[INFO] [stdout] 
[INFO] [stdout] For more information about an error, try `rustc --explain E0061`.
[INFO] [stdout] 
[INFO] [stderr] error: could not compile `piecrust` (bench "stack") due to 10 previous errors
[INFO] running `Command { std: "docker" "inspect" "ef1bb631af976796ac431662e92961f64ee66388af0f83992ddfbb62598c6b6b", kill_on_drop: false }`
[INFO] running `Command { std: "docker" "rm" "-f" "ef1bb631af976796ac431662e92961f64ee66388af0f83992ddfbb62598c6b6b", kill_on_drop: false }`
[INFO] [stdout] ef1bb631af976796ac431662e92961f64ee66388af0f83992ddfbb62598c6b6b
