[INFO] fetching crate pict-rs 0.5.0-beta.2...
[INFO] checking pict-rs-0.5.0-beta.2 against nightly-2024-02-05 for check-cfg
[INFO] extracting crate pict-rs 0.5.0-beta.2 into /workspace/builds/worker-7-tc1/source
[INFO] validating manifest of crates.io crate pict-rs 0.5.0-beta.2 on toolchain nightly-2024-02-05
[INFO] running `Command { std: CARGO_HOME="/workspace/cargo-home" RUSTUP_HOME="/workspace/rustup-home" "/workspace/cargo-home/bin/cargo" "+nightly-2024-02-05" "metadata" "--manifest-path" "Cargo.toml" "--no-deps", kill_on_drop: false }`
[INFO] removed /workspace/builds/worker-7-tc1/source/.cargo/config
[INFO] started tweaking crates.io crate pict-rs 0.5.0-beta.2
[INFO] finished tweaking crates.io crate pict-rs 0.5.0-beta.2
[INFO] tweaked toml for crates.io crate pict-rs 0.5.0-beta.2 written to /workspace/builds/worker-7-tc1/source/Cargo.toml
[INFO] crate crates.io crate pict-rs 0.5.0-beta.2 already has a lockfile, it will not be regenerated
[INFO] running `Command { std: CARGO_HOME="/workspace/cargo-home" RUSTUP_HOME="/workspace/rustup-home" "/workspace/cargo-home/bin/cargo" "+nightly-2024-02-05" "fetch" "--manifest-path" "Cargo.toml", kill_on_drop: false }`
[INFO] [stderr]     Updating crates.io index
[INFO] [stderr]  Downloading crates ...
[INFO] [stderr]   Downloaded sketches-ddsketch v0.2.1
[INFO] [stderr]   Downloaded prost-types v0.12.1
[INFO] [stderr]   Downloaded serde-tuple-vec-map v1.0.1
[INFO] [stderr]   Downloaded reqwest-tracing v0.4.6
[INFO] [stderr]   Downloaded hashbrown v0.13.1
[INFO] [stderr]   Downloaded refinery-macros v0.8.11
[INFO] [stderr]   Downloaded metrics-macros v0.7.0
[INFO] [stderr]   Downloaded metrics v0.21.1
[INFO] [stderr]   Downloaded refinery-core v0.8.11
[INFO] [stderr]   Downloaded prost-derive v0.12.1
[INFO] [stderr]   Downloaded rusty-s3 v0.5.0
[INFO] [stderr]   Downloaded http v0.2.10
[INFO] [stderr]   Downloaded opentelemetry-proto v0.4.0
[INFO] [stderr]   Downloaded barrel v0.7.0
[INFO] [stderr]   Downloaded tracing-opentelemetry v0.22.0
[INFO] [stderr]   Downloaded diesel v2.1.3
[INFO] [stderr]   Downloaded opentelemetry-otlp v0.14.0
[INFO] [stderr]   Downloaded console-subscriber v0.2.0
[INFO] [stderr]   Downloaded diesel-async v0.4.1
[INFO] [stderr]   Downloaded metrics-util v0.15.1
[INFO] [stderr]   Downloaded rio v0.9.4
[INFO] [stderr]   Downloaded prost v0.12.1
[INFO] [stderr]   Downloaded metrics-exporter-prometheus v0.12.1
[INFO] [stderr]   Downloaded console-api v0.6.0
[INFO] [stderr]   Downloaded siphasher v1.0.0
[INFO] [stderr]   Downloaded ordered-float v4.1.1
[INFO] [stderr]   Downloaded refinery v0.8.11
[INFO] [stderr]   Downloaded actix-multipart v0.6.1
[INFO] [stderr]   Downloaded storage-path-generator v0.1.1
[INFO] [stderr]   Downloaded streem v0.2.0
[INFO] [stderr]   Downloaded actix-form-data v0.7.0-beta.4
[INFO] running `Command { std: "docker" "create" "-v" "/var/lib/crater-agent-workspace/builds/worker-7-tc1/target:/opt/rustwide/target:rw,Z" "-v" "/var/lib/crater-agent-workspace/builds/worker-7-tc1/source:/opt/rustwide/workdir:ro,Z" "-v" "/var/lib/crater-agent-workspace/cargo-home:/opt/rustwide/cargo-home:ro,Z" "-v" "/var/lib/crater-agent-workspace/rustup-home:/opt/rustwide/rustup-home:ro,Z" "-e" "SOURCE_DIR=/opt/rustwide/workdir" "-e" "CARGO_TARGET_DIR=/opt/rustwide/target" "-e" "CARGO_HOME=/opt/rustwide/cargo-home" "-e" "RUSTUP_HOME=/opt/rustwide/rustup-home" "-w" "/opt/rustwide/workdir" "-m" "1610612736" "--user" "0:0" "--network" "none" "ghcr.io/rust-lang/crates-build-env/linux@sha256:2788e3201cd34a07e3172128adcd8b3090168a8e3bcc40d7c032b9dda1df7d1c" "/opt/rustwide/cargo-home/bin/cargo" "+nightly-2024-02-05" "metadata" "--no-deps" "--format-version=1", kill_on_drop: false }`
[INFO] [stdout] 597778bdf76969c3c5f0304b33e4b2da4557f80a223ad9d9991d006208b22740
[INFO] running `Command { std: "docker" "start" "-a" "597778bdf76969c3c5f0304b33e4b2da4557f80a223ad9d9991d006208b22740", kill_on_drop: false }`
[INFO] running `Command { std: "docker" "inspect" "597778bdf76969c3c5f0304b33e4b2da4557f80a223ad9d9991d006208b22740", kill_on_drop: false }`
[INFO] running `Command { std: "docker" "rm" "-f" "597778bdf76969c3c5f0304b33e4b2da4557f80a223ad9d9991d006208b22740", kill_on_drop: false }`
[INFO] [stdout] 597778bdf76969c3c5f0304b33e4b2da4557f80a223ad9d9991d006208b22740
[INFO] running `Command { std: "docker" "create" "-v" "/var/lib/crater-agent-workspace/builds/worker-7-tc1/target:/opt/rustwide/target:rw,Z" "-v" "/var/lib/crater-agent-workspace/builds/worker-7-tc1/source:/opt/rustwide/workdir:ro,Z" "-v" "/var/lib/crater-agent-workspace/cargo-home:/opt/rustwide/cargo-home:ro,Z" "-v" "/var/lib/crater-agent-workspace/rustup-home:/opt/rustwide/rustup-home:ro,Z" "-e" "SOURCE_DIR=/opt/rustwide/workdir" "-e" "CARGO_TARGET_DIR=/opt/rustwide/target" "-e" "CARGO_INCREMENTAL=0" "-e" "RUST_BACKTRACE=full" "-e" "RUSTFLAGS=--cap-lints=forbid" "-e" "RUSTDOCFLAGS=--cap-lints=forbid" "-e" "CARGO_HOME=/opt/rustwide/cargo-home" "-e" "RUSTUP_HOME=/opt/rustwide/rustup-home" "-w" "/opt/rustwide/workdir" "-m" "1610612736" "--user" "0:0" "--network" "none" "ghcr.io/rust-lang/crates-build-env/linux@sha256:2788e3201cd34a07e3172128adcd8b3090168a8e3bcc40d7c032b9dda1df7d1c" "/opt/rustwide/cargo-home/bin/cargo" "+nightly-2024-02-05" "check" "--frozen" "--all" "--all-targets" "--message-format=json", kill_on_drop: false }`
[INFO] [stdout] c554d6d9a360d1e6d8061cb9d880399ddd10b35d4d168213098369afe03e6c54
[INFO] running `Command { std: "docker" "start" "-a" "c554d6d9a360d1e6d8061cb9d880399ddd10b35d4d168213098369afe03e6c54", kill_on_drop: false }`
[INFO] [stderr]    Compiling proc-macro2 v1.0.69
[INFO] [stderr]    Compiling libc v0.2.150
[INFO] [stderr]     Checking once_cell v1.18.0
[INFO] [stderr]    Compiling serde v1.0.192
[INFO] [stderr]     Checking smallvec v1.11.2
[INFO] [stderr]    Compiling futures-core v0.3.29
[INFO] [stderr]     Checking futures-sink v0.3.29
[INFO] [stderr]     Checking memchr v2.6.4
[INFO] [stderr]    Compiling futures-task v0.3.29
[INFO] [stderr]    Compiling futures-util v0.3.29
[INFO] [stderr]     Checking percent-encoding v2.3.0
[INFO] [stderr]     Checking base64 v0.21.5
[INFO] [stderr]    Compiling serde_json v1.0.108
[INFO] [stderr]    Compiling async-trait v0.1.74
[INFO] [stderr]    Compiling futures-channel v0.3.29
[INFO] [stderr]     Checking http v0.2.10
[INFO] [stderr]     Checking generic-array v0.14.7
[INFO] [stderr]     Checking tracing-core v0.1.32
[INFO] [stderr]    Compiling indexmap v1.9.3
[INFO] [stderr]    Compiling thiserror v1.0.50
[INFO] [stderr]     Checking unicode-bidi v0.3.13
[INFO] [stderr]    Compiling anyhow v1.0.75
[INFO] [stderr]     Checking cpufeatures v0.2.11
[INFO] [stderr]     Checking hashbrown v0.14.2
[INFO] [stderr]     Checking try-lock v0.2.4
[INFO] [stderr]    Compiling crossbeam-utils v0.8.16
[INFO] [stderr]    Compiling time-macros v0.2.15
[INFO] [stderr]     Checking want v0.3.1
[INFO] [stderr]     Checking aho-corasick v1.1.2
[INFO] [stderr]    Compiling either v1.9.0
[INFO] [stderr]    Compiling syn v1.0.109
[INFO] [stderr]     Checking form_urlencoded v1.2.0
[INFO] [stderr]     Checking idna v0.4.0
[INFO] [stderr]    Compiling ahash v0.8.6
[INFO] [stderr]     Checking zerocopy v0.7.25
[INFO] [stderr]    Compiling paste v1.0.14
[INFO] [stderr]     Checking block-buffer v0.10.4
[INFO] [stderr]    Compiling quote v1.0.33
[INFO] [stderr]     Checking crypto-common v0.1.6
[INFO] [stderr]    Compiling syn v2.0.39
[INFO] [stderr]     Checking http-body v0.4.5
[INFO] [stderr]     Checking indexmap v2.1.0
[INFO] [stderr]     Checking atomic v0.5.3
[INFO] [stderr]     Checking digest v0.10.7
[INFO] [stderr]     Checking local-waker v0.1.4
[INFO] [stderr]     Checking finl_unicode v1.2.0
[INFO] [stderr]     Checking overload v0.1.1
[INFO] [stderr]     Checking matchers v0.1.0
[INFO] [stderr]     Checking nu-ansi-term v0.46.0
[INFO] [stderr]     Checking tracing-log v0.1.4
[INFO] [stderr]     Checking thread_local v1.1.7
[INFO] [stderr]     Checking urlencoding v2.1.3
[INFO] [stderr]     Checking hmac v0.12.1
[INFO] [stderr]     Checking getrandom v0.2.11
[INFO] [stderr]     Checking parking_lot_core v0.9.9
[INFO] [stderr]     Checking num_cpus v1.16.0
[INFO] [stderr]     Checking mio v0.8.9
[INFO] [stderr]     Checking signal-hook-registry v1.4.1
[INFO] [stderr]     Checking socket2 v0.5.5
[INFO] [stderr]     Checking socket2 v0.4.10
[INFO] [stderr]     Checking rand_core v0.6.4
[INFO] [stderr]    Compiling cc v1.0.83
[INFO] [stderr]     Checking sha2 v0.10.8
[INFO] [stderr]     Checking regex-automata v0.4.3
[INFO] [stderr]     Checking md-5 v0.10.6
[INFO] [stderr]     Checking parking_lot v0.12.1
[INFO] [stderr]     Checking stringprep v0.1.4
[INFO] [stderr]     Checking rand_chacha v0.3.1
[INFO] [stderr]    Compiling tinyvec_macros v0.1.1
[INFO] [stderr]     Checking bitflags v2.4.1
[INFO] [stderr]     Checking siphasher v0.3.11
[INFO] [stderr]     Checking fallible-iterator v0.2.0
[INFO] [stderr]    Compiling rustls v0.21.8
[INFO] [stderr]    Compiling tinyvec v1.6.0
[INFO] [stderr]     Checking actix-utils v3.0.1
[INFO] [stderr]     Checking crossbeam-channel v0.5.8
[INFO] [stderr]    Compiling itertools v0.11.0
[INFO] [stderr]     Checking bytestring v1.3.1
[INFO] [stderr]    Compiling memoffset v0.9.0
[INFO] [stderr]     Checking rand v0.8.5
[INFO] [stderr]     Checking phf_shared v0.11.2
[INFO] [stderr]     Checking actix-service v2.0.2
[INFO] [stderr]     Checking winnow v0.5.19
[INFO] [stderr]     Checking miniz_oxide v0.7.1
[INFO] [stderr]     Checking phf v0.11.2
[INFO] [stderr]     Checking sha1 v0.10.6
[INFO] [stderr]     Checking local-channel v0.1.5
[INFO] [stderr]     Checking ordered-float v4.1.1
[INFO] [stderr]    Compiling itertools v0.10.5
[INFO] [stderr]    Compiling crossbeam-epoch v0.9.15
[INFO] [stderr]     Checking postgres-protocol v0.6.6
[INFO] [stderr]     Checking whoami v1.4.1
[INFO] [stderr]    Compiling unicode-normalization v0.1.22
[INFO] [stderr]     Checking language-tags v0.3.2
[INFO] [stderr]    Compiling powerfmt v0.2.0
[INFO] [stderr]     Checking glob v0.3.1
[INFO] [stderr]    Compiling ring v0.17.5
[INFO] [stderr]    Compiling deranged v0.3.9
[INFO] [stderr]    Compiling itoa v1.0.9
[INFO] [stderr]     Checking utf8parse v0.2.1
[INFO] [stderr]     Checking nom v7.1.3
[INFO] [stderr]     Checking anstyle-parse v0.2.2
[INFO] [stderr]    Compiling backtrace v0.3.69
[INFO] [stderr]     Checking rustls-pemfile v1.0.4
[INFO] [stderr]     Checking raw-cpuid v10.7.0
[INFO] [stderr]     Checking anstyle v1.0.4
[INFO] [stderr]     Checking anstyle-query v1.0.0
[INFO] [stderr]     Checking colorchoice v1.0.0
[INFO] [stderr]    Compiling eyre v0.6.8
[INFO] [stderr]     Checking regex v1.10.2
[INFO] [stderr]    Compiling url v2.4.1
[INFO] [stderr]    Compiling siphasher v1.0.0
[INFO] [stderr]     Checking gimli v0.28.0
[INFO] [stderr]     Checking webpki-roots v0.25.2
[INFO] [stderr]     Checking anstream v0.6.4
[INFO] [stderr]     Checking parking_lot_core v0.8.6
[INFO] [stderr]     Checking flate2 v1.0.28
[INFO] [stderr]    Compiling time v0.3.30
[INFO] [stderr]     Checking hashbrown v0.13.1
[INFO] [stderr]     Checking tracing-log v0.2.0
[INFO] [stderr]     Checking object v0.32.1
[INFO] [stderr]     Checking task-local-extensions v0.1.4
[INFO] [stderr]     Checking owo-colors v3.5.0
[INFO] [stderr]     Checking retain_mut v0.1.9
[INFO] [stderr]     Checking strsim v0.10.0
[INFO] [stderr]     Checking clap_lex v0.6.0
[INFO] [stderr]     Checking quanta v0.11.1
[INFO] [stderr]     Checking sketches-ddsketch v0.2.1
[INFO] [stderr]     Checking indenter v0.3.3
[INFO] [stderr]     Checking clap_builder v4.4.7
[INFO] [stderr]     Checking yaml-rust v0.4.5
[INFO] [stderr]     Checking parking_lot v0.11.2
[INFO] [stderr]     Checking nanorand v0.7.0
[INFO] [stderr]     Checking fs2 v0.4.3
[INFO] [stderr]     Checking scoped-futures v0.1.3
[INFO] [stderr]     Checking mutually_exclusive_features v0.0.3
[INFO] [stderr]     Checking pathdiff v0.2.1
[INFO] [stderr]     Checking zeroize v1.6.0
[INFO] [stderr]     Checking flume v0.11.0
[INFO] [stderr]     Checking sled v0.34.7
[INFO] [stderr]     Checking dashmap v5.5.3
[INFO] [stderr]     Checking hdrhistogram v7.5.2
[INFO] [stderr]    Compiling derive_more v0.99.17
[INFO] [stderr]    Compiling prost-derive v0.11.9
[INFO] [stderr]    Compiling diesel_table_macro_syntax v0.1.0
[INFO] [stderr]     Checking streem v0.2.0
[INFO] [stderr]     Checking storage-path-generator v0.1.1
[INFO] [stderr]     Checking barrel v0.7.0
[INFO] [stderr]     Checking hex v0.4.3
[INFO] [stderr]     Checking addr2line v0.21.0
[INFO] [stderr]    Compiling serde_derive v1.0.192
[INFO] [stderr]    Compiling tokio-macros v2.2.0
[INFO] [stderr]    Compiling tracing-attributes v0.1.27
[INFO] [stderr]    Compiling futures-macro v0.3.29
[INFO] [stderr]    Compiling thiserror-impl v1.0.50
[INFO] [stderr]    Compiling pin-project-internal v1.1.3
[INFO] [stderr]    Compiling actix-macros v0.2.4
[INFO] [stderr]    Compiling prost-derive v0.12.1
[INFO] [stderr]    Compiling async-stream-impl v0.3.5
[INFO] [stderr]     Checking prost v0.11.9
[INFO] [stderr]    Compiling metrics-macros v0.7.0
[INFO] [stderr]    Compiling diesel_derives v2.1.2
[INFO] [stderr]     Checking tokio v1.34.0
[INFO] [stderr]    Compiling clap_derive v4.4.7
[INFO] [stderr]    Compiling diesel-derive-enum v2.1.0
[INFO] [stderr]     Checking async-stream v0.3.5
[INFO] [stderr]     Checking metrics v0.21.1
[INFO] [stderr]     Checking tracing v0.1.40
[INFO] [stderr]     Checking metrics-util v0.15.1
[INFO] [stderr]     Checking pin-project v1.1.3
[INFO] [stderr]     Checking opentelemetry v0.21.0
[INFO] [stderr]     Checking rustls-webpki v0.101.7
[INFO] [stderr]     Checking sct v0.7.1
[INFO] [stderr]     Checking prost v0.12.1
[INFO] [stderr]     Checking opentelemetry-semantic-conventions v0.13.0
[INFO] [stderr]     Checking prost-types v0.12.1
[INFO] [stderr]     Checking clap v4.4.7
[INFO] [stderr]     Checking axum-core v0.3.4
[INFO] [stderr]     Checking futures-executor v0.3.29
[INFO] [stderr]     Checking tokio-util v0.7.10
[INFO] [stderr]     Checking tokio-stream v0.1.14
[INFO] [stderr]     Checking tokio-io-timeout v1.2.0
[INFO] [stderr]     Checking actix-rt v2.9.0
[INFO] [stderr]     Checking tokio-rustls v0.24.1
[INFO] [stderr]     Checking deadpool-runtime v0.1.3
[INFO] [stderr]     Checking deadpool v0.9.5
[INFO] [stderr]     Checking actix-server v2.3.0
[INFO] [stderr]     Checking opentelemetry_sdk v0.21.0
[INFO] [stderr]     Checking h2 v0.3.21
[INFO] [stderr]     Checking tower v0.4.13
[INFO] [stderr]     Checking actix-codec v0.5.1
[INFO] [stderr]     Checking actix-http v3.4.0
[INFO] [stderr]     Checking uuid v1.5.0
[INFO] [stderr]     Checking serde_urlencoded v0.7.1
[INFO] [stderr]     Checking tracing-serde v0.1.3
[INFO] [stderr]     Checking serde_spanned v0.6.4
[INFO] [stderr]     Checking toml_datetime v0.6.5
[INFO] [stderr]     Checking actix-router v0.5.1
[INFO] [stderr]     Checking serde_plain v1.0.2
[INFO] [stderr]     Checking toml_edit v0.19.15
[INFO] [stderr]     Checking toml_edit v0.21.0
[INFO] [stderr]     Checking toml v0.5.11
[INFO] [stderr]     Checking quick-xml v0.30.0
[INFO] [stderr]     Checking ron v0.7.1
[INFO] [stderr]     Checking serde-tuple-vec-map v1.0.1
[INFO] [stderr]     Checking tracing-subscriber v0.3.17
[INFO] [stderr]     Checking config v0.13.3
[INFO] [stderr]     Checking toml v0.7.8
[INFO] [stderr]     Checking toml v0.8.8
[INFO] [stderr]     Checking tracing-error v0.2.0
[INFO] [stderr]     Checking tracing-opentelemetry v0.22.0
[INFO] [stderr]     Checking color-spantrace v0.2.0
[INFO] [stderr]     Checking color-eyre v0.6.2
[INFO] [stderr]     Checking postgres-types v0.2.6
[INFO] [stderr]     Checking actix-web v4.4.0
[INFO] [stderr]     Checking diesel v2.1.3
[INFO] [stderr]     Checking rusty-s3 v0.5.0
[INFO] [stderr]    Compiling refinery-core v0.8.11
[INFO] [stderr]     Checking tokio-postgres v0.7.10
[INFO] [stderr]    Compiling refinery-macros v0.8.11
[INFO] [stderr]     Checking hyper v0.14.27
[INFO] [stderr]     Checking postgres v0.19.7
[INFO] [stderr]     Checking actix-multipart v0.6.1
[INFO] [stderr]     Checking tracing-actix-web v0.7.9
[INFO] [stderr]     Checking actix-form-data v0.7.0-beta.4
[INFO] [stderr]     Checking refinery v0.8.11
[INFO] [stderr]     Checking axum v0.6.20
[INFO] [stderr]     Checking hyper-timeout v0.4.1
[INFO] [stderr]     Checking hyper-rustls v0.24.2
[INFO] [stderr]     Checking metrics-exporter-prometheus v0.12.1
[INFO] [stderr]     Checking reqwest v0.11.22
[INFO] [stderr]     Checking reqwest-middleware v0.2.4
[INFO] [stderr]     Checking reqwest-tracing v0.4.6
[INFO] [stderr]     Checking tonic v0.10.2
[INFO] [stderr]     Checking tonic v0.9.2
[INFO] [stderr]     Checking console-api v0.6.0
[INFO] [stderr]     Checking opentelemetry-proto v0.4.0
[INFO] [stderr]     Checking opentelemetry-otlp v0.14.0
[INFO] [stderr]     Checking console-subscriber v0.2.0
[INFO] [stderr]     Checking diesel-async v0.4.1
[INFO] [stderr]     Checking pict-rs v0.5.0-beta.2 (/opt/rustwide/workdir)
[INFO] [stdout] error[E0433]: failed to resolve: could not find `Builder` in `task`
[INFO] [stdout]    --> src/sync.rs:52:31
[INFO] [stdout]     |
[INFO] [stdout] 52  |     let handle = tokio::task::Builder::new()
[INFO] [stdout]     |                               ^^^^^^^ could not find `Builder` in `task`
[INFO] [stdout]     |
[INFO] [stdout] note: found an item that was configured out
[INFO] [stdout]    --> /opt/rustwide/cargo-home/registry/src/index.crates.io-6f17d22bba15001f/tokio-1.34.0/src/task/mod.rs:326:26
[INFO] [stdout]     |
[INFO] [stdout] 326 |         pub use builder::Builder;
[INFO] [stdout]     |                          ^^^^^^^
[INFO] [stdout] help: consider importing one of these items
[INFO] [stdout]     |
[INFO] [stdout] 1   + use actix_web::http::uri::Builder;
[INFO] [stdout]     |
[INFO] [stdout] 1   + use console_subscriber::Builder;
[INFO] [stdout]     |
[INFO] [stdout] 1   + use opentelemetry_sdk::trace::Builder;
[INFO] [stdout]     |
[INFO] [stdout] 1   + use std::thread::Builder;
[INFO] [stdout]     |
[INFO] [stdout]       and 5 other candidates
[INFO] [stdout] help: if you import `Builder`, refer to it directly
[INFO] [stdout]     |
[INFO] [stdout] 52  -     let handle = tokio::task::Builder::new()
[INFO] [stdout] 52  +     let handle = Builder::new()
[INFO] [stdout]     |
[INFO] [stdout] 
[INFO] [stdout] 
[INFO] [stdout] error[E0433]: failed to resolve: could not find `Builder` in `task`
[INFO] [stdout]    --> src/sync.rs:52:31
[INFO] [stdout]     |
[INFO] [stdout] 52  |     let handle = tokio::task::Builder::new()
[INFO] [stdout]     |                               ^^^^^^^ could not find `Builder` in `task`
[INFO] [stdout]     |
[INFO] [stdout] note: found an item that was configured out
[INFO] [stdout]    --> /opt/rustwide/cargo-home/registry/src/index.crates.io-6f17d22bba15001f/tokio-1.34.0/src/task/mod.rs:326:26
[INFO] [stdout]     |
[INFO] [stdout] 326 |         pub use builder::Builder;
[INFO] [stdout]     |                          ^^^^^^^
[INFO] [stdout] help: consider importing one of these items
[INFO] [stdout]     |
[INFO] [stdout] 1   + use actix_web::http::uri::Builder;
[INFO] [stdout]     |
[INFO] [stdout] 1   + use console_subscriber::Builder;
[INFO] [stdout]     |
[INFO] [stdout] 1   + use opentelemetry_sdk::trace::Builder;
[INFO] [stdout]     |
[INFO] [stdout] 1   + use std::thread::Builder;
[INFO] [stdout]     |
[INFO] [stdout]       and 5 other candidates
[INFO] [stdout] help: if you import `Builder`, refer to it directly
[INFO] [stdout]     |
[INFO] [stdout] 52  -     let handle = tokio::task::Builder::new()
[INFO] [stdout] 52  +     let handle = Builder::new()
[INFO] [stdout]     |
[INFO] [stdout] 
[INFO] [stdout] 
[INFO] [stdout] error[E0433]: failed to resolve: could not find `Builder` in `task`
[INFO] [stdout]    --> src/sync.rs:72:31
[INFO] [stdout]     |
[INFO] [stdout] 72  |     let handle = tokio::task::Builder::new()
[INFO] [stdout]     |                               ^^^^^^^ could not find `Builder` in `task`
[INFO] [stdout]     |
[INFO] [stdout] note: found an item that was configured out
[INFO] [stdout]    --> /opt/rustwide/cargo-home/registry/src/index.crates.io-6f17d22bba15001f/tokio-1.34.0/src/task/mod.rs:326:26
[INFO] [stdout]     |
[INFO] [stdout] 326 |         pub use builder::Builder;
[INFO] [stdout]     |                          ^^^^^^^
[INFO] [stdout] help: consider importing one of these items
[INFO] [stdout]     |
[INFO] [stdout] 1   + use actix_web::http::uri::Builder;
[INFO] [stdout]     |
[INFO] [stdout] 1   + use console_subscriber::Builder;
[INFO] [stdout]     |
[INFO] [stdout] 1   + use opentelemetry_sdk::trace::Builder;
[INFO] [stdout]     |
[INFO] [stdout] 1   + use std::thread::Builder;
[INFO] [stdout]     |
[INFO] [stdout]       and 5 other candidates
[INFO] [stdout] help: if you import `Builder`, refer to it directly
[INFO] [stdout]     |
[INFO] [stdout] 72  -     let handle = tokio::task::Builder::new()
[INFO] [stdout] 72  +     let handle = Builder::new()
[INFO] [stdout]     |
[INFO] [stdout] 
[INFO] [stdout] 
[INFO] [stdout] error[E0433]: failed to resolve: could not find `Builder` in `task`
[INFO] [stdout]    --> src/sync.rs:72:31
[INFO] [stdout]     |
[INFO] [stdout] 72  |     let handle = tokio::task::Builder::new()
[INFO] [stdout]     |                               ^^^^^^^ could not find `Builder` in `task`
[INFO] [stdout]     |
[INFO] [stdout] note: found an item that was configured out
[INFO] [stdout]    --> /opt/rustwide/cargo-home/registry/src/index.crates.io-6f17d22bba15001f/tokio-1.34.0/src/task/mod.rs:326:26
[INFO] [stdout]     |
[INFO] [stdout] 326 |         pub use builder::Builder;
[INFO] [stdout]     |                          ^^^^^^^
[INFO] [stdout] help: consider importing one of these items
[INFO] [stdout]     |
[INFO] [stdout] 1   + use actix_web::http::uri::Builder;
[INFO] [stdout]     |
[INFO] [stdout] 1   + use console_subscriber::Builder;
[INFO] [stdout]     |
[INFO] [stdout] 1   + use opentelemetry_sdk::trace::Builder;
[INFO] [stdout]     |
[INFO] [stdout] 1   + use std::thread::Builder;
[INFO] [stdout]     |
[INFO] [stdout]       and 5 other candidates
[INFO] [stdout] help: if you import `Builder`, refer to it directly
[INFO] [stdout]     |
[INFO] [stdout] 72  -     let handle = tokio::task::Builder::new()
[INFO] [stdout] 72  +     let handle = Builder::new()
[INFO] [stdout]     |
[INFO] [stdout] 
[INFO] [stdout] 
[INFO] [stdout] error[E0599]: no function or associated item named `now_v7` found for struct `uuid::Uuid` in the current scope
[INFO] [stdout]    --> src/repo.rs:342:20
[INFO] [stdout]     |
[INFO] [stdout] 342 |         Self(Uuid::now_v7())
[INFO] [stdout]     |                    ^^^^^^
[INFO] [stdout]     |                    |
[INFO] [stdout]     |                    function or associated item not found in `uuid::Uuid`
[INFO] [stdout]     |                    help: there is an associated function with a similar name: `new_v4`
[INFO] [stdout]     |
[INFO] [stdout] note: if you're trying to build a new `uuid::Uuid` consider using one of the following associated functions:
[INFO] [stdout]       uuid::builder::<impl uuid::Uuid>::nil
[INFO] [stdout]       uuid::builder::<impl uuid::Uuid>::from_fields
[INFO] [stdout]       uuid::builder::<impl uuid::Uuid>::from_fields_le
[INFO] [stdout]       uuid::builder::<impl uuid::Uuid>::from_u128
[INFO] [stdout]       and 10 others
[INFO] [stdout]    --> /opt/rustwide/cargo-home/registry/src/index.crates.io-6f17d22bba15001f/uuid-1.5.0/src/builder.rs:72:5
[INFO] [stdout]     |
[INFO] [stdout] 72  |     pub const fn nil() -> Self {
[INFO] [stdout]     |     ^^^^^^^^^^^^^^^^^^^^^^^^^^
[INFO] [stdout] ...
[INFO] [stdout] 123 |     pub const fn from_fields(d1: u32, d2: u16, d3: u16, d4: &[u8; 8]) -> Uuid {
[INFO] [stdout]     |     ^^^^^^^^^^^^^^^^^^^^^^^^^^^^^^^^^^^^^^^^^^^^^^^^^^^^^^^^^^^^^^^^^^^^^^^^^
[INFO] [stdout] ...
[INFO] [stdout] 169 |     pub const fn from_fields_le(d1: u32, d2: u16, d3: u16, d4: &[u8; 8]) -> Uuid {
[INFO] [stdout]     |     ^^^^^^^^^^^^^^^^^^^^^^^^^^^^^^^^^^^^^^^^^^^^^^^^^^^^^^^^^^^^^^^^^^^^^^^^^^^^
[INFO] [stdout] ...
[INFO] [stdout] 207 |     pub const fn from_u128(v: u128) -> Self {
[INFO] [stdout]     |     ^^^^^^^^^^^^^^^^^^^^^^^^^^^^^^^^^^^^^^^
[INFO] [stdout] 
[INFO] [stdout] 
[INFO] [stdout] error[E0599]: no function or associated item named `now_v7` found for struct `uuid::Uuid` in the current scope
[INFO] [stdout]    --> src/repo.rs:342:20
[INFO] [stdout]     |
[INFO] [stdout] 342 |         Self(Uuid::now_v7())
[INFO] [stdout]     |                    ^^^^^^
[INFO] [stdout]     |                    |
[INFO] [stdout]     |                    function or associated item not found in `uuid::Uuid`
[INFO] [stdout]     |                    help: there is an associated function with a similar name: `new_v4`
[INFO] [stdout]     |
[INFO] [stdout] note: if you're trying to build a new `uuid::Uuid` consider using one of the following associated functions:
[INFO] [stdout]       uuid::builder::<impl uuid::Uuid>::nil
[INFO] [stdout]       uuid::builder::<impl uuid::Uuid>::from_fields
[INFO] [stdout]       uuid::builder::<impl uuid::Uuid>::from_fields_le
[INFO] [stdout]       uuid::builder::<impl uuid::Uuid>::from_u128
[INFO] [stdout]       and 10 others
[INFO] [stdout]    --> /opt/rustwide/cargo-home/registry/src/index.crates.io-6f17d22bba15001f/uuid-1.5.0/src/builder.rs:72:5
[INFO] [stdout]     |
[INFO] [stdout] 72  |     pub const fn nil() -> Self {
[INFO] [stdout]     |     ^^^^^^^^^^^^^^^^^^^^^^^^^^
[INFO] [stdout] ...
[INFO] [stdout] 123 |     pub const fn from_fields(d1: u32, d2: u16, d3: u16, d4: &[u8; 8]) -> Uuid {
[INFO] [stdout]     |     ^^^^^^^^^^^^^^^^^^^^^^^^^^^^^^^^^^^^^^^^^^^^^^^^^^^^^^^^^^^^^^^^^^^^^^^^^
[INFO] [stdout] ...
[INFO] [stdout] 169 |     pub const fn from_fields_le(d1: u32, d2: u16, d3: u16, d4: &[u8; 8]) -> Uuid {
[INFO] [stdout]     |     ^^^^^^^^^^^^^^^^^^^^^^^^^^^^^^^^^^^^^^^^^^^^^^^^^^^^^^^^^^^^^^^^^^^^^^^^^^^^
[INFO] [stdout] ...
[INFO] [stdout] 207 |     pub const fn from_u128(v: u128) -> Self {
[INFO] [stdout]     |     ^^^^^^^^^^^^^^^^^^^^^^^^^^^^^^^^^^^^^^^
[INFO] [stdout] 
[INFO] [stdout] 
[INFO] [stdout] error: aborting due to 3 previous errors
[INFO] [stdout] 
[INFO] [stdout] 
[INFO] [stdout] Some errors have detailed explanations: E0433, E0599.
[INFO] [stdout] 
[INFO] [stdout] For more information about an error, try `rustc --explain E0433`.
[INFO] [stdout] 
[INFO] [stderr] error: could not compile `pict-rs` (lib test) due to 4 previous errors
[INFO] [stderr] warning: build failed, waiting for other jobs to finish...
[INFO] [stdout] error: aborting due to 3 previous errors
[INFO] [stdout] 
[INFO] [stdout] 
[INFO] [stdout] Some errors have detailed explanations: E0433, E0599.
[INFO] [stdout] 
[INFO] [stdout] For more information about an error, try `rustc --explain E0433`.
[INFO] [stdout] 
[INFO] [stderr] error: could not compile `pict-rs` (lib) due to 4 previous errors
[INFO] running `Command { std: "docker" "inspect" "c554d6d9a360d1e6d8061cb9d880399ddd10b35d4d168213098369afe03e6c54", kill_on_drop: false }`
[INFO] running `Command { std: "docker" "rm" "-f" "c554d6d9a360d1e6d8061cb9d880399ddd10b35d4d168213098369afe03e6c54", kill_on_drop: false }`
[INFO] [stdout] c554d6d9a360d1e6d8061cb9d880399ddd10b35d4d168213098369afe03e6c54
[INFO] checking pict-rs-0.5.0-beta.2 against nightly-2024-02-05+rustflags=-Dunexpected_cfgs+cargoflags=-Zcheck-cfg for check-cfg
[INFO] extracting crate pict-rs 0.5.0-beta.2 into /workspace/builds/worker-7-tc2/source
[INFO] validating manifest of crates.io crate pict-rs 0.5.0-beta.2 on toolchain nightly-2024-02-05
[INFO] running `Command { std: CARGO_HOME="/workspace/cargo-home" RUSTUP_HOME="/workspace/rustup-home" "/workspace/cargo-home/bin/cargo" "+nightly-2024-02-05" "metadata" "--manifest-path" "Cargo.toml" "--no-deps", kill_on_drop: false }`
[INFO] removed /workspace/builds/worker-7-tc2/source/.cargo/config
[INFO] started tweaking crates.io crate pict-rs 0.5.0-beta.2
[INFO] finished tweaking crates.io crate pict-rs 0.5.0-beta.2
[INFO] tweaked toml for crates.io crate pict-rs 0.5.0-beta.2 written to /workspace/builds/worker-7-tc2/source/Cargo.toml
[INFO] crate crates.io crate pict-rs 0.5.0-beta.2 already has a lockfile, it will not be regenerated
[INFO] running `Command { std: CARGO_HOME="/workspace/cargo-home" RUSTUP_HOME="/workspace/rustup-home" "/workspace/cargo-home/bin/cargo" "+nightly-2024-02-05" "fetch" "--manifest-path" "Cargo.toml", kill_on_drop: false }`
[INFO] [stderr]     Blocking waiting for file lock on package cache
[INFO] running `Command { std: "docker" "create" "-v" "/var/lib/crater-agent-workspace/builds/worker-7-tc2/target:/opt/rustwide/target:rw,Z" "-v" "/var/lib/crater-agent-workspace/builds/worker-7-tc2/source:/opt/rustwide/workdir:ro,Z" "-v" "/var/lib/crater-agent-workspace/cargo-home:/opt/rustwide/cargo-home:ro,Z" "-v" "/var/lib/crater-agent-workspace/rustup-home:/opt/rustwide/rustup-home:ro,Z" "-e" "SOURCE_DIR=/opt/rustwide/workdir" "-e" "CARGO_TARGET_DIR=/opt/rustwide/target" "-e" "CARGO_HOME=/opt/rustwide/cargo-home" "-e" "RUSTUP_HOME=/opt/rustwide/rustup-home" "-w" "/opt/rustwide/workdir" "-m" "1610612736" "--user" "0:0" "--network" "none" "ghcr.io/rust-lang/crates-build-env/linux@sha256:2788e3201cd34a07e3172128adcd8b3090168a8e3bcc40d7c032b9dda1df7d1c" "/opt/rustwide/cargo-home/bin/cargo" "+nightly-2024-02-05" "metadata" "--no-deps" "--format-version=1", kill_on_drop: false }`
[INFO] [stdout] 2a23ef4b17ca4833011d10043fa130c3f6c151cb46e045a8731ba3917a44517b
[INFO] running `Command { std: "docker" "start" "-a" "2a23ef4b17ca4833011d10043fa130c3f6c151cb46e045a8731ba3917a44517b", kill_on_drop: false }`
[INFO] running `Command { std: "docker" "inspect" "2a23ef4b17ca4833011d10043fa130c3f6c151cb46e045a8731ba3917a44517b", kill_on_drop: false }`
[INFO] running `Command { std: "docker" "rm" "-f" "2a23ef4b17ca4833011d10043fa130c3f6c151cb46e045a8731ba3917a44517b", kill_on_drop: false }`
[INFO] [stdout] 2a23ef4b17ca4833011d10043fa130c3f6c151cb46e045a8731ba3917a44517b
[INFO] running `Command { std: "docker" "create" "-v" "/var/lib/crater-agent-workspace/builds/worker-7-tc2/target:/opt/rustwide/target:rw,Z" "-v" "/var/lib/crater-agent-workspace/builds/worker-7-tc2/source:/opt/rustwide/workdir:ro,Z" "-v" "/var/lib/crater-agent-workspace/cargo-home:/opt/rustwide/cargo-home:ro,Z" "-v" "/var/lib/crater-agent-workspace/rustup-home:/opt/rustwide/rustup-home:ro,Z" "-e" "SOURCE_DIR=/opt/rustwide/workdir" "-e" "CARGO_TARGET_DIR=/opt/rustwide/target" "-e" "CARGO_INCREMENTAL=0" "-e" "RUST_BACKTRACE=full" "-e" "RUSTFLAGS=--cap-lints=forbid -Dunexpected_cfgs" "-e" "RUSTDOCFLAGS=--cap-lints=forbid" "-e" "CARGO_HOME=/opt/rustwide/cargo-home" "-e" "RUSTUP_HOME=/opt/rustwide/rustup-home" "-w" "/opt/rustwide/workdir" "-m" "1610612736" "--user" "0:0" "--network" "none" "ghcr.io/rust-lang/crates-build-env/linux@sha256:2788e3201cd34a07e3172128adcd8b3090168a8e3bcc40d7c032b9dda1df7d1c" "/opt/rustwide/cargo-home/bin/cargo" "+nightly-2024-02-05" "check" "--frozen" "--all" "--all-targets" "--message-format=json" "-Zcheck-cfg", kill_on_drop: false }`
[INFO] [stdout] df4c54cbdd6d38e3646735cc42608a344b4b6eca8da2b64f47a5a69d2dfc7186
[INFO] running `Command { std: "docker" "start" "-a" "df4c54cbdd6d38e3646735cc42608a344b4b6eca8da2b64f47a5a69d2dfc7186", kill_on_drop: false }`
[INFO] [stderr]    Compiling proc-macro2 v1.0.69
[INFO] [stderr]    Compiling libc v0.2.150
[INFO] [stderr]     Checking once_cell v1.18.0
[INFO] [stderr]    Compiling serde v1.0.192
[INFO] [stderr]     Checking smallvec v1.11.2
[INFO] [stderr]    Compiling futures-core v0.3.29
[INFO] [stderr]     Checking futures-sink v0.3.29
[INFO] [stderr]     Checking memchr v2.6.4
[INFO] [stderr]    Compiling futures-task v0.3.29
[INFO] [stderr]    Compiling futures-util v0.3.29
[INFO] [stderr]     Checking percent-encoding v2.3.0
[INFO] [stderr]    Compiling serde_json v1.0.108
[INFO] [stderr]    Compiling async-trait v0.1.74
[INFO] [stderr]    Compiling futures-channel v0.3.29
[INFO] [stderr]     Checking base64 v0.21.5
[INFO] [stderr]     Checking http v0.2.10
[INFO] [stderr]     Checking generic-array v0.14.7
[INFO] [stderr]     Checking tracing-core v0.1.32
[INFO] [stderr]    Compiling indexmap v1.9.3
[INFO] [stderr]    Compiling thiserror v1.0.50
[INFO] [stderr]     Checking unicode-bidi v0.3.13
[INFO] [stderr]    Compiling anyhow v1.0.75
[INFO] [stderr]     Checking try-lock v0.2.4
[INFO] [stderr]     Checking cpufeatures v0.2.11
[INFO] [stderr]     Checking hashbrown v0.14.2
[INFO] [stderr]     Checking want v0.3.1
[INFO] [stderr]    Compiling crossbeam-utils v0.8.16
[INFO] [stderr]     Checking aho-corasick v1.1.2
[INFO] [stderr]    Compiling time-macros v0.2.15
[INFO] [stderr]    Compiling either v1.9.0
[INFO] [stderr]    Compiling syn v1.0.109
[INFO] [stderr]     Checking form_urlencoded v1.2.0
[INFO] [stderr]     Checking idna v0.4.0
[INFO] [stderr]    Compiling ahash v0.8.6
[INFO] [stderr]     Checking zerocopy v0.7.25
[INFO] [stderr]     Checking block-buffer v0.10.4
[INFO] [stderr]    Compiling quote v1.0.33
[INFO] [stderr]     Checking getrandom v0.2.11
[INFO] [stderr]     Checking parking_lot_core v0.9.9
[INFO] [stderr]     Checking num_cpus v1.16.0
[INFO] [stderr]     Checking mio v0.8.9
[INFO] [stderr]     Checking signal-hook-registry v1.4.1
[INFO] [stderr]     Checking socket2 v0.5.5
[INFO] [stderr]     Checking rand_core v0.6.4
[INFO] [stderr]     Checking crypto-common v0.1.6
[INFO] [stderr]     Checking http-body v0.4.5
[INFO] [stderr]    Compiling syn v2.0.39
[INFO] [stderr]     Checking parking_lot v0.12.1
[INFO] [stderr]     Checking digest v0.10.7
[INFO] [stderr]     Checking socket2 v0.4.10
[INFO] [stderr]     Checking rand_chacha v0.3.1
[INFO] [stderr]     Checking indexmap v2.1.0
[INFO] [stderr]     Checking atomic v0.5.3
[INFO] [stderr]    Compiling paste v1.0.14
[INFO] [stderr]     Checking overload v0.1.1
[INFO] [stderr]     Checking finl_unicode v1.2.0
[INFO] [stderr]     Checking rand v0.8.5
[INFO] [stderr]     Checking local-waker v0.1.4
[INFO] [stderr]     Checking md-5 v0.10.6
[INFO] [stderr]     Checking sha2 v0.10.8
[INFO] [stderr]     Checking hmac v0.12.1
[INFO] [stderr]     Checking nu-ansi-term v0.46.0
[INFO] [stderr]     Checking matchers v0.1.0
[INFO] [stderr]    Compiling cc v1.0.83
[INFO] [stderr]     Checking tracing-log v0.1.4
[INFO] [stderr]     Checking thread_local v1.1.7
[INFO] [stderr]     Checking regex-automata v0.4.3
[INFO] [stderr]     Checking fallible-iterator v0.2.0
[INFO] [stderr]     Checking siphasher v0.3.11
[INFO] [stderr]     Checking bitflags v2.4.1
[INFO] [stderr]    Compiling rustls v0.21.8
[INFO] [stderr]    Compiling tinyvec_macros v0.1.1
[INFO] [stderr]     Checking urlencoding v2.1.3
[INFO] [stderr]     Checking stringprep v0.1.4
[INFO] [stderr]     Checking actix-utils v3.0.1
[INFO] [stderr]    Compiling tinyvec v1.6.0
[INFO] [stderr]     Checking crossbeam-channel v0.5.8
[INFO] [stderr]     Checking phf_shared v0.11.2
[INFO] [stderr]    Compiling itertools v0.11.0
[INFO] [stderr]    Compiling memoffset v0.9.0
[INFO] [stderr]     Checking bytestring v1.3.1
[INFO] [stderr]     Checking winnow v0.5.19
[INFO] [stderr]     Checking miniz_oxide v0.7.1
[INFO] [stderr]     Checking phf v0.11.2
[INFO] [stderr]     Checking postgres-protocol v0.6.6
[INFO] [stderr]     Checking local-channel v0.1.5
[INFO] [stderr]     Checking sha1 v0.10.6
[INFO] [stderr]     Checking ordered-float v4.1.1
[INFO] [stderr]    Compiling itertools v0.10.5
[INFO] [stderr]    Compiling crossbeam-epoch v0.9.15
[INFO] [stderr]     Checking actix-service v2.0.2
[INFO] [stderr]     Checking whoami v1.4.1
[INFO] [stderr]     Checking language-tags v0.3.2
[INFO] [stderr]    Compiling unicode-normalization v0.1.22
[INFO] [stderr]    Compiling powerfmt v0.2.0
[INFO] [stderr]    Compiling ring v0.17.5
[INFO] [stderr]     Checking glob v0.3.1
[INFO] [stderr]    Compiling deranged v0.3.9
[INFO] [stderr]    Compiling itoa v1.0.9
[INFO] [stderr]     Checking utf8parse v0.2.1
[INFO] [stderr]     Checking nom v7.1.3
[INFO] [stderr]     Checking anstyle-parse v0.2.2
[INFO] [stderr]    Compiling backtrace v0.3.69
[INFO] [stderr]     Checking rustls-pemfile v1.0.4
[INFO] [stderr]     Checking raw-cpuid v10.7.0
[INFO] [stderr]    Compiling siphasher v1.0.0
[INFO] [stderr]     Checking anstyle-query v1.0.0
[INFO] [stderr]     Checking webpki-roots v0.25.2
[INFO] [stderr]     Checking colorchoice v1.0.0
[INFO] [stderr]     Checking gimli v0.28.0
[INFO] [stderr]     Checking anstyle v1.0.4
[INFO] [stderr]     Checking regex v1.10.2
[INFO] [stderr]    Compiling url v2.4.1
[INFO] [stderr]    Compiling eyre v0.6.8
[INFO] [stderr]     Checking parking_lot_core v0.8.6
[INFO] [stderr]     Checking anstream v0.6.4
[INFO] [stderr]    Compiling time v0.3.30
[INFO] [stderr]     Checking flate2 v1.0.28
[INFO] [stderr]     Checking hashbrown v0.13.1
[INFO] [stderr]     Checking tracing-log v0.2.0
[INFO] [stderr]     Checking object v0.32.1
[INFO] [stderr]     Checking task-local-extensions v0.1.4
[INFO] [stderr]     Checking indenter v0.3.3
[INFO] [stderr]     Checking owo-colors v3.5.0
[INFO] [stderr]     Checking retain_mut v0.1.9
[INFO] [stderr]     Checking linked-hash-map v0.5.6
[INFO] [stderr]     Checking clap_lex v0.6.0
[INFO] [stderr]     Checking quanta v0.11.1
[INFO] [stderr]     Checking strsim v0.10.0
[INFO] [stderr]     Checking sketches-ddsketch v0.2.1
[INFO] [stderr]     Checking yaml-rust v0.4.5
[INFO] [stderr]     Checking clap_builder v4.4.7
[INFO] [stderr]     Checking parking_lot v0.11.2
[INFO] [stderr]     Checking nanorand v0.7.0
[INFO] [stderr]     Checking fs2 v0.4.3
[INFO] [stderr]     Checking scoped-futures v0.1.3
[INFO] [stderr]     Checking mutually_exclusive_features v0.0.3
[INFO] [stderr]     Checking pathdiff v0.2.1
[INFO] [stderr]     Checking zeroize v1.6.0
[INFO] [stderr]     Checking sled v0.34.7
[INFO] [stderr]     Checking dashmap v5.5.3
[INFO] [stderr]     Checking streem v0.2.0
[INFO] [stderr]    Compiling diesel_table_macro_syntax v0.1.0
[INFO] [stderr]     Checking flume v0.11.0
[INFO] [stderr]     Checking hdrhistogram v7.5.2
[INFO] [stderr]     Checking storage-path-generator v0.1.1
[INFO] [stderr]     Checking hex v0.4.3
[INFO] [stderr]     Checking barrel v0.7.0
[INFO] [stderr]    Compiling derive_more v0.99.17
[INFO] [stderr]    Compiling prost-derive v0.11.9
[INFO] [stderr]     Checking addr2line v0.21.0
[INFO] [stderr]    Compiling serde_derive v1.0.192
[INFO] [stderr]    Compiling tokio-macros v2.2.0
[INFO] [stderr]    Compiling tracing-attributes v0.1.27
[INFO] [stderr]    Compiling futures-macro v0.3.29
[INFO] [stderr]    Compiling thiserror-impl v1.0.50
[INFO] [stderr]    Compiling pin-project-internal v1.1.3
[INFO] [stderr]    Compiling actix-macros v0.2.4
[INFO] [stderr]    Compiling prost-derive v0.12.1
[INFO] [stderr]    Compiling async-stream-impl v0.3.5
[INFO] [stderr]    Compiling metrics-macros v0.7.0
[INFO] [stderr]    Compiling diesel_derives v2.1.2
[INFO] [stderr]    Compiling clap_derive v4.4.7
[INFO] [stderr]     Checking tokio v1.34.0
[INFO] [stderr]     Checking prost v0.11.9
[INFO] [stderr]    Compiling diesel-derive-enum v2.1.0
[INFO] [stderr]     Checking async-stream v0.3.5
[INFO] [stderr]     Checking sct v0.7.1
[INFO] [stderr]     Checking rustls-webpki v0.101.7
[INFO] [stderr]     Checking metrics v0.21.1
[INFO] [stderr]     Checking pin-project v1.1.3
[INFO] [stderr]     Checking opentelemetry v0.21.0
[INFO] [stderr]     Checking metrics-util v0.15.1
[INFO] [stderr]     Checking tracing v0.1.40
[INFO] [stderr]     Checking prost v0.12.1
[INFO] [stderr]     Checking opentelemetry-semantic-conventions v0.13.0
[INFO] [stderr]     Checking prost-types v0.12.1
[INFO] [stderr]     Checking clap v4.4.7
[INFO] [stderr]     Checking axum-core v0.3.4
[INFO] [stderr]     Checking futures-executor v0.3.29
[INFO] [stderr]     Checking tokio-util v0.7.10
[INFO] [stderr]     Checking tokio-stream v0.1.14
[INFO] [stderr]     Checking tokio-io-timeout v1.2.0
[INFO] [stderr]     Checking actix-rt v2.9.0
[INFO] [stderr]     Checking tokio-rustls v0.24.1
[INFO] [stderr]     Checking deadpool-runtime v0.1.3
[INFO] [stderr]     Checking deadpool v0.9.5
[INFO] [stderr]     Checking actix-server v2.3.0
[INFO] [stderr]     Checking opentelemetry_sdk v0.21.0
[INFO] [stderr]     Checking h2 v0.3.21
[INFO] [stderr]     Checking tower v0.4.13
[INFO] [stderr]     Checking actix-codec v0.5.1
[INFO] [stderr]     Checking actix-http v3.4.0
[INFO] [stderr]     Checking uuid v1.5.0
[INFO] [stderr]     Checking tracing-serde v0.1.3
[INFO] [stderr]     Checking serde_urlencoded v0.7.1
[INFO] [stderr]     Checking serde_spanned v0.6.4
[INFO] [stderr]     Checking toml_datetime v0.6.5
[INFO] [stderr]     Checking actix-router v0.5.1
[INFO] [stderr]     Checking serde_plain v1.0.2
[INFO] [stderr]     Checking toml v0.5.11
[INFO] [stderr]     Checking quick-xml v0.30.0
[INFO] [stderr]     Checking toml_edit v0.19.15
[INFO] [stderr]     Checking toml_edit v0.21.0
[INFO] [stderr]     Checking ron v0.7.1
[INFO] [stderr]     Checking serde-tuple-vec-map v1.0.1
[INFO] [stderr]     Checking tracing-subscriber v0.3.17
[INFO] [stderr]     Checking config v0.13.3
[INFO] [stderr]     Checking toml v0.8.8
[INFO] [stderr]     Checking toml v0.7.8
[INFO] [stderr]     Checking postgres-types v0.2.6
[INFO] [stderr]     Checking actix-web v4.4.0
[INFO] [stderr]     Checking diesel v2.1.3
[INFO] [stderr]     Checking rusty-s3 v0.5.0
[INFO] [stderr]     Checking tracing-error v0.2.0
[INFO] [stderr]     Checking tracing-opentelemetry v0.22.0
[INFO] [stderr]     Checking color-spantrace v0.2.0
[INFO] [stderr]     Checking color-eyre v0.6.2
[INFO] [stderr]     Checking tokio-postgres v0.7.10
[INFO] [stderr]    Compiling refinery-core v0.8.11
[INFO] [stderr]     Checking hyper v0.14.27
[INFO] [stderr]    Compiling refinery-macros v0.8.11
[INFO] [stderr]     Checking postgres v0.19.7
[INFO] [stderr]     Checking actix-multipart v0.6.1
[INFO] [stderr]     Checking tracing-actix-web v0.7.9
[INFO] [stderr]     Checking actix-form-data v0.7.0-beta.4
[INFO] [stderr]     Checking refinery v0.8.11
[INFO] [stderr]     Checking axum v0.6.20
[INFO] [stderr]     Checking hyper-timeout v0.4.1
[INFO] [stderr]     Checking hyper-rustls v0.24.2
[INFO] [stderr]     Checking metrics-exporter-prometheus v0.12.1
[INFO] [stderr]     Checking reqwest v0.11.22
[INFO] [stderr]     Checking reqwest-middleware v0.2.4
[INFO] [stderr]     Checking reqwest-tracing v0.4.6
[INFO] [stderr]     Checking tonic v0.10.2
[INFO] [stderr]     Checking tonic v0.9.2
[INFO] [stderr]     Checking console-api v0.6.0
[INFO] [stderr]     Checking opentelemetry-proto v0.4.0
[INFO] [stderr]     Checking opentelemetry-otlp v0.14.0
[INFO] [stderr]     Checking console-subscriber v0.2.0
[INFO] [stderr]     Checking diesel-async v0.4.1
[INFO] [stderr]     Checking pict-rs v0.5.0-beta.2 (/opt/rustwide/workdir)
[INFO] [stdout] error[E0433]: failed to resolve: could not find `Builder` in `task`
[INFO] [stdout]    --> src/sync.rs:52:31
[INFO] [stdout]     |
[INFO] [stdout] 52  |     let handle = tokio::task::Builder::new()
[INFO] [stdout]     |                               ^^^^^^^ could not find `Builder` in `task`
[INFO] [stdout]     |
[INFO] [stdout] note: found an item that was configured out
[INFO] [stdout]    --> /opt/rustwide/cargo-home/registry/src/index.crates.io-6f17d22bba15001f/tokio-1.34.0/src/task/mod.rs:326:26
[INFO] [stdout]     |
[INFO] [stdout] 326 |         pub use builder::Builder;
[INFO] [stdout]     |                          ^^^^^^^
[INFO] [stdout] help: consider importing one of these items
[INFO] [stdout]     |
[INFO] [stdout] 1   + use actix_web::http::uri::Builder;
[INFO] [stdout]     |
[INFO] [stdout] 1   + use console_subscriber::Builder;
[INFO] [stdout]     |
[INFO] [stdout] 1   + use opentelemetry_sdk::trace::Builder;
[INFO] [stdout]     |
[INFO] [stdout] 1   + use std::thread::Builder;
[INFO] [stdout]     |
[INFO] [stdout]       and 5 other candidates
[INFO] [stdout] help: if you import `Builder`, refer to it directly
[INFO] [stdout]     |
[INFO] [stdout] 52  -     let handle = tokio::task::Builder::new()
[INFO] [stdout] 52  +     let handle = Builder::new()
[INFO] [stdout]     |
[INFO] [stdout] 
[INFO] [stdout] 
[INFO] [stdout] error[E0433]: failed to resolve: could not find `Builder` in `task`
[INFO] [stdout]    --> src/sync.rs:72:31
[INFO] [stdout]     |
[INFO] [stdout] 72  |     let handle = tokio::task::Builder::new()
[INFO] [stdout]     |                               ^^^^^^^ could not find `Builder` in `task`
[INFO] [stdout]     |
[INFO] [stdout] note: found an item that was configured out
[INFO] [stdout]    --> /opt/rustwide/cargo-home/registry/src/index.crates.io-6f17d22bba15001f/tokio-1.34.0/src/task/mod.rs:326:26
[INFO] [stdout]     |
[INFO] [stdout] 326 |         pub use builder::Builder;
[INFO] [stdout]     |                          ^^^^^^^
[INFO] [stdout] help: consider importing one of these items
[INFO] [stdout]     |
[INFO] [stdout] 1   + use actix_web::http::uri::Builder;
[INFO] [stdout]     |
[INFO] [stdout] 1   + use console_subscriber::Builder;
[INFO] [stdout]     |
[INFO] [stdout] 1   + use opentelemetry_sdk::trace::Builder;
[INFO] [stdout]     |
[INFO] [stdout] 1   + use std::thread::Builder;
[INFO] [stdout]     |
[INFO] [stdout]       and 5 other candidates
[INFO] [stdout] help: if you import `Builder`, refer to it directly
[INFO] [stdout]     |
[INFO] [stdout] 72  -     let handle = tokio::task::Builder::new()
[INFO] [stdout] 72  +     let handle = Builder::new()
[INFO] [stdout]     |
[INFO] [stdout] 
[INFO] [stdout] 
[INFO] [stdout] error[E0433]: failed to resolve: could not find `Builder` in `task`
[INFO] [stdout]    --> src/sync.rs:52:31
[INFO] [stdout]     |
[INFO] [stdout] 52  |     let handle = tokio::task::Builder::new()
[INFO] [stdout]     |                               ^^^^^^^ could not find `Builder` in `task`
[INFO] [stdout]     |
[INFO] [stdout] note: found an item that was configured out
[INFO] [stdout]    --> /opt/rustwide/cargo-home/registry/src/index.crates.io-6f17d22bba15001f/tokio-1.34.0/src/task/mod.rs:326:26
[INFO] [stdout]     |
[INFO] [stdout] 326 |         pub use builder::Builder;
[INFO] [stdout]     |                          ^^^^^^^
[INFO] [stdout] help: consider importing one of these items
[INFO] [stdout]     |
[INFO] [stdout] 1   + use actix_web::http::uri::Builder;
[INFO] [stdout]     |
[INFO] [stdout] 1   + use console_subscriber::Builder;
[INFO] [stdout]     |
[INFO] [stdout] 1   + use opentelemetry_sdk::trace::Builder;
[INFO] [stdout]     |
[INFO] [stdout] 1   + use std::thread::Builder;
[INFO] [stdout]     |
[INFO] [stdout]       and 5 other candidates
[INFO] [stdout] help: if you import `Builder`, refer to it directly
[INFO] [stdout]     |
[INFO] [stdout] 52  -     let handle = tokio::task::Builder::new()
[INFO] [stdout] 52  +     let handle = Builder::new()
[INFO] [stdout]     |
[INFO] [stdout] 
[INFO] [stdout] 
[INFO] [stdout] error[E0433]: failed to resolve: could not find `Builder` in `task`
[INFO] [stdout]    --> src/sync.rs:72:31
[INFO] [stdout]     |
[INFO] [stdout] 72  |     let handle = tokio::task::Builder::new()
[INFO] [stdout]     |                               ^^^^^^^ could not find `Builder` in `task`
[INFO] [stdout]     |
[INFO] [stdout] note: found an item that was configured out
[INFO] [stdout]    --> /opt/rustwide/cargo-home/registry/src/index.crates.io-6f17d22bba15001f/tokio-1.34.0/src/task/mod.rs:326:26
[INFO] [stdout]     |
[INFO] [stdout] 326 |         pub use builder::Builder;
[INFO] [stdout]     |                          ^^^^^^^
[INFO] [stdout] help: consider importing one of these items
[INFO] [stdout]     |
[INFO] [stdout] 1   + use actix_web::http::uri::Builder;
[INFO] [stdout]     |
[INFO] [stdout] 1   + use console_subscriber::Builder;
[INFO] [stdout]     |
[INFO] [stdout] 1   + use opentelemetry_sdk::trace::Builder;
[INFO] [stdout]     |
[INFO] [stdout] 1   + use std::thread::Builder;
[INFO] [stdout]     |
[INFO] [stdout]       and 5 other candidates
[INFO] [stdout] help: if you import `Builder`, refer to it directly
[INFO] [stdout]     |
[INFO] [stdout] 72  -     let handle = tokio::task::Builder::new()
[INFO] [stdout] 72  +     let handle = Builder::new()
[INFO] [stdout]     |
[INFO] [stdout] 
[INFO] [stdout] 
[INFO] [stdout] error[E0599]: no function or associated item named `now_v7` found for struct `uuid::Uuid` in the current scope
[INFO] [stdout]    --> src/repo.rs:342:20
[INFO] [stdout]     |
[INFO] [stdout] 342 |         Self(Uuid::now_v7())
[INFO] [stdout]     |                    ^^^^^^
[INFO] [stdout]     |                    |
[INFO] [stdout]     |                    function or associated item not found in `uuid::Uuid`
[INFO] [stdout]     |                    help: there is an associated function with a similar name: `new_v4`
[INFO] [stdout]     |
[INFO] [stdout] note: if you're trying to build a new `uuid::Uuid` consider using one of the following associated functions:
[INFO] [stdout]       uuid::builder::<impl uuid::Uuid>::nil
[INFO] [stdout]       uuid::builder::<impl uuid::Uuid>::from_fields
[INFO] [stdout]       uuid::builder::<impl uuid::Uuid>::from_fields_le
[INFO] [stdout]       uuid::builder::<impl uuid::Uuid>::from_u128
[INFO] [stdout]       and 10 others
[INFO] [stdout]    --> /opt/rustwide/cargo-home/registry/src/index.crates.io-6f17d22bba15001f/uuid-1.5.0/src/builder.rs:72:5
[INFO] [stdout]     |
[INFO] [stdout] 72  |     pub const fn nil() -> Self {
[INFO] [stdout]     |     ^^^^^^^^^^^^^^^^^^^^^^^^^^
[INFO] [stdout] ...
[INFO] [stdout] 123 |     pub const fn from_fields(d1: u32, d2: u16, d3: u16, d4: &[u8; 8]) -> Uuid {
[INFO] [stdout]     |     ^^^^^^^^^^^^^^^^^^^^^^^^^^^^^^^^^^^^^^^^^^^^^^^^^^^^^^^^^^^^^^^^^^^^^^^^^
[INFO] [stdout] ...
[INFO] [stdout] 169 |     pub const fn from_fields_le(d1: u32, d2: u16, d3: u16, d4: &[u8; 8]) -> Uuid {
[INFO] [stdout]     |     ^^^^^^^^^^^^^^^^^^^^^^^^^^^^^^^^^^^^^^^^^^^^^^^^^^^^^^^^^^^^^^^^^^^^^^^^^^^^
[INFO] [stdout] ...
[INFO] [stdout] 207 |     pub const fn from_u128(v: u128) -> Self {
[INFO] [stdout]     |     ^^^^^^^^^^^^^^^^^^^^^^^^^^^^^^^^^^^^^^^
[INFO] [stdout] 
[INFO] [stdout] 
[INFO] [stdout] error[E0599]: no function or associated item named `now_v7` found for struct `uuid::Uuid` in the current scope
[INFO] [stdout]    --> src/repo.rs:342:20
[INFO] [stdout]     |
[INFO] [stdout] 342 |         Self(Uuid::now_v7())
[INFO] [stdout]     |                    ^^^^^^
[INFO] [stdout]     |                    |
[INFO] [stdout]     |                    function or associated item not found in `uuid::Uuid`
[INFO] [stdout]     |                    help: there is an associated function with a similar name: `new_v4`
[INFO] [stdout]     |
[INFO] [stdout] note: if you're trying to build a new `uuid::Uuid` consider using one of the following associated functions:
[INFO] [stdout]       uuid::builder::<impl uuid::Uuid>::nil
[INFO] [stdout]       uuid::builder::<impl uuid::Uuid>::from_fields
[INFO] [stdout]       uuid::builder::<impl uuid::Uuid>::from_fields_le
[INFO] [stdout]       uuid::builder::<impl uuid::Uuid>::from_u128
[INFO] [stdout]       and 10 others
[INFO] [stdout]    --> /opt/rustwide/cargo-home/registry/src/index.crates.io-6f17d22bba15001f/uuid-1.5.0/src/builder.rs:72:5
[INFO] [stdout]     |
[INFO] [stdout] 72  |     pub const fn nil() -> Self {
[INFO] [stdout]     |     ^^^^^^^^^^^^^^^^^^^^^^^^^^
[INFO] [stdout] ...
[INFO] [stdout] 123 |     pub const fn from_fields(d1: u32, d2: u16, d3: u16, d4: &[u8; 8]) -> Uuid {
[INFO] [stdout]     |     ^^^^^^^^^^^^^^^^^^^^^^^^^^^^^^^^^^^^^^^^^^^^^^^^^^^^^^^^^^^^^^^^^^^^^^^^^
[INFO] [stdout] ...
[INFO] [stdout] 169 |     pub const fn from_fields_le(d1: u32, d2: u16, d3: u16, d4: &[u8; 8]) -> Uuid {
[INFO] [stdout]     |     ^^^^^^^^^^^^^^^^^^^^^^^^^^^^^^^^^^^^^^^^^^^^^^^^^^^^^^^^^^^^^^^^^^^^^^^^^^^^
[INFO] [stdout] ...
[INFO] [stdout] 207 |     pub const fn from_u128(v: u128) -> Self {
[INFO] [stdout]     |     ^^^^^^^^^^^^^^^^^^^^^^^^^^^^^^^^^^^^^^^
[INFO] [stdout] 
[INFO] [stdout] 
[INFO] [stdout] error: aborting due to 3 previous errors
[INFO] [stdout] 
[INFO] [stdout] 
[INFO] [stdout] Some errors have detailed explanations: E0433, E0599.
[INFO] [stdout] 
[INFO] [stdout] For more information about an error, try `rustc --explain E0433`.
[INFO] [stdout] 
[INFO] [stderr] error: could not compile `pict-rs` (lib) due to 4 previous errors
[INFO] [stderr] warning: build failed, waiting for other jobs to finish...
[INFO] [stdout] error: aborting due to 3 previous errors
[INFO] [stdout] 
[INFO] [stdout] 
[INFO] [stdout] Some errors have detailed explanations: E0433, E0599.
[INFO] [stdout] 
[INFO] [stdout] For more information about an error, try `rustc --explain E0433`.
[INFO] [stdout] 
[INFO] [stderr] error: could not compile `pict-rs` (lib test) due to 4 previous errors
[INFO] running `Command { std: "docker" "inspect" "df4c54cbdd6d38e3646735cc42608a344b4b6eca8da2b64f47a5a69d2dfc7186", kill_on_drop: false }`
[INFO] running `Command { std: "docker" "rm" "-f" "df4c54cbdd6d38e3646735cc42608a344b4b6eca8da2b64f47a5a69d2dfc7186", kill_on_drop: false }`
[INFO] [stdout] df4c54cbdd6d38e3646735cc42608a344b4b6eca8da2b64f47a5a69d2dfc7186
