[INFO] fetching crate pi_tcp 0.3.2...
[INFO] checking pi_tcp-0.3.2 against nightly-2024-02-05 for check-cfg
[INFO] extracting crate pi_tcp 0.3.2 into /workspace/builds/worker-5-tc1/source
[INFO] validating manifest of crates.io crate pi_tcp 0.3.2 on toolchain nightly-2024-02-05
[INFO] running `Command { std: CARGO_HOME="/workspace/cargo-home" RUSTUP_HOME="/workspace/rustup-home" "/workspace/cargo-home/bin/cargo" "+nightly-2024-02-05" "metadata" "--manifest-path" "Cargo.toml" "--no-deps", kill_on_drop: false }`
[INFO] started tweaking crates.io crate pi_tcp 0.3.2
[INFO] finished tweaking crates.io crate pi_tcp 0.3.2
[INFO] tweaked toml for crates.io crate pi_tcp 0.3.2 written to /workspace/builds/worker-5-tc1/source/Cargo.toml
[INFO] running `Command { std: CARGO_HOME="/workspace/cargo-home" RUSTUP_HOME="/workspace/rustup-home" "/workspace/cargo-home/bin/cargo" "+nightly-2024-02-05" "generate-lockfile" "--manifest-path" "Cargo.toml", kill_on_drop: false }`
[INFO] [stderr]     Blocking waiting for file lock on package cache
[INFO] [stderr]     Updating crates.io index
[INFO] running `Command { std: CARGO_HOME="/workspace/cargo-home" RUSTUP_HOME="/workspace/rustup-home" "/workspace/cargo-home/bin/cargo" "+nightly-2024-02-05" "fetch" "--manifest-path" "Cargo.toml", kill_on_drop: false }`
[INFO] [stderr]     Blocking waiting for file lock on package cache
[INFO] [stderr]     Blocking waiting for file lock on package cache
[INFO] running `Command { std: "docker" "create" "-v" "/var/lib/crater-agent-workspace/builds/worker-5-tc1/target:/opt/rustwide/target:rw,Z" "-v" "/var/lib/crater-agent-workspace/builds/worker-5-tc1/source:/opt/rustwide/workdir:ro,Z" "-v" "/var/lib/crater-agent-workspace/cargo-home:/opt/rustwide/cargo-home:ro,Z" "-v" "/var/lib/crater-agent-workspace/rustup-home:/opt/rustwide/rustup-home:ro,Z" "-e" "SOURCE_DIR=/opt/rustwide/workdir" "-e" "CARGO_TARGET_DIR=/opt/rustwide/target" "-e" "CARGO_HOME=/opt/rustwide/cargo-home" "-e" "RUSTUP_HOME=/opt/rustwide/rustup-home" "-w" "/opt/rustwide/workdir" "-m" "1610612736" "--user" "0:0" "--network" "none" "ghcr.io/rust-lang/crates-build-env/linux@sha256:2788e3201cd34a07e3172128adcd8b3090168a8e3bcc40d7c032b9dda1df7d1c" "/opt/rustwide/cargo-home/bin/cargo" "+nightly-2024-02-05" "metadata" "--no-deps" "--format-version=1", kill_on_drop: false }`
[INFO] [stdout] 09f65178a3debabc82382cee27cbb88cd91e5d0e2b60d8a1bf71edda2ddf2612
[INFO] running `Command { std: "docker" "start" "-a" "09f65178a3debabc82382cee27cbb88cd91e5d0e2b60d8a1bf71edda2ddf2612", kill_on_drop: false }`
[INFO] running `Command { std: "docker" "inspect" "09f65178a3debabc82382cee27cbb88cd91e5d0e2b60d8a1bf71edda2ddf2612", kill_on_drop: false }`
[INFO] running `Command { std: "docker" "rm" "-f" "09f65178a3debabc82382cee27cbb88cd91e5d0e2b60d8a1bf71edda2ddf2612", kill_on_drop: false }`
[INFO] [stdout] 09f65178a3debabc82382cee27cbb88cd91e5d0e2b60d8a1bf71edda2ddf2612
[INFO] running `Command { std: "docker" "create" "-v" "/var/lib/crater-agent-workspace/builds/worker-5-tc1/target:/opt/rustwide/target:rw,Z" "-v" "/var/lib/crater-agent-workspace/builds/worker-5-tc1/source:/opt/rustwide/workdir:ro,Z" "-v" "/var/lib/crater-agent-workspace/cargo-home:/opt/rustwide/cargo-home:ro,Z" "-v" "/var/lib/crater-agent-workspace/rustup-home:/opt/rustwide/rustup-home:ro,Z" "-e" "SOURCE_DIR=/opt/rustwide/workdir" "-e" "CARGO_TARGET_DIR=/opt/rustwide/target" "-e" "CARGO_INCREMENTAL=0" "-e" "RUST_BACKTRACE=full" "-e" "RUSTFLAGS=--cap-lints=forbid" "-e" "RUSTDOCFLAGS=--cap-lints=forbid" "-e" "CARGO_HOME=/opt/rustwide/cargo-home" "-e" "RUSTUP_HOME=/opt/rustwide/rustup-home" "-w" "/opt/rustwide/workdir" "-m" "1610612736" "--user" "0:0" "--network" "none" "ghcr.io/rust-lang/crates-build-env/linux@sha256:2788e3201cd34a07e3172128adcd8b3090168a8e3bcc40d7c032b9dda1df7d1c" "/opt/rustwide/cargo-home/bin/cargo" "+nightly-2024-02-05" "check" "--frozen" "--all" "--all-targets" "--message-format=json", kill_on_drop: false }`
[INFO] [stdout] 534381699a6166e71c73e5507e6bcdf7a124630aa5ec4ff5c78ce604ee8c163f
[INFO] running `Command { std: "docker" "start" "-a" "534381699a6166e71c73e5507e6bcdf7a124630aa5ec4ff5c78ce604ee8c163f", kill_on_drop: false }`
[INFO] [stderr]     Checking futures-sink v0.3.30
[INFO] [stderr]    Compiling parking_lot_core v0.9.9
[INFO] [stderr]    Compiling libc v0.2.153
[INFO] [stderr]    Compiling slotmap v1.0.7
[INFO] [stderr]     Checking futures-io v0.3.30
[INFO] [stderr]     Checking futures-task v0.3.30
[INFO] [stderr]     Checking getrandom v0.2.12
[INFO] [stderr]    Compiling num-traits v0.2.17
[INFO] [stderr]     Checking smallvec v1.13.1
[INFO] [stderr]    Compiling num-integer v0.1.45
[INFO] [stderr]     Checking fxhash v0.2.1
[INFO] [stderr]     Checking crossbeam-epoch v0.9.18
[INFO] [stderr]     Checking crossbeam-queue v0.3.11
[INFO] [stderr]     Checking crossbeam-channel v0.5.11
[INFO] [stderr]     Checking pi_ext_heap v0.1.0
[INFO] [stderr]     Checking bitflags v2.4.2
[INFO] [stderr]     Checking miniz_oxide v0.7.2
[INFO] [stderr]     Checking futures-channel v0.3.30
[INFO] [stderr]    Compiling async-stream-impl v0.3.5
[INFO] [stderr]    Compiling num-bigint v0.4.4
[INFO] [stderr]     Checking object v0.32.2
[INFO] [stderr]    Compiling serde v1.0.196
[INFO] [stderr]     Checking raw-cpuid v11.0.1
[INFO] [stdout] error[E0046]: not all trait items implemented, missing: `EXPAND_BY`, `MERGE_BY`
[INFO] [stdout]     --> /opt/rustwide/cargo-home/registry/src/index.crates.io-6f17d22bba15001f/pi_ext_heap-0.1.0/src/lib.rs:1271:1
[INFO] [stdout]      |
[INFO] [stdout] 1271 | unsafe impl<I> InPlaceIterable for IntoIter<I> {}
[INFO] [stdout]      | ^^^^^^^^^^^^^^^^^^^^^^^^^^^^^^^^^^^^^^^^^^^^^^ missing `EXPAND_BY`, `MERGE_BY` in implementation
[INFO] [stdout]      |
[INFO] [stdout]      = help: implement the missing item: `const EXPAND_BY: Option<NonZero<usize>> = value;`
[INFO] [stdout]      = help: implement the missing item: `const MERGE_BY: Option<NonZero<usize>> = value;`
[INFO] [stdout] 
[INFO] [stdout] 
[INFO] [stderr]     Checking pi_share v0.4.14
[INFO] [stdout] error: aborting due to 1 previous error
[INFO] [stdout] 
[INFO] [stdout] 
[INFO] [stdout] For more information about this error, try `rustc --explain E0046`.
[INFO] [stdout] 
[INFO] [stderr] error: could not compile `pi_ext_heap` (lib) due to 2 previous errors
[INFO] [stderr] warning: build failed, waiting for other jobs to finish...
[INFO] [stdout] error[E0412]: cannot find type `Demand` in module `core::any`
[INFO] [stdout]     --> /opt/rustwide/cargo-home/registry/src/index.crates.io-6f17d22bba15001f/pi_share-0.4.14/src/xrc.rs:2902:51
[INFO] [stdout]      |
[INFO] [stdout] 2902 |     fn provide<'a>(&'a self, req: &mut core::any::Demand<'a>) {
[INFO] [stdout]      |                                                   ^^^^^^ not found in `core::any`
[INFO] [stdout] 
[INFO] [stdout] 
[INFO] [stdout] error[E0635]: unknown feature `provide_any`
[INFO] [stdout]   --> /opt/rustwide/cargo-home/registry/src/index.crates.io-6f17d22bba15001f/pi_share-0.4.14/src/lib.rs:32:12
[INFO] [stdout]    |
[INFO] [stdout] 32 | #![feature(provide_any)]
[INFO] [stdout]    |            ^^^^^^^^^^^
[INFO] [stdout] 
[INFO] [stdout] 
[INFO] [stdout] error: aborting due to 2 previous errors
[INFO] [stdout] 
[INFO] [stdout] 
[INFO] [stdout] Some errors have detailed explanations: E0412, E0635.
[INFO] [stdout] 
[INFO] [stdout] For more information about an error, try `rustc --explain E0412`.
[INFO] [stdout] 
[INFO] [stderr] error: could not compile `pi_share` (lib) due to 3 previous errors
[INFO] running `Command { std: "docker" "inspect" "534381699a6166e71c73e5507e6bcdf7a124630aa5ec4ff5c78ce604ee8c163f", kill_on_drop: false }`
[INFO] running `Command { std: "docker" "rm" "-f" "534381699a6166e71c73e5507e6bcdf7a124630aa5ec4ff5c78ce604ee8c163f", kill_on_drop: false }`
[INFO] [stdout] 534381699a6166e71c73e5507e6bcdf7a124630aa5ec4ff5c78ce604ee8c163f
