[INFO] fetching crate pi_spatialtree 0.4.0...
[INFO] checking pi_spatialtree-0.4.0 against nightly-2024-02-05 for check-cfg
[INFO] extracting crate pi_spatialtree 0.4.0 into /workspace/builds/worker-0-tc1/source
[INFO] validating manifest of crates.io crate pi_spatialtree 0.4.0 on toolchain nightly-2024-02-05
[INFO] running `Command { std: CARGO_HOME="/workspace/cargo-home" RUSTUP_HOME="/workspace/rustup-home" "/workspace/cargo-home/bin/cargo" "+nightly-2024-02-05" "metadata" "--manifest-path" "Cargo.toml" "--no-deps", kill_on_drop: false }`
[INFO] started tweaking crates.io crate pi_spatialtree 0.4.0
[INFO] finished tweaking crates.io crate pi_spatialtree 0.4.0
[INFO] tweaked toml for crates.io crate pi_spatialtree 0.4.0 written to /workspace/builds/worker-0-tc1/source/Cargo.toml
[INFO] running `Command { std: CARGO_HOME="/workspace/cargo-home" RUSTUP_HOME="/workspace/rustup-home" "/workspace/cargo-home/bin/cargo" "+nightly-2024-02-05" "generate-lockfile" "--manifest-path" "Cargo.toml", kill_on_drop: false }`
[INFO] [stderr]     Updating crates.io index
[INFO] running `Command { std: CARGO_HOME="/workspace/cargo-home" RUSTUP_HOME="/workspace/rustup-home" "/workspace/cargo-home/bin/cargo" "+nightly-2024-02-05" "fetch" "--manifest-path" "Cargo.toml", kill_on_drop: false }`
[INFO] [stderr]  Downloading crates ...
[INFO] [stderr]   Downloaded pi_key_alloter v0.4.4
[INFO] [stderr]   Downloaded pcg_rand v0.13.0
[INFO] [stderr]   Downloaded pi_slotmap v0.1.15
[INFO] [stderr]   Downloaded pi_null v0.1.11
[INFO] [stderr]   Downloaded parry2d v0.13.6
[INFO] running `Command { std: "docker" "create" "-v" "/var/lib/crater-agent-workspace/builds/worker-0-tc1/target:/opt/rustwide/target:rw,Z" "-v" "/var/lib/crater-agent-workspace/builds/worker-0-tc1/source:/opt/rustwide/workdir:ro,Z" "-v" "/var/lib/crater-agent-workspace/cargo-home:/opt/rustwide/cargo-home:ro,Z" "-v" "/var/lib/crater-agent-workspace/rustup-home:/opt/rustwide/rustup-home:ro,Z" "-e" "SOURCE_DIR=/opt/rustwide/workdir" "-e" "CARGO_TARGET_DIR=/opt/rustwide/target" "-e" "CARGO_HOME=/opt/rustwide/cargo-home" "-e" "RUSTUP_HOME=/opt/rustwide/rustup-home" "-w" "/opt/rustwide/workdir" "-m" "1610612736" "--user" "0:0" "--network" "none" "ghcr.io/rust-lang/crates-build-env/linux@sha256:2788e3201cd34a07e3172128adcd8b3090168a8e3bcc40d7c032b9dda1df7d1c" "/opt/rustwide/cargo-home/bin/cargo" "+nightly-2024-02-05" "metadata" "--no-deps" "--format-version=1", kill_on_drop: false }`
[INFO] [stdout] 31a86e81ec0a23272877f9d193b914de9e8407d2490cdd016b59e15a451ef7bc
[INFO] running `Command { std: "docker" "start" "-a" "31a86e81ec0a23272877f9d193b914de9e8407d2490cdd016b59e15a451ef7bc", kill_on_drop: false }`
[INFO] running `Command { std: "docker" "inspect" "31a86e81ec0a23272877f9d193b914de9e8407d2490cdd016b59e15a451ef7bc", kill_on_drop: false }`
[INFO] running `Command { std: "docker" "rm" "-f" "31a86e81ec0a23272877f9d193b914de9e8407d2490cdd016b59e15a451ef7bc", kill_on_drop: false }`
[INFO] [stdout] 31a86e81ec0a23272877f9d193b914de9e8407d2490cdd016b59e15a451ef7bc
[INFO] running `Command { std: "docker" "create" "-v" "/var/lib/crater-agent-workspace/builds/worker-0-tc1/target:/opt/rustwide/target:rw,Z" "-v" "/var/lib/crater-agent-workspace/builds/worker-0-tc1/source:/opt/rustwide/workdir:ro,Z" "-v" "/var/lib/crater-agent-workspace/cargo-home:/opt/rustwide/cargo-home:ro,Z" "-v" "/var/lib/crater-agent-workspace/rustup-home:/opt/rustwide/rustup-home:ro,Z" "-e" "SOURCE_DIR=/opt/rustwide/workdir" "-e" "CARGO_TARGET_DIR=/opt/rustwide/target" "-e" "CARGO_INCREMENTAL=0" "-e" "RUST_BACKTRACE=full" "-e" "RUSTFLAGS=--cap-lints=forbid" "-e" "RUSTDOCFLAGS=--cap-lints=forbid" "-e" "CARGO_HOME=/opt/rustwide/cargo-home" "-e" "RUSTUP_HOME=/opt/rustwide/rustup-home" "-w" "/opt/rustwide/workdir" "-m" "1610612736" "--user" "0:0" "--network" "none" "ghcr.io/rust-lang/crates-build-env/linux@sha256:2788e3201cd34a07e3172128adcd8b3090168a8e3bcc40d7c032b9dda1df7d1c" "/opt/rustwide/cargo-home/bin/cargo" "+nightly-2024-02-05" "check" "--frozen" "--all" "--all-targets" "--message-format=json", kill_on_drop: false }`
[INFO] [stdout] 9601b9f8f766b03e0403bd99640dd5e997a07ccdcc2c52f7052e4c72df45683a
[INFO] running `Command { std: "docker" "start" "-a" "9601b9f8f766b03e0403bd99640dd5e997a07ccdcc2c52f7052e4c72df45683a", kill_on_drop: false }`
[INFO] [stderr]    Compiling autocfg v1.1.0
[INFO] [stderr]    Compiling proc-macro2 v1.0.78
[INFO] [stderr]    Compiling libm v0.2.8
[INFO] [stderr]    Compiling unicode-ident v1.0.12
[INFO] [stderr]    Compiling version_check v0.9.4
[INFO] [stderr]     Checking cfg-if v1.0.0
[INFO] [stderr]    Compiling crossbeam-utils v0.8.19
[INFO] [stderr]    Compiling paste v1.0.14
[INFO] [stderr]     Checking bytemuck v1.14.1
[INFO] [stderr]    Compiling libc v0.2.153
[INFO] [stderr]    Compiling syn v1.0.109
[INFO] [stderr]     Checking safe_arch v0.7.1
[INFO] [stderr]    Compiling ahash v0.8.7
[INFO] [stderr]    Compiling num-traits v0.2.17
[INFO] [stderr]    Compiling num-integer v0.1.45
[INFO] [stderr]    Compiling matrixmultiply v0.3.8
[INFO] [stderr]    Compiling num-rational v0.4.1
[INFO] [stderr]     Checking once_cell v1.19.0
[INFO] [stderr]     Checking zerocopy v0.7.32
[INFO] [stderr]    Compiling typenum v1.17.0
[INFO] [stderr]     Checking crossbeam-epoch v0.9.18
[INFO] [stderr]    Compiling quote v1.0.35
[INFO] [stderr]     Checking wide v0.7.15
[INFO] [stderr]    Compiling syn v2.0.48
[INFO] [stderr]    Compiling slab v0.4.9
[INFO] [stderr]     Checking allocator-api2 v0.2.16
[INFO] [stderr]     Checking rawpointer v0.2.1
[INFO] [stderr]     Checking hashbrown v0.14.3
[INFO] [stderr]     Checking getrandom v0.2.12
[INFO] [stderr]     Checking num-complex v0.4.4
[INFO] [stderr]     Checking approx v0.5.1
[INFO] [stderr]     Checking crossbeam-deque v0.8.5
[INFO] [stderr]     Checking crossbeam-queue v0.3.11
[INFO] [stderr]     Checking crossbeam-channel v0.5.11
[INFO] [stderr]    Compiling serde v1.0.196
[INFO] [stderr]     Checking robust v1.1.0
[INFO] [stderr]     Checking simba v0.8.1
[INFO] [stderr]     Checking smallvec v1.13.1
[INFO] [stderr]     Checking rand_core v0.6.4
[INFO] [stderr]     Checking spade v2.6.0
[INFO] [stderr]    Compiling pi_slotmap v0.1.15
[INFO] [stderr]     Checking pi_null v0.1.11
[INFO] [stderr]     Checking crossbeam v0.8.4
[INFO] [stderr]     Checking pi_share v0.4.14
[INFO] [stderr]     Checking rustc-hash v1.1.0
[INFO] [stderr]     Checking arrayvec v0.7.4
[INFO] [stderr]     Checking downcast-rs v1.2.0
[INFO] [stdout] error[E0412]: cannot find type `Demand` in module `core::any`
[INFO] [stdout]     --> /opt/rustwide/cargo-home/registry/src/index.crates.io-6f17d22bba15001f/pi_share-0.4.14/src/xrc.rs:2902:51
[INFO] [stdout]      |
[INFO] [stdout] 2902 |     fn provide<'a>(&'a self, req: &mut core::any::Demand<'a>) {
[INFO] [stdout]      |                                                   ^^^^^^ not found in `core::any`
[INFO] [stdout] 
[INFO] [stdout] 
[INFO] [stdout] error[E0635]: unknown feature `provide_any`
[INFO] [stdout]   --> /opt/rustwide/cargo-home/registry/src/index.crates.io-6f17d22bba15001f/pi_share-0.4.14/src/lib.rs:32:12
[INFO] [stdout]    |
[INFO] [stdout] 32 | #![feature(provide_any)]
[INFO] [stdout]    |            ^^^^^^^^^^^
[INFO] [stdout] 
[INFO] [stdout] 
[INFO] [stderr]     Checking either v1.9.0
[INFO] [stdout] error: aborting due to 2 previous errors
[INFO] [stdout] 
[INFO] [stdout] 
[INFO] [stdout] Some errors have detailed explanations: E0412, E0635.
[INFO] [stdout] 
[INFO] [stdout] For more information about an error, try `rustc --explain E0412`.
[INFO] [stdout] 
[INFO] [stderr]     Checking bitflags v1.3.2
[INFO] [stderr] error: could not compile `pi_share` (lib) due to 3 previous errors
[INFO] [stderr] warning: build failed, waiting for other jobs to finish...
[INFO] running `Command { std: "docker" "inspect" "9601b9f8f766b03e0403bd99640dd5e997a07ccdcc2c52f7052e4c72df45683a", kill_on_drop: false }`
[INFO] running `Command { std: "docker" "rm" "-f" "9601b9f8f766b03e0403bd99640dd5e997a07ccdcc2c52f7052e4c72df45683a", kill_on_drop: false }`
[INFO] [stdout] 9601b9f8f766b03e0403bd99640dd5e997a07ccdcc2c52f7052e4c72df45683a
[INFO] checking pi_spatialtree-0.4.0 against nightly-2024-02-05+rustflags=-Dunexpected_cfgs+cargoflags=-Zcheck-cfg for check-cfg
[INFO] extracting crate pi_spatialtree 0.4.0 into /workspace/builds/worker-0-tc2/source
[INFO] validating manifest of crates.io crate pi_spatialtree 0.4.0 on toolchain nightly-2024-02-05
[INFO] running `Command { std: CARGO_HOME="/workspace/cargo-home" RUSTUP_HOME="/workspace/rustup-home" "/workspace/cargo-home/bin/cargo" "+nightly-2024-02-05" "metadata" "--manifest-path" "Cargo.toml" "--no-deps", kill_on_drop: false }`
[INFO] started tweaking crates.io crate pi_spatialtree 0.4.0
[INFO] finished tweaking crates.io crate pi_spatialtree 0.4.0
[INFO] tweaked toml for crates.io crate pi_spatialtree 0.4.0 written to /workspace/builds/worker-0-tc2/source/Cargo.toml
[INFO] running `Command { std: CARGO_HOME="/workspace/cargo-home" RUSTUP_HOME="/workspace/rustup-home" "/workspace/cargo-home/bin/cargo" "+nightly-2024-02-05" "generate-lockfile" "--manifest-path" "Cargo.toml", kill_on_drop: false }`
[INFO] [stderr]     Updating crates.io index
[INFO] running `Command { std: CARGO_HOME="/workspace/cargo-home" RUSTUP_HOME="/workspace/rustup-home" "/workspace/cargo-home/bin/cargo" "+nightly-2024-02-05" "fetch" "--manifest-path" "Cargo.toml", kill_on_drop: false }`
[INFO] running `Command { std: "docker" "create" "-v" "/var/lib/crater-agent-workspace/builds/worker-0-tc2/target:/opt/rustwide/target:rw,Z" "-v" "/var/lib/crater-agent-workspace/builds/worker-0-tc2/source:/opt/rustwide/workdir:ro,Z" "-v" "/var/lib/crater-agent-workspace/cargo-home:/opt/rustwide/cargo-home:ro,Z" "-v" "/var/lib/crater-agent-workspace/rustup-home:/opt/rustwide/rustup-home:ro,Z" "-e" "SOURCE_DIR=/opt/rustwide/workdir" "-e" "CARGO_TARGET_DIR=/opt/rustwide/target" "-e" "CARGO_HOME=/opt/rustwide/cargo-home" "-e" "RUSTUP_HOME=/opt/rustwide/rustup-home" "-w" "/opt/rustwide/workdir" "-m" "1610612736" "--user" "0:0" "--network" "none" "ghcr.io/rust-lang/crates-build-env/linux@sha256:2788e3201cd34a07e3172128adcd8b3090168a8e3bcc40d7c032b9dda1df7d1c" "/opt/rustwide/cargo-home/bin/cargo" "+nightly-2024-02-05" "metadata" "--no-deps" "--format-version=1", kill_on_drop: false }`
[INFO] [stdout] 762b4baed3f46767c186853d8ceb89d747f4c9fa0dab2c5fe727e4a84da70d53
[INFO] running `Command { std: "docker" "start" "-a" "762b4baed3f46767c186853d8ceb89d747f4c9fa0dab2c5fe727e4a84da70d53", kill_on_drop: false }`
[INFO] running `Command { std: "docker" "inspect" "762b4baed3f46767c186853d8ceb89d747f4c9fa0dab2c5fe727e4a84da70d53", kill_on_drop: false }`
[INFO] running `Command { std: "docker" "rm" "-f" "762b4baed3f46767c186853d8ceb89d747f4c9fa0dab2c5fe727e4a84da70d53", kill_on_drop: false }`
[INFO] [stdout] 762b4baed3f46767c186853d8ceb89d747f4c9fa0dab2c5fe727e4a84da70d53
[INFO] running `Command { std: "docker" "create" "-v" "/var/lib/crater-agent-workspace/builds/worker-0-tc2/target:/opt/rustwide/target:rw,Z" "-v" "/var/lib/crater-agent-workspace/builds/worker-0-tc2/source:/opt/rustwide/workdir:ro,Z" "-v" "/var/lib/crater-agent-workspace/cargo-home:/opt/rustwide/cargo-home:ro,Z" "-v" "/var/lib/crater-agent-workspace/rustup-home:/opt/rustwide/rustup-home:ro,Z" "-e" "SOURCE_DIR=/opt/rustwide/workdir" "-e" "CARGO_TARGET_DIR=/opt/rustwide/target" "-e" "CARGO_INCREMENTAL=0" "-e" "RUST_BACKTRACE=full" "-e" "RUSTFLAGS=--cap-lints=forbid -Dunexpected_cfgs" "-e" "RUSTDOCFLAGS=--cap-lints=forbid" "-e" "CARGO_HOME=/opt/rustwide/cargo-home" "-e" "RUSTUP_HOME=/opt/rustwide/rustup-home" "-w" "/opt/rustwide/workdir" "-m" "1610612736" "--user" "0:0" "--network" "none" "ghcr.io/rust-lang/crates-build-env/linux@sha256:2788e3201cd34a07e3172128adcd8b3090168a8e3bcc40d7c032b9dda1df7d1c" "/opt/rustwide/cargo-home/bin/cargo" "+nightly-2024-02-05" "check" "--frozen" "--all" "--all-targets" "--message-format=json" "-Zcheck-cfg", kill_on_drop: false }`
[INFO] [stdout] 2f6b7735faf93505924bf86bb9e255bf9fa3f57ab0dc7d18a885b06fc4f05cef
[INFO] running `Command { std: "docker" "start" "-a" "2f6b7735faf93505924bf86bb9e255bf9fa3f57ab0dc7d18a885b06fc4f05cef", kill_on_drop: false }`
[INFO] [stderr]    Compiling autocfg v1.1.0
[INFO] [stderr]    Compiling proc-macro2 v1.0.78
[INFO] [stderr]    Compiling libm v0.2.8
[INFO] [stderr]    Compiling unicode-ident v1.0.12
[INFO] [stderr]    Compiling version_check v0.9.4
[INFO] [stderr]     Checking cfg-if v1.0.0
[INFO] [stderr]    Compiling crossbeam-utils v0.8.19
[INFO] [stderr]    Compiling paste v1.0.14
[INFO] [stderr]    Compiling syn v1.0.109
[INFO] [stderr]    Compiling libc v0.2.153
[INFO] [stderr]     Checking bytemuck v1.14.1
[INFO] [stderr]    Compiling ahash v0.8.7
[INFO] [stderr]    Compiling num-traits v0.2.17
[INFO] [stderr]    Compiling num-integer v0.1.45
[INFO] [stderr]     Checking safe_arch v0.7.1
[INFO] [stderr]    Compiling matrixmultiply v0.3.8
[INFO] [stderr]    Compiling num-rational v0.4.1
[INFO] [stderr]    Compiling typenum v1.17.0
[INFO] [stderr]     Checking zerocopy v0.7.32
[INFO] [stderr]     Checking once_cell v1.19.0
[INFO] [stderr]     Checking crossbeam-epoch v0.9.18
[INFO] [stderr]    Compiling quote v1.0.35
[INFO] [stderr]     Checking wide v0.7.15
[INFO] [stderr]    Compiling syn v2.0.48
[INFO] [stderr]    Compiling slab v0.4.9
[INFO] [stderr]     Checking allocator-api2 v0.2.16
[INFO] [stderr]     Checking rawpointer v0.2.1
[INFO] [stderr]     Checking hashbrown v0.14.3
[INFO] [stderr]     Checking crossbeam-deque v0.8.5
[INFO] [stderr]     Checking approx v0.5.1
[INFO] [stderr]     Checking num-complex v0.4.4
[INFO] [stderr]     Checking getrandom v0.2.12
[INFO] [stderr]     Checking crossbeam-queue v0.3.11
[INFO] [stderr]     Checking crossbeam-channel v0.5.11
[INFO] [stderr]     Checking smallvec v1.13.1
[INFO] [stderr]     Checking robust v1.1.0
[INFO] [stderr]    Compiling serde v1.0.196
[INFO] [stderr]     Checking simba v0.8.1
[INFO] [stderr]     Checking rand_core v0.6.4
[INFO] [stderr]    Compiling pi_slotmap v0.1.15
[INFO] [stderr]     Checking pi_null v0.1.11
[INFO] [stderr]     Checking crossbeam v0.8.4
[INFO] [stderr]     Checking spade v2.6.0
[INFO] [stderr]     Checking pi_share v0.4.14
[INFO] [stderr]     Checking downcast-rs v1.2.0
[INFO] [stderr]     Checking rustc-hash v1.1.0
[INFO] [stdout] error[E0412]: cannot find type `Demand` in module `core::any`
[INFO] [stdout]     --> /opt/rustwide/cargo-home/registry/src/index.crates.io-6f17d22bba15001f/pi_share-0.4.14/src/xrc.rs:2902:51
[INFO] [stdout]      |
[INFO] [stdout] 2902 |     fn provide<'a>(&'a self, req: &mut core::any::Demand<'a>) {
[INFO] [stdout]      |                                                   ^^^^^^ not found in `core::any`
[INFO] [stdout] 
[INFO] [stdout] 
[INFO] [stderr]     Checking arrayvec v0.7.4
[INFO] [stdout] error[E0635]: unknown feature `provide_any`
[INFO] [stdout]   --> /opt/rustwide/cargo-home/registry/src/index.crates.io-6f17d22bba15001f/pi_share-0.4.14/src/lib.rs:32:12
[INFO] [stdout]    |
[INFO] [stdout] 32 | #![feature(provide_any)]
[INFO] [stdout]    |            ^^^^^^^^^^^
[INFO] [stdout] 
[INFO] [stdout] 
[INFO] [stderr]     Checking ppv-lite86 v0.2.17
[INFO] [stdout] error: aborting due to 2 previous errors
[INFO] [stdout] 
[INFO] [stdout] 
[INFO] [stdout] Some errors have detailed explanations: E0412, E0635.
[INFO] [stdout] 
[INFO] [stdout] For more information about an error, try `rustc --explain E0412`.
[INFO] [stdout] 
[INFO] [stderr] error: could not compile `pi_share` (lib) due to 3 previous errors
[INFO] [stderr] warning: build failed, waiting for other jobs to finish...
[INFO] running `Command { std: "docker" "inspect" "2f6b7735faf93505924bf86bb9e255bf9fa3f57ab0dc7d18a885b06fc4f05cef", kill_on_drop: false }`
[INFO] running `Command { std: "docker" "rm" "-f" "2f6b7735faf93505924bf86bb9e255bf9fa3f57ab0dc7d18a885b06fc4f05cef", kill_on_drop: false }`
[INFO] [stdout] 2f6b7735faf93505924bf86bb9e255bf9fa3f57ab0dc7d18a885b06fc4f05cef
