[INFO] fetching crate pi_rust 0.0.9...
[INFO] checking pi_rust-0.0.9 against nightly-2024-02-05 for check-cfg
[INFO] extracting crate pi_rust 0.0.9 into /workspace/builds/worker-5-tc1/source
[INFO] validating manifest of crates.io crate pi_rust 0.0.9 on toolchain nightly-2024-02-05
[INFO] running `Command { std: CARGO_HOME="/workspace/cargo-home" RUSTUP_HOME="/workspace/rustup-home" "/workspace/cargo-home/bin/cargo" "+nightly-2024-02-05" "metadata" "--manifest-path" "Cargo.toml" "--no-deps", kill_on_drop: false }`
[INFO] started tweaking crates.io crate pi_rust 0.0.9
[INFO] finished tweaking crates.io crate pi_rust 0.0.9
[INFO] tweaked toml for crates.io crate pi_rust 0.0.9 written to /workspace/builds/worker-5-tc1/source/Cargo.toml
[INFO] running `Command { std: CARGO_HOME="/workspace/cargo-home" RUSTUP_HOME="/workspace/rustup-home" "/workspace/cargo-home/bin/cargo" "+nightly-2024-02-05" "generate-lockfile" "--manifest-path" "Cargo.toml", kill_on_drop: false }`
[INFO] [stderr]     Blocking waiting for file lock on package cache
[INFO] [stderr]     Updating crates.io index
[INFO] running `Command { std: CARGO_HOME="/workspace/cargo-home" RUSTUP_HOME="/workspace/rustup-home" "/workspace/cargo-home/bin/cargo" "+nightly-2024-02-05" "fetch" "--manifest-path" "Cargo.toml", kill_on_drop: false }`
[INFO] [stderr]     Blocking waiting for file lock on package cache
[INFO] [stderr]     Blocking waiting for file lock on package cache
[INFO] [stderr]  Downloading crates ...
[INFO] [stderr]   Downloaded xdr-rs-serialize-derive v0.2.5
[INFO] [stderr]   Downloaded rand_hc v0.3.2
[INFO] [stderr]   Downloaded chunked_transfer v1.5.0
[INFO] [stderr]   Downloaded crc16 v0.4.0
[INFO] [stderr]   Downloaded ureq v2.4.0
[INFO] [stderr]   Downloaded nacl v0.5.3
[INFO] [stderr]   Downloaded sodiumoxide v0.2.6
[INFO] [stderr]   Downloaded xdr-rs-serialize v0.2.5
[INFO] [stderr]   Downloaded stellar-base v0.5.0
[INFO] running `Command { std: "docker" "create" "-v" "/var/lib/crater-agent-workspace/builds/worker-5-tc1/target:/opt/rustwide/target:rw,Z" "-v" "/var/lib/crater-agent-workspace/builds/worker-5-tc1/source:/opt/rustwide/workdir:ro,Z" "-v" "/var/lib/crater-agent-workspace/cargo-home:/opt/rustwide/cargo-home:ro,Z" "-v" "/var/lib/crater-agent-workspace/rustup-home:/opt/rustwide/rustup-home:ro,Z" "-e" "SOURCE_DIR=/opt/rustwide/workdir" "-e" "CARGO_TARGET_DIR=/opt/rustwide/target" "-e" "CARGO_HOME=/opt/rustwide/cargo-home" "-e" "RUSTUP_HOME=/opt/rustwide/rustup-home" "-w" "/opt/rustwide/workdir" "-m" "1610612736" "--user" "0:0" "--network" "none" "ghcr.io/rust-lang/crates-build-env/linux@sha256:2788e3201cd34a07e3172128adcd8b3090168a8e3bcc40d7c032b9dda1df7d1c" "/opt/rustwide/cargo-home/bin/cargo" "+nightly-2024-02-05" "metadata" "--no-deps" "--format-version=1", kill_on_drop: false }`
[INFO] [stdout] 5f0b0eb969a8e0a34ae3e8545f0801ba546e2d6ca35818fd14becab9f85c3ca7
[INFO] running `Command { std: "docker" "start" "-a" "5f0b0eb969a8e0a34ae3e8545f0801ba546e2d6ca35818fd14becab9f85c3ca7", kill_on_drop: false }`
[INFO] running `Command { std: "docker" "inspect" "5f0b0eb969a8e0a34ae3e8545f0801ba546e2d6ca35818fd14becab9f85c3ca7", kill_on_drop: false }`
[INFO] running `Command { std: "docker" "rm" "-f" "5f0b0eb969a8e0a34ae3e8545f0801ba546e2d6ca35818fd14becab9f85c3ca7", kill_on_drop: false }`
[INFO] [stdout] 5f0b0eb969a8e0a34ae3e8545f0801ba546e2d6ca35818fd14becab9f85c3ca7
[INFO] running `Command { std: "docker" "create" "-v" "/var/lib/crater-agent-workspace/builds/worker-5-tc1/target:/opt/rustwide/target:rw,Z" "-v" "/var/lib/crater-agent-workspace/builds/worker-5-tc1/source:/opt/rustwide/workdir:ro,Z" "-v" "/var/lib/crater-agent-workspace/cargo-home:/opt/rustwide/cargo-home:ro,Z" "-v" "/var/lib/crater-agent-workspace/rustup-home:/opt/rustwide/rustup-home:ro,Z" "-e" "SOURCE_DIR=/opt/rustwide/workdir" "-e" "CARGO_TARGET_DIR=/opt/rustwide/target" "-e" "CARGO_INCREMENTAL=0" "-e" "RUST_BACKTRACE=full" "-e" "RUSTFLAGS=--cap-lints=forbid" "-e" "RUSTDOCFLAGS=--cap-lints=forbid" "-e" "CARGO_HOME=/opt/rustwide/cargo-home" "-e" "RUSTUP_HOME=/opt/rustwide/rustup-home" "-w" "/opt/rustwide/workdir" "-m" "1610612736" "--user" "0:0" "--network" "none" "ghcr.io/rust-lang/crates-build-env/linux@sha256:2788e3201cd34a07e3172128adcd8b3090168a8e3bcc40d7c032b9dda1df7d1c" "/opt/rustwide/cargo-home/bin/cargo" "+nightly-2024-02-05" "check" "--frozen" "--all" "--all-targets" "--message-format=json", kill_on_drop: false }`
[INFO] [stdout] 78977b28e43f5e9f099e11d5f6fd084cc744e6684d5f86b3b53c3d0f033cc7d5
[INFO] running `Command { std: "docker" "start" "-a" "78977b28e43f5e9f099e11d5f6fd084cc744e6684d5f86b3b53c3d0f033cc7d5", kill_on_drop: false }`
[INFO] [stderr]    Compiling libc v0.2.153
[INFO] [stderr]    Compiling autocfg v1.1.0
[INFO] [stderr]    Compiling proc-macro2 v1.0.78
[INFO] [stderr]    Compiling unicode-ident v1.0.12
[INFO] [stderr]    Compiling pkg-config v0.3.29
[INFO] [stderr]     Checking once_cell v1.19.0
[INFO] [stderr]     Checking pin-project-lite v0.2.13
[INFO] [stderr]    Compiling vcpkg v0.2.15
[INFO] [stderr]    Compiling parking_lot_core v0.9.9
[INFO] [stderr]     Checking bytes v1.5.0
[INFO] [stderr]    Compiling lock_api v0.4.11
[INFO] [stderr]    Compiling num-traits v0.2.17
[INFO] [stderr]     Checking smallvec v1.13.1
[INFO] [stderr]    Compiling serde v1.0.183
[INFO] [stderr]    Compiling cc v1.0.83
[INFO] [stderr]     Checking itoa v1.0.10
[INFO] [stderr]     Checking scopeguard v1.2.0
[INFO] [stderr]    Compiling serde_derive v1.0.183
[INFO] [stderr]     Checking futures-core v0.3.30
[INFO] [stderr]    Compiling quote v1.0.35
[INFO] [stderr]    Compiling num-integer v0.1.45
[INFO] [stderr]    Compiling slab v0.4.9
[INFO] [stderr]    Compiling syn v2.0.48
[INFO] [stderr]     Checking getrandom v0.2.12
[INFO] [stderr]     Checking signal-hook-registry v1.4.1
[INFO] [stderr]     Checking parking_lot v0.12.1
[INFO] [stderr]     Checking num_cpus v1.16.0
[INFO] [stderr]     Checking socket2 v0.5.5
[INFO] [stderr]     Checking mio v0.8.10
[INFO] [stderr]     Checking tracing-core v0.1.32
[INFO] [stderr]     Checking log v0.4.20
[INFO] [stderr]     Checking spin v0.9.8
[INFO] [stderr]     Checking untrusted v0.9.0
[INFO] [stderr]     Checking fnv v1.0.7
[INFO] [stderr]    Compiling proc-macro2 v0.4.30
[INFO] [stderr]     Checking foreign-types-shared v0.1.1
[INFO] [stderr]    Compiling openssl v0.10.63
[INFO] [stderr]    Compiling same-file v1.0.6
[INFO] [stderr]     Checking http v0.2.11
[INFO] [stderr]    Compiling walkdir v2.4.0
[INFO] [stderr]     Checking foreign-types v0.3.2
[INFO] [stderr]     Checking tracing v0.1.40
[INFO] [stderr]    Compiling openssl-sys v0.9.99
[INFO] [stderr]    Compiling ring v0.17.7
[INFO] [stderr]     Checking futures-sink v0.3.30
[INFO] [stderr]     Checking bitflags v2.4.2
[INFO] [stderr]     Checking equivalent v1.0.1
[INFO] [stderr]     Checking hashbrown v0.14.3
[INFO] [stderr]    Compiling unicode-xid v0.1.0
[INFO] [stderr]    Compiling httparse v1.8.0
[INFO] [stderr]     Checking pin-utils v0.1.0
[INFO] [stderr]    Compiling native-tls v0.2.11
[INFO] [stderr]     Checking futures-task v0.3.30
[INFO] [stderr]     Checking futures-util v0.3.30
[INFO] [stderr]    Compiling libsodium-sys v0.2.7
[INFO] [stderr]     Checking indexmap v2.2.2
[INFO] [stderr]    Compiling num-bigint v0.3.3
[INFO] [stderr]    Compiling serde_json v1.0.105
[INFO] [stderr]    Compiling crc32fast v1.3.2
[INFO] [stderr]     Checking openssl-probe v0.1.5
[INFO] [stderr]     Checking try-lock v0.2.5
[INFO] [stderr]     Checking ryu v1.0.16
[INFO] [stderr]    Compiling syn v0.15.44
[INFO] [stderr]     Checking want v0.3.1
[INFO] [stderr]    Compiling quote v0.6.13
[INFO] [stderr]     Checking http-body v0.4.6
[INFO] [stderr]     Checking futures-channel v0.3.30
[INFO] [stderr]    Compiling num-rational v0.3.2
[INFO] [stderr]    Compiling num-bigint v0.2.6
[INFO] [stderr]    Compiling rustls v0.22.2
[INFO] [stderr]    Compiling thiserror v1.0.56
[INFO] [stderr]     Checking rustls-pki-types v1.2.0
[INFO] [stderr]     Checking tower-service v0.3.2
[INFO] [stderr]    Compiling crc16 v0.4.0
[INFO] [stderr]     Checking adler v1.0.2
[INFO] [stderr]     Checking httpdate v1.0.3
[INFO] [stderr]    Compiling rust_decimal v1.34.2
[INFO] [stderr]     Checking miniz_oxide v0.7.2
[INFO] [stderr]     Checking rand_core v0.6.4
[INFO] [stderr]     Checking time v0.1.45
[INFO] [stderr]     Checking memchr v2.7.1
[INFO] [stderr]     Checking zeroize v1.7.0
[INFO] [stderr]     Checking json v0.12.4
[INFO] [stderr]     Checking arrayvec v0.7.4
[INFO] [stderr]     Checking ppv-lite86 v0.2.17
[INFO] [stderr]    Compiling anyhow v1.0.75
[INFO] [stderr]     Checking iana-time-zone v0.1.60
[INFO] [stderr]     Checking base64 v0.13.1
[INFO] [stderr]     Checking base64 v0.11.0
[INFO] [stderr]     Checking hex v0.4.3
[INFO] [stderr]     Checking rand_chacha v0.3.1
[INFO] [stderr]     Checking chrono v0.4.26
[INFO] [stderr]     Checking xdr-rs-serialize v0.2.5
[INFO] [stderr]     Checking aho-corasick v0.7.20
[INFO] [stderr]    Compiling tokio-macros v2.1.0
[INFO] [stderr]    Compiling openssl-macros v0.1.1
[INFO] [stderr]    Compiling thiserror-impl v1.0.56
[INFO] [stderr]     Checking flate2 v1.0.28
[INFO] [stderr]     Checking tokio v1.32.0
[INFO] [stderr]     Checking serde_urlencoded v0.7.1
[INFO] [stderr]     Checking webpki v0.22.4
[INFO] [stderr]     Checking rustls-webpki v0.102.2
[INFO] [stderr]     Checking encoding_rs v0.8.33
[INFO] [stderr]     Checking webpki-roots v0.22.6
[INFO] [stderr]     Checking bitflags v1.3.2
[INFO] [stderr]     Checking byteorder v1.4.3
[INFO] [stderr]     Checking mime v0.3.17
[INFO] [stderr]     Checking regex-syntax v0.6.29
[INFO] [stderr]     Checking chunked_transfer v1.5.0
[INFO] [stderr]     Checking base64 v0.21.7
[INFO] [stderr]     Checking base32 v0.4.0
[INFO] [stderr]     Checking ipnet v2.9.0
[INFO] [stderr]     Checking crc-catalog v2.4.0
[INFO] [stderr]     Checking rand v0.8.4
[INFO] [stderr]     Checking crc v3.0.0
[INFO] [stderr]     Checking toml v0.5.9
[INFO] [stderr]     Checking nacl v0.5.3
[INFO] [stderr]     Checking regex v1.5.6
[INFO] [stderr]     Checking ureq v2.4.0
[INFO] [stderr]    Compiling xdr-rs-serialize-derive v0.2.5
[INFO] [stderr]     Checking data-encoding v2.3.2
[INFO] [stdout] error[E0433]: failed to resolve: could not find `OwnedTrustAnchor` in `rustls`
[INFO] [stdout]   --> /opt/rustwide/cargo-home/registry/src/index.crates.io-6f17d22bba15001f/ureq-2.4.0/src/rtls.rs:83:17
[INFO] [stdout]    |
[INFO] [stdout] 83 |         rustls::OwnedTrustAnchor::from_subject_spki_name_constraints(
[INFO] [stdout]    |                 ^^^^^^^^^^^^^^^^ could not find `OwnedTrustAnchor` in `rustls`
[INFO] [stdout] 
[INFO] [stdout] 
[INFO] [stdout] error[E0433]: failed to resolve: could not find `ServerName` in `rustls`
[INFO] [stdout]   --> /opt/rustwide/cargo-home/registry/src/index.crates.io-6f17d22bba15001f/ureq-2.4.0/src/rtls.rs:98:27
[INFO] [stdout]    |
[INFO] [stdout] 98 |         let sni = rustls::ServerName::try_from(dns_name)
[INFO] [stdout]    |                           ^^^^^^^^^^ could not find `ServerName` in `rustls`
[INFO] [stdout]    |
[INFO] [stdout] help: consider importing this enum
[INFO] [stdout]    |
[INFO] [stdout] 1  + use rustls::pki_types::ServerName;
[INFO] [stdout]    |
[INFO] [stdout] help: if you import `ServerName`, refer to it directly
[INFO] [stdout]    |
[INFO] [stdout] 98 -         let sni = rustls::ServerName::try_from(dns_name)
[INFO] [stdout] 98 +         let sni = ServerName::try_from(dns_name)
[INFO] [stdout]    |
[INFO] [stdout] 
[INFO] [stdout] 
[INFO] [stdout] error[E0599]: no method named `with_safe_defaults` found for struct `ConfigBuilder` in the current scope
[INFO] [stdout]    --> /opt/rustwide/cargo-home/registry/src/index.crates.io-6f17d22bba15001f/ureq-2.4.0/src/rtls.rs:118:14
[INFO] [stdout]     |
[INFO] [stdout] 117 |           let config = rustls::ClientConfig::builder()
[INFO] [stdout]     |  ______________________-
[INFO] [stdout] 118 | |             .with_safe_defaults()
[INFO] [stdout]     | |             -^^^^^^^^^^^^^^^^^^ method not found in `ConfigBuilder<ClientConfig, WantsVerifier>`
[INFO] [stdout]     | |_____________|
[INFO] [stdout]     | 
[INFO] [stdout] 
[INFO] [stdout] 
[INFO] [stderr]     Checking dotenvy v0.15.7
[INFO] [stdout] error[E0599]: no method named `add_server_trust_anchors` found for struct `RootCertStore` in the current scope
[INFO] [stdout]   --> /opt/rustwide/cargo-home/registry/src/index.crates.io-6f17d22bba15001f/ureq-2.4.0/src/rtls.rs:82:16
[INFO] [stdout]    |
[INFO] [stdout] 82 |     root_store.add_server_trust_anchors(webpki_roots::TLS_SERVER_ROOTS.0.iter().map(|ta| {
[INFO] [stdout]    |     -----------^^^^^^^^^^^^^^^^^^^^^^^^ method not found in `RootCertStore`
[INFO] [stdout] 
[INFO] [stdout] 
[INFO] [stdout] error: aborting due to 4 previous errors
[INFO] [stdout] 
[INFO] [stdout] 
[INFO] [stdout] Some errors have detailed explanations: E0433, E0599.
[INFO] [stdout] 
[INFO] [stdout] For more information about an error, try `rustc --explain E0433`.
[INFO] [stdout] 
[INFO] [stderr] error: could not compile `ureq` (lib) due to 5 previous errors
[INFO] [stderr] warning: build failed, waiting for other jobs to finish...
[INFO] running `Command { std: "docker" "inspect" "78977b28e43f5e9f099e11d5f6fd084cc744e6684d5f86b3b53c3d0f033cc7d5", kill_on_drop: false }`
[INFO] running `Command { std: "docker" "rm" "-f" "78977b28e43f5e9f099e11d5f6fd084cc744e6684d5f86b3b53c3d0f033cc7d5", kill_on_drop: false }`
[INFO] [stdout] 78977b28e43f5e9f099e11d5f6fd084cc744e6684d5f86b3b53c3d0f033cc7d5
