[INFO] fetching crate pi_graph 0.1.7...
[INFO] checking pi_graph-0.1.7 against nightly-2024-02-05 for check-cfg
[INFO] extracting crate pi_graph 0.1.7 into /workspace/builds/worker-1-tc1/source
[INFO] validating manifest of crates.io crate pi_graph 0.1.7 on toolchain nightly-2024-02-05
[INFO] running `Command { std: CARGO_HOME="/workspace/cargo-home" RUSTUP_HOME="/workspace/rustup-home" "/workspace/cargo-home/bin/cargo" "+nightly-2024-02-05" "metadata" "--manifest-path" "Cargo.toml" "--no-deps", kill_on_drop: false }`
[INFO] started tweaking crates.io crate pi_graph 0.1.7
[INFO] finished tweaking crates.io crate pi_graph 0.1.7
[INFO] tweaked toml for crates.io crate pi_graph 0.1.7 written to /workspace/builds/worker-1-tc1/source/Cargo.toml
[INFO] running `Command { std: CARGO_HOME="/workspace/cargo-home" RUSTUP_HOME="/workspace/rustup-home" "/workspace/cargo-home/bin/cargo" "+nightly-2024-02-05" "generate-lockfile" "--manifest-path" "Cargo.toml", kill_on_drop: false }`
[INFO] [stderr]     Updating crates.io index
[INFO] running `Command { std: CARGO_HOME="/workspace/cargo-home" RUSTUP_HOME="/workspace/rustup-home" "/workspace/cargo-home/bin/cargo" "+nightly-2024-02-05" "fetch" "--manifest-path" "Cargo.toml", kill_on_drop: false }`
[INFO] [stderr]  Downloading crates ...
[INFO] [stderr]   Downloaded pi_map v0.1.5
[INFO] [stderr]   Downloaded pi_null v0.1.11
[INFO] [stderr]   Downloaded pi_key_alloter v0.4.4
[INFO] [stderr]   Downloaded pi_slotmap v0.1.15
[INFO] running `Command { std: "docker" "create" "-v" "/var/lib/crater-agent-workspace/builds/worker-1-tc1/target:/opt/rustwide/target:rw,Z" "-v" "/var/lib/crater-agent-workspace/builds/worker-1-tc1/source:/opt/rustwide/workdir:ro,Z" "-v" "/var/lib/crater-agent-workspace/cargo-home:/opt/rustwide/cargo-home:ro,Z" "-v" "/var/lib/crater-agent-workspace/rustup-home:/opt/rustwide/rustup-home:ro,Z" "-e" "SOURCE_DIR=/opt/rustwide/workdir" "-e" "CARGO_TARGET_DIR=/opt/rustwide/target" "-e" "CARGO_HOME=/opt/rustwide/cargo-home" "-e" "RUSTUP_HOME=/opt/rustwide/rustup-home" "-w" "/opt/rustwide/workdir" "-m" "1610612736" "--user" "0:0" "--network" "none" "ghcr.io/rust-lang/crates-build-env/linux@sha256:2788e3201cd34a07e3172128adcd8b3090168a8e3bcc40d7c032b9dda1df7d1c" "/opt/rustwide/cargo-home/bin/cargo" "+nightly-2024-02-05" "metadata" "--no-deps" "--format-version=1", kill_on_drop: false }`
[INFO] [stdout] dc5cda74c50612a4dc51642b3a084d0690e98fc1c172ffd487ddb864132e9b2f
[INFO] running `Command { std: "docker" "start" "-a" "dc5cda74c50612a4dc51642b3a084d0690e98fc1c172ffd487ddb864132e9b2f", kill_on_drop: false }`
[INFO] running `Command { std: "docker" "inspect" "dc5cda74c50612a4dc51642b3a084d0690e98fc1c172ffd487ddb864132e9b2f", kill_on_drop: false }`
[INFO] running `Command { std: "docker" "rm" "-f" "dc5cda74c50612a4dc51642b3a084d0690e98fc1c172ffd487ddb864132e9b2f", kill_on_drop: false }`
[INFO] [stdout] dc5cda74c50612a4dc51642b3a084d0690e98fc1c172ffd487ddb864132e9b2f
[INFO] running `Command { std: "docker" "create" "-v" "/var/lib/crater-agent-workspace/builds/worker-1-tc1/target:/opt/rustwide/target:rw,Z" "-v" "/var/lib/crater-agent-workspace/builds/worker-1-tc1/source:/opt/rustwide/workdir:ro,Z" "-v" "/var/lib/crater-agent-workspace/cargo-home:/opt/rustwide/cargo-home:ro,Z" "-v" "/var/lib/crater-agent-workspace/rustup-home:/opt/rustwide/rustup-home:ro,Z" "-e" "SOURCE_DIR=/opt/rustwide/workdir" "-e" "CARGO_TARGET_DIR=/opt/rustwide/target" "-e" "CARGO_INCREMENTAL=0" "-e" "RUST_BACKTRACE=full" "-e" "RUSTFLAGS=--cap-lints=forbid" "-e" "RUSTDOCFLAGS=--cap-lints=forbid" "-e" "CARGO_HOME=/opt/rustwide/cargo-home" "-e" "RUSTUP_HOME=/opt/rustwide/rustup-home" "-w" "/opt/rustwide/workdir" "-m" "1610612736" "--user" "0:0" "--network" "none" "ghcr.io/rust-lang/crates-build-env/linux@sha256:2788e3201cd34a07e3172128adcd8b3090168a8e3bcc40d7c032b9dda1df7d1c" "/opt/rustwide/cargo-home/bin/cargo" "+nightly-2024-02-05" "check" "--frozen" "--all" "--all-targets" "--message-format=json", kill_on_drop: false }`
[INFO] [stdout] 38a3e19e974773ad5c7abdf29a53d89902956c244cb1973612905ac384097b6e
[INFO] running `Command { std: "docker" "start" "-a" "38a3e19e974773ad5c7abdf29a53d89902956c244cb1973612905ac384097b6e", kill_on_drop: false }`
[INFO] [stderr]    Compiling crossbeam-utils v0.8.19
[INFO] [stderr]     Checking byteorder v1.5.0
[INFO] [stderr]     Checking pi_null v0.1.11
[INFO] [stderr]    Compiling serde v1.0.196
[INFO] [stderr]     Checking memchr v2.7.1
[INFO] [stderr]     Checking static_assertions v1.1.0
[INFO] [stderr]     Checking regex-syntax v0.8.2
[INFO] [stderr]     Checking pi_share v0.4.14
[INFO] [stderr]    Compiling num-traits v0.2.17
[INFO] [stderr]    Compiling pi_slotmap v0.1.15
[INFO] [stderr]     Checking pi_print_any v0.1.2
[INFO] [stderr]     Checking humantime v2.1.0
[INFO] [stderr]     Checking termcolor v1.4.1
[INFO] [stderr]     Checking atty v0.2.14
[INFO] [stderr]    Compiling syn v2.0.48
[INFO] [stderr]     Checking twox-hash v1.6.3
[INFO] [stdout] error[E0412]: cannot find type `Demand` in module `core::any`
[INFO] [stdout]     --> /opt/rustwide/cargo-home/registry/src/index.crates.io-6f17d22bba15001f/pi_share-0.4.14/src/xrc.rs:2902:51
[INFO] [stdout]      |
[INFO] [stdout] 2902 |     fn provide<'a>(&'a self, req: &mut core::any::Demand<'a>) {
[INFO] [stdout]      |                                                   ^^^^^^ not found in `core::any`
[INFO] [stdout] 
[INFO] [stdout] 
[INFO] [stdout] error[E0635]: unknown feature `provide_any`
[INFO] [stdout]   --> /opt/rustwide/cargo-home/registry/src/index.crates.io-6f17d22bba15001f/pi_share-0.4.14/src/lib.rs:32:12
[INFO] [stdout]    |
[INFO] [stdout] 32 | #![feature(provide_any)]
[INFO] [stdout]    |            ^^^^^^^^^^^
[INFO] [stdout] 
[INFO] [stdout] 
[INFO] [stdout] error: aborting due to 2 previous errors
[INFO] [stdout] 
[INFO] [stdout] 
[INFO] [stdout] Some errors have detailed explanations: E0412, E0635.
[INFO] [stdout] 
[INFO] [stdout] For more information about an error, try `rustc --explain E0412`.
[INFO] [stdout] 
[INFO] [stderr] error: could not compile `pi_share` (lib) due to 3 previous errors
[INFO] [stderr] warning: build failed, waiting for other jobs to finish...
[INFO] running `Command { std: "docker" "inspect" "38a3e19e974773ad5c7abdf29a53d89902956c244cb1973612905ac384097b6e", kill_on_drop: false }`
[INFO] running `Command { std: "docker" "rm" "-f" "38a3e19e974773ad5c7abdf29a53d89902956c244cb1973612905ac384097b6e", kill_on_drop: false }`
[INFO] [stdout] 38a3e19e974773ad5c7abdf29a53d89902956c244cb1973612905ac384097b6e
[INFO] checking pi_graph-0.1.7 against nightly-2024-02-05+rustflags=-Dunexpected_cfgs+cargoflags=-Zcheck-cfg for check-cfg
[INFO] extracting crate pi_graph 0.1.7 into /workspace/builds/worker-1-tc2/source
[INFO] validating manifest of crates.io crate pi_graph 0.1.7 on toolchain nightly-2024-02-05
[INFO] running `Command { std: CARGO_HOME="/workspace/cargo-home" RUSTUP_HOME="/workspace/rustup-home" "/workspace/cargo-home/bin/cargo" "+nightly-2024-02-05" "metadata" "--manifest-path" "Cargo.toml" "--no-deps", kill_on_drop: false }`
[INFO] started tweaking crates.io crate pi_graph 0.1.7
[INFO] finished tweaking crates.io crate pi_graph 0.1.7
[INFO] tweaked toml for crates.io crate pi_graph 0.1.7 written to /workspace/builds/worker-1-tc2/source/Cargo.toml
[INFO] running `Command { std: CARGO_HOME="/workspace/cargo-home" RUSTUP_HOME="/workspace/rustup-home" "/workspace/cargo-home/bin/cargo" "+nightly-2024-02-05" "generate-lockfile" "--manifest-path" "Cargo.toml", kill_on_drop: false }`
[INFO] [stderr]     Updating crates.io index
[INFO] running `Command { std: CARGO_HOME="/workspace/cargo-home" RUSTUP_HOME="/workspace/rustup-home" "/workspace/cargo-home/bin/cargo" "+nightly-2024-02-05" "fetch" "--manifest-path" "Cargo.toml", kill_on_drop: false }`
[INFO] running `Command { std: "docker" "create" "-v" "/var/lib/crater-agent-workspace/builds/worker-1-tc2/target:/opt/rustwide/target:rw,Z" "-v" "/var/lib/crater-agent-workspace/builds/worker-1-tc2/source:/opt/rustwide/workdir:ro,Z" "-v" "/var/lib/crater-agent-workspace/cargo-home:/opt/rustwide/cargo-home:ro,Z" "-v" "/var/lib/crater-agent-workspace/rustup-home:/opt/rustwide/rustup-home:ro,Z" "-e" "SOURCE_DIR=/opt/rustwide/workdir" "-e" "CARGO_TARGET_DIR=/opt/rustwide/target" "-e" "CARGO_HOME=/opt/rustwide/cargo-home" "-e" "RUSTUP_HOME=/opt/rustwide/rustup-home" "-w" "/opt/rustwide/workdir" "-m" "1610612736" "--user" "0:0" "--network" "none" "ghcr.io/rust-lang/crates-build-env/linux@sha256:2788e3201cd34a07e3172128adcd8b3090168a8e3bcc40d7c032b9dda1df7d1c" "/opt/rustwide/cargo-home/bin/cargo" "+nightly-2024-02-05" "metadata" "--no-deps" "--format-version=1", kill_on_drop: false }`
[INFO] [stdout] 9cd116c564790ebe5fefda1f86efc65adf49844d4a18552bd6da0c7e39586b3a
[INFO] running `Command { std: "docker" "start" "-a" "9cd116c564790ebe5fefda1f86efc65adf49844d4a18552bd6da0c7e39586b3a", kill_on_drop: false }`
[INFO] running `Command { std: "docker" "inspect" "9cd116c564790ebe5fefda1f86efc65adf49844d4a18552bd6da0c7e39586b3a", kill_on_drop: false }`
[INFO] running `Command { std: "docker" "rm" "-f" "9cd116c564790ebe5fefda1f86efc65adf49844d4a18552bd6da0c7e39586b3a", kill_on_drop: false }`
[INFO] [stdout] 9cd116c564790ebe5fefda1f86efc65adf49844d4a18552bd6da0c7e39586b3a
[INFO] running `Command { std: "docker" "create" "-v" "/var/lib/crater-agent-workspace/builds/worker-1-tc2/target:/opt/rustwide/target:rw,Z" "-v" "/var/lib/crater-agent-workspace/builds/worker-1-tc2/source:/opt/rustwide/workdir:ro,Z" "-v" "/var/lib/crater-agent-workspace/cargo-home:/opt/rustwide/cargo-home:ro,Z" "-v" "/var/lib/crater-agent-workspace/rustup-home:/opt/rustwide/rustup-home:ro,Z" "-e" "SOURCE_DIR=/opt/rustwide/workdir" "-e" "CARGO_TARGET_DIR=/opt/rustwide/target" "-e" "CARGO_INCREMENTAL=0" "-e" "RUST_BACKTRACE=full" "-e" "RUSTFLAGS=--cap-lints=forbid -Dunexpected_cfgs" "-e" "RUSTDOCFLAGS=--cap-lints=forbid" "-e" "CARGO_HOME=/opt/rustwide/cargo-home" "-e" "RUSTUP_HOME=/opt/rustwide/rustup-home" "-w" "/opt/rustwide/workdir" "-m" "1610612736" "--user" "0:0" "--network" "none" "ghcr.io/rust-lang/crates-build-env/linux@sha256:2788e3201cd34a07e3172128adcd8b3090168a8e3bcc40d7c032b9dda1df7d1c" "/opt/rustwide/cargo-home/bin/cargo" "+nightly-2024-02-05" "check" "--frozen" "--all" "--all-targets" "--message-format=json" "-Zcheck-cfg", kill_on_drop: false }`
[INFO] [stdout] ce7bf35ef6909a48f75805257c8827abfcf9919062a03936843f74a0d4d3d4e7
[INFO] running `Command { std: "docker" "start" "-a" "ce7bf35ef6909a48f75805257c8827abfcf9919062a03936843f74a0d4d3d4e7", kill_on_drop: false }`
[INFO] [stderr]    Compiling crossbeam-utils v0.8.19
[INFO] [stderr]     Checking byteorder v1.5.0
[INFO] [stderr]     Checking pi_null v0.1.11
[INFO] [stderr]     Checking static_assertions v1.1.0
[INFO] [stderr]    Compiling serde v1.0.196
[INFO] [stderr]     Checking memchr v2.7.1
[INFO] [stderr]    Compiling num-traits v0.2.17
[INFO] [stderr]    Compiling pi_slotmap v0.1.15
[INFO] [stderr]     Checking regex-syntax v0.8.2
[INFO] [stderr]     Checking pi_share v0.4.14
[INFO] [stderr]     Checking atty v0.2.14
[INFO] [stderr]     Checking pi_print_any v0.1.2
[INFO] [stderr]     Checking termcolor v1.4.1
[INFO] [stderr]     Checking humantime v2.1.0
[INFO] [stderr]    Compiling syn v2.0.48
[INFO] [stderr]     Checking twox-hash v1.6.3
[INFO] [stdout] error[E0412]: cannot find type `Demand` in module `core::any`
[INFO] [stdout]     --> /opt/rustwide/cargo-home/registry/src/index.crates.io-6f17d22bba15001f/pi_share-0.4.14/src/xrc.rs:2902:51
[INFO] [stdout]      |
[INFO] [stdout] 2902 |     fn provide<'a>(&'a self, req: &mut core::any::Demand<'a>) {
[INFO] [stdout]      |                                                   ^^^^^^ not found in `core::any`
[INFO] [stdout] 
[INFO] [stdout] 
[INFO] [stdout] error[E0635]: unknown feature `provide_any`
[INFO] [stdout]   --> /opt/rustwide/cargo-home/registry/src/index.crates.io-6f17d22bba15001f/pi_share-0.4.14/src/lib.rs:32:12
[INFO] [stdout]    |
[INFO] [stdout] 32 | #![feature(provide_any)]
[INFO] [stdout]    |            ^^^^^^^^^^^
[INFO] [stdout] 
[INFO] [stdout] 
[INFO] [stdout] error: aborting due to 2 previous errors
[INFO] [stdout] 
[INFO] [stdout] 
[INFO] [stdout] Some errors have detailed explanations: E0412, E0635.
[INFO] [stdout] 
[INFO] [stdout] For more information about an error, try `rustc --explain E0412`.
[INFO] [stdout] 
[INFO] [stderr]     Checking fxhash v0.2.1
[INFO] [stderr] error: could not compile `pi_share` (lib) due to 3 previous errors
[INFO] [stderr] warning: build failed, waiting for other jobs to finish...
[INFO] running `Command { std: "docker" "inspect" "ce7bf35ef6909a48f75805257c8827abfcf9919062a03936843f74a0d4d3d4e7", kill_on_drop: false }`
[INFO] running `Command { std: "docker" "rm" "-f" "ce7bf35ef6909a48f75805257c8827abfcf9919062a03936843f74a0d4d3d4e7", kill_on_drop: false }`
[INFO] [stdout] ce7bf35ef6909a48f75805257c8827abfcf9919062a03936843f74a0d4d3d4e7
