[INFO] fetching crate pi_flex_layout 0.2.8...
[INFO] checking pi_flex_layout-0.2.8 against nightly-2024-02-05 for check-cfg
[INFO] extracting crate pi_flex_layout 0.2.8 into /workspace/builds/worker-6-tc1/source
[INFO] validating manifest of crates.io crate pi_flex_layout 0.2.8 on toolchain nightly-2024-02-05
[INFO] running `Command { std: CARGO_HOME="/workspace/cargo-home" RUSTUP_HOME="/workspace/rustup-home" "/workspace/cargo-home/bin/cargo" "+nightly-2024-02-05" "metadata" "--manifest-path" "Cargo.toml" "--no-deps", kill_on_drop: false }`
[INFO] started tweaking crates.io crate pi_flex_layout 0.2.8
[INFO] removed 1 missing tests
[INFO] finished tweaking crates.io crate pi_flex_layout 0.2.8
[INFO] tweaked toml for crates.io crate pi_flex_layout 0.2.8 written to /workspace/builds/worker-6-tc1/source/Cargo.toml
[INFO] running `Command { std: CARGO_HOME="/workspace/cargo-home" RUSTUP_HOME="/workspace/rustup-home" "/workspace/cargo-home/bin/cargo" "+nightly-2024-02-05" "generate-lockfile" "--manifest-path" "Cargo.toml", kill_on_drop: false }`
[INFO] [stderr]     Updating crates.io index
[INFO] running `Command { std: CARGO_HOME="/workspace/cargo-home" RUSTUP_HOME="/workspace/rustup-home" "/workspace/cargo-home/bin/cargo" "+nightly-2024-02-05" "fetch" "--manifest-path" "Cargo.toml", kill_on_drop: false }`
[INFO] [stderr]  Downloading crates ...
[INFO] [stderr]   Downloaded pi_dyn_uint v0.1.0
[INFO] [stderr]   Downloaded pi_slotmap v0.1.15
[INFO] [stderr]   Downloaded pi_enum_default_macro v0.1.0
[INFO] [stderr]   Downloaded pi_heap v0.1.0
[INFO] [stderr]   Downloaded pi_map v0.1.5
[INFO] [stderr]   Downloaded pi_dirty v0.1.1
[INFO] [stderr]   Downloaded pi_slab v0.1.0
[INFO] [stderr]   Downloaded pi_print_any v0.1.2
[INFO] [stderr]   Downloaded pi_key_alloter v0.4.4
[INFO] [stderr]   Downloaded pi_null v0.1.11
[INFO] [stderr]   Downloaded pi_slotmap_tree v0.3.12
[INFO] running `Command { std: "docker" "create" "-v" "/var/lib/crater-agent-workspace/builds/worker-6-tc1/target:/opt/rustwide/target:rw,Z" "-v" "/var/lib/crater-agent-workspace/builds/worker-6-tc1/source:/opt/rustwide/workdir:ro,Z" "-v" "/var/lib/crater-agent-workspace/cargo-home:/opt/rustwide/cargo-home:ro,Z" "-v" "/var/lib/crater-agent-workspace/rustup-home:/opt/rustwide/rustup-home:ro,Z" "-e" "SOURCE_DIR=/opt/rustwide/workdir" "-e" "CARGO_TARGET_DIR=/opt/rustwide/target" "-e" "CARGO_HOME=/opt/rustwide/cargo-home" "-e" "RUSTUP_HOME=/opt/rustwide/rustup-home" "-w" "/opt/rustwide/workdir" "-m" "1610612736" "--user" "0:0" "--network" "none" "ghcr.io/rust-lang/crates-build-env/linux@sha256:2788e3201cd34a07e3172128adcd8b3090168a8e3bcc40d7c032b9dda1df7d1c" "/opt/rustwide/cargo-home/bin/cargo" "+nightly-2024-02-05" "metadata" "--no-deps" "--format-version=1", kill_on_drop: false }`
[INFO] [stdout] 359701fc800bbed0c7c1c89e4b373eda75db19f1e25ed1f1def8a1495283d4fe
[INFO] running `Command { std: "docker" "start" "-a" "359701fc800bbed0c7c1c89e4b373eda75db19f1e25ed1f1def8a1495283d4fe", kill_on_drop: false }`
[INFO] running `Command { std: "docker" "inspect" "359701fc800bbed0c7c1c89e4b373eda75db19f1e25ed1f1def8a1495283d4fe", kill_on_drop: false }`
[INFO] running `Command { std: "docker" "rm" "-f" "359701fc800bbed0c7c1c89e4b373eda75db19f1e25ed1f1def8a1495283d4fe", kill_on_drop: false }`
[INFO] [stdout] 359701fc800bbed0c7c1c89e4b373eda75db19f1e25ed1f1def8a1495283d4fe
[INFO] running `Command { std: "docker" "create" "-v" "/var/lib/crater-agent-workspace/builds/worker-6-tc1/target:/opt/rustwide/target:rw,Z" "-v" "/var/lib/crater-agent-workspace/builds/worker-6-tc1/source:/opt/rustwide/workdir:ro,Z" "-v" "/var/lib/crater-agent-workspace/cargo-home:/opt/rustwide/cargo-home:ro,Z" "-v" "/var/lib/crater-agent-workspace/rustup-home:/opt/rustwide/rustup-home:ro,Z" "-e" "SOURCE_DIR=/opt/rustwide/workdir" "-e" "CARGO_TARGET_DIR=/opt/rustwide/target" "-e" "CARGO_INCREMENTAL=0" "-e" "RUST_BACKTRACE=full" "-e" "RUSTFLAGS=--cap-lints=forbid" "-e" "RUSTDOCFLAGS=--cap-lints=forbid" "-e" "CARGO_HOME=/opt/rustwide/cargo-home" "-e" "RUSTUP_HOME=/opt/rustwide/rustup-home" "-w" "/opt/rustwide/workdir" "-m" "1610612736" "--user" "0:0" "--network" "none" "ghcr.io/rust-lang/crates-build-env/linux@sha256:2788e3201cd34a07e3172128adcd8b3090168a8e3bcc40d7c032b9dda1df7d1c" "/opt/rustwide/cargo-home/bin/cargo" "+nightly-2024-02-05" "check" "--frozen" "--all" "--all-targets" "--message-format=json", kill_on_drop: false }`
[INFO] [stdout] 5119dd291de21c599522b4ee649db78db879ea562ff937366fbf4f6f40a52814
[INFO] running `Command { std: "docker" "start" "-a" "5119dd291de21c599522b4ee649db78db879ea562ff937366fbf4f6f40a52814", kill_on_drop: false }`
[INFO] [stderr]    Compiling syn v2.0.48
[INFO] [stderr]     Checking pi_null v0.1.11
[INFO] [stderr]    Compiling syn v1.0.109
[INFO] [stderr]     Checking fxhash v0.2.1
[INFO] [stderr]     Checking pi_share v0.4.14
[INFO] [stderr]    Compiling pi_slotmap v0.1.15
[INFO] [stderr]     Checking rand_core v0.4.2
[INFO] [stderr]     Checking smallvec v1.13.1
[INFO] [stderr]     Checking getrandom v0.2.12
[INFO] [stderr]     Checking crossbeam-channel v0.5.11
[INFO] [stderr]     Checking crossbeam-queue v0.3.11
[INFO] [stderr]     Checking pi_slab v0.1.0
[INFO] [stderr]     Checking memchr v2.7.1
[INFO] [stderr]    Compiling cast v0.2.7
[INFO] [stderr]     Checking itertools v0.8.2
[INFO] [stderr]     Checking pi_print_any v0.1.2
[INFO] [stdout] error[E0412]: cannot find type `Demand` in module `core::any`
[INFO] [stdout]     --> /opt/rustwide/cargo-home/registry/src/index.crates.io-6f17d22bba15001f/pi_share-0.4.14/src/xrc.rs:2902:51
[INFO] [stdout]      |
[INFO] [stdout] 2902 |     fn provide<'a>(&'a self, req: &mut core::any::Demand<'a>) {
[INFO] [stdout]      |                                                   ^^^^^^ not found in `core::any`
[INFO] [stdout] 
[INFO] [stdout] 
[INFO] [stderr]     Checking clap v2.34.0
[INFO] [stderr]     Checking walkdir v2.4.0
[INFO] [stdout] error[E0635]: unknown feature `provide_any`
[INFO] [stdout]   --> /opt/rustwide/cargo-home/registry/src/index.crates.io-6f17d22bba15001f/pi_share-0.4.14/src/lib.rs:32:12
[INFO] [stdout]    |
[INFO] [stdout] 32 | #![feature(provide_any)]
[INFO] [stdout]    |            ^^^^^^^^^^^
[INFO] [stdout] 
[INFO] [stdout] 
[INFO] [stderr]     Checking atty v0.2.14
[INFO] [stderr]     Checking pi_dyn_uint v0.1.0
[INFO] [stderr]     Checking rand_core v0.3.1
[INFO] [stderr]     Checking rand_os v0.1.3
[INFO] [stderr]     Checking rand_core v0.6.4
[INFO] [stderr]     Checking rand_xoshiro v0.1.0
[INFO] [stdout] error: aborting due to 2 previous errors
[INFO] [stdout] 
[INFO] [stdout] 
[INFO] [stdout] Some errors have detailed explanations: E0412, E0635.
[INFO] [stdout] 
[INFO] [stdout] For more information about an error, try `rustc --explain E0412`.
[INFO] [stdout] 
[INFO] [stderr]     Checking pi_heap v0.1.0
[INFO] [stderr] error: could not compile `pi_share` (lib) due to 3 previous errors
[INFO] [stderr] warning: build failed, waiting for other jobs to finish...
[INFO] running `Command { std: "docker" "inspect" "5119dd291de21c599522b4ee649db78db879ea562ff937366fbf4f6f40a52814", kill_on_drop: false }`
[INFO] running `Command { std: "docker" "rm" "-f" "5119dd291de21c599522b4ee649db78db879ea562ff937366fbf4f6f40a52814", kill_on_drop: false }`
[INFO] [stdout] 5119dd291de21c599522b4ee649db78db879ea562ff937366fbf4f6f40a52814
[INFO] checking pi_flex_layout-0.2.8 against nightly-2024-02-05+rustflags=-Dunexpected_cfgs+cargoflags=-Zcheck-cfg for check-cfg
[INFO] extracting crate pi_flex_layout 0.2.8 into /workspace/builds/worker-6-tc2/source
[INFO] validating manifest of crates.io crate pi_flex_layout 0.2.8 on toolchain nightly-2024-02-05
[INFO] running `Command { std: CARGO_HOME="/workspace/cargo-home" RUSTUP_HOME="/workspace/rustup-home" "/workspace/cargo-home/bin/cargo" "+nightly-2024-02-05" "metadata" "--manifest-path" "Cargo.toml" "--no-deps", kill_on_drop: false }`
[INFO] started tweaking crates.io crate pi_flex_layout 0.2.8
[INFO] removed 1 missing tests
[INFO] finished tweaking crates.io crate pi_flex_layout 0.2.8
[INFO] tweaked toml for crates.io crate pi_flex_layout 0.2.8 written to /workspace/builds/worker-6-tc2/source/Cargo.toml
[INFO] running `Command { std: CARGO_HOME="/workspace/cargo-home" RUSTUP_HOME="/workspace/rustup-home" "/workspace/cargo-home/bin/cargo" "+nightly-2024-02-05" "generate-lockfile" "--manifest-path" "Cargo.toml", kill_on_drop: false }`
[INFO] [stderr]     Updating crates.io index
[INFO] running `Command { std: CARGO_HOME="/workspace/cargo-home" RUSTUP_HOME="/workspace/rustup-home" "/workspace/cargo-home/bin/cargo" "+nightly-2024-02-05" "fetch" "--manifest-path" "Cargo.toml", kill_on_drop: false }`
[INFO] running `Command { std: "docker" "create" "-v" "/var/lib/crater-agent-workspace/builds/worker-6-tc2/target:/opt/rustwide/target:rw,Z" "-v" "/var/lib/crater-agent-workspace/builds/worker-6-tc2/source:/opt/rustwide/workdir:ro,Z" "-v" "/var/lib/crater-agent-workspace/cargo-home:/opt/rustwide/cargo-home:ro,Z" "-v" "/var/lib/crater-agent-workspace/rustup-home:/opt/rustwide/rustup-home:ro,Z" "-e" "SOURCE_DIR=/opt/rustwide/workdir" "-e" "CARGO_TARGET_DIR=/opt/rustwide/target" "-e" "CARGO_HOME=/opt/rustwide/cargo-home" "-e" "RUSTUP_HOME=/opt/rustwide/rustup-home" "-w" "/opt/rustwide/workdir" "-m" "1610612736" "--user" "0:0" "--network" "none" "ghcr.io/rust-lang/crates-build-env/linux@sha256:2788e3201cd34a07e3172128adcd8b3090168a8e3bcc40d7c032b9dda1df7d1c" "/opt/rustwide/cargo-home/bin/cargo" "+nightly-2024-02-05" "metadata" "--no-deps" "--format-version=1", kill_on_drop: false }`
[INFO] [stdout] f4ba5b092883f46c9f5bb58b2867ece038d8179a3d241701653ebdd1430bad4f
[INFO] running `Command { std: "docker" "start" "-a" "f4ba5b092883f46c9f5bb58b2867ece038d8179a3d241701653ebdd1430bad4f", kill_on_drop: false }`
[INFO] running `Command { std: "docker" "inspect" "f4ba5b092883f46c9f5bb58b2867ece038d8179a3d241701653ebdd1430bad4f", kill_on_drop: false }`
[INFO] running `Command { std: "docker" "rm" "-f" "f4ba5b092883f46c9f5bb58b2867ece038d8179a3d241701653ebdd1430bad4f", kill_on_drop: false }`
[INFO] [stdout] f4ba5b092883f46c9f5bb58b2867ece038d8179a3d241701653ebdd1430bad4f
[INFO] running `Command { std: "docker" "create" "-v" "/var/lib/crater-agent-workspace/builds/worker-6-tc2/target:/opt/rustwide/target:rw,Z" "-v" "/var/lib/crater-agent-workspace/builds/worker-6-tc2/source:/opt/rustwide/workdir:ro,Z" "-v" "/var/lib/crater-agent-workspace/cargo-home:/opt/rustwide/cargo-home:ro,Z" "-v" "/var/lib/crater-agent-workspace/rustup-home:/opt/rustwide/rustup-home:ro,Z" "-e" "SOURCE_DIR=/opt/rustwide/workdir" "-e" "CARGO_TARGET_DIR=/opt/rustwide/target" "-e" "CARGO_INCREMENTAL=0" "-e" "RUST_BACKTRACE=full" "-e" "RUSTFLAGS=--cap-lints=forbid -Dunexpected_cfgs" "-e" "RUSTDOCFLAGS=--cap-lints=forbid" "-e" "CARGO_HOME=/opt/rustwide/cargo-home" "-e" "RUSTUP_HOME=/opt/rustwide/rustup-home" "-w" "/opt/rustwide/workdir" "-m" "1610612736" "--user" "0:0" "--network" "none" "ghcr.io/rust-lang/crates-build-env/linux@sha256:2788e3201cd34a07e3172128adcd8b3090168a8e3bcc40d7c032b9dda1df7d1c" "/opt/rustwide/cargo-home/bin/cargo" "+nightly-2024-02-05" "check" "--frozen" "--all" "--all-targets" "--message-format=json" "-Zcheck-cfg", kill_on_drop: false }`
[INFO] [stdout] bcd8b74b885c80eb0622ccd29546bcf205686afcbb63bf90afcf35d7418a7369
[INFO] running `Command { std: "docker" "start" "-a" "bcd8b74b885c80eb0622ccd29546bcf205686afcbb63bf90afcf35d7418a7369", kill_on_drop: false }`
[INFO] [stderr]     Checking pi_null v0.1.11
[INFO] [stderr]    Compiling syn v1.0.109
[INFO] [stderr]     Checking fxhash v0.2.1
[INFO] [stderr]     Checking rand_core v0.4.2
[INFO] [stderr]     Checking pi_share v0.4.14
[INFO] [stderr]    Compiling pi_slotmap v0.1.15
[INFO] [stderr]    Compiling syn v2.0.48
[INFO] [stderr]     Checking getrandom v0.2.12
[INFO] [stderr]     Checking crossbeam-queue v0.3.11
[INFO] [stderr]     Checking crossbeam-channel v0.5.11
[INFO] [stderr]     Checking smallvec v1.13.1
[INFO] [stderr]     Checking pi_slab v0.1.0
[INFO] [stderr]    Compiling cast v0.2.7
[INFO] [stderr]     Checking memchr v2.7.1
[INFO] [stderr]     Checking itertools v0.8.2
[INFO] [stderr]     Checking pi_print_any v0.1.2
[INFO] [stdout] error[E0412]: cannot find type `Demand` in module `core::any`
[INFO] [stdout]     --> /opt/rustwide/cargo-home/registry/src/index.crates.io-6f17d22bba15001f/pi_share-0.4.14/src/xrc.rs:2902:51
[INFO] [stdout]      |
[INFO] [stdout] 2902 |     fn provide<'a>(&'a self, req: &mut core::any::Demand<'a>) {
[INFO] [stdout]      |                                                   ^^^^^^ not found in `core::any`
[INFO] [stdout] 
[INFO] [stdout] 
[INFO] [stderr]     Checking walkdir v2.4.0
[INFO] [stderr]     Checking clap v2.34.0
[INFO] [stderr]     Checking atty v0.2.14
[INFO] [stdout] error[E0635]: unknown feature `provide_any`
[INFO] [stdout]   --> /opt/rustwide/cargo-home/registry/src/index.crates.io-6f17d22bba15001f/pi_share-0.4.14/src/lib.rs:32:12
[INFO] [stdout]    |
[INFO] [stdout] 32 | #![feature(provide_any)]
[INFO] [stdout]    |            ^^^^^^^^^^^
[INFO] [stdout] 
[INFO] [stdout] 
[INFO] [stderr]     Checking pi_dyn_uint v0.1.0
[INFO] [stderr]     Checking rand_core v0.3.1
[INFO] [stderr]     Checking rand_os v0.1.3
[INFO] [stderr]     Checking rand_core v0.6.4
[INFO] [stderr]     Checking rand_xoshiro v0.1.0
[INFO] [stdout] error: aborting due to 2 previous errors
[INFO] [stdout] 
[INFO] [stdout] 
[INFO] [stdout] Some errors have detailed explanations: E0412, E0635.
[INFO] [stdout] 
[INFO] [stdout] For more information about an error, try `rustc --explain E0412`.
[INFO] [stdout] 
[INFO] [stderr]     Checking pi_heap v0.1.0
[INFO] [stderr] error: could not compile `pi_share` (lib) due to 3 previous errors
[INFO] [stderr] warning: build failed, waiting for other jobs to finish...
[INFO] running `Command { std: "docker" "inspect" "bcd8b74b885c80eb0622ccd29546bcf205686afcbb63bf90afcf35d7418a7369", kill_on_drop: false }`
[INFO] running `Command { std: "docker" "rm" "-f" "bcd8b74b885c80eb0622ccd29546bcf205686afcbb63bf90afcf35d7418a7369", kill_on_drop: false }`
[INFO] [stdout] bcd8b74b885c80eb0622ccd29546bcf205686afcbb63bf90afcf35d7418a7369
