[INFO] fetching crate pi_ecs_derive_old 0.1.0...
[INFO] checking pi_ecs_derive_old-0.1.0 against nightly-2024-02-05 for check-cfg
[INFO] extracting crate pi_ecs_derive_old 0.1.0 into /workspace/builds/worker-1-tc1/source
[INFO] validating manifest of crates.io crate pi_ecs_derive_old 0.1.0 on toolchain nightly-2024-02-05
[INFO] running `Command { std: CARGO_HOME="/workspace/cargo-home" RUSTUP_HOME="/workspace/rustup-home" "/workspace/cargo-home/bin/cargo" "+nightly-2024-02-05" "metadata" "--manifest-path" "Cargo.toml" "--no-deps", kill_on_drop: false }`
[INFO] started tweaking crates.io crate pi_ecs_derive_old 0.1.0
[INFO] finished tweaking crates.io crate pi_ecs_derive_old 0.1.0
[INFO] tweaked toml for crates.io crate pi_ecs_derive_old 0.1.0 written to /workspace/builds/worker-1-tc1/source/Cargo.toml
[INFO] crate crates.io crate pi_ecs_derive_old 0.1.0 already has a lockfile, it will not be regenerated
[INFO] running `Command { std: CARGO_HOME="/workspace/cargo-home" RUSTUP_HOME="/workspace/rustup-home" "/workspace/cargo-home/bin/cargo" "+nightly-2024-02-05" "fetch" "--manifest-path" "Cargo.toml", kill_on_drop: false }`
[INFO] [stderr]     Updating crates.io index
[INFO] [stderr]  Downloading crates ...
[INFO] [stderr]   Downloaded twox-hash v1.6.2
[INFO] [stderr]   Downloaded pi_any v0.1.1
[INFO] [stderr]   Downloaded im v13.0.0
[INFO] [stderr]   Downloaded pi_data_view v0.1.1
[INFO] [stderr]   Downloaded pi_ecs_old v0.1.1
[INFO] [stderr]   Downloaded sized-chunks v0.3.1
[INFO] [stderr]   Downloaded pi_debug_info v0.1.0
[INFO] [stderr]   Downloaded pi_slab v0.1.0
[INFO] [stderr]   Downloaded pi_bon v0.1.0
[INFO] [stderr]   Downloaded pi_time v0.1.0
[INFO] [stderr]   Downloaded pi_listener v0.1.0
[INFO] [stderr]   Downloaded pi_atom v0.1.0
[INFO] [stderr]   Downloaded pi_map v0.1.0
[INFO] [stderr]   Downloaded pi_share v0.1.0
[INFO] [stderr]   Downloaded pi_pointer v0.1.0
[INFO] running `Command { std: "docker" "create" "-v" "/var/lib/crater-agent-workspace/builds/worker-1-tc1/target:/opt/rustwide/target:rw,Z" "-v" "/var/lib/crater-agent-workspace/builds/worker-1-tc1/source:/opt/rustwide/workdir:ro,Z" "-v" "/var/lib/crater-agent-workspace/cargo-home:/opt/rustwide/cargo-home:ro,Z" "-v" "/var/lib/crater-agent-workspace/rustup-home:/opt/rustwide/rustup-home:ro,Z" "-e" "SOURCE_DIR=/opt/rustwide/workdir" "-e" "CARGO_TARGET_DIR=/opt/rustwide/target" "-e" "CARGO_HOME=/opt/rustwide/cargo-home" "-e" "RUSTUP_HOME=/opt/rustwide/rustup-home" "-w" "/opt/rustwide/workdir" "-m" "1610612736" "--user" "0:0" "--network" "none" "ghcr.io/rust-lang/crates-build-env/linux@sha256:2788e3201cd34a07e3172128adcd8b3090168a8e3bcc40d7c032b9dda1df7d1c" "/opt/rustwide/cargo-home/bin/cargo" "+nightly-2024-02-05" "metadata" "--no-deps" "--format-version=1", kill_on_drop: false }`
[INFO] [stdout] 2180a0ea80017af999fe11d6164c9e664c53713f18437ad423dfc2d10b91115b
[INFO] running `Command { std: "docker" "start" "-a" "2180a0ea80017af999fe11d6164c9e664c53713f18437ad423dfc2d10b91115b", kill_on_drop: false }`
[INFO] running `Command { std: "docker" "inspect" "2180a0ea80017af999fe11d6164c9e664c53713f18437ad423dfc2d10b91115b", kill_on_drop: false }`
[INFO] running `Command { std: "docker" "rm" "-f" "2180a0ea80017af999fe11d6164c9e664c53713f18437ad423dfc2d10b91115b", kill_on_drop: false }`
[INFO] [stdout] 2180a0ea80017af999fe11d6164c9e664c53713f18437ad423dfc2d10b91115b
[INFO] running `Command { std: "docker" "create" "-v" "/var/lib/crater-agent-workspace/builds/worker-1-tc1/target:/opt/rustwide/target:rw,Z" "-v" "/var/lib/crater-agent-workspace/builds/worker-1-tc1/source:/opt/rustwide/workdir:ro,Z" "-v" "/var/lib/crater-agent-workspace/cargo-home:/opt/rustwide/cargo-home:ro,Z" "-v" "/var/lib/crater-agent-workspace/rustup-home:/opt/rustwide/rustup-home:ro,Z" "-e" "SOURCE_DIR=/opt/rustwide/workdir" "-e" "CARGO_TARGET_DIR=/opt/rustwide/target" "-e" "CARGO_INCREMENTAL=0" "-e" "RUST_BACKTRACE=full" "-e" "RUSTFLAGS=--cap-lints=forbid" "-e" "RUSTDOCFLAGS=--cap-lints=forbid" "-e" "CARGO_HOME=/opt/rustwide/cargo-home" "-e" "RUSTUP_HOME=/opt/rustwide/rustup-home" "-w" "/opt/rustwide/workdir" "-m" "1610612736" "--user" "0:0" "--network" "none" "ghcr.io/rust-lang/crates-build-env/linux@sha256:2788e3201cd34a07e3172128adcd8b3090168a8e3bcc40d7c032b9dda1df7d1c" "/opt/rustwide/cargo-home/bin/cargo" "+nightly-2024-02-05" "check" "--frozen" "--all" "--all-targets" "--message-format=json", kill_on_drop: false }`
[INFO] [stdout] 2322243734c0747cc5ddf8b48e38de2493b9dee19443455d7cf92a2c1ceee775
[INFO] running `Command { std: "docker" "start" "-a" "2322243734c0747cc5ddf8b48e38de2493b9dee19443455d7cf92a2c1ceee775", kill_on_drop: false }`
[INFO] [stderr]    Compiling libc v0.2.119
[INFO] [stderr]    Compiling cfg-if v1.0.0
[INFO] [stderr]    Compiling typenum v1.15.0
[INFO] [stderr]    Compiling semver-parser v0.7.0
[INFO] [stderr]     Checking ppv-lite86 v0.2.16
[INFO] [stderr]    Compiling proc-macro2 v1.0.36
[INFO] [stderr]    Compiling proc-macro-hack v0.5.19
[INFO] [stderr]     Checking byteorder v1.4.3
[INFO] [stderr]    Compiling semver v0.9.0
[INFO] [stderr]     Checking fxhash v0.2.1
[INFO] [stderr]    Compiling syn v1.0.86
[INFO] [stderr]    Compiling static_assertions v1.1.0
[INFO] [stderr]    Compiling rustc_version v0.2.3
[INFO] [stderr]     Checking unicode-xid v0.2.2
[INFO] [stderr]    Compiling im v13.0.0
[INFO] [stderr]    Compiling lazy_static v1.4.0
[INFO] [stderr]     Checking pi_data_view v0.1.1
[INFO] [stderr]     Checking pi_share v0.1.0
[INFO] [stderr]     Checking pi_time v0.1.0
[INFO] [stderr]     Checking getrandom v0.2.5
[INFO] [stderr]     Checking getrandom v0.1.16
[INFO] [stderr]    Compiling rand_core v0.6.3
[INFO] [stderr]     Checking rand_core v0.5.1
[INFO] [stderr]     Checking pi_slab v0.1.0
[INFO] [stderr]    Compiling rand_chacha v0.3.1
[INFO] [stderr]     Checking rand_chacha v0.2.2
[INFO] [stderr]     Checking rand v0.8.5
[INFO] [stderr]     Checking rand v0.7.3
[INFO] [stderr]    Compiling sized-chunks v0.3.1
[INFO] [stderr]    Compiling paste-impl v0.1.18
[INFO] [stderr]     Checking twox-hash v1.6.2
[INFO] [stderr]     Checking pi_pointer v0.1.0
[INFO] [stderr]     Checking quote v1.0.15
[INFO] [stderr]     Checking pi_bon v0.1.0
[INFO] [stderr]     Checking pi_hash v0.1.1
[INFO] [stderr]     Checking pi_map v0.1.0
[INFO] [stdout] error[E0557]: feature has been removed
[INFO] [stdout]  --> /opt/rustwide/cargo-home/registry/src/index.crates.io-6f17d22bba15001f/pi_map-0.1.0/src/lib.rs:8:16
[INFO] [stdout]   |
[INFO] [stdout] 8 | #![feature(asm,box_syntax,box_patterns)]
[INFO] [stdout]   |                ^^^^^^^^^^ feature has been removed
[INFO] [stdout]   |
[INFO] [stdout]   = note: replaced with `#[rustc_box]`
[INFO] [stdout] 
[INFO] [stdout] 
[INFO] [stdout] error[E0557]: feature has been removed
[INFO] [stdout]   --> /opt/rustwide/cargo-home/registry/src/index.crates.io-6f17d22bba15001f/pi_map-0.1.0/src/lib.rs:10:12
[INFO] [stdout]    |
[INFO] [stdout] 10 | #![feature(generators, generator_trait)]
[INFO] [stdout]    |            ^^^^^^^^^^ feature has been removed
[INFO] [stdout]    |
[INFO] [stdout]    = note: renamed to `coroutines`
[INFO] [stdout] 
[INFO] [stdout] 
[INFO] [stdout] error[E0635]: unknown feature `integer_atomics`
[INFO] [stdout]  --> /opt/rustwide/cargo-home/registry/src/index.crates.io-6f17d22bba15001f/pi_map-0.1.0/src/lib.rs:7:12
[INFO] [stdout]   |
[INFO] [stdout] 7 | #![feature(integer_atomics)]
[INFO] [stdout]   |            ^^^^^^^^^^^^^^^
[INFO] [stdout] 
[INFO] [stdout] 
[INFO] [stderr]     Checking paste v0.1.18
[INFO] [stdout] error[E0635]: unknown feature `generator_trait`
[INFO] [stdout]   --> /opt/rustwide/cargo-home/registry/src/index.crates.io-6f17d22bba15001f/pi_map-0.1.0/src/lib.rs:10:24
[INFO] [stdout]    |
[INFO] [stdout] 10 | #![feature(generators, generator_trait)]
[INFO] [stdout]    |                        ^^^^^^^^^^^^^^^
[INFO] [stdout] 
[INFO] [stdout] 
[INFO] [stdout] error: aborting due to 4 previous errors
[INFO] [stdout] 
[INFO] [stdout] 
[INFO] [stdout] Some errors have detailed explanations: E0557, E0635.
[INFO] [stdout] 
[INFO] [stdout] For more information about an error, try `rustc --explain E0557`.
[INFO] [stdout] 
[INFO] [stderr] error: could not compile `pi_map` (lib) due to 5 previous errors
[INFO] [stderr] warning: build failed, waiting for other jobs to finish...
[INFO] running `Command { std: "docker" "inspect" "2322243734c0747cc5ddf8b48e38de2493b9dee19443455d7cf92a2c1ceee775", kill_on_drop: false }`
[INFO] running `Command { std: "docker" "rm" "-f" "2322243734c0747cc5ddf8b48e38de2493b9dee19443455d7cf92a2c1ceee775", kill_on_drop: false }`
[INFO] [stdout] 2322243734c0747cc5ddf8b48e38de2493b9dee19443455d7cf92a2c1ceee775
