[INFO] fetching crate pi_async_graph 0.6.0...
[INFO] checking pi_async_graph-0.6.0 against nightly-2024-02-05 for check-cfg
[INFO] extracting crate pi_async_graph 0.6.0 into /workspace/builds/worker-6-tc1/source
[INFO] validating manifest of crates.io crate pi_async_graph 0.6.0 on toolchain nightly-2024-02-05
[INFO] running `Command { std: CARGO_HOME="/workspace/cargo-home" RUSTUP_HOME="/workspace/rustup-home" "/workspace/cargo-home/bin/cargo" "+nightly-2024-02-05" "metadata" "--manifest-path" "Cargo.toml" "--no-deps", kill_on_drop: false }`
[INFO] started tweaking crates.io crate pi_async_graph 0.6.0
[INFO] finished tweaking crates.io crate pi_async_graph 0.6.0
[INFO] tweaked toml for crates.io crate pi_async_graph 0.6.0 written to /workspace/builds/worker-6-tc1/source/Cargo.toml
[INFO] running `Command { std: CARGO_HOME="/workspace/cargo-home" RUSTUP_HOME="/workspace/rustup-home" "/workspace/cargo-home/bin/cargo" "+nightly-2024-02-05" "generate-lockfile" "--manifest-path" "Cargo.toml", kill_on_drop: false }`
[INFO] [stderr]     Updating crates.io index
[INFO] running `Command { std: CARGO_HOME="/workspace/cargo-home" RUSTUP_HOME="/workspace/rustup-home" "/workspace/cargo-home/bin/cargo" "+nightly-2024-02-05" "fetch" "--manifest-path" "Cargo.toml", kill_on_drop: false }`
[INFO] [stderr]  Downloading crates ...
[INFO] [stderr]   Downloaded pi_null v0.1.11
[INFO] [stderr]   Downloaded loom v0.5.6
[INFO] [stderr]   Downloaded pi_hash v0.1.1
[INFO] [stderr]   Downloaded pi_timer v0.1.0
[INFO] [stderr]   Downloaded pi_ext_heap v0.1.0
[INFO] [stderr]   Downloaded st3 v0.4.1
[INFO] [stderr]   Downloaded pi_key_alloter v0.4.4
[INFO] [stderr]   Downloaded pi_futures v0.1.0
[INFO] [stderr]   Downloaded pi_slot_deque v0.2.1
[INFO] [stderr]   Downloaded pi_print_any v0.1.2
[INFO] [stderr]   Downloaded pi_slot_wheel v0.2.0
[INFO] [stderr]   Downloaded pcg_rand v0.13.0
[INFO] [stderr]   Downloaded pi_wrr v0.1.1
[INFO] [stderr]   Downloaded pi_cancel_timer v0.2.0
[INFO] [stderr]   Downloaded pi_wheel v0.1.0
[INFO] [stderr]   Downloaded pi-async-rt v0.1.18
[INFO] [stderr]   Downloaded pi_share v0.4.14
[INFO] [stderr]   Downloaded pi_graph v0.1.7
[INFO] [stderr]   Downloaded pi_map v0.1.5
[INFO] [stderr]   Downloaded pi_slotmap v0.1.15
[INFO] running `Command { std: "docker" "create" "-v" "/var/lib/crater-agent-workspace/builds/worker-6-tc1/target:/opt/rustwide/target:rw,Z" "-v" "/var/lib/crater-agent-workspace/builds/worker-6-tc1/source:/opt/rustwide/workdir:ro,Z" "-v" "/var/lib/crater-agent-workspace/cargo-home:/opt/rustwide/cargo-home:ro,Z" "-v" "/var/lib/crater-agent-workspace/rustup-home:/opt/rustwide/rustup-home:ro,Z" "-e" "SOURCE_DIR=/opt/rustwide/workdir" "-e" "CARGO_TARGET_DIR=/opt/rustwide/target" "-e" "CARGO_HOME=/opt/rustwide/cargo-home" "-e" "RUSTUP_HOME=/opt/rustwide/rustup-home" "-w" "/opt/rustwide/workdir" "-m" "1610612736" "--user" "0:0" "--network" "none" "ghcr.io/rust-lang/crates-build-env/linux@sha256:2788e3201cd34a07e3172128adcd8b3090168a8e3bcc40d7c032b9dda1df7d1c" "/opt/rustwide/cargo-home/bin/cargo" "+nightly-2024-02-05" "metadata" "--no-deps" "--format-version=1", kill_on_drop: false }`
[INFO] [stdout] c837370d79052f6e4560d5d15c4b7caa0dc2fd3ce79946f4487671ddb4859fe3
[INFO] running `Command { std: "docker" "start" "-a" "c837370d79052f6e4560d5d15c4b7caa0dc2fd3ce79946f4487671ddb4859fe3", kill_on_drop: false }`
[INFO] running `Command { std: "docker" "inspect" "c837370d79052f6e4560d5d15c4b7caa0dc2fd3ce79946f4487671ddb4859fe3", kill_on_drop: false }`
[INFO] running `Command { std: "docker" "rm" "-f" "c837370d79052f6e4560d5d15c4b7caa0dc2fd3ce79946f4487671ddb4859fe3", kill_on_drop: false }`
[INFO] [stdout] c837370d79052f6e4560d5d15c4b7caa0dc2fd3ce79946f4487671ddb4859fe3
[INFO] running `Command { std: "docker" "create" "-v" "/var/lib/crater-agent-workspace/builds/worker-6-tc1/target:/opt/rustwide/target:rw,Z" "-v" "/var/lib/crater-agent-workspace/builds/worker-6-tc1/source:/opt/rustwide/workdir:ro,Z" "-v" "/var/lib/crater-agent-workspace/cargo-home:/opt/rustwide/cargo-home:ro,Z" "-v" "/var/lib/crater-agent-workspace/rustup-home:/opt/rustwide/rustup-home:ro,Z" "-e" "SOURCE_DIR=/opt/rustwide/workdir" "-e" "CARGO_TARGET_DIR=/opt/rustwide/target" "-e" "CARGO_INCREMENTAL=0" "-e" "RUST_BACKTRACE=full" "-e" "RUSTFLAGS=--cap-lints=forbid" "-e" "RUSTDOCFLAGS=--cap-lints=forbid" "-e" "CARGO_HOME=/opt/rustwide/cargo-home" "-e" "RUSTUP_HOME=/opt/rustwide/rustup-home" "-w" "/opt/rustwide/workdir" "-m" "1610612736" "--user" "0:0" "--network" "none" "ghcr.io/rust-lang/crates-build-env/linux@sha256:2788e3201cd34a07e3172128adcd8b3090168a8e3bcc40d7c032b9dda1df7d1c" "/opt/rustwide/cargo-home/bin/cargo" "+nightly-2024-02-05" "check" "--frozen" "--all" "--all-targets" "--message-format=json", kill_on_drop: false }`
[INFO] [stdout] fce29cedce93a0b7a39b8414b7450f7aa596beaac2b9842d005f81c084ef513f
[INFO] running `Command { std: "docker" "start" "-a" "fce29cedce93a0b7a39b8414b7450f7aa596beaac2b9842d005f81c084ef513f", kill_on_drop: false }`
[INFO] [stderr]    Compiling slotmap v1.0.7
[INFO] [stderr]     Checking getrandom v0.2.12
[INFO] [stderr]     Checking crossbeam-channel v0.5.11
[INFO] [stderr]     Checking crossbeam-queue v0.3.11
[INFO] [stderr]    Compiling futures-macro v0.3.30
[INFO] [stderr]     Checking fxhash v0.2.1
[INFO] [stderr]     Checking futures-channel v0.3.30
[INFO] [stderr]    Compiling serde v1.0.196
[INFO] [stderr]     Checking pi_null v0.1.11
[INFO] [stderr]    Compiling pi_slotmap v0.1.15
[INFO] [stderr]     Checking rand_core v0.6.4
[INFO] [stderr]     Checking nanorand v0.7.0
[INFO] [stderr]     Checking pi_share v0.4.14
[INFO] [stdout] error[E0412]: cannot find type `Demand` in module `core::any`
[INFO] [stdout]     --> /opt/rustwide/cargo-home/registry/src/index.crates.io-6f17d22bba15001f/pi_share-0.4.14/src/xrc.rs:2902:51
[INFO] [stdout]      |
[INFO] [stdout] 2902 |     fn provide<'a>(&'a self, req: &mut core::any::Demand<'a>) {
[INFO] [stdout]      |                                                   ^^^^^^ not found in `core::any`
[INFO] [stdout] 
[INFO] [stdout] 
[INFO] [stdout] error[E0635]: unknown feature `provide_any`
[INFO] [stdout]   --> /opt/rustwide/cargo-home/registry/src/index.crates.io-6f17d22bba15001f/pi_share-0.4.14/src/lib.rs:32:12
[INFO] [stdout]    |
[INFO] [stdout] 32 | #![feature(provide_any)]
[INFO] [stdout]    |            ^^^^^^^^^^^
[INFO] [stdout] 
[INFO] [stdout] 
[INFO] [stderr]     Checking rand_chacha v0.3.1
[INFO] [stdout] error: aborting due to 2 previous errors
[INFO] [stdout] 
[INFO] [stdout] 
[INFO] [stdout] Some errors have detailed explanations: E0412, E0635.
[INFO] [stdout] 
[INFO] [stdout] For more information about an error, try `rustc --explain E0412`.
[INFO] [stdout] 
[INFO] [stderr]     Checking pi_ext_heap v0.1.0
[INFO] [stderr] error: could not compile `pi_share` (lib) due to 3 previous errors
[INFO] [stderr] warning: build failed, waiting for other jobs to finish...
[INFO] [stdout] error[E0046]: not all trait items implemented, missing: `EXPAND_BY`, `MERGE_BY`
[INFO] [stdout]     --> /opt/rustwide/cargo-home/registry/src/index.crates.io-6f17d22bba15001f/pi_ext_heap-0.1.0/src/lib.rs:1271:1
[INFO] [stdout]      |
[INFO] [stdout] 1271 | unsafe impl<I> InPlaceIterable for IntoIter<I> {}
[INFO] [stdout]      | ^^^^^^^^^^^^^^^^^^^^^^^^^^^^^^^^^^^^^^^^^^^^^^ missing `EXPAND_BY`, `MERGE_BY` in implementation
[INFO] [stdout]      |
[INFO] [stdout]      = help: implement the missing item: `const EXPAND_BY: Option<NonZero<usize>> = value;`
[INFO] [stdout]      = help: implement the missing item: `const MERGE_BY: Option<NonZero<usize>> = value;`
[INFO] [stdout] 
[INFO] [stdout] 
[INFO] [stdout] error: aborting due to 1 previous error
[INFO] [stdout] 
[INFO] [stdout] 
[INFO] [stdout] For more information about this error, try `rustc --explain E0046`.
[INFO] [stdout] 
[INFO] [stderr] error: could not compile `pi_ext_heap` (lib) due to 2 previous errors
[INFO] running `Command { std: "docker" "inspect" "fce29cedce93a0b7a39b8414b7450f7aa596beaac2b9842d005f81c084ef513f", kill_on_drop: false }`
[INFO] running `Command { std: "docker" "rm" "-f" "fce29cedce93a0b7a39b8414b7450f7aa596beaac2b9842d005f81c084ef513f", kill_on_drop: false }`
[INFO] [stdout] fce29cedce93a0b7a39b8414b7450f7aa596beaac2b9842d005f81c084ef513f
[INFO] checking pi_async_graph-0.6.0 against nightly-2024-02-05+rustflags=-Dunexpected_cfgs+cargoflags=-Zcheck-cfg for check-cfg
[INFO] extracting crate pi_async_graph 0.6.0 into /workspace/builds/worker-6-tc2/source
[INFO] validating manifest of crates.io crate pi_async_graph 0.6.0 on toolchain nightly-2024-02-05
[INFO] running `Command { std: CARGO_HOME="/workspace/cargo-home" RUSTUP_HOME="/workspace/rustup-home" "/workspace/cargo-home/bin/cargo" "+nightly-2024-02-05" "metadata" "--manifest-path" "Cargo.toml" "--no-deps", kill_on_drop: false }`
[INFO] started tweaking crates.io crate pi_async_graph 0.6.0
[INFO] finished tweaking crates.io crate pi_async_graph 0.6.0
[INFO] tweaked toml for crates.io crate pi_async_graph 0.6.0 written to /workspace/builds/worker-6-tc2/source/Cargo.toml
[INFO] running `Command { std: CARGO_HOME="/workspace/cargo-home" RUSTUP_HOME="/workspace/rustup-home" "/workspace/cargo-home/bin/cargo" "+nightly-2024-02-05" "generate-lockfile" "--manifest-path" "Cargo.toml", kill_on_drop: false }`
[INFO] [stderr]     Updating crates.io index
[INFO] running `Command { std: CARGO_HOME="/workspace/cargo-home" RUSTUP_HOME="/workspace/rustup-home" "/workspace/cargo-home/bin/cargo" "+nightly-2024-02-05" "fetch" "--manifest-path" "Cargo.toml", kill_on_drop: false }`
[INFO] running `Command { std: "docker" "create" "-v" "/var/lib/crater-agent-workspace/builds/worker-6-tc2/target:/opt/rustwide/target:rw,Z" "-v" "/var/lib/crater-agent-workspace/builds/worker-6-tc2/source:/opt/rustwide/workdir:ro,Z" "-v" "/var/lib/crater-agent-workspace/cargo-home:/opt/rustwide/cargo-home:ro,Z" "-v" "/var/lib/crater-agent-workspace/rustup-home:/opt/rustwide/rustup-home:ro,Z" "-e" "SOURCE_DIR=/opt/rustwide/workdir" "-e" "CARGO_TARGET_DIR=/opt/rustwide/target" "-e" "CARGO_HOME=/opt/rustwide/cargo-home" "-e" "RUSTUP_HOME=/opt/rustwide/rustup-home" "-w" "/opt/rustwide/workdir" "-m" "1610612736" "--user" "0:0" "--network" "none" "ghcr.io/rust-lang/crates-build-env/linux@sha256:2788e3201cd34a07e3172128adcd8b3090168a8e3bcc40d7c032b9dda1df7d1c" "/opt/rustwide/cargo-home/bin/cargo" "+nightly-2024-02-05" "metadata" "--no-deps" "--format-version=1", kill_on_drop: false }`
[INFO] [stdout] 61c83e9b45a315bf5735425b2aaeb0b7c6995454182432a3c55afdf80c2d7b30
[INFO] running `Command { std: "docker" "start" "-a" "61c83e9b45a315bf5735425b2aaeb0b7c6995454182432a3c55afdf80c2d7b30", kill_on_drop: false }`
[INFO] running `Command { std: "docker" "inspect" "61c83e9b45a315bf5735425b2aaeb0b7c6995454182432a3c55afdf80c2d7b30", kill_on_drop: false }`
[INFO] running `Command { std: "docker" "rm" "-f" "61c83e9b45a315bf5735425b2aaeb0b7c6995454182432a3c55afdf80c2d7b30", kill_on_drop: false }`
[INFO] [stdout] 61c83e9b45a315bf5735425b2aaeb0b7c6995454182432a3c55afdf80c2d7b30
[INFO] running `Command { std: "docker" "create" "-v" "/var/lib/crater-agent-workspace/builds/worker-6-tc2/target:/opt/rustwide/target:rw,Z" "-v" "/var/lib/crater-agent-workspace/builds/worker-6-tc2/source:/opt/rustwide/workdir:ro,Z" "-v" "/var/lib/crater-agent-workspace/cargo-home:/opt/rustwide/cargo-home:ro,Z" "-v" "/var/lib/crater-agent-workspace/rustup-home:/opt/rustwide/rustup-home:ro,Z" "-e" "SOURCE_DIR=/opt/rustwide/workdir" "-e" "CARGO_TARGET_DIR=/opt/rustwide/target" "-e" "CARGO_INCREMENTAL=0" "-e" "RUST_BACKTRACE=full" "-e" "RUSTFLAGS=--cap-lints=forbid -Dunexpected_cfgs" "-e" "RUSTDOCFLAGS=--cap-lints=forbid" "-e" "CARGO_HOME=/opt/rustwide/cargo-home" "-e" "RUSTUP_HOME=/opt/rustwide/rustup-home" "-w" "/opt/rustwide/workdir" "-m" "1610612736" "--user" "0:0" "--network" "none" "ghcr.io/rust-lang/crates-build-env/linux@sha256:2788e3201cd34a07e3172128adcd8b3090168a8e3bcc40d7c032b9dda1df7d1c" "/opt/rustwide/cargo-home/bin/cargo" "+nightly-2024-02-05" "check" "--frozen" "--all" "--all-targets" "--message-format=json" "-Zcheck-cfg", kill_on_drop: false }`
[INFO] [stdout] 0948986b09586ba595091382c0793d71bc4d06547dd6a4b07524b6474466f4c0
[INFO] running `Command { std: "docker" "start" "-a" "0948986b09586ba595091382c0793d71bc4d06547dd6a4b07524b6474466f4c0", kill_on_drop: false }`
[INFO] [stderr]    Compiling slotmap v1.0.7
[INFO] [stderr]     Checking getrandom v0.2.12
[INFO] [stderr]     Checking crossbeam-channel v0.5.11
[INFO] [stderr]     Checking crossbeam-queue v0.3.11
[INFO] [stderr]    Compiling futures-macro v0.3.30
[INFO] [stderr]     Checking fxhash v0.2.1
[INFO] [stderr]     Checking futures-channel v0.3.30
[INFO] [stderr]     Checking pi_null v0.1.11
[INFO] [stderr]    Compiling serde v1.0.196
[INFO] [stderr]     Checking rand_core v0.6.4
[INFO] [stderr]     Checking nanorand v0.7.0
[INFO] [stderr]    Compiling pi_slotmap v0.1.15
[INFO] [stderr]     Checking pi_share v0.4.14
[INFO] [stderr]     Checking rand_chacha v0.3.1
[INFO] [stdout] error[E0412]: cannot find type `Demand` in module `core::any`
[INFO] [stdout]     --> /opt/rustwide/cargo-home/registry/src/index.crates.io-6f17d22bba15001f/pi_share-0.4.14/src/xrc.rs:2902:51
[INFO] [stdout]      |
[INFO] [stdout] 2902 |     fn provide<'a>(&'a self, req: &mut core::any::Demand<'a>) {
[INFO] [stdout]      |                                                   ^^^^^^ not found in `core::any`
[INFO] [stdout] 
[INFO] [stdout] 
[INFO] [stderr]     Checking pi_ext_heap v0.1.0
[INFO] [stdout] error[E0635]: unknown feature `provide_any`
[INFO] [stdout]   --> /opt/rustwide/cargo-home/registry/src/index.crates.io-6f17d22bba15001f/pi_share-0.4.14/src/lib.rs:32:12
[INFO] [stdout]    |
[INFO] [stdout] 32 | #![feature(provide_any)]
[INFO] [stdout]    |            ^^^^^^^^^^^
[INFO] [stdout] 
[INFO] [stdout] 
[INFO] [stdout] error: aborting due to 2 previous errors
[INFO] [stdout] 
[INFO] [stdout] 
[INFO] [stdout] Some errors have detailed explanations: E0412, E0635.
[INFO] [stdout] 
[INFO] [stdout] For more information about an error, try `rustc --explain E0412`.
[INFO] [stdout] 
[INFO] [stderr] error: could not compile `pi_share` (lib) due to 3 previous errors
[INFO] [stderr] warning: build failed, waiting for other jobs to finish...
[INFO] [stdout] error[E0046]: not all trait items implemented, missing: `EXPAND_BY`, `MERGE_BY`
[INFO] [stdout]     --> /opt/rustwide/cargo-home/registry/src/index.crates.io-6f17d22bba15001f/pi_ext_heap-0.1.0/src/lib.rs:1271:1
[INFO] [stdout]      |
[INFO] [stdout] 1271 | unsafe impl<I> InPlaceIterable for IntoIter<I> {}
[INFO] [stdout]      | ^^^^^^^^^^^^^^^^^^^^^^^^^^^^^^^^^^^^^^^^^^^^^^ missing `EXPAND_BY`, `MERGE_BY` in implementation
[INFO] [stdout]      |
[INFO] [stdout]      = help: implement the missing item: `const EXPAND_BY: Option<NonZero<usize>> = value;`
[INFO] [stdout]      = help: implement the missing item: `const MERGE_BY: Option<NonZero<usize>> = value;`
[INFO] [stdout] 
[INFO] [stdout] 
[INFO] [stdout] error: aborting due to 1 previous error
[INFO] [stdout] 
[INFO] [stdout] 
[INFO] [stdout] For more information about this error, try `rustc --explain E0046`.
[INFO] [stdout] 
[INFO] [stderr] error: could not compile `pi_ext_heap` (lib) due to 2 previous errors
[INFO] running `Command { std: "docker" "inspect" "0948986b09586ba595091382c0793d71bc4d06547dd6a4b07524b6474466f4c0", kill_on_drop: false }`
[INFO] running `Command { std: "docker" "rm" "-f" "0948986b09586ba595091382c0793d71bc4d06547dd6a4b07524b6474466f4c0", kill_on_drop: false }`
[INFO] [stdout] 0948986b09586ba595091382c0793d71bc4d06547dd6a4b07524b6474466f4c0
