[INFO] fetching crate pi_apm 0.1.3...
[INFO] checking pi_apm-0.1.3 against nightly-2024-02-05 for check-cfg
[INFO] extracting crate pi_apm 0.1.3 into /workspace/builds/worker-3-tc1/source
[INFO] validating manifest of crates.io crate pi_apm 0.1.3 on toolchain nightly-2024-02-05
[INFO] running `Command { std: CARGO_HOME="/workspace/cargo-home" RUSTUP_HOME="/workspace/rustup-home" "/workspace/cargo-home/bin/cargo" "+nightly-2024-02-05" "metadata" "--manifest-path" "Cargo.toml" "--no-deps", kill_on_drop: false }`
[INFO] started tweaking crates.io crate pi_apm 0.1.3
[INFO] finished tweaking crates.io crate pi_apm 0.1.3
[INFO] tweaked toml for crates.io crate pi_apm 0.1.3 written to /workspace/builds/worker-3-tc1/source/Cargo.toml
[INFO] running `Command { std: CARGO_HOME="/workspace/cargo-home" RUSTUP_HOME="/workspace/rustup-home" "/workspace/cargo-home/bin/cargo" "+nightly-2024-02-05" "generate-lockfile" "--manifest-path" "Cargo.toml", kill_on_drop: false }`
[INFO] [stderr]     Updating crates.io index
[INFO] running `Command { std: CARGO_HOME="/workspace/cargo-home" RUSTUP_HOME="/workspace/rustup-home" "/workspace/cargo-home/bin/cargo" "+nightly-2024-02-05" "fetch" "--manifest-path" "Cargo.toml", kill_on_drop: false }`
[INFO] [stderr]  Downloading crates ...
[INFO] [stderr]   Downloaded netstat2 v0.9.1
[INFO] [stderr]   Downloaded pi_share v0.4.14
[INFO] [stderr]   Downloaded pi_hash v0.1.1
[INFO] [stderr]   Downloaded pi_atom v0.2.4
[INFO] [stderr]   Downloaded pi_bon v0.2.3
[INFO] [stderr]   Downloaded psutil v1.7.0
[INFO] running `Command { std: "docker" "create" "-v" "/var/lib/crater-agent-workspace/builds/worker-3-tc1/target:/opt/rustwide/target:rw,Z" "-v" "/var/lib/crater-agent-workspace/builds/worker-3-tc1/source:/opt/rustwide/workdir:ro,Z" "-v" "/var/lib/crater-agent-workspace/cargo-home:/opt/rustwide/cargo-home:ro,Z" "-v" "/var/lib/crater-agent-workspace/rustup-home:/opt/rustwide/rustup-home:ro,Z" "-e" "SOURCE_DIR=/opt/rustwide/workdir" "-e" "CARGO_TARGET_DIR=/opt/rustwide/target" "-e" "CARGO_HOME=/opt/rustwide/cargo-home" "-e" "RUSTUP_HOME=/opt/rustwide/rustup-home" "-w" "/opt/rustwide/workdir" "-m" "1610612736" "--user" "0:0" "--network" "none" "ghcr.io/rust-lang/crates-build-env/linux@sha256:2788e3201cd34a07e3172128adcd8b3090168a8e3bcc40d7c032b9dda1df7d1c" "/opt/rustwide/cargo-home/bin/cargo" "+nightly-2024-02-05" "metadata" "--no-deps" "--format-version=1", kill_on_drop: false }`
[INFO] [stdout] 80b8213cef200dd861762b4d2a715f521176431c8766717282c38b05af13db6d
[INFO] running `Command { std: "docker" "start" "-a" "80b8213cef200dd861762b4d2a715f521176431c8766717282c38b05af13db6d", kill_on_drop: false }`
[INFO] running `Command { std: "docker" "inspect" "80b8213cef200dd861762b4d2a715f521176431c8766717282c38b05af13db6d", kill_on_drop: false }`
[INFO] running `Command { std: "docker" "rm" "-f" "80b8213cef200dd861762b4d2a715f521176431c8766717282c38b05af13db6d", kill_on_drop: false }`
[INFO] [stdout] 80b8213cef200dd861762b4d2a715f521176431c8766717282c38b05af13db6d
[INFO] running `Command { std: "docker" "create" "-v" "/var/lib/crater-agent-workspace/builds/worker-3-tc1/target:/opt/rustwide/target:rw,Z" "-v" "/var/lib/crater-agent-workspace/builds/worker-3-tc1/source:/opt/rustwide/workdir:ro,Z" "-v" "/var/lib/crater-agent-workspace/cargo-home:/opt/rustwide/cargo-home:ro,Z" "-v" "/var/lib/crater-agent-workspace/rustup-home:/opt/rustwide/rustup-home:ro,Z" "-e" "SOURCE_DIR=/opt/rustwide/workdir" "-e" "CARGO_TARGET_DIR=/opt/rustwide/target" "-e" "CARGO_INCREMENTAL=0" "-e" "RUST_BACKTRACE=full" "-e" "RUSTFLAGS=--cap-lints=forbid" "-e" "RUSTDOCFLAGS=--cap-lints=forbid" "-e" "CARGO_HOME=/opt/rustwide/cargo-home" "-e" "RUSTUP_HOME=/opt/rustwide/rustup-home" "-w" "/opt/rustwide/workdir" "-m" "1610612736" "--user" "0:0" "--network" "none" "ghcr.io/rust-lang/crates-build-env/linux@sha256:2788e3201cd34a07e3172128adcd8b3090168a8e3bcc40d7c032b9dda1df7d1c" "/opt/rustwide/cargo-home/bin/cargo" "+nightly-2024-02-05" "check" "--frozen" "--all" "--all-targets" "--message-format=json", kill_on_drop: false }`
[INFO] [stdout] 15d56beab91680d5fc733d57ef58e992586424ade38d08f7378f530878ce3549
[INFO] running `Command { std: "docker" "start" "-a" "15d56beab91680d5fc733d57ef58e992586424ade38d08f7378f530878ce3549", kill_on_drop: false }`
[INFO] [stderr]    Compiling num-traits v0.2.17
[INFO] [stderr]    Compiling num-integer v0.1.45
[INFO] [stderr]    Compiling num-bigint v0.4.4
[INFO] [stderr]     Checking fxhash v0.2.1
[INFO] [stderr]     Checking gimli v0.28.1
[INFO] [stderr]     Checking memchr v2.7.1
[INFO] [stderr]     Checking miniz_oxide v0.7.2
[INFO] [stderr]    Compiling cc v1.0.83
[INFO] [stderr]     Checking crossbeam-utils v0.6.6
[INFO] [stderr]     Checking rustc-demangle v0.1.23
[INFO] [stderr]     Checking pi_share v0.4.14
[INFO] [stderr]     Checking walkdir v2.4.0
[INFO] [stderr]     Checking twox-hash v1.6.3
[INFO] [stderr]     Checking psutil v1.7.0
[INFO] [stderr]     Checking netstat2 v0.9.1
[INFO] [stderr]     Checking sysinfo v0.27.8
[INFO] [stdout] error[E0412]: cannot find type `Demand` in module `core::any`
[INFO] [stdout]     --> /opt/rustwide/cargo-home/registry/src/index.crates.io-6f17d22bba15001f/pi_share-0.4.14/src/xrc.rs:2902:51
[INFO] [stdout]      |
[INFO] [stdout] 2902 |     fn provide<'a>(&'a self, req: &mut core::any::Demand<'a>) {
[INFO] [stdout]      |                                                   ^^^^^^ not found in `core::any`
[INFO] [stdout] 
[INFO] [stdout] 
[INFO] [stdout] error[E0635]: unknown feature `provide_any`
[INFO] [stdout]   --> /opt/rustwide/cargo-home/registry/src/index.crates.io-6f17d22bba15001f/pi_share-0.4.14/src/lib.rs:32:12
[INFO] [stdout]    |
[INFO] [stdout] 32 | #![feature(provide_any)]
[INFO] [stdout]    |            ^^^^^^^^^^^
[INFO] [stdout] 
[INFO] [stdout] 
[INFO] [stdout] error: aborting due to 2 previous errors
[INFO] [stdout] 
[INFO] [stdout] 
[INFO] [stdout] Some errors have detailed explanations: E0412, E0635.
[INFO] [stdout] 
[INFO] [stdout] For more information about an error, try `rustc --explain E0412`.
[INFO] [stdout] 
[INFO] [stderr] error: could not compile `pi_share` (lib) due to 3 previous errors
[INFO] [stderr] warning: build failed, waiting for other jobs to finish...
[INFO] running `Command { std: "docker" "inspect" "15d56beab91680d5fc733d57ef58e992586424ade38d08f7378f530878ce3549", kill_on_drop: false }`
[INFO] running `Command { std: "docker" "rm" "-f" "15d56beab91680d5fc733d57ef58e992586424ade38d08f7378f530878ce3549", kill_on_drop: false }`
[INFO] [stdout] 15d56beab91680d5fc733d57ef58e992586424ade38d08f7378f530878ce3549
[INFO] checking pi_apm-0.1.3 against nightly-2024-02-05+rustflags=-Dunexpected_cfgs+cargoflags=-Zcheck-cfg for check-cfg
[INFO] extracting crate pi_apm 0.1.3 into /workspace/builds/worker-3-tc2/source
[INFO] validating manifest of crates.io crate pi_apm 0.1.3 on toolchain nightly-2024-02-05
[INFO] running `Command { std: CARGO_HOME="/workspace/cargo-home" RUSTUP_HOME="/workspace/rustup-home" "/workspace/cargo-home/bin/cargo" "+nightly-2024-02-05" "metadata" "--manifest-path" "Cargo.toml" "--no-deps", kill_on_drop: false }`
[INFO] started tweaking crates.io crate pi_apm 0.1.3
[INFO] finished tweaking crates.io crate pi_apm 0.1.3
[INFO] tweaked toml for crates.io crate pi_apm 0.1.3 written to /workspace/builds/worker-3-tc2/source/Cargo.toml
[INFO] running `Command { std: CARGO_HOME="/workspace/cargo-home" RUSTUP_HOME="/workspace/rustup-home" "/workspace/cargo-home/bin/cargo" "+nightly-2024-02-05" "generate-lockfile" "--manifest-path" "Cargo.toml", kill_on_drop: false }`
[INFO] [stderr]     Updating crates.io index
[INFO] running `Command { std: CARGO_HOME="/workspace/cargo-home" RUSTUP_HOME="/workspace/rustup-home" "/workspace/cargo-home/bin/cargo" "+nightly-2024-02-05" "fetch" "--manifest-path" "Cargo.toml", kill_on_drop: false }`
[INFO] running `Command { std: "docker" "create" "-v" "/var/lib/crater-agent-workspace/builds/worker-3-tc2/target:/opt/rustwide/target:rw,Z" "-v" "/var/lib/crater-agent-workspace/builds/worker-3-tc2/source:/opt/rustwide/workdir:ro,Z" "-v" "/var/lib/crater-agent-workspace/cargo-home:/opt/rustwide/cargo-home:ro,Z" "-v" "/var/lib/crater-agent-workspace/rustup-home:/opt/rustwide/rustup-home:ro,Z" "-e" "SOURCE_DIR=/opt/rustwide/workdir" "-e" "CARGO_TARGET_DIR=/opt/rustwide/target" "-e" "CARGO_HOME=/opt/rustwide/cargo-home" "-e" "RUSTUP_HOME=/opt/rustwide/rustup-home" "-w" "/opt/rustwide/workdir" "-m" "1610612736" "--user" "0:0" "--network" "none" "ghcr.io/rust-lang/crates-build-env/linux@sha256:2788e3201cd34a07e3172128adcd8b3090168a8e3bcc40d7c032b9dda1df7d1c" "/opt/rustwide/cargo-home/bin/cargo" "+nightly-2024-02-05" "metadata" "--no-deps" "--format-version=1", kill_on_drop: false }`
[INFO] [stdout] 0fd37450b1d8ba5f70788f46d75d8c6f8e528f74fc18cc2552fe4973eee132a8
[INFO] running `Command { std: "docker" "start" "-a" "0fd37450b1d8ba5f70788f46d75d8c6f8e528f74fc18cc2552fe4973eee132a8", kill_on_drop: false }`
[INFO] running `Command { std: "docker" "inspect" "0fd37450b1d8ba5f70788f46d75d8c6f8e528f74fc18cc2552fe4973eee132a8", kill_on_drop: false }`
[INFO] running `Command { std: "docker" "rm" "-f" "0fd37450b1d8ba5f70788f46d75d8c6f8e528f74fc18cc2552fe4973eee132a8", kill_on_drop: false }`
[INFO] [stdout] 0fd37450b1d8ba5f70788f46d75d8c6f8e528f74fc18cc2552fe4973eee132a8
[INFO] running `Command { std: "docker" "create" "-v" "/var/lib/crater-agent-workspace/builds/worker-3-tc2/target:/opt/rustwide/target:rw,Z" "-v" "/var/lib/crater-agent-workspace/builds/worker-3-tc2/source:/opt/rustwide/workdir:ro,Z" "-v" "/var/lib/crater-agent-workspace/cargo-home:/opt/rustwide/cargo-home:ro,Z" "-v" "/var/lib/crater-agent-workspace/rustup-home:/opt/rustwide/rustup-home:ro,Z" "-e" "SOURCE_DIR=/opt/rustwide/workdir" "-e" "CARGO_TARGET_DIR=/opt/rustwide/target" "-e" "CARGO_INCREMENTAL=0" "-e" "RUST_BACKTRACE=full" "-e" "RUSTFLAGS=--cap-lints=forbid -Dunexpected_cfgs" "-e" "RUSTDOCFLAGS=--cap-lints=forbid" "-e" "CARGO_HOME=/opt/rustwide/cargo-home" "-e" "RUSTUP_HOME=/opt/rustwide/rustup-home" "-w" "/opt/rustwide/workdir" "-m" "1610612736" "--user" "0:0" "--network" "none" "ghcr.io/rust-lang/crates-build-env/linux@sha256:2788e3201cd34a07e3172128adcd8b3090168a8e3bcc40d7c032b9dda1df7d1c" "/opt/rustwide/cargo-home/bin/cargo" "+nightly-2024-02-05" "check" "--frozen" "--all" "--all-targets" "--message-format=json" "-Zcheck-cfg", kill_on_drop: false }`
[INFO] [stdout] d5d47236dd066b385fe19086b14589feaf5c92e57a9b104da8a2bba415d93375
[INFO] running `Command { std: "docker" "start" "-a" "d5d47236dd066b385fe19086b14589feaf5c92e57a9b104da8a2bba415d93375", kill_on_drop: false }`
[INFO] [stderr]    Compiling num-traits v0.2.17
[INFO] [stderr]    Compiling num-integer v0.1.45
[INFO] [stderr]    Compiling num-bigint v0.4.4
[INFO] [stderr]     Checking fxhash v0.2.1
[INFO] [stderr]     Checking memchr v2.7.1
[INFO] [stderr]     Checking gimli v0.28.1
[INFO] [stderr]     Checking miniz_oxide v0.7.2
[INFO] [stderr]     Checking pi_share v0.4.14
[INFO] [stderr]    Compiling cc v1.0.83
[INFO] [stderr]     Checking crossbeam-utils v0.6.6
[INFO] [stderr]     Checking rustc-demangle v0.1.23
[INFO] [stderr]     Checking walkdir v2.4.0
[INFO] [stderr]     Checking twox-hash v1.6.3
[INFO] [stderr]     Checking psutil v1.7.0
[INFO] [stderr]     Checking netstat2 v0.9.1
[INFO] [stderr]     Checking sysinfo v0.27.8
[INFO] [stdout] error[E0412]: cannot find type `Demand` in module `core::any`
[INFO] [stdout]     --> /opt/rustwide/cargo-home/registry/src/index.crates.io-6f17d22bba15001f/pi_share-0.4.14/src/xrc.rs:2902:51
[INFO] [stdout]      |
[INFO] [stdout] 2902 |     fn provide<'a>(&'a self, req: &mut core::any::Demand<'a>) {
[INFO] [stdout]      |                                                   ^^^^^^ not found in `core::any`
[INFO] [stdout] 
[INFO] [stdout] 
[INFO] [stdout] error[E0635]: unknown feature `provide_any`
[INFO] [stdout]   --> /opt/rustwide/cargo-home/registry/src/index.crates.io-6f17d22bba15001f/pi_share-0.4.14/src/lib.rs:32:12
[INFO] [stdout]    |
[INFO] [stdout] 32 | #![feature(provide_any)]
[INFO] [stdout]    |            ^^^^^^^^^^^
[INFO] [stdout] 
[INFO] [stdout] 
[INFO] [stdout] error: aborting due to 2 previous errors
[INFO] [stdout] 
[INFO] [stdout] 
[INFO] [stdout] Some errors have detailed explanations: E0412, E0635.
[INFO] [stdout] 
[INFO] [stdout] For more information about an error, try `rustc --explain E0412`.
[INFO] [stdout] 
[INFO] [stderr] error: could not compile `pi_share` (lib) due to 3 previous errors
[INFO] [stderr] warning: build failed, waiting for other jobs to finish...
[INFO] running `Command { std: "docker" "inspect" "d5d47236dd066b385fe19086b14589feaf5c92e57a9b104da8a2bba415d93375", kill_on_drop: false }`
[INFO] running `Command { std: "docker" "rm" "-f" "d5d47236dd066b385fe19086b14589feaf5c92e57a9b104da8a2bba415d93375", kill_on_drop: false }`
[INFO] [stdout] d5d47236dd066b385fe19086b14589feaf5c92e57a9b104da8a2bba415d93375
