[INFO] fetching crate php-rs 0.1.0...
[INFO] checking php-rs-0.1.0 against nightly-2024-02-05 for check-cfg
[INFO] extracting crate php-rs 0.1.0 into /workspace/builds/worker-4-tc1/source
[INFO] validating manifest of crates.io crate php-rs 0.1.0 on toolchain nightly-2024-02-05
[INFO] running `Command { std: CARGO_HOME="/workspace/cargo-home" RUSTUP_HOME="/workspace/rustup-home" "/workspace/cargo-home/bin/cargo" "+nightly-2024-02-05" "metadata" "--manifest-path" "Cargo.toml" "--no-deps", kill_on_drop: false }`
[INFO] started tweaking crates.io crate php-rs 0.1.0
[INFO] finished tweaking crates.io crate php-rs 0.1.0
[INFO] tweaked toml for crates.io crate php-rs 0.1.0 written to /workspace/builds/worker-4-tc1/source/Cargo.toml
[INFO] running `Command { std: CARGO_HOME="/workspace/cargo-home" RUSTUP_HOME="/workspace/rustup-home" "/workspace/cargo-home/bin/cargo" "+nightly-2024-02-05" "generate-lockfile" "--manifest-path" "Cargo.toml", kill_on_drop: false }`
[INFO] [stderr]     Updating crates.io index
[INFO] running `Command { std: CARGO_HOME="/workspace/cargo-home" RUSTUP_HOME="/workspace/rustup-home" "/workspace/cargo-home/bin/cargo" "+nightly-2024-02-05" "fetch" "--manifest-path" "Cargo.toml", kill_on_drop: false }`
[INFO] running `Command { std: "docker" "create" "-v" "/var/lib/crater-agent-workspace/builds/worker-4-tc1/target:/opt/rustwide/target:rw,Z" "-v" "/var/lib/crater-agent-workspace/builds/worker-4-tc1/source:/opt/rustwide/workdir:ro,Z" "-v" "/var/lib/crater-agent-workspace/cargo-home:/opt/rustwide/cargo-home:ro,Z" "-v" "/var/lib/crater-agent-workspace/rustup-home:/opt/rustwide/rustup-home:ro,Z" "-e" "SOURCE_DIR=/opt/rustwide/workdir" "-e" "CARGO_TARGET_DIR=/opt/rustwide/target" "-e" "CARGO_HOME=/opt/rustwide/cargo-home" "-e" "RUSTUP_HOME=/opt/rustwide/rustup-home" "-w" "/opt/rustwide/workdir" "-m" "1610612736" "--user" "0:0" "--network" "none" "ghcr.io/rust-lang/crates-build-env/linux@sha256:2788e3201cd34a07e3172128adcd8b3090168a8e3bcc40d7c032b9dda1df7d1c" "/opt/rustwide/cargo-home/bin/cargo" "+nightly-2024-02-05" "metadata" "--no-deps" "--format-version=1", kill_on_drop: false }`
[INFO] [stdout] a5d254bdcf745ae34118c40bfbaca892d3c8f69589df9059c3bf512752ae379c
[INFO] running `Command { std: "docker" "start" "-a" "a5d254bdcf745ae34118c40bfbaca892d3c8f69589df9059c3bf512752ae379c", kill_on_drop: false }`
[INFO] running `Command { std: "docker" "inspect" "a5d254bdcf745ae34118c40bfbaca892d3c8f69589df9059c3bf512752ae379c", kill_on_drop: false }`
[INFO] running `Command { std: "docker" "rm" "-f" "a5d254bdcf745ae34118c40bfbaca892d3c8f69589df9059c3bf512752ae379c", kill_on_drop: false }`
[INFO] [stdout] a5d254bdcf745ae34118c40bfbaca892d3c8f69589df9059c3bf512752ae379c
[INFO] running `Command { std: "docker" "create" "-v" "/var/lib/crater-agent-workspace/builds/worker-4-tc1/target:/opt/rustwide/target:rw,Z" "-v" "/var/lib/crater-agent-workspace/builds/worker-4-tc1/source:/opt/rustwide/workdir:ro,Z" "-v" "/var/lib/crater-agent-workspace/cargo-home:/opt/rustwide/cargo-home:ro,Z" "-v" "/var/lib/crater-agent-workspace/rustup-home:/opt/rustwide/rustup-home:ro,Z" "-e" "SOURCE_DIR=/opt/rustwide/workdir" "-e" "CARGO_TARGET_DIR=/opt/rustwide/target" "-e" "CARGO_INCREMENTAL=0" "-e" "RUST_BACKTRACE=full" "-e" "RUSTFLAGS=--cap-lints=forbid" "-e" "RUSTDOCFLAGS=--cap-lints=forbid" "-e" "CARGO_HOME=/opt/rustwide/cargo-home" "-e" "RUSTUP_HOME=/opt/rustwide/rustup-home" "-w" "/opt/rustwide/workdir" "-m" "1610612736" "--user" "0:0" "--network" "none" "ghcr.io/rust-lang/crates-build-env/linux@sha256:2788e3201cd34a07e3172128adcd8b3090168a8e3bcc40d7c032b9dda1df7d1c" "/opt/rustwide/cargo-home/bin/cargo" "+nightly-2024-02-05" "check" "--frozen" "--all" "--all-targets" "--message-format=json", kill_on_drop: false }`
[INFO] [stdout] 6c9b0a55945302efd54e2f9303d9c3b6794c3c9778c88a6711d8684ed39153b1
[INFO] running `Command { std: "docker" "start" "-a" "6c9b0a55945302efd54e2f9303d9c3b6794c3c9778c88a6711d8684ed39153b1", kill_on_drop: false }`
[INFO] [stderr]     Checking php-rs v0.1.0 (/opt/rustwide/workdir)
[INFO] [stdout] error[E0557]: feature has been removed
[INFO] [stdout]  --> src/lib.rs:3:12
[INFO] [stdout]   |
[INFO] [stdout] 3 | #![feature(link_args)]
[INFO] [stdout]   |            ^^^^^^^^^ feature has been removed
[INFO] [stdout]   |
[INFO] [stdout]   = note: removed in favor of using `-C link-arg=ARG` on command line, which is available from cargo build scripts with `cargo:rustc-link-arg` now
[INFO] [stdout] 
[INFO] [stdout] 
[INFO] [stdout] error[E0557]: feature has been removed
[INFO] [stdout]  --> src/lib.rs:3:12
[INFO] [stdout]   |
[INFO] [stdout] 3 | #![feature(link_args)]
[INFO] [stdout]   |            ^^^^^^^^^ feature has been removed
[INFO] [stdout]   |
[INFO] [stdout]   = note: removed in favor of using `-C link-arg=ARG` on command line, which is available from cargo build scripts with `cargo:rustc-link-arg` now
[INFO] [stdout] 
[INFO] [stdout] 
[INFO] [stdout] error: cannot find attribute `link_args` in this scope
[INFO] [stdout]  --> src/info.rs:4:3
[INFO] [stdout]   |
[INFO] [stdout] 4 | #[link_args = "-Wl,-undefined,dynamic_lookup"]
[INFO] [stdout]   |   ^^^^^^^^^ help: a built-in attribute with a similar name exists: `linkage`
[INFO] [stdout] 
[INFO] [stdout] 
[INFO] [stdout] error: cannot find attribute `link_args` in this scope
[INFO] [stdout]  --> src/info.rs:4:3
[INFO] [stdout]   |
[INFO] [stdout] 4 | #[link_args = "-Wl,-undefined,dynamic_lookup"]
[INFO] [stdout]   |   ^^^^^^^^^ help: a built-in attribute with a similar name exists: `linkage`
[INFO] [stdout] 
[INFO] [stdout] 
[INFO] [stdout] error: aborting due to 2 previous errors
[INFO] [stdout] 
[INFO] [stdout] 
[INFO] [stdout] For more information about this error, try `rustc --explain E0557`.
[INFO] [stdout] 
[INFO] [stdout] error: aborting due to 2 previous errors
[INFO] [stdout] 
[INFO] [stdout] 
[INFO] [stdout] For more information about this error, try `rustc --explain E0557`.
[INFO] [stdout] 
[INFO] [stderr] error: could not compile `php-rs` (lib) due to 3 previous errors
[INFO] [stderr] warning: build failed, waiting for other jobs to finish...
[INFO] [stderr] error: could not compile `php-rs` (lib test) due to 3 previous errors
[INFO] running `Command { std: "docker" "inspect" "6c9b0a55945302efd54e2f9303d9c3b6794c3c9778c88a6711d8684ed39153b1", kill_on_drop: false }`
[INFO] running `Command { std: "docker" "rm" "-f" "6c9b0a55945302efd54e2f9303d9c3b6794c3c9778c88a6711d8684ed39153b1", kill_on_drop: false }`
[INFO] [stdout] 6c9b0a55945302efd54e2f9303d9c3b6794c3c9778c88a6711d8684ed39153b1
[INFO] checking php-rs-0.1.0 against nightly-2024-02-05+rustflags=-Dunexpected_cfgs+cargoflags=-Zcheck-cfg for check-cfg
[INFO] extracting crate php-rs 0.1.0 into /workspace/builds/worker-4-tc2/source
[INFO] validating manifest of crates.io crate php-rs 0.1.0 on toolchain nightly-2024-02-05
[INFO] running `Command { std: CARGO_HOME="/workspace/cargo-home" RUSTUP_HOME="/workspace/rustup-home" "/workspace/cargo-home/bin/cargo" "+nightly-2024-02-05" "metadata" "--manifest-path" "Cargo.toml" "--no-deps", kill_on_drop: false }`
[INFO] started tweaking crates.io crate php-rs 0.1.0
[INFO] finished tweaking crates.io crate php-rs 0.1.0
[INFO] tweaked toml for crates.io crate php-rs 0.1.0 written to /workspace/builds/worker-4-tc2/source/Cargo.toml
[INFO] running `Command { std: CARGO_HOME="/workspace/cargo-home" RUSTUP_HOME="/workspace/rustup-home" "/workspace/cargo-home/bin/cargo" "+nightly-2024-02-05" "generate-lockfile" "--manifest-path" "Cargo.toml", kill_on_drop: false }`
[INFO] [stderr]     Updating crates.io index
[INFO] running `Command { std: CARGO_HOME="/workspace/cargo-home" RUSTUP_HOME="/workspace/rustup-home" "/workspace/cargo-home/bin/cargo" "+nightly-2024-02-05" "fetch" "--manifest-path" "Cargo.toml", kill_on_drop: false }`
[INFO] running `Command { std: "docker" "create" "-v" "/var/lib/crater-agent-workspace/builds/worker-4-tc2/target:/opt/rustwide/target:rw,Z" "-v" "/var/lib/crater-agent-workspace/builds/worker-4-tc2/source:/opt/rustwide/workdir:ro,Z" "-v" "/var/lib/crater-agent-workspace/cargo-home:/opt/rustwide/cargo-home:ro,Z" "-v" "/var/lib/crater-agent-workspace/rustup-home:/opt/rustwide/rustup-home:ro,Z" "-e" "SOURCE_DIR=/opt/rustwide/workdir" "-e" "CARGO_TARGET_DIR=/opt/rustwide/target" "-e" "CARGO_HOME=/opt/rustwide/cargo-home" "-e" "RUSTUP_HOME=/opt/rustwide/rustup-home" "-w" "/opt/rustwide/workdir" "-m" "1610612736" "--user" "0:0" "--network" "none" "ghcr.io/rust-lang/crates-build-env/linux@sha256:2788e3201cd34a07e3172128adcd8b3090168a8e3bcc40d7c032b9dda1df7d1c" "/opt/rustwide/cargo-home/bin/cargo" "+nightly-2024-02-05" "metadata" "--no-deps" "--format-version=1", kill_on_drop: false }`
[INFO] [stdout] 6ad7304c01bed7c79c11b040bc9dd1c36619f8b68b48feaaed78ca23a87adaed
[INFO] running `Command { std: "docker" "start" "-a" "6ad7304c01bed7c79c11b040bc9dd1c36619f8b68b48feaaed78ca23a87adaed", kill_on_drop: false }`
[INFO] running `Command { std: "docker" "inspect" "6ad7304c01bed7c79c11b040bc9dd1c36619f8b68b48feaaed78ca23a87adaed", kill_on_drop: false }`
[INFO] running `Command { std: "docker" "rm" "-f" "6ad7304c01bed7c79c11b040bc9dd1c36619f8b68b48feaaed78ca23a87adaed", kill_on_drop: false }`
[INFO] [stdout] 6ad7304c01bed7c79c11b040bc9dd1c36619f8b68b48feaaed78ca23a87adaed
[INFO] running `Command { std: "docker" "create" "-v" "/var/lib/crater-agent-workspace/builds/worker-4-tc2/target:/opt/rustwide/target:rw,Z" "-v" "/var/lib/crater-agent-workspace/builds/worker-4-tc2/source:/opt/rustwide/workdir:ro,Z" "-v" "/var/lib/crater-agent-workspace/cargo-home:/opt/rustwide/cargo-home:ro,Z" "-v" "/var/lib/crater-agent-workspace/rustup-home:/opt/rustwide/rustup-home:ro,Z" "-e" "SOURCE_DIR=/opt/rustwide/workdir" "-e" "CARGO_TARGET_DIR=/opt/rustwide/target" "-e" "CARGO_INCREMENTAL=0" "-e" "RUST_BACKTRACE=full" "-e" "RUSTFLAGS=--cap-lints=forbid -Dunexpected_cfgs" "-e" "RUSTDOCFLAGS=--cap-lints=forbid" "-e" "CARGO_HOME=/opt/rustwide/cargo-home" "-e" "RUSTUP_HOME=/opt/rustwide/rustup-home" "-w" "/opt/rustwide/workdir" "-m" "1610612736" "--user" "0:0" "--network" "none" "ghcr.io/rust-lang/crates-build-env/linux@sha256:2788e3201cd34a07e3172128adcd8b3090168a8e3bcc40d7c032b9dda1df7d1c" "/opt/rustwide/cargo-home/bin/cargo" "+nightly-2024-02-05" "check" "--frozen" "--all" "--all-targets" "--message-format=json" "-Zcheck-cfg", kill_on_drop: false }`
[INFO] [stdout] 7295a710de5fe57d9ec7c045f7e8e5740a55972cf55d18fa0b51a16aa0e64340
[INFO] running `Command { std: "docker" "start" "-a" "7295a710de5fe57d9ec7c045f7e8e5740a55972cf55d18fa0b51a16aa0e64340", kill_on_drop: false }`
[INFO] [stderr]     Checking php-rs v0.1.0 (/opt/rustwide/workdir)
[INFO] [stdout] error[E0557]: feature has been removed
[INFO] [stdout]  --> src/lib.rs:3:12
[INFO] [stdout]   |
[INFO] [stdout] 3 | #![feature(link_args)]
[INFO] [stdout]   |            ^^^^^^^^^ feature has been removed
[INFO] [stdout]   |
[INFO] [stdout]   = note: removed in favor of using `-C link-arg=ARG` on command line, which is available from cargo build scripts with `cargo:rustc-link-arg` now
[INFO] [stdout] 
[INFO] [stdout] 
[INFO] [stdout] error[E0557]: feature has been removed
[INFO] [stdout]  --> src/lib.rs:3:12
[INFO] [stdout]   |
[INFO] [stdout] 3 | #![feature(link_args)]
[INFO] [stdout]   |            ^^^^^^^^^ feature has been removed
[INFO] [stdout]   |
[INFO] [stdout]   = note: removed in favor of using `-C link-arg=ARG` on command line, which is available from cargo build scripts with `cargo:rustc-link-arg` now
[INFO] [stdout] 
[INFO] [stdout] 
[INFO] [stdout] error: cannot find attribute `link_args` in this scope
[INFO] [stdout]  --> src/info.rs:4:3
[INFO] [stdout]   |
[INFO] [stdout] 4 | #[link_args = "-Wl,-undefined,dynamic_lookup"]
[INFO] [stdout]   |   ^^^^^^^^^ help: a built-in attribute with a similar name exists: `linkage`
[INFO] [stdout] 
[INFO] [stdout] 
[INFO] [stdout] error: cannot find attribute `link_args` in this scope
[INFO] [stdout]  --> src/info.rs:4:3
[INFO] [stdout]   |
[INFO] [stdout] 4 | #[link_args = "-Wl,-undefined,dynamic_lookup"]
[INFO] [stdout]   |   ^^^^^^^^^ help: a built-in attribute with a similar name exists: `linkage`
[INFO] [stdout] 
[INFO] [stdout] 
[INFO] [stdout] error: aborting due to 2 previous errors
[INFO] [stdout] 
[INFO] [stdout] 
[INFO] [stdout] For more information about this error, try `rustc --explain E0557`.
[INFO] [stdout] 
[INFO] [stdout] error: aborting due to 2 previous errors
[INFO] [stdout] 
[INFO] [stdout] 
[INFO] [stdout] For more information about this error, try `rustc --explain E0557`.
[INFO] [stdout] 
[INFO] [stderr] error: could not compile `php-rs` (lib) due to 3 previous errors
[INFO] [stderr] warning: build failed, waiting for other jobs to finish...
[INFO] [stderr] error: could not compile `php-rs` (lib test) due to 3 previous errors
[INFO] running `Command { std: "docker" "inspect" "7295a710de5fe57d9ec7c045f7e8e5740a55972cf55d18fa0b51a16aa0e64340", kill_on_drop: false }`
[INFO] running `Command { std: "docker" "rm" "-f" "7295a710de5fe57d9ec7c045f7e8e5740a55972cf55d18fa0b51a16aa0e64340", kill_on_drop: false }`
[INFO] [stdout] 7295a710de5fe57d9ec7c045f7e8e5740a55972cf55d18fa0b51a16aa0e64340
