[INFO] fetching crate phoenix-lang 1.3.2...
[INFO] checking phoenix-lang-1.3.2 against nightly-2024-02-05 for check-cfg
[INFO] extracting crate phoenix-lang 1.3.2 into /workspace/builds/worker-2-tc1/source
[INFO] validating manifest of crates.io crate phoenix-lang 1.3.2 on toolchain nightly-2024-02-05
[INFO] running `Command { std: CARGO_HOME="/workspace/cargo-home" RUSTUP_HOME="/workspace/rustup-home" "/workspace/cargo-home/bin/cargo" "+nightly-2024-02-05" "metadata" "--manifest-path" "Cargo.toml" "--no-deps", kill_on_drop: false }`
[INFO] started tweaking crates.io crate phoenix-lang 1.3.2
[INFO] finished tweaking crates.io crate phoenix-lang 1.3.2
[INFO] tweaked toml for crates.io crate phoenix-lang 1.3.2 written to /workspace/builds/worker-2-tc1/source/Cargo.toml
[INFO] crate crates.io crate phoenix-lang 1.3.2 already has a lockfile, it will not be regenerated
[INFO] running `Command { std: CARGO_HOME="/workspace/cargo-home" RUSTUP_HOME="/workspace/rustup-home" "/workspace/cargo-home/bin/cargo" "+nightly-2024-02-05" "fetch" "--manifest-path" "Cargo.toml", kill_on_drop: false }`
[INFO] [stderr]     Updating crates.io index
[INFO] [stderr]  Downloading crates ...
[INFO] [stderr]   Downloaded fd-lock v3.0.13
[INFO] [stderr]   Downloaded rustyline v12.0.0
[INFO] [stderr]   Downloaded lz4-compression v0.7.0
[INFO] [stderr]   Downloaded clap v4.3.21
[INFO] [stderr]   Downloaded clap_builder v4.3.21
[INFO] running `Command { std: "docker" "create" "-v" "/var/lib/crater-agent-workspace/builds/worker-2-tc1/target:/opt/rustwide/target:rw,Z" "-v" "/var/lib/crater-agent-workspace/builds/worker-2-tc1/source:/opt/rustwide/workdir:ro,Z" "-v" "/var/lib/crater-agent-workspace/cargo-home:/opt/rustwide/cargo-home:ro,Z" "-v" "/var/lib/crater-agent-workspace/rustup-home:/opt/rustwide/rustup-home:ro,Z" "-e" "SOURCE_DIR=/opt/rustwide/workdir" "-e" "CARGO_TARGET_DIR=/opt/rustwide/target" "-e" "CARGO_HOME=/opt/rustwide/cargo-home" "-e" "RUSTUP_HOME=/opt/rustwide/rustup-home" "-w" "/opt/rustwide/workdir" "-m" "1610612736" "--user" "0:0" "--network" "none" "ghcr.io/rust-lang/crates-build-env/linux@sha256:2788e3201cd34a07e3172128adcd8b3090168a8e3bcc40d7c032b9dda1df7d1c" "/opt/rustwide/cargo-home/bin/cargo" "+nightly-2024-02-05" "metadata" "--no-deps" "--format-version=1", kill_on_drop: false }`
[INFO] [stdout] 8beb90d5b803c1f588a8ebe4045a410e832ceccb671fd893ac16f64b9eac2ff6
[INFO] running `Command { std: "docker" "start" "-a" "8beb90d5b803c1f588a8ebe4045a410e832ceccb671fd893ac16f64b9eac2ff6", kill_on_drop: false }`
[INFO] running `Command { std: "docker" "inspect" "8beb90d5b803c1f588a8ebe4045a410e832ceccb671fd893ac16f64b9eac2ff6", kill_on_drop: false }`
[INFO] running `Command { std: "docker" "rm" "-f" "8beb90d5b803c1f588a8ebe4045a410e832ceccb671fd893ac16f64b9eac2ff6", kill_on_drop: false }`
[INFO] [stdout] 8beb90d5b803c1f588a8ebe4045a410e832ceccb671fd893ac16f64b9eac2ff6
[INFO] running `Command { std: "docker" "create" "-v" "/var/lib/crater-agent-workspace/builds/worker-2-tc1/target:/opt/rustwide/target:rw,Z" "-v" "/var/lib/crater-agent-workspace/builds/worker-2-tc1/source:/opt/rustwide/workdir:ro,Z" "-v" "/var/lib/crater-agent-workspace/cargo-home:/opt/rustwide/cargo-home:ro,Z" "-v" "/var/lib/crater-agent-workspace/rustup-home:/opt/rustwide/rustup-home:ro,Z" "-e" "SOURCE_DIR=/opt/rustwide/workdir" "-e" "CARGO_TARGET_DIR=/opt/rustwide/target" "-e" "CARGO_INCREMENTAL=0" "-e" "RUST_BACKTRACE=full" "-e" "RUSTFLAGS=--cap-lints=forbid" "-e" "RUSTDOCFLAGS=--cap-lints=forbid" "-e" "CARGO_HOME=/opt/rustwide/cargo-home" "-e" "RUSTUP_HOME=/opt/rustwide/rustup-home" "-w" "/opt/rustwide/workdir" "-m" "1610612736" "--user" "0:0" "--network" "none" "ghcr.io/rust-lang/crates-build-env/linux@sha256:2788e3201cd34a07e3172128adcd8b3090168a8e3bcc40d7c032b9dda1df7d1c" "/opt/rustwide/cargo-home/bin/cargo" "+nightly-2024-02-05" "check" "--frozen" "--all" "--all-targets" "--message-format=json", kill_on_drop: false }`
[INFO] [stdout] f8690de2ade121a9bc24e77b9a32bbaaf494930c1012dcb51a2015f6caede9f9
[INFO] running `Command { std: "docker" "start" "-a" "f8690de2ade121a9bc24e77b9a32bbaaf494930c1012dcb51a2015f6caede9f9", kill_on_drop: false }`
[INFO] [stderr]    Compiling rustix v0.38.8
[INFO] [stderr]     Checking linux-raw-sys v0.4.5
[INFO] [stderr]    Compiling libc v0.2.147
[INFO] [stderr]     Checking bitflags v2.3.3
[INFO] [stderr]    Compiling proc-macro2 v1.0.66
[INFO] [stderr]    Compiling unicode-ident v1.0.11
[INFO] [stderr]     Checking utf8parse v0.2.1
[INFO] [stderr]    Compiling memchr v2.5.0
[INFO] [stderr]     Checking anstyle-parse v0.2.1
[INFO] [stderr]    Compiling rustversion v1.0.14
[INFO] [stderr]     Checking smallvec v1.11.0
[INFO] [stderr]     Checking anstyle v1.0.1
[INFO] [stderr]    Compiling heck v0.4.1
[INFO] [stderr]    Compiling serde v1.0.183
[INFO] [stderr]     Checking anstyle-query v1.0.0
[INFO] [stderr]     Checking colorchoice v1.0.0
[INFO] [stderr]     Checking nibble_vec v0.1.0
[INFO] [stderr]     Checking endian-type v0.1.2
[INFO] [stderr]     Checking strsim v0.10.0
[INFO] [stderr]    Compiling serde_derive v1.0.183
[INFO] [stderr]     Checking clap_lex v0.5.0
[INFO] [stderr]     Checking radix_trie v0.2.1
[INFO] [stderr]     Checking unicode-width v0.1.10
[INFO] [stderr]     Checking unicode-segmentation v1.10.1
[INFO] [stderr]     Checking home v0.5.5
[INFO] [stderr]     Checking log v0.4.19
[INFO] [stderr]    Compiling quote v1.0.32
[INFO] [stderr]     Checking once_cell v1.18.0
[INFO] [stderr]     Checking lz4-compression v0.7.0
[INFO] [stderr]    Compiling syn v2.0.28
[INFO] [stderr]     Checking getrandom v0.2.10
[INFO] [stderr]     Checking nix v0.26.2
[INFO] [stderr]     Checking rand_core v0.6.4
[INFO] [stderr]     Checking rand_chacha v0.3.1
[INFO] [stderr]     Checking rand v0.8.5
[INFO] [stderr]     Checking is-terminal v0.4.9
[INFO] [stderr]     Checking fd-lock v3.0.13
[INFO] [stderr]     Checking anstream v0.3.2
[INFO] [stderr]     Checking colored v2.0.4
[INFO] [stderr]     Checking clap_builder v4.3.21
[INFO] [stderr]     Checking rustyline v12.0.0
[INFO] [stderr]     Checking bincode v1.3.3
[INFO] [stderr]    Compiling clap_derive v4.3.12
[INFO] [stderr]    Compiling strum_macros v0.25.2
[INFO] [stderr]     Checking clap v4.3.21
[INFO] [stderr]     Checking phoenix-lang v1.3.2 (/opt/rustwide/workdir)
[INFO] [stdout] warning: call to `.clone()` on a reference in this situation does nothing
[INFO] [stdout]    --> src/lib.rs:110:48
[INFO] [stdout]     |
[INFO] [stdout] 110 |                 current_prompt = default_prompt.clone();
[INFO] [stdout]     |                                                ^^^^^^^^ help: remove this redundant call
[INFO] [stdout]     |
[INFO] [stdout]     = note: the type `str` does not implement `Clone`, so calling `clone` on `&str` copies the reference, which does not do anything and can be removed
[INFO] [stdout]     = note: `#[warn(noop_method_call)]` on by default
[INFO] [stdout] 
[INFO] [stdout] 
[INFO] [stdout] warning: call to `.clone()` on a reference in this situation does nothing
[INFO] [stdout]    --> src/lib.rs:110:48
[INFO] [stdout]     |
[INFO] [stdout] 110 |                 current_prompt = default_prompt.clone();
[INFO] [stdout]     |                                                ^^^^^^^^ help: remove this redundant call
[INFO] [stdout]     |
[INFO] [stdout]     = note: the type `str` does not implement `Clone`, so calling `clone` on `&str` copies the reference, which does not do anything and can be removed
[INFO] [stdout]     = note: `#[warn(noop_method_call)]` on by default
[INFO] [stdout] 
[INFO] [stdout] 
[INFO] [stdout] warning: 1 warning emitted
[INFO] [stdout] 
[INFO] [stdout] 
[INFO] [stdout] warning: 1 warning emitted
[INFO] [stdout] 
[INFO] [stdout] 
[INFO] [stdout] error[E0061]: this function takes 5 arguments but 4 arguments were supplied
[INFO] [stdout]     --> tests/mod.rs:25:24
[INFO] [stdout]      |
[INFO] [stdout] 25   |     let mut compiler = Compiler::new_file("script".to_string(), code, false, 0);
[INFO] [stdout]      |                        ^^^^^^^^^^^^^^^^^^-------------------------------------- an argument of type `bool` is missing
[INFO] [stdout]      |
[INFO] [stdout] note: associated function defined here
[INFO] [stdout]     --> /opt/rustwide/workdir/src/compiler.rs:1286:12
[INFO] [stdout]      |
[INFO] [stdout] 1286 |     pub fn new_file(
[INFO] [stdout]      |            ^^^^^^^^
[INFO] [stdout] help: provide the argument
[INFO] [stdout]      |
[INFO] [stdout] 25   |     let mut compiler = Compiler::new_file("script".to_string(), code, false, 0, /* bool */);
[INFO] [stdout]      |                                          ~~~~~~~~~~~~~~~~~~~~~~~~~~~~~~~~~~~~~~~~~~~~~~~~~~
[INFO] [stdout] 
[INFO] [stdout] 
[INFO] [stdout] error[E0061]: this function takes 5 arguments but 4 arguments were supplied
[INFO] [stdout]     --> tests/mod.rs:43:24
[INFO] [stdout]      |
[INFO] [stdout] 43   |     let mut compiler = Compiler::new_file("script".to_string(), code, false, 0);
[INFO] [stdout]      |                        ^^^^^^^^^^^^^^^^^^-------------------------------------- an argument of type `bool` is missing
[INFO] [stdout]      |
[INFO] [stdout] note: associated function defined here
[INFO] [stdout]     --> /opt/rustwide/workdir/src/compiler.rs:1286:12
[INFO] [stdout]      |
[INFO] [stdout] 1286 |     pub fn new_file(
[INFO] [stdout]      |            ^^^^^^^^
[INFO] [stdout] help: provide the argument
[INFO] [stdout]      |
[INFO] [stdout] 43   |     let mut compiler = Compiler::new_file("script".to_string(), code, false, 0, /* bool */);
[INFO] [stdout]      |                                          ~~~~~~~~~~~~~~~~~~~~~~~~~~~~~~~~~~~~~~~~~~~~~~~~~~
[INFO] [stdout] 
[INFO] [stdout] 
[INFO] [stdout] error: aborting due to 2 previous errors
[INFO] [stdout] 
[INFO] [stdout] 
[INFO] [stdout] For more information about this error, try `rustc --explain E0061`.
[INFO] [stdout] 
[INFO] [stderr] error: could not compile `phoenix-lang` (test "mod") due to 3 previous errors
[INFO] [stderr] warning: build failed, waiting for other jobs to finish...
[INFO] [stdout] error[E0425]: cannot find function, tuple struct or tuple variant `PhoenixStringPointer` in this scope
[INFO] [stdout]    --> tests/compiler_tests.rs:300:14
[INFO] [stdout]     |
[INFO] [stdout] 300 |         vec![PhoenixStringPointer("Hello World!".to_string())],
[INFO] [stdout]     |              ^^^^^^^^^^^^^^^^^^^^ help: a tuple variant with a similar name exists: `PhoenixPointer`
[INFO] [stdout]     |
[INFO] [stdout]    ::: /opt/rustwide/workdir/src/value.rs:31:5
[INFO] [stdout]     |
[INFO] [stdout] 31  |     PhoenixPointer(usize),
[INFO] [stdout]     |     -------------- similarly named tuple variant `PhoenixPointer` defined here
[INFO] [stdout] 
[INFO] [stdout] 
[INFO] [stdout] error[E0425]: cannot find function, tuple struct or tuple variant `PhoenixStringPointer` in this scope
[INFO] [stdout]    --> tests/compiler_tests.rs:334:13
[INFO] [stdout]     |
[INFO] [stdout] 334 |             PhoenixStringPointer("Hello World!".to_string()),
[INFO] [stdout]     |             ^^^^^^^^^^^^^^^^^^^^ help: a tuple variant with a similar name exists: `PhoenixPointer`
[INFO] [stdout]     |
[INFO] [stdout]    ::: /opt/rustwide/workdir/src/value.rs:31:5
[INFO] [stdout]     |
[INFO] [stdout] 31  |     PhoenixPointer(usize),
[INFO] [stdout]     |     -------------- similarly named tuple variant `PhoenixPointer` defined here
[INFO] [stdout] 
[INFO] [stdout] 
[INFO] [stdout] error: aborting due to 2 previous errors
[INFO] [stdout] 
[INFO] [stdout] 
[INFO] [stdout] For more information about this error, try `rustc --explain E0425`.
[INFO] [stdout] 
[INFO] [stderr] error: could not compile `phoenix-lang` (test "compiler_tests") due to 3 previous errors
[INFO] running `Command { std: "docker" "inspect" "f8690de2ade121a9bc24e77b9a32bbaaf494930c1012dcb51a2015f6caede9f9", kill_on_drop: false }`
[INFO] running `Command { std: "docker" "rm" "-f" "f8690de2ade121a9bc24e77b9a32bbaaf494930c1012dcb51a2015f6caede9f9", kill_on_drop: false }`
[INFO] [stdout] f8690de2ade121a9bc24e77b9a32bbaaf494930c1012dcb51a2015f6caede9f9
