[INFO] fetching crate philips-isyntax-rs 1.1.2...
[INFO] checking philips-isyntax-rs-1.1.2 against nightly-2024-02-05 for check-cfg
[INFO] extracting crate philips-isyntax-rs 1.1.2 into /workspace/builds/worker-6-tc1/source
[INFO] validating manifest of crates.io crate philips-isyntax-rs 1.1.2 on toolchain nightly-2024-02-05
[INFO] running `Command { std: CARGO_HOME="/workspace/cargo-home" RUSTUP_HOME="/workspace/rustup-home" "/workspace/cargo-home/bin/cargo" "+nightly-2024-02-05" "metadata" "--manifest-path" "Cargo.toml" "--no-deps", kill_on_drop: false }`
[INFO] started tweaking crates.io crate philips-isyntax-rs 1.1.2
[INFO] finished tweaking crates.io crate philips-isyntax-rs 1.1.2
[INFO] tweaked toml for crates.io crate philips-isyntax-rs 1.1.2 written to /workspace/builds/worker-6-tc1/source/Cargo.toml
[INFO] running `Command { std: CARGO_HOME="/workspace/cargo-home" RUSTUP_HOME="/workspace/rustup-home" "/workspace/cargo-home/bin/cargo" "+nightly-2024-02-05" "generate-lockfile" "--manifest-path" "Cargo.toml", kill_on_drop: false }`
[INFO] [stderr]     Updating crates.io index
[INFO] running `Command { std: CARGO_HOME="/workspace/cargo-home" RUSTUP_HOME="/workspace/rustup-home" "/workspace/cargo-home/bin/cargo" "+nightly-2024-02-05" "fetch" "--manifest-path" "Cargo.toml", kill_on_drop: false }`
[INFO] [stderr]  Downloading crates ...
[INFO] [stderr]   Downloaded bencher v0.1.5
[INFO] running `Command { std: "docker" "create" "-v" "/var/lib/crater-agent-workspace/builds/worker-6-tc1/target:/opt/rustwide/target:rw,Z" "-v" "/var/lib/crater-agent-workspace/builds/worker-6-tc1/source:/opt/rustwide/workdir:ro,Z" "-v" "/var/lib/crater-agent-workspace/cargo-home:/opt/rustwide/cargo-home:ro,Z" "-v" "/var/lib/crater-agent-workspace/rustup-home:/opt/rustwide/rustup-home:ro,Z" "-e" "SOURCE_DIR=/opt/rustwide/workdir" "-e" "CARGO_TARGET_DIR=/opt/rustwide/target" "-e" "CARGO_HOME=/opt/rustwide/cargo-home" "-e" "RUSTUP_HOME=/opt/rustwide/rustup-home" "-w" "/opt/rustwide/workdir" "-m" "1610612736" "--user" "0:0" "--network" "none" "ghcr.io/rust-lang/crates-build-env/linux@sha256:2788e3201cd34a07e3172128adcd8b3090168a8e3bcc40d7c032b9dda1df7d1c" "/opt/rustwide/cargo-home/bin/cargo" "+nightly-2024-02-05" "metadata" "--no-deps" "--format-version=1", kill_on_drop: false }`
[INFO] [stdout] aedae08e1d9c05aa6a2e5aadaf519d4b144c24bcf421eec6911f3b61fe2b7d2c
[INFO] running `Command { std: "docker" "start" "-a" "aedae08e1d9c05aa6a2e5aadaf519d4b144c24bcf421eec6911f3b61fe2b7d2c", kill_on_drop: false }`
[INFO] running `Command { std: "docker" "inspect" "aedae08e1d9c05aa6a2e5aadaf519d4b144c24bcf421eec6911f3b61fe2b7d2c", kill_on_drop: false }`
[INFO] running `Command { std: "docker" "rm" "-f" "aedae08e1d9c05aa6a2e5aadaf519d4b144c24bcf421eec6911f3b61fe2b7d2c", kill_on_drop: false }`
[INFO] [stdout] aedae08e1d9c05aa6a2e5aadaf519d4b144c24bcf421eec6911f3b61fe2b7d2c
[INFO] running `Command { std: "docker" "create" "-v" "/var/lib/crater-agent-workspace/builds/worker-6-tc1/target:/opt/rustwide/target:rw,Z" "-v" "/var/lib/crater-agent-workspace/builds/worker-6-tc1/source:/opt/rustwide/workdir:ro,Z" "-v" "/var/lib/crater-agent-workspace/cargo-home:/opt/rustwide/cargo-home:ro,Z" "-v" "/var/lib/crater-agent-workspace/rustup-home:/opt/rustwide/rustup-home:ro,Z" "-e" "SOURCE_DIR=/opt/rustwide/workdir" "-e" "CARGO_TARGET_DIR=/opt/rustwide/target" "-e" "CARGO_INCREMENTAL=0" "-e" "RUST_BACKTRACE=full" "-e" "RUSTFLAGS=--cap-lints=forbid" "-e" "RUSTDOCFLAGS=--cap-lints=forbid" "-e" "CARGO_HOME=/opt/rustwide/cargo-home" "-e" "RUSTUP_HOME=/opt/rustwide/rustup-home" "-w" "/opt/rustwide/workdir" "-m" "1610612736" "--user" "0:0" "--network" "none" "ghcr.io/rust-lang/crates-build-env/linux@sha256:2788e3201cd34a07e3172128adcd8b3090168a8e3bcc40d7c032b9dda1df7d1c" "/opt/rustwide/cargo-home/bin/cargo" "+nightly-2024-02-05" "check" "--frozen" "--all" "--all-targets" "--message-format=json", kill_on_drop: false }`
[INFO] [stdout] 1858a4e4edbaba7d79c4b4713a7fcc486002c29d9acc69c01bdcf35cdb6f32d3
[INFO] running `Command { std: "docker" "start" "-a" "1858a4e4edbaba7d79c4b4713a7fcc486002c29d9acc69c01bdcf35cdb6f32d3", kill_on_drop: false }`
[INFO] [stderr]    Compiling proc-macro2 v1.0.78
[INFO] [stderr]    Compiling semver v1.0.21
[INFO] [stderr]    Compiling scratch v1.0.7
[INFO] [stderr]     Checking futures-core v0.3.30
[INFO] [stderr]     Checking futures-sink v0.3.30
[INFO] [stderr]    Compiling slab v0.4.9
[INFO] [stderr]    Compiling termcolor v1.4.1
[INFO] [stderr]    Compiling libc v0.2.153
[INFO] [stderr]    Compiling cxxbridge-flags v1.0.115
[INFO] [stderr]    Compiling unicode-width v0.1.11
[INFO] [stderr]    Compiling memchr v2.7.1
[INFO] [stderr]     Checking futures-channel v0.3.30
[INFO] [stderr]    Compiling codespan-reporting v0.11.1
[INFO] [stderr]    Compiling num-traits v0.2.17
[INFO] [stderr]     Checking futures-task v0.3.30
[INFO] [stderr]    Compiling once_cell v1.19.0
[INFO] [stderr]    Compiling aho-corasick v1.1.2
[INFO] [stderr]    Compiling cc v1.0.83
[INFO] [stderr]    Compiling rustc_version v0.4.0
[INFO] [stderr]     Checking futures-io v0.3.30
[INFO] [stderr]    Compiling quote v1.0.35
[INFO] [stderr]     Checking pin-utils v0.1.0
[INFO] [stderr]    Compiling regex-syntax v0.8.2
[INFO] [stderr]     Checking pin-project-lite v0.2.13
[INFO] [stderr]    Compiling rstest_macros v0.18.2
[INFO] [stderr]    Compiling syn v2.0.48
[INFO] [stderr]    Compiling cfg-if v1.0.0
[INFO] [stderr]     Checking byteorder v1.5.0
[INFO] [stderr]     Checking bytemuck v1.14.1
[INFO] [stderr]    Compiling relative-path v1.9.2
[INFO] [stderr]    Compiling glob v0.3.1
[INFO] [stderr]     Checking jpeg-decoder v0.3.1
[INFO] [stderr]     Checking color_quant v1.1.0
[INFO] [stderr]     Checking rand v0.8.5
[INFO] [stderr]     Checking futures-timer v3.0.2
[INFO] [stderr]     Checking bencher v0.1.5
[INFO] [stderr]    Compiling link-cplusplus v1.0.9
[INFO] [stderr]    Compiling cxx v1.0.115
[INFO] [stderr]     Checking image v0.24.8
[INFO] [stderr]    Compiling regex-automata v0.4.5
[INFO] [stderr]    Compiling cxx-build v1.0.115
[INFO] [stderr]    Compiling regex v1.10.3
[INFO] [stderr]    Compiling futures-macro v0.3.30
[INFO] [stderr]    Compiling cxxbridge-macro v1.0.115
[INFO] [stderr]    Compiling thiserror-impl v1.0.56
[INFO] [stderr]     Checking futures-util v0.3.30
[INFO] [stderr]    Compiling philips-isyntax-rs v1.1.2 (/opt/rustwide/workdir)
[INFO] [stderr]     Checking thiserror v1.0.56
[INFO] [stderr] The following warnings were emitted during compilation:
[INFO] [stderr] 
[INFO] [stderr] warning: philips-isyntax-rs@1.1.2: In file included from /opt/rustwide/target/debug/build/philips-isyntax-rs-27e5b9a4e773b660/out/cxxbridge/sources/philips-isyntax-rs/src/bindings.rs.cc:1:
[INFO] [stderr] warning: philips-isyntax-rs@1.1.2: /opt/rustwide/target/debug/build/philips-isyntax-rs-27e5b9a4e773b660/out/cxxbridge/crate/philips-isyntax-rs/cpp/philipsslide.hpp:2:10: fatal error: PhilipsPixelEngine/pixelengine.hpp: No such file or directory
[INFO] [stderr] warning: philips-isyntax-rs@1.1.2:     2 | #include "PhilipsPixelEngine/pixelengine.hpp"
[INFO] [stderr] warning: philips-isyntax-rs@1.1.2:       |          ^~~~~~~~~~~~~~~~~~~~~~~~~~~~~~~~~~~~
[INFO] [stderr] warning: philips-isyntax-rs@1.1.2: compilation terminated.
[INFO] [stderr] 
[INFO] [stderr] error: failed to run custom build command for `philips-isyntax-rs v1.1.2 (/opt/rustwide/workdir)`
[INFO] [stderr] note: To improve backtraces for build dependencies, set the CARGO_PROFILE_DEV_BUILD_OVERRIDE_DEBUG=true environment variable to enable debug information generation.
[INFO] [stderr] 
[INFO] [stderr] Caused by:
[INFO] [stderr]   process didn't exit successfully: `/opt/rustwide/target/debug/build/philips-isyntax-rs-8d0d620806ba6a5f/build-script-build` (exit status: 1)
[INFO] [stderr]   --- stdout
[INFO] [stderr]   cargo:CXXBRIDGE_PREFIX=philips-isyntax-rs
[INFO] [stderr]   cargo:CXXBRIDGE_DIR0=/opt/rustwide/target/debug/build/philips-isyntax-rs-27e5b9a4e773b660/out/cxxbridge/include
[INFO] [stderr]   cargo:CXXBRIDGE_DIR1=/opt/rustwide/target/debug/build/philips-isyntax-rs-27e5b9a4e773b660/out/cxxbridge/crate
[INFO] [stderr]   TARGET = Some("x86_64-unknown-linux-gnu")
[INFO] [stderr]   OPT_LEVEL = Some("0")
[INFO] [stderr]   HOST = Some("x86_64-unknown-linux-gnu")
[INFO] [stderr]   cargo:rerun-if-env-changed=CXX_x86_64-unknown-linux-gnu
[INFO] [stderr]   CXX_x86_64-unknown-linux-gnu = None
[INFO] [stderr]   cargo:rerun-if-env-changed=CXX_x86_64_unknown_linux_gnu
[INFO] [stderr]   CXX_x86_64_unknown_linux_gnu = None
[INFO] [stderr]   cargo:rerun-if-env-changed=HOST_CXX
[INFO] [stderr]   HOST_CXX = None
[INFO] [stderr]   cargo:rerun-if-env-changed=CXX
[INFO] [stderr]   CXX = None
[INFO] [stderr]   cargo:rerun-if-env-changed=CRATE_CC_NO_DEFAULTS
[INFO] [stderr]   CRATE_CC_NO_DEFAULTS = None
[INFO] [stderr]   DEBUG = Some("true")
[INFO] [stderr]   CARGO_CFG_TARGET_FEATURE = Some("fxsr,sse,sse2")
[INFO] [stderr]   cargo:rerun-if-env-changed=CXXFLAGS_x86_64-unknown-linux-gnu
[INFO] [stderr]   CXXFLAGS_x86_64-unknown-linux-gnu = None
[INFO] [stderr]   cargo:rerun-if-env-changed=CXXFLAGS_x86_64_unknown_linux_gnu
[INFO] [stderr]   CXXFLAGS_x86_64_unknown_linux_gnu = None
[INFO] [stderr]   cargo:rerun-if-env-changed=HOST_CXXFLAGS
[INFO] [stderr]   HOST_CXXFLAGS = None
[INFO] [stderr]   cargo:rerun-if-env-changed=CXXFLAGS
[INFO] [stderr]   CXXFLAGS = None
[INFO] [stderr]   cargo:rerun-if-env-changed=CXX_x86_64-unknown-linux-gnu
[INFO] [stderr]   CXX_x86_64-unknown-linux-gnu = None
[INFO] [stderr]   cargo:rerun-if-env-changed=CXX_x86_64_unknown_linux_gnu
[INFO] [stderr]   CXX_x86_64_unknown_linux_gnu = None
[INFO] [stderr]   cargo:rerun-if-env-changed=HOST_CXX
[INFO] [stderr]   HOST_CXX = None
[INFO] [stderr]   cargo:rerun-if-env-changed=CXX
[INFO] [stderr]   CXX = None
[INFO] [stderr]   cargo:rerun-if-env-changed=CRATE_CC_NO_DEFAULTS
[INFO] [stderr]   CRATE_CC_NO_DEFAULTS = None
[INFO] [stderr]   CARGO_CFG_TARGET_FEATURE = Some("fxsr,sse,sse2")
[INFO] [stderr]   cargo:rerun-if-env-changed=CXXFLAGS_x86_64-unknown-linux-gnu
[INFO] [stderr]   CXXFLAGS_x86_64-unknown-linux-gnu = None
[INFO] [stderr]   cargo:rerun-if-env-changed=CXXFLAGS_x86_64_unknown_linux_gnu
[INFO] [stderr]   CXXFLAGS_x86_64_unknown_linux_gnu = None
[INFO] [stderr]   cargo:rerun-if-env-changed=HOST_CXXFLAGS
[INFO] [stderr]   HOST_CXXFLAGS = None
[INFO] [stderr]   cargo:rerun-if-env-changed=CXXFLAGS
[INFO] [stderr]   CXXFLAGS = None
[INFO] [stderr]   running: "c++" "-O0" "-ffunction-sections" "-fdata-sections" "-fPIC" "-gdwarf-4" "-fno-omit-frame-pointer" "-m64" "-I" "/opt/rustwide/target/debug/build/philips-isyntax-rs-27e5b9a4e773b660/out/cxxbridge/include" "-I" "/opt/rustwide/target/debug/build/philips-isyntax-rs-27e5b9a4e773b660/out/cxxbridge/crate" "-Wall" "-Wextra" "-std=c++17" "-o" "/opt/rustwide/target/debug/build/philips-isyntax-rs-27e5b9a4e773b660/out/8d009970d8be6c33-bindings.rs.o" "-c" "/opt/rustwide/target/debug/build/philips-isyntax-rs-27e5b9a4e773b660/out/cxxbridge/sources/philips-isyntax-rs/src/bindings.rs.cc"
[INFO] [stderr]   cargo:warning=In file included from /opt/rustwide/target/debug/build/philips-isyntax-rs-27e5b9a4e773b660/out/cxxbridge/sources/philips-isyntax-rs/src/bindings.rs.cc:1:
[INFO] [stderr] 
[INFO] [stderr]   cargo:warning=/opt/rustwide/target/debug/build/philips-isyntax-rs-27e5b9a4e773b660/out/cxxbridge/crate/philips-isyntax-rs/cpp/philipsslide.hpp:2:10: fatal error: PhilipsPixelEngine/pixelengine.hpp: No such file or directory
[INFO] [stderr] 
[INFO] [stderr]   cargo:warning=    2 | #include "PhilipsPixelEngine/pixelengine.hpp"
[INFO] [stderr] 
[INFO] [stderr]   cargo:warning=      |          ^~~~~~~~~~~~~~~~~~~~~~~~~~~~~~~~~~~~
[INFO] [stderr] 
[INFO] [stderr]   cargo:warning=compilation terminated.
[INFO] [stderr] 
[INFO] [stderr]   exit status: 1
[INFO] [stderr] 
[INFO] [stderr]   --- stderr
[INFO] [stderr] 
[INFO] [stderr]   CXX include path:
[INFO] [stderr]     /opt/rustwide/target/debug/build/philips-isyntax-rs-27e5b9a4e773b660/out/cxxbridge/include
[INFO] [stderr]     /opt/rustwide/target/debug/build/philips-isyntax-rs-27e5b9a4e773b660/out/cxxbridge/crate
[INFO] [stderr] 
[INFO] [stderr] 
[INFO] [stderr]   error occurred: Command "c++" "-O0" "-ffunction-sections" "-fdata-sections" "-fPIC" "-gdwarf-4" "-fno-omit-frame-pointer" "-m64" "-I" "/opt/rustwide/target/debug/build/philips-isyntax-rs-27e5b9a4e773b660/out/cxxbridge/include" "-I" "/opt/rustwide/target/debug/build/philips-isyntax-rs-27e5b9a4e773b660/out/cxxbridge/crate" "-Wall" "-Wextra" "-std=c++17" "-o" "/opt/rustwide/target/debug/build/philips-isyntax-rs-27e5b9a4e773b660/out/8d009970d8be6c33-bindings.rs.o" "-c" "/opt/rustwide/target/debug/build/philips-isyntax-rs-27e5b9a4e773b660/out/cxxbridge/sources/philips-isyntax-rs/src/bindings.rs.cc" with args "c++" did not execute successfully (status code exit status: 1).
[INFO] [stderr] 
[INFO] [stderr] 
[INFO] [stderr] warning: build failed, waiting for other jobs to finish...
[INFO] running `Command { std: "docker" "inspect" "1858a4e4edbaba7d79c4b4713a7fcc486002c29d9acc69c01bdcf35cdb6f32d3", kill_on_drop: false }`
[INFO] running `Command { std: "docker" "rm" "-f" "1858a4e4edbaba7d79c4b4713a7fcc486002c29d9acc69c01bdcf35cdb6f32d3", kill_on_drop: false }`
[INFO] [stdout] 1858a4e4edbaba7d79c4b4713a7fcc486002c29d9acc69c01bdcf35cdb6f32d3
[INFO] checking philips-isyntax-rs-1.1.2 against nightly-2024-02-05+rustflags=-Dunexpected_cfgs+cargoflags=-Zcheck-cfg for check-cfg
[INFO] extracting crate philips-isyntax-rs 1.1.2 into /workspace/builds/worker-6-tc2/source
[INFO] validating manifest of crates.io crate philips-isyntax-rs 1.1.2 on toolchain nightly-2024-02-05
[INFO] running `Command { std: CARGO_HOME="/workspace/cargo-home" RUSTUP_HOME="/workspace/rustup-home" "/workspace/cargo-home/bin/cargo" "+nightly-2024-02-05" "metadata" "--manifest-path" "Cargo.toml" "--no-deps", kill_on_drop: false }`
[INFO] started tweaking crates.io crate philips-isyntax-rs 1.1.2
[INFO] finished tweaking crates.io crate philips-isyntax-rs 1.1.2
[INFO] tweaked toml for crates.io crate philips-isyntax-rs 1.1.2 written to /workspace/builds/worker-6-tc2/source/Cargo.toml
[INFO] running `Command { std: CARGO_HOME="/workspace/cargo-home" RUSTUP_HOME="/workspace/rustup-home" "/workspace/cargo-home/bin/cargo" "+nightly-2024-02-05" "generate-lockfile" "--manifest-path" "Cargo.toml", kill_on_drop: false }`
[INFO] [stderr]     Updating crates.io index
[INFO] running `Command { std: CARGO_HOME="/workspace/cargo-home" RUSTUP_HOME="/workspace/rustup-home" "/workspace/cargo-home/bin/cargo" "+nightly-2024-02-05" "fetch" "--manifest-path" "Cargo.toml", kill_on_drop: false }`
[INFO] running `Command { std: "docker" "create" "-v" "/var/lib/crater-agent-workspace/builds/worker-6-tc2/target:/opt/rustwide/target:rw,Z" "-v" "/var/lib/crater-agent-workspace/builds/worker-6-tc2/source:/opt/rustwide/workdir:ro,Z" "-v" "/var/lib/crater-agent-workspace/cargo-home:/opt/rustwide/cargo-home:ro,Z" "-v" "/var/lib/crater-agent-workspace/rustup-home:/opt/rustwide/rustup-home:ro,Z" "-e" "SOURCE_DIR=/opt/rustwide/workdir" "-e" "CARGO_TARGET_DIR=/opt/rustwide/target" "-e" "CARGO_HOME=/opt/rustwide/cargo-home" "-e" "RUSTUP_HOME=/opt/rustwide/rustup-home" "-w" "/opt/rustwide/workdir" "-m" "1610612736" "--user" "0:0" "--network" "none" "ghcr.io/rust-lang/crates-build-env/linux@sha256:2788e3201cd34a07e3172128adcd8b3090168a8e3bcc40d7c032b9dda1df7d1c" "/opt/rustwide/cargo-home/bin/cargo" "+nightly-2024-02-05" "metadata" "--no-deps" "--format-version=1", kill_on_drop: false }`
[INFO] [stdout] 6c34a1d2213112c5bebe98b46aa6890c1eef76775e96a0f9242fce1f53d124f4
[INFO] running `Command { std: "docker" "start" "-a" "6c34a1d2213112c5bebe98b46aa6890c1eef76775e96a0f9242fce1f53d124f4", kill_on_drop: false }`
[INFO] running `Command { std: "docker" "inspect" "6c34a1d2213112c5bebe98b46aa6890c1eef76775e96a0f9242fce1f53d124f4", kill_on_drop: false }`
[INFO] running `Command { std: "docker" "rm" "-f" "6c34a1d2213112c5bebe98b46aa6890c1eef76775e96a0f9242fce1f53d124f4", kill_on_drop: false }`
[INFO] [stdout] 6c34a1d2213112c5bebe98b46aa6890c1eef76775e96a0f9242fce1f53d124f4
[INFO] running `Command { std: "docker" "create" "-v" "/var/lib/crater-agent-workspace/builds/worker-6-tc2/target:/opt/rustwide/target:rw,Z" "-v" "/var/lib/crater-agent-workspace/builds/worker-6-tc2/source:/opt/rustwide/workdir:ro,Z" "-v" "/var/lib/crater-agent-workspace/cargo-home:/opt/rustwide/cargo-home:ro,Z" "-v" "/var/lib/crater-agent-workspace/rustup-home:/opt/rustwide/rustup-home:ro,Z" "-e" "SOURCE_DIR=/opt/rustwide/workdir" "-e" "CARGO_TARGET_DIR=/opt/rustwide/target" "-e" "CARGO_INCREMENTAL=0" "-e" "RUST_BACKTRACE=full" "-e" "RUSTFLAGS=--cap-lints=forbid -Dunexpected_cfgs" "-e" "RUSTDOCFLAGS=--cap-lints=forbid" "-e" "CARGO_HOME=/opt/rustwide/cargo-home" "-e" "RUSTUP_HOME=/opt/rustwide/rustup-home" "-w" "/opt/rustwide/workdir" "-m" "1610612736" "--user" "0:0" "--network" "none" "ghcr.io/rust-lang/crates-build-env/linux@sha256:2788e3201cd34a07e3172128adcd8b3090168a8e3bcc40d7c032b9dda1df7d1c" "/opt/rustwide/cargo-home/bin/cargo" "+nightly-2024-02-05" "check" "--frozen" "--all" "--all-targets" "--message-format=json" "-Zcheck-cfg", kill_on_drop: false }`
[INFO] [stdout] 180ca1d01fb4c2e09c9d180a560df805fbb2c81239076af0d6d6fc9dc16366fc
[INFO] running `Command { std: "docker" "start" "-a" "180ca1d01fb4c2e09c9d180a560df805fbb2c81239076af0d6d6fc9dc16366fc", kill_on_drop: false }`
[INFO] [stderr]    Compiling proc-macro2 v1.0.78
[INFO] [stderr]    Compiling semver v1.0.21
[INFO] [stderr]    Compiling scratch v1.0.7
[INFO] [stderr]    Compiling termcolor v1.4.1
[INFO] [stderr]    Compiling unicode-width v0.1.11
[INFO] [stderr]    Compiling slab v0.4.9
[INFO] [stderr]     Checking futures-sink v0.3.30
[INFO] [stderr]    Compiling libc v0.2.153
[INFO] [stderr]    Compiling cxxbridge-flags v1.0.115
[INFO] [stderr]    Compiling memchr v2.7.1
[INFO] [stderr]     Checking futures-core v0.3.30
[INFO] [stderr]     Checking futures-channel v0.3.30
[INFO] [stderr]    Compiling codespan-reporting v0.11.1
[INFO] [stderr]    Compiling num-traits v0.2.17
[INFO] [stderr]     Checking futures-task v0.3.30
[INFO] [stderr]    Compiling regex-syntax v0.8.2
[INFO] [stderr]     Checking futures-io v0.3.30
[INFO] [stderr]    Compiling aho-corasick v1.1.2
[INFO] [stderr]    Compiling cc v1.0.83
[INFO] [stderr]    Compiling rustc_version v0.4.0
[INFO] [stderr]     Checking pin-utils v0.1.0
[INFO] [stderr]     Checking pin-project-lite v0.2.13
[INFO] [stderr]    Compiling once_cell v1.19.0
[INFO] [stderr]    Compiling quote v1.0.35
[INFO] [stderr]     Checking jpeg-decoder v0.3.1
[INFO] [stderr]    Compiling rstest_macros v0.18.2
[INFO] [stderr]    Compiling syn v2.0.48
[INFO] [stderr]     Checking byteorder v1.5.0
[INFO] [stderr]     Checking bytemuck v1.14.1
[INFO] [stderr]    Compiling glob v0.3.1
[INFO] [stderr]    Compiling relative-path v1.9.2
[INFO] [stderr]    Compiling link-cplusplus v1.0.9
[INFO] [stderr]    Compiling cxx v1.0.115
[INFO] [stderr]     Checking color_quant v1.1.0
[INFO] [stderr]    Compiling regex-automata v0.4.5
[INFO] [stderr]    Compiling cfg-if v1.0.0
[INFO] [stderr]     Checking rand v0.8.5
[INFO] [stderr]     Checking futures-timer v3.0.2
[INFO] [stderr]     Checking image v0.24.8
[INFO] [stderr]     Checking bencher v0.1.5
[INFO] [stderr]    Compiling regex v1.10.3
[INFO] [stderr]    Compiling cxx-build v1.0.115
[INFO] [stderr]    Compiling futures-macro v0.3.30
[INFO] [stderr]    Compiling cxxbridge-macro v1.0.115
[INFO] [stderr]    Compiling thiserror-impl v1.0.56
[INFO] [stderr]     Checking futures-util v0.3.30
[INFO] [stderr]     Checking thiserror v1.0.56
[INFO] [stderr]    Compiling philips-isyntax-rs v1.1.2 (/opt/rustwide/workdir)
[INFO] [stderr] The following warnings were emitted during compilation:
[INFO] [stderr] 
[INFO] [stderr] warning: philips-isyntax-rs@1.1.2: In file included from /opt/rustwide/target/debug/build/philips-isyntax-rs-27e5b9a4e773b660/out/cxxbridge/sources/philips-isyntax-rs/src/bindings.rs.cc:1:
[INFO] [stderr] warning: philips-isyntax-rs@1.1.2: /opt/rustwide/target/debug/build/philips-isyntax-rs-27e5b9a4e773b660/out/cxxbridge/crate/philips-isyntax-rs/cpp/philipsslide.hpp:2:10: fatal error: PhilipsPixelEngine/pixelengine.hpp: No such file or directory
[INFO] [stderr] warning: philips-isyntax-rs@1.1.2:     2 | #include "PhilipsPixelEngine/pixelengine.hpp"
[INFO] [stderr] warning: philips-isyntax-rs@1.1.2:       |          ^~~~~~~~~~~~~~~~~~~~~~~~~~~~~~~~~~~~
[INFO] [stderr] warning: philips-isyntax-rs@1.1.2: compilation terminated.
[INFO] [stderr] 
[INFO] [stderr] error: failed to run custom build command for `philips-isyntax-rs v1.1.2 (/opt/rustwide/workdir)`
[INFO] [stderr] note: To improve backtraces for build dependencies, set the CARGO_PROFILE_DEV_BUILD_OVERRIDE_DEBUG=true environment variable to enable debug information generation.
[INFO] [stderr] 
[INFO] [stderr] Caused by:
[INFO] [stderr]   process didn't exit successfully: `/opt/rustwide/target/debug/build/philips-isyntax-rs-8d0d620806ba6a5f/build-script-build` (exit status: 1)
[INFO] [stderr]   --- stdout
[INFO] [stderr]   cargo:CXXBRIDGE_PREFIX=philips-isyntax-rs
[INFO] [stderr]   cargo:CXXBRIDGE_DIR0=/opt/rustwide/target/debug/build/philips-isyntax-rs-27e5b9a4e773b660/out/cxxbridge/include
[INFO] [stderr]   cargo:CXXBRIDGE_DIR1=/opt/rustwide/target/debug/build/philips-isyntax-rs-27e5b9a4e773b660/out/cxxbridge/crate
[INFO] [stderr]   TARGET = Some("x86_64-unknown-linux-gnu")
[INFO] [stderr]   OPT_LEVEL = Some("0")
[INFO] [stderr]   HOST = Some("x86_64-unknown-linux-gnu")
[INFO] [stderr]   cargo:rerun-if-env-changed=CXX_x86_64-unknown-linux-gnu
[INFO] [stderr]   CXX_x86_64-unknown-linux-gnu = None
[INFO] [stderr]   cargo:rerun-if-env-changed=CXX_x86_64_unknown_linux_gnu
[INFO] [stderr]   CXX_x86_64_unknown_linux_gnu = None
[INFO] [stderr]   cargo:rerun-if-env-changed=HOST_CXX
[INFO] [stderr]   HOST_CXX = None
[INFO] [stderr]   cargo:rerun-if-env-changed=CXX
[INFO] [stderr]   CXX = None
[INFO] [stderr]   cargo:rerun-if-env-changed=CRATE_CC_NO_DEFAULTS
[INFO] [stderr]   CRATE_CC_NO_DEFAULTS = None
[INFO] [stderr]   DEBUG = Some("true")
[INFO] [stderr]   CARGO_CFG_TARGET_FEATURE = Some("fxsr,sse,sse2")
[INFO] [stderr]   cargo:rerun-if-env-changed=CXXFLAGS_x86_64-unknown-linux-gnu
[INFO] [stderr]   CXXFLAGS_x86_64-unknown-linux-gnu = None
[INFO] [stderr]   cargo:rerun-if-env-changed=CXXFLAGS_x86_64_unknown_linux_gnu
[INFO] [stderr]   CXXFLAGS_x86_64_unknown_linux_gnu = None
[INFO] [stderr]   cargo:rerun-if-env-changed=HOST_CXXFLAGS
[INFO] [stderr]   HOST_CXXFLAGS = None
[INFO] [stderr]   cargo:rerun-if-env-changed=CXXFLAGS
[INFO] [stderr]   CXXFLAGS = None
[INFO] [stderr]   cargo:rerun-if-env-changed=CXX_x86_64-unknown-linux-gnu
[INFO] [stderr]   CXX_x86_64-unknown-linux-gnu = None
[INFO] [stderr]   cargo:rerun-if-env-changed=CXX_x86_64_unknown_linux_gnu
[INFO] [stderr]   CXX_x86_64_unknown_linux_gnu = None
[INFO] [stderr]   cargo:rerun-if-env-changed=HOST_CXX
[INFO] [stderr]   HOST_CXX = None
[INFO] [stderr]   cargo:rerun-if-env-changed=CXX
[INFO] [stderr]   CXX = None
[INFO] [stderr]   cargo:rerun-if-env-changed=CRATE_CC_NO_DEFAULTS
[INFO] [stderr]   CRATE_CC_NO_DEFAULTS = None
[INFO] [stderr]   CARGO_CFG_TARGET_FEATURE = Some("fxsr,sse,sse2")
[INFO] [stderr]   cargo:rerun-if-env-changed=CXXFLAGS_x86_64-unknown-linux-gnu
[INFO] [stderr]   CXXFLAGS_x86_64-unknown-linux-gnu = None
[INFO] [stderr]   cargo:rerun-if-env-changed=CXXFLAGS_x86_64_unknown_linux_gnu
[INFO] [stderr]   CXXFLAGS_x86_64_unknown_linux_gnu = None
[INFO] [stderr]   cargo:rerun-if-env-changed=HOST_CXXFLAGS
[INFO] [stderr]   HOST_CXXFLAGS = None
[INFO] [stderr]   cargo:rerun-if-env-changed=CXXFLAGS
[INFO] [stderr]   CXXFLAGS = None
[INFO] [stderr]   running: "c++" "-O0" "-ffunction-sections" "-fdata-sections" "-fPIC" "-gdwarf-4" "-fno-omit-frame-pointer" "-m64" "-I" "/opt/rustwide/target/debug/build/philips-isyntax-rs-27e5b9a4e773b660/out/cxxbridge/include" "-I" "/opt/rustwide/target/debug/build/philips-isyntax-rs-27e5b9a4e773b660/out/cxxbridge/crate" "-Wall" "-Wextra" "-std=c++17" "-o" "/opt/rustwide/target/debug/build/philips-isyntax-rs-27e5b9a4e773b660/out/8d009970d8be6c33-bindings.rs.o" "-c" "/opt/rustwide/target/debug/build/philips-isyntax-rs-27e5b9a4e773b660/out/cxxbridge/sources/philips-isyntax-rs/src/bindings.rs.cc"
[INFO] [stderr]   cargo:warning=In file included from /opt/rustwide/target/debug/build/philips-isyntax-rs-27e5b9a4e773b660/out/cxxbridge/sources/philips-isyntax-rs/src/bindings.rs.cc:1:
[INFO] [stderr] 
[INFO] [stderr]   cargo:warning=/opt/rustwide/target/debug/build/philips-isyntax-rs-27e5b9a4e773b660/out/cxxbridge/crate/philips-isyntax-rs/cpp/philipsslide.hpp:2:10: fatal error: PhilipsPixelEngine/pixelengine.hpp: No such file or directory
[INFO] [stderr] 
[INFO] [stderr]   cargo:warning=    2 | #include "PhilipsPixelEngine/pixelengine.hpp"
[INFO] [stderr] 
[INFO] [stderr]   cargo:warning=      |          ^~~~~~~~~~~~~~~~~~~~~~~~~~~~~~~~~~~~
[INFO] [stderr] 
[INFO] [stderr]   cargo:warning=compilation terminated.
[INFO] [stderr] 
[INFO] [stderr]   exit status: 1
[INFO] [stderr] 
[INFO] [stderr]   --- stderr
[INFO] [stderr] 
[INFO] [stderr]   CXX include path:
[INFO] [stderr]     /opt/rustwide/target/debug/build/philips-isyntax-rs-27e5b9a4e773b660/out/cxxbridge/include
[INFO] [stderr]     /opt/rustwide/target/debug/build/philips-isyntax-rs-27e5b9a4e773b660/out/cxxbridge/crate
[INFO] [stderr] 
[INFO] [stderr] 
[INFO] [stderr]   error occurred: Command "c++" "-O0" "-ffunction-sections" "-fdata-sections" "-fPIC" "-gdwarf-4" "-fno-omit-frame-pointer" "-m64" "-I" "/opt/rustwide/target/debug/build/philips-isyntax-rs-27e5b9a4e773b660/out/cxxbridge/include" "-I" "/opt/rustwide/target/debug/build/philips-isyntax-rs-27e5b9a4e773b660/out/cxxbridge/crate" "-Wall" "-Wextra" "-std=c++17" "-o" "/opt/rustwide/target/debug/build/philips-isyntax-rs-27e5b9a4e773b660/out/8d009970d8be6c33-bindings.rs.o" "-c" "/opt/rustwide/target/debug/build/philips-isyntax-rs-27e5b9a4e773b660/out/cxxbridge/sources/philips-isyntax-rs/src/bindings.rs.cc" with args "c++" did not execute successfully (status code exit status: 1).
[INFO] [stderr] 
[INFO] [stderr] 
[INFO] [stderr] warning: build failed, waiting for other jobs to finish...
[INFO] running `Command { std: "docker" "inspect" "180ca1d01fb4c2e09c9d180a560df805fbb2c81239076af0d6d6fc9dc16366fc", kill_on_drop: false }`
[INFO] running `Command { std: "docker" "rm" "-f" "180ca1d01fb4c2e09c9d180a560df805fbb2c81239076af0d6d6fc9dc16366fc", kill_on_drop: false }`
[INFO] [stdout] 180ca1d01fb4c2e09c9d180a560df805fbb2c81239076af0d6d6fc9dc16366fc
