[INFO] fetching crate pgmq 0.25.0...
[INFO] checking pgmq-0.25.0 against nightly-2024-02-05 for check-cfg
[INFO] extracting crate pgmq 0.25.0 into /workspace/builds/worker-6-tc1/source
[INFO] validating manifest of crates.io crate pgmq 0.25.0 on toolchain nightly-2024-02-05
[INFO] running `Command { std: CARGO_HOME="/workspace/cargo-home" RUSTUP_HOME="/workspace/rustup-home" "/workspace/cargo-home/bin/cargo" "+nightly-2024-02-05" "metadata" "--manifest-path" "Cargo.toml" "--no-deps", kill_on_drop: false }`
[INFO] started tweaking crates.io crate pgmq 0.25.0
[INFO] finished tweaking crates.io crate pgmq 0.25.0
[INFO] tweaked toml for crates.io crate pgmq 0.25.0 written to /workspace/builds/worker-6-tc1/source/Cargo.toml
[INFO] running `Command { std: CARGO_HOME="/workspace/cargo-home" RUSTUP_HOME="/workspace/rustup-home" "/workspace/cargo-home/bin/cargo" "+nightly-2024-02-05" "generate-lockfile" "--manifest-path" "Cargo.toml", kill_on_drop: false }`
[INFO] [stderr]     Updating crates.io index
[INFO] running `Command { std: CARGO_HOME="/workspace/cargo-home" RUSTUP_HOME="/workspace/rustup-home" "/workspace/cargo-home/bin/cargo" "+nightly-2024-02-05" "fetch" "--manifest-path" "Cargo.toml", kill_on_drop: false }`
[INFO] [stderr]  Downloading crates ...
[INFO] [stderr]   Downloaded cargo-readme v3.3.1
[INFO] [stderr]   Downloaded pgmq-core v0.8.5
[INFO] running `Command { std: "docker" "create" "-v" "/var/lib/crater-agent-workspace/builds/worker-6-tc1/target:/opt/rustwide/target:rw,Z" "-v" "/var/lib/crater-agent-workspace/builds/worker-6-tc1/source:/opt/rustwide/workdir:ro,Z" "-v" "/var/lib/crater-agent-workspace/cargo-home:/opt/rustwide/cargo-home:ro,Z" "-v" "/var/lib/crater-agent-workspace/rustup-home:/opt/rustwide/rustup-home:ro,Z" "-e" "SOURCE_DIR=/opt/rustwide/workdir" "-e" "CARGO_TARGET_DIR=/opt/rustwide/target" "-e" "CARGO_HOME=/opt/rustwide/cargo-home" "-e" "RUSTUP_HOME=/opt/rustwide/rustup-home" "-w" "/opt/rustwide/workdir" "-m" "1610612736" "--user" "0:0" "--network" "none" "ghcr.io/rust-lang/crates-build-env/linux@sha256:2788e3201cd34a07e3172128adcd8b3090168a8e3bcc40d7c032b9dda1df7d1c" "/opt/rustwide/cargo-home/bin/cargo" "+nightly-2024-02-05" "metadata" "--no-deps" "--format-version=1", kill_on_drop: false }`
[INFO] [stdout] 145b54389af800bd77e5619d896fc21fd44bf2a4a01886349743847201167254
[INFO] running `Command { std: "docker" "start" "-a" "145b54389af800bd77e5619d896fc21fd44bf2a4a01886349743847201167254", kill_on_drop: false }`
[INFO] running `Command { std: "docker" "inspect" "145b54389af800bd77e5619d896fc21fd44bf2a4a01886349743847201167254", kill_on_drop: false }`
[INFO] running `Command { std: "docker" "rm" "-f" "145b54389af800bd77e5619d896fc21fd44bf2a4a01886349743847201167254", kill_on_drop: false }`
[INFO] [stdout] 145b54389af800bd77e5619d896fc21fd44bf2a4a01886349743847201167254
[INFO] running `Command { std: "docker" "create" "-v" "/var/lib/crater-agent-workspace/builds/worker-6-tc1/target:/opt/rustwide/target:rw,Z" "-v" "/var/lib/crater-agent-workspace/builds/worker-6-tc1/source:/opt/rustwide/workdir:ro,Z" "-v" "/var/lib/crater-agent-workspace/cargo-home:/opt/rustwide/cargo-home:ro,Z" "-v" "/var/lib/crater-agent-workspace/rustup-home:/opt/rustwide/rustup-home:ro,Z" "-e" "SOURCE_DIR=/opt/rustwide/workdir" "-e" "CARGO_TARGET_DIR=/opt/rustwide/target" "-e" "CARGO_INCREMENTAL=0" "-e" "RUST_BACKTRACE=full" "-e" "RUSTFLAGS=--cap-lints=forbid" "-e" "RUSTDOCFLAGS=--cap-lints=forbid" "-e" "CARGO_HOME=/opt/rustwide/cargo-home" "-e" "RUSTUP_HOME=/opt/rustwide/rustup-home" "-w" "/opt/rustwide/workdir" "-m" "1610612736" "--user" "0:0" "--network" "none" "ghcr.io/rust-lang/crates-build-env/linux@sha256:2788e3201cd34a07e3172128adcd8b3090168a8e3bcc40d7c032b9dda1df7d1c" "/opt/rustwide/cargo-home/bin/cargo" "+nightly-2024-02-05" "check" "--frozen" "--all" "--all-targets" "--message-format=json", kill_on_drop: false }`
[INFO] [stdout] 8f334982a102ce1ac99e3af2bd8119cb114af1ea13dcaa75f3af2403b7aba3e2
[INFO] running `Command { std: "docker" "start" "-a" "8f334982a102ce1ac99e3af2bd8119cb114af1ea13dcaa75f3af2403b7aba3e2", kill_on_drop: false }`
[INFO] [stderr]    Compiling subtle v2.5.0
[INFO] [stderr]    Compiling serde v1.0.196
[INFO] [stderr]     Checking getrandom v0.2.12
[INFO] [stderr]     Checking digest v0.10.7
[INFO] [stderr]    Compiling num-traits v0.2.17
[INFO] [stderr]    Compiling unicode-normalization v0.1.22
[INFO] [stderr]     Checking either v1.9.0
[INFO] [stderr]    Compiling unicode-bidi v0.3.15
[INFO] [stderr]    Compiling crossbeam-utils v0.8.19
[INFO] [stderr]    Compiling tokio v1.36.0
[INFO] [stderr]    Compiling iana-time-zone v0.1.60
[INFO] [stderr]     Checking serde_json v1.0.113
[INFO] [stderr]    Compiling native-tls v0.2.11
[INFO] [stderr]     Checking futures-sink v0.3.30
[INFO] [stderr]    Compiling finl_unicode v1.2.0
[INFO] [stderr]     Checking idna v0.5.0
[INFO] [stderr]     Checking ahash v0.8.7
[INFO] [stderr]     Checking rand_core v0.6.4
[INFO] [stderr]     Checking itertools v0.12.1
[INFO] [stderr]    Compiling whoami v1.4.1
[INFO] [stderr]    Compiling base64 v0.21.7
[INFO] [stderr]    Compiling sha2 v0.10.8
[INFO] [stderr]    Compiling hmac v0.12.1
[INFO] [stderr]     Checking hashbrown v0.14.3
[INFO] [stderr]    Compiling hkdf v0.12.4
[INFO] [stderr]    Compiling sha1 v0.10.6
[INFO] [stderr]    Compiling crossbeam-queue v0.3.11
[INFO] [stderr]    Compiling stringprep v0.1.4
[INFO] [stderr]    Compiling md-5 v0.10.6
[INFO] [stderr]     Checking futures-util v0.3.30
[INFO] [stderr]     Checking url v2.5.0
[INFO] [stderr]     Checking rand_chacha v0.3.1
[INFO] [stderr]     Checking chrono v0.4.33
[INFO] [stderr]     Checking futures-channel v0.3.30
[INFO] [stderr]     Checking atoi v2.0.0
[INFO] [stderr]     Checking rand v0.8.5
[INFO] [stderr]     Checking indexmap v2.2.2
[INFO] [stderr]     Checking hashlink v0.8.4
[INFO] [stderr]     Checking home v0.5.9
[INFO] [stderr]     Checking toml_datetime v0.6.5
[INFO] [stderr]     Checking serde_spanned v0.6.5
[INFO] [stderr]     Checking os_str_bytes v6.6.1
[INFO] [stderr]     Checking winnow v0.5.37
[INFO] [stderr]     Checking itertools v0.10.5
[INFO] [stderr]     Checking textwrap v0.16.0
[INFO] [stderr]     Checking clap v4.4.18
[INFO] [stderr]     Checking rayon v1.8.1
[INFO] [stderr]     Checking plotters v0.3.5
[INFO] [stderr]     Checking clap_lex v0.2.4
[INFO] [stderr]     Checking ciborium v0.2.2
[INFO] [stderr]     Checking tinytemplate v1.2.1
[INFO] [stderr]     Checking env_logger v0.10.2
[INFO] [stderr]     Checking clap v3.2.25
[INFO] [stderr]     Checking sqlformat v0.2.3
[INFO] [stderr]     Checking toml_edit v0.22.4
[INFO] [stderr]     Checking criterion-plot v0.5.0
[INFO] [stderr]     Checking tokio-stream v0.1.14
[INFO] [stderr]     Checking criterion v0.4.0
[INFO] [stderr]     Checking sqlx-core v0.7.3
[INFO] [stderr]     Checking toml v0.8.10
[INFO] [stderr]     Checking cargo-readme v3.3.1
[INFO] [stderr]     Checking sqlx-postgres v0.7.3
[INFO] [stderr]    Compiling sqlx-macros-core v0.7.3
[INFO] [stderr]    Compiling sqlx-macros v0.7.3
[INFO] [stderr]     Checking sqlx v0.7.3
[INFO] [stderr]     Checking pgmq-core v0.8.5
[INFO] [stderr]     Checking pgmq v0.25.0 (/opt/rustwide/workdir)
[INFO] [stdout] error[E0308]: mismatched types
[INFO] [stdout]    --> src/lib.rs:324:71
[INFO] [stdout]     |
[INFO] [stdout] 324 |         let row: PgRow = sqlx::query(&core_query::enqueue(queue_name, &msgs, &0)?)
[INFO] [stdout]     |                                       -------------------             ^^^^^ expected `usize`, found `&[Value; 1]`
[INFO] [stdout]     |                                       |
[INFO] [stdout]     |                                       arguments to this function are incorrect
[INFO] [stdout]     |
[INFO] [stdout]     = note:   expected type `usize`
[INFO] [stdout]             found reference `&[JsonValue; 1]`
[INFO] [stdout] note: function defined here
[INFO] [stdout]    --> /opt/rustwide/cargo-home/registry/src/index.crates.io-6f17d22bba15001f/pgmq-core-0.8.5/src/query.rs:156:8
[INFO] [stdout]     |
[INFO] [stdout] 156 | pub fn enqueue(name: &str, messages_num: usize, delay: &u64) -> Result<String, PgmqError> {
[INFO] [stdout]     |        ^^^^^^^
[INFO] [stdout] 
[INFO] [stdout] 
[INFO] [stdout] error[E0308]: mismatched types
[INFO] [stdout]    --> src/lib.rs:324:71
[INFO] [stdout]     |
[INFO] [stdout] 324 |         let row: PgRow = sqlx::query(&core_query::enqueue(queue_name, &msgs, &0)?)
[INFO] [stdout]     |                                       -------------------             ^^^^^ expected `usize`, found `&[Value; 1]`
[INFO] [stdout]     |                                       |
[INFO] [stdout]     |                                       arguments to this function are incorrect
[INFO] [stdout]     |
[INFO] [stdout]     = note:   expected type `usize`
[INFO] [stdout]             found reference `&[JsonValue; 1]`
[INFO] [stdout] note: function defined here
[INFO] [stdout]    --> /opt/rustwide/cargo-home/registry/src/index.crates.io-6f17d22bba15001f/pgmq-core-0.8.5/src/query.rs:156:8
[INFO] [stdout]     |
[INFO] [stdout] 156 | pub fn enqueue(name: &str, messages_num: usize, delay: &u64) -> Result<String, PgmqError> {
[INFO] [stdout]     |        ^^^^^^^
[INFO] [stdout] 
[INFO] [stdout] 
[INFO] [stdout] error[E0308]: mismatched types
[INFO] [stdout]    --> src/lib.rs:391:71
[INFO] [stdout]     |
[INFO] [stdout] 391 |         let row: PgRow = sqlx::query(&core_query::enqueue(queue_name, &msgs, &delay)?)
[INFO] [stdout]     |                                       -------------------             ^^^^^ expected `usize`, found `&Vec<Value>`
[INFO] [stdout]     |                                       |
[INFO] [stdout]     |                                       arguments to this function are incorrect
[INFO] [stdout]     |
[INFO] [stdout]     = note:   expected type `usize`
[INFO] [stdout]             found reference `&Vec<JsonValue>`
[INFO] [stdout] note: function defined here
[INFO] [stdout]    --> /opt/rustwide/cargo-home/registry/src/index.crates.io-6f17d22bba15001f/pgmq-core-0.8.5/src/query.rs:156:8
[INFO] [stdout]     |
[INFO] [stdout] 156 | pub fn enqueue(name: &str, messages_num: usize, delay: &u64) -> Result<String, PgmqError> {
[INFO] [stdout]     |        ^^^^^^^
[INFO] [stdout] 
[INFO] [stdout] 
[INFO] [stdout] error[E0308]: mismatched types
[INFO] [stdout]    --> src/lib.rs:391:71
[INFO] [stdout]     |
[INFO] [stdout] 391 |         let row: PgRow = sqlx::query(&core_query::enqueue(queue_name, &msgs, &delay)?)
[INFO] [stdout]     |                                       -------------------             ^^^^^ expected `usize`, found `&Vec<Value>`
[INFO] [stdout]     |                                       |
[INFO] [stdout]     |                                       arguments to this function are incorrect
[INFO] [stdout]     |
[INFO] [stdout]     = note:   expected type `usize`
[INFO] [stdout]             found reference `&Vec<JsonValue>`
[INFO] [stdout] note: function defined here
[INFO] [stdout]    --> /opt/rustwide/cargo-home/registry/src/index.crates.io-6f17d22bba15001f/pgmq-core-0.8.5/src/query.rs:156:8
[INFO] [stdout]     |
[INFO] [stdout] 156 | pub fn enqueue(name: &str, messages_num: usize, delay: &u64) -> Result<String, PgmqError> {
[INFO] [stdout]     |        ^^^^^^^
[INFO] [stdout] 
[INFO] [stdout] 
[INFO] [stdout] error[E0308]: mismatched types
[INFO] [stdout]    --> src/lib.rs:449:77
[INFO] [stdout]     |
[INFO] [stdout] 449 |         let rows: Vec<PgRow> = sqlx::query(&core_query::enqueue(queue_name, &msgs, &0)?)
[INFO] [stdout]     |                                             -------------------             ^^^^^ expected `usize`, found `&Vec<Value>`
[INFO] [stdout]     |                                             |
[INFO] [stdout]     |                                             arguments to this function are incorrect
[INFO] [stdout]     |
[INFO] [stdout]     = note:   expected type `usize`
[INFO] [stdout]             found reference `&Vec<JsonValue>`
[INFO] [stdout] note: function defined here
[INFO] [stdout]    --> /opt/rustwide/cargo-home/registry/src/index.crates.io-6f17d22bba15001f/pgmq-core-0.8.5/src/query.rs:156:8
[INFO] [stdout]     |
[INFO] [stdout] 156 | pub fn enqueue(name: &str, messages_num: usize, delay: &u64) -> Result<String, PgmqError> {
[INFO] [stdout]     |        ^^^^^^^
[INFO] [stdout] 
[INFO] [stdout] 
[INFO] [stdout] error[E0308]: mismatched types
[INFO] [stdout]    --> src/lib.rs:449:77
[INFO] [stdout]     |
[INFO] [stdout] 449 |         let rows: Vec<PgRow> = sqlx::query(&core_query::enqueue(queue_name, &msgs, &0)?)
[INFO] [stdout]     |                                             -------------------             ^^^^^ expected `usize`, found `&Vec<Value>`
[INFO] [stdout]     |                                             |
[INFO] [stdout]     |                                             arguments to this function are incorrect
[INFO] [stdout]     |
[INFO] [stdout]     = note:   expected type `usize`
[INFO] [stdout]             found reference `&Vec<JsonValue>`
[INFO] [stdout] note: function defined here
[INFO] [stdout]    --> /opt/rustwide/cargo-home/registry/src/index.crates.io-6f17d22bba15001f/pgmq-core-0.8.5/src/query.rs:156:8
[INFO] [stdout]     |
[INFO] [stdout] 156 | pub fn enqueue(name: &str, messages_num: usize, delay: &u64) -> Result<String, PgmqError> {
[INFO] [stdout]     |        ^^^^^^^
[INFO] [stdout] 
[INFO] [stdout] 
[INFO] [stdout] error: aborting due to 3 previous errors
[INFO] [stdout] 
[INFO] [stdout] 
[INFO] [stdout] For more information about this error, try `rustc --explain E0308`.
[INFO] [stdout] 
[INFO] [stdout] error: aborting due to 3 previous errors
[INFO] [stdout] 
[INFO] [stdout] 
[INFO] [stdout] For more information about this error, try `rustc --explain E0308`.
[INFO] [stdout] 
[INFO] [stderr] error: could not compile `pgmq` (lib test) due to 4 previous errors
[INFO] [stderr] warning: build failed, waiting for other jobs to finish...
[INFO] [stderr] error: could not compile `pgmq` (lib) due to 4 previous errors
[INFO] running `Command { std: "docker" "inspect" "8f334982a102ce1ac99e3af2bd8119cb114af1ea13dcaa75f3af2403b7aba3e2", kill_on_drop: false }`
[INFO] running `Command { std: "docker" "rm" "-f" "8f334982a102ce1ac99e3af2bd8119cb114af1ea13dcaa75f3af2403b7aba3e2", kill_on_drop: false }`
[INFO] [stdout] 8f334982a102ce1ac99e3af2bd8119cb114af1ea13dcaa75f3af2403b7aba3e2
