[INFO] fetching crate pg-curve 0.2.0...
[INFO] checking pg-curve-0.2.0 against nightly-2024-02-05 for check-cfg
[INFO] extracting crate pg-curve 0.2.0 into /workspace/builds/worker-0-tc1/source
[INFO] validating manifest of crates.io crate pg-curve 0.2.0 on toolchain nightly-2024-02-05
[INFO] running `Command { std: CARGO_HOME="/workspace/cargo-home" RUSTUP_HOME="/workspace/rustup-home" "/workspace/cargo-home/bin/cargo" "+nightly-2024-02-05" "metadata" "--manifest-path" "Cargo.toml" "--no-deps", kill_on_drop: false }`
[INFO] removed /workspace/builds/worker-0-tc1/source/rust-toolchain.toml
[INFO] started tweaking crates.io crate pg-curve 0.2.0
[INFO] finished tweaking crates.io crate pg-curve 0.2.0
[INFO] tweaked toml for crates.io crate pg-curve 0.2.0 written to /workspace/builds/worker-0-tc1/source/Cargo.toml
[INFO] running `Command { std: CARGO_HOME="/workspace/cargo-home" RUSTUP_HOME="/workspace/rustup-home" "/workspace/cargo-home/bin/cargo" "+nightly-2024-02-05" "generate-lockfile" "--manifest-path" "Cargo.toml", kill_on_drop: false }`
[INFO] [stderr]     Updating crates.io index
[INFO] running `Command { std: CARGO_HOME="/workspace/cargo-home" RUSTUP_HOME="/workspace/rustup-home" "/workspace/cargo-home/bin/cargo" "+nightly-2024-02-05" "fetch" "--manifest-path" "Cargo.toml", kill_on_drop: false }`
[INFO] running `Command { std: "docker" "create" "-v" "/var/lib/crater-agent-workspace/builds/worker-0-tc1/target:/opt/rustwide/target:rw,Z" "-v" "/var/lib/crater-agent-workspace/builds/worker-0-tc1/source:/opt/rustwide/workdir:ro,Z" "-v" "/var/lib/crater-agent-workspace/cargo-home:/opt/rustwide/cargo-home:ro,Z" "-v" "/var/lib/crater-agent-workspace/rustup-home:/opt/rustwide/rustup-home:ro,Z" "-e" "SOURCE_DIR=/opt/rustwide/workdir" "-e" "CARGO_TARGET_DIR=/opt/rustwide/target" "-e" "CARGO_HOME=/opt/rustwide/cargo-home" "-e" "RUSTUP_HOME=/opt/rustwide/rustup-home" "-w" "/opt/rustwide/workdir" "-m" "1610612736" "--user" "0:0" "--network" "none" "ghcr.io/rust-lang/crates-build-env/linux@sha256:2788e3201cd34a07e3172128adcd8b3090168a8e3bcc40d7c032b9dda1df7d1c" "/opt/rustwide/cargo-home/bin/cargo" "+nightly-2024-02-05" "metadata" "--no-deps" "--format-version=1", kill_on_drop: false }`
[INFO] [stdout] 9fd9567386a78cbf88c099073f61c70ab6a09c0bd1ece927013453df534290eb
[INFO] running `Command { std: "docker" "start" "-a" "9fd9567386a78cbf88c099073f61c70ab6a09c0bd1ece927013453df534290eb", kill_on_drop: false }`
[INFO] running `Command { std: "docker" "inspect" "9fd9567386a78cbf88c099073f61c70ab6a09c0bd1ece927013453df534290eb", kill_on_drop: false }`
[INFO] running `Command { std: "docker" "rm" "-f" "9fd9567386a78cbf88c099073f61c70ab6a09c0bd1ece927013453df534290eb", kill_on_drop: false }`
[INFO] [stdout] 9fd9567386a78cbf88c099073f61c70ab6a09c0bd1ece927013453df534290eb
[INFO] running `Command { std: "docker" "create" "-v" "/var/lib/crater-agent-workspace/builds/worker-0-tc1/target:/opt/rustwide/target:rw,Z" "-v" "/var/lib/crater-agent-workspace/builds/worker-0-tc1/source:/opt/rustwide/workdir:ro,Z" "-v" "/var/lib/crater-agent-workspace/cargo-home:/opt/rustwide/cargo-home:ro,Z" "-v" "/var/lib/crater-agent-workspace/rustup-home:/opt/rustwide/rustup-home:ro,Z" "-e" "SOURCE_DIR=/opt/rustwide/workdir" "-e" "CARGO_TARGET_DIR=/opt/rustwide/target" "-e" "CARGO_INCREMENTAL=0" "-e" "RUST_BACKTRACE=full" "-e" "RUSTFLAGS=--cap-lints=forbid" "-e" "RUSTDOCFLAGS=--cap-lints=forbid" "-e" "CARGO_HOME=/opt/rustwide/cargo-home" "-e" "RUSTUP_HOME=/opt/rustwide/rustup-home" "-w" "/opt/rustwide/workdir" "-m" "1610612736" "--user" "0:0" "--network" "none" "ghcr.io/rust-lang/crates-build-env/linux@sha256:2788e3201cd34a07e3172128adcd8b3090168a8e3bcc40d7c032b9dda1df7d1c" "/opt/rustwide/cargo-home/bin/cargo" "+nightly-2024-02-05" "check" "--frozen" "--all" "--all-targets" "--message-format=json", kill_on_drop: false }`
[INFO] [stdout] 54aa0e13e1304915650842dbb5b5eedbfea99d04275f0fffcab21dd7ba22f9a7
[INFO] running `Command { std: "docker" "start" "-a" "54aa0e13e1304915650842dbb5b5eedbfea99d04275f0fffcab21dd7ba22f9a7", kill_on_drop: false }`
[INFO] [stderr]    Compiling radium v0.7.0
[INFO] [stderr]    Compiling proc-macro2 v1.0.78
[INFO] [stderr]     Checking wyz v0.5.1
[INFO] [stderr]     Checking rand_core v0.6.4
[INFO] [stderr]     Checking funty v2.0.0
[INFO] [stderr]     Checking subtle v2.5.0
[INFO] [stderr]     Checking regex-automata v0.1.10
[INFO] [stderr]     Checking plotters-backend v0.3.5
[INFO] [stderr]     Checking regex-syntax v0.8.2
[INFO] [stderr]     Checking textwrap v0.11.0
[INFO] [stderr]     Checking serde_json v1.0.113
[INFO] [stderr]     Checking plotters-svg v0.3.5
[INFO] [stderr]     Checking bstr v0.2.17
[INFO] [stderr]     Checking csv-core v0.1.11
[INFO] [stderr]     Checking itoa v0.4.8
[INFO] [stderr]     Checking cast v0.3.0
[INFO] [stderr]     Checking half v1.8.2
[INFO] [stderr]     Checking clap v2.34.0
[INFO] [stderr]     Checking criterion-plot v0.4.5
[INFO] [stderr]     Checking bitvec v1.0.1
[INFO] [stderr]     Checking serde_cbor v0.11.2
[INFO] [stderr]     Checking csv v1.1.6
[INFO] [stderr]     Checking plotters v0.3.5
[INFO] [stderr]    Compiling quote v1.0.35
[INFO] [stderr]     Checking tinytemplate v1.2.1
[INFO] [stderr]     Checking regex-automata v0.4.5
[INFO] [stderr]     Checking atty v0.2.14
[INFO] [stderr]    Compiling syn v2.0.48
[INFO] [stderr]     Checking rayon v1.8.1
[INFO] [stderr]     Checking oorandom v11.1.3
[INFO] [stderr]     Checking sha3 v0.9.1
[INFO] [stderr]     Checking rand_xorshift v0.3.0
[INFO] [stderr]     Checking ff v0.13.0
[INFO] [stderr]     Checking group v0.13.0
[INFO] [stderr]     Checking pairing v0.23.0
[INFO] [stderr]     Checking regex v1.10.3
[INFO] [stderr]     Checking pg-curve v0.2.0 (/opt/rustwide/workdir)
[INFO] [stderr]    Compiling serde_derive v1.0.196
[INFO] [stderr]     Checking criterion v0.3.6
[INFO] [stdout] error[E0463]: can't find crate for `irmaseal_curve`
[INFO] [stdout]  --> benches/groups.rs:4:1
[INFO] [stdout]   |
[INFO] [stdout] 4 | extern crate irmaseal_curve;
[INFO] [stdout]   | ^^^^^^^^^^^^^^^^^^^^^^^^^^^^ can't find crate
[INFO] [stdout] 
[INFO] [stdout] 
[INFO] [stdout] error[E0433]: failed to resolve: use of undeclared type `Scalar`
[INFO] [stdout]   --> benches/groups.rs:13:17
[INFO] [stdout]    |
[INFO] [stdout] 13 |         let x = Scalar::from_raw([1, 2, 3, 4]);
[INFO] [stdout]    |                 ^^^^^^ use of undeclared type `Scalar`
[INFO] [stdout]    |
[INFO] [stdout] help: consider importing this struct
[INFO] [stdout]    |
[INFO] [stdout] 5  + use pg_curve::Scalar;
[INFO] [stdout]    |
[INFO] [stdout] 
[INFO] [stdout] 
[INFO] [stdout] error[E0433]: failed to resolve: use of undeclared type `Scalar`
[INFO] [stdout]   --> benches/groups.rs:14:17
[INFO] [stdout]    |
[INFO] [stdout] 14 |         let y = Scalar::from_raw([1, 2, 3, 4]);
[INFO] [stdout]    |                 ^^^^^^ use of undeclared type `Scalar`
[INFO] [stdout]    |
[INFO] [stdout] help: consider importing this struct
[INFO] [stdout]    |
[INFO] [stdout] 5  + use pg_curve::Scalar;
[INFO] [stdout]    |
[INFO] [stdout] 
[INFO] [stdout] 
[INFO] [stdout] error[E0433]: failed to resolve: use of undeclared type `Scalar`
[INFO] [stdout]   --> benches/groups.rs:26:23
[INFO] [stdout]    |
[INFO] [stdout] 26 |             b.iter(|| Scalar::from_bytes_wide(black_box(&bytes)))
[INFO] [stdout]    |                       ^^^^^^ use of undeclared type `Scalar`
[INFO] [stdout]    |
[INFO] [stdout] help: consider importing this struct
[INFO] [stdout]    |
[INFO] [stdout] 5  + use pg_curve::Scalar;
[INFO] [stdout]    |
[INFO] [stdout] 
[INFO] [stdout] 
[INFO] [stdout] error[E0433]: failed to resolve: use of undeclared type `G1Affine`
[INFO] [stdout]   --> benches/groups.rs:33:17
[INFO] [stdout]    |
[INFO] [stdout] 33 |         let g = G1Affine::generator();
[INFO] [stdout]    |                 ^^^^^^^^ use of undeclared type `G1Affine`
[INFO] [stdout]    |
[INFO] [stdout] help: consider importing this struct
[INFO] [stdout]    |
[INFO] [stdout] 5  + use pg_curve::G1Affine;
[INFO] [stdout]    |
[INFO] [stdout] 
[INFO] [stdout] 
[INFO] [stdout] error[E0433]: failed to resolve: use of undeclared type `G2Affine`
[INFO] [stdout]   --> benches/groups.rs:34:17
[INFO] [stdout]    |
[INFO] [stdout] 34 |         let h = G2Affine::generator();
[INFO] [stdout]    |                 ^^^^^^^^ use of undeclared type `G2Affine`
[INFO] [stdout]    |
[INFO] [stdout] help: consider importing this struct
[INFO] [stdout]    |
[INFO] [stdout] 5  + use pg_curve::G2Affine;
[INFO] [stdout]    |
[INFO] [stdout] 
[INFO] [stdout] 
[INFO] [stdout] error[E0423]: expected function, found crate `pairing`
[INFO] [stdout]   --> benches/groups.rs:35:17
[INFO] [stdout]    |
[INFO] [stdout] 35 |         let a = pairing(&g, &h);
[INFO] [stdout]    |                 ^^^^^^^ not a function
[INFO] [stdout]    |
[INFO] [stdout] help: consider importing this function instead
[INFO] [stdout]    |
[INFO] [stdout] 5  + use pg_curve::pairing;
[INFO] [stdout]    |
[INFO] [stdout] 
[INFO] [stdout] 
[INFO] [stdout] error[E0433]: failed to resolve: use of undeclared type `Scalar`
[INFO] [stdout]   --> benches/groups.rs:36:17
[INFO] [stdout]    |
[INFO] [stdout] 36 |         let s = Scalar::from_raw([1, 2, 3, 4]);
[INFO] [stdout]    |                 ^^^^^^ use of undeclared type `Scalar`
[INFO] [stdout]    |
[INFO] [stdout] help: consider importing this struct
[INFO] [stdout]    |
[INFO] [stdout] 5  + use pg_curve::Scalar;
[INFO] [stdout]    |
[INFO] [stdout] 
[INFO] [stdout] 
[INFO] [stdout] error[E0423]: expected function, found crate `pairing`
[INFO] [stdout]   --> benches/groups.rs:40:23
[INFO] [stdout]    |
[INFO] [stdout] 40 |             b.iter(|| pairing(black_box(&g), black_box(&h)))
[INFO] [stdout]    |                       ^^^^^^^ not a function
[INFO] [stdout]    |
[INFO] [stdout] help: consider importing this function instead
[INFO] [stdout]    |
[INFO] [stdout] 5  + use pg_curve::pairing;
[INFO] [stdout]    |
[INFO] [stdout] 
[INFO] [stdout] 
[INFO] [stdout] error[E0433]: failed to resolve: use of undeclared type `G2Prepared`
[INFO] [stdout]   --> benches/groups.rs:43:23
[INFO] [stdout]    |
[INFO] [stdout] 43 |             b.iter(|| G2Prepared::from(h))
[INFO] [stdout]    |                       ^^^^^^^^^^ use of undeclared type `G2Prepared`
[INFO] [stdout]    |
[INFO] [stdout] help: consider importing this struct
[INFO] [stdout]    |
[INFO] [stdout] 5  + use pg_curve::G2Prepared;
[INFO] [stdout]    |
[INFO] [stdout] 
[INFO] [stdout] 
[INFO] [stdout] error[E0433]: failed to resolve: use of undeclared type `G2Prepared`
[INFO] [stdout]   --> benches/groups.rs:45:20
[INFO] [stdout]    |
[INFO] [stdout] 45 |         let prep = G2Prepared::from(h);
[INFO] [stdout]    |                    ^^^^^^^^^^ use of undeclared type `G2Prepared`
[INFO] [stdout]    |
[INFO] [stdout] help: consider importing this struct
[INFO] [stdout]    |
[INFO] [stdout] 5  + use pg_curve::G2Prepared;
[INFO] [stdout]    |
[INFO] [stdout] 
[INFO] [stdout] 
[INFO] [stdout] error[E0425]: cannot find function `multi_miller_loop` in this scope
[INFO] [stdout]   --> benches/groups.rs:47:23
[INFO] [stdout]    |
[INFO] [stdout] 47 |             b.iter(|| multi_miller_loop(&[(&g, &prep)]))
[INFO] [stdout]    |                       ^^^^^^^^^^^^^^^^^ not found in this scope
[INFO] [stdout]    |
[INFO] [stdout] help: consider importing this function
[INFO] [stdout]    |
[INFO] [stdout] 5  + use pg_curve::multi_miller_loop;
[INFO] [stdout]    |
[INFO] [stdout] 
[INFO] [stdout] 
[INFO] [stdout] error[E0433]: failed to resolve: use of undeclared type `G2Prepared`
[INFO] [stdout]   --> benches/groups.rs:49:20
[INFO] [stdout]    |
[INFO] [stdout] 49 |         let prep = G2Prepared::from(h);
[INFO] [stdout]    |                    ^^^^^^^^^^ use of undeclared type `G2Prepared`
[INFO] [stdout]    |
[INFO] [stdout] help: consider importing this struct
[INFO] [stdout]    |
[INFO] [stdout] 5  + use pg_curve::G2Prepared;
[INFO] [stdout]    |
[INFO] [stdout] 
[INFO] [stdout] 
[INFO] [stdout] error[E0425]: cannot find function `multi_miller_loop` in this scope
[INFO] [stdout]   --> benches/groups.rs:50:17
[INFO] [stdout]    |
[INFO] [stdout] 50 |         let r = multi_miller_loop(&[(&g, &prep)]);
[INFO] [stdout]    |                 ^^^^^^^^^^^^^^^^^ not found in this scope
[INFO] [stdout]    |
[INFO] [stdout] help: consider importing this function
[INFO] [stdout]    |
[INFO] [stdout] 5  + use pg_curve::multi_miller_loop;
[INFO] [stdout]    |
[INFO] [stdout] 
[INFO] [stdout] 
[INFO] [stdout] error[E0433]: failed to resolve: use of undeclared type `Gt`
[INFO] [stdout]   --> benches/groups.rs:59:32
[INFO] [stdout]    |
[INFO] [stdout] 59 |             move |b| b.iter(|| Gt::from_compressed(black_box(&compressed))),
[INFO] [stdout]    |                                ^^ use of undeclared type `Gt`
[INFO] [stdout]    |
[INFO] [stdout] help: consider importing this struct
[INFO] [stdout]    |
[INFO] [stdout] 5  + use pg_curve::Gt;
[INFO] [stdout]    |
[INFO] [stdout] 
[INFO] [stdout] 
[INFO] [stdout] error[E0433]: failed to resolve: use of undeclared type `Gt`
[INFO] [stdout]   --> benches/groups.rs:63:32
[INFO] [stdout]    |
[INFO] [stdout] 63 |             move |b| b.iter(|| Gt::from_uncompressed(black_box(&uncompressed))),
[INFO] [stdout]    |                                ^^ use of undeclared type `Gt`
[INFO] [stdout]    |
[INFO] [stdout] help: consider importing this struct
[INFO] [stdout]    |
[INFO] [stdout] 5  + use pg_curve::Gt;
[INFO] [stdout]    |
[INFO] [stdout] 
[INFO] [stdout] 
[INFO] [stdout] error[E0433]: failed to resolve: use of undeclared type `G1Affine`
[INFO] [stdout]   --> benches/groups.rs:70:17
[INFO] [stdout]    |
[INFO] [stdout] 70 |         let a = G1Affine::generator();
[INFO] [stdout]    |                 ^^^^^^^^ use of undeclared type `G1Affine`
[INFO] [stdout]    |
[INFO] [stdout] help: consider importing this struct
[INFO] [stdout]    |
[INFO] [stdout] 5  + use pg_curve::G1Affine;
[INFO] [stdout]    |
[INFO] [stdout] 
[INFO] [stdout] 
[INFO] [stdout] error[E0433]: failed to resolve: use of undeclared type `Scalar`
[INFO] [stdout]   --> benches/groups.rs:71:17
[INFO] [stdout]    |
[INFO] [stdout] 71 |         let s = Scalar::from_raw([1, 2, 3, 4]);
[INFO] [stdout]    |                 ^^^^^^ use of undeclared type `Scalar`
[INFO] [stdout]    |
[INFO] [stdout] help: consider importing this struct
[INFO] [stdout]    |
[INFO] [stdout] 5  + use pg_curve::Scalar;
[INFO] [stdout]    |
[INFO] [stdout] 
[INFO] [stdout] 
[INFO] [stdout] error[E0433]: failed to resolve: use of undeclared type `G1Affine`
[INFO] [stdout]   --> benches/groups.rs:88:32
[INFO] [stdout]    |
[INFO] [stdout] 88 |             move |b| b.iter(|| G1Affine::from_compressed(black_box(&compressed))),
[INFO] [stdout]    |                                ^^^^^^^^ use of undeclared type `G1Affine`
[INFO] [stdout]    |
[INFO] [stdout] help: consider importing this struct
[INFO] [stdout]    |
[INFO] [stdout] 5  + use pg_curve::G1Affine;
[INFO] [stdout]    |
[INFO] [stdout] 
[INFO] [stdout] 
[INFO] [stdout] error[E0433]: failed to resolve: use of undeclared type `G1Affine`
[INFO] [stdout]   --> benches/groups.rs:92:32
[INFO] [stdout]    |
[INFO] [stdout] 92 |             move |b| b.iter(|| G1Affine::from_uncompressed(black_box(&uncompressed))),
[INFO] [stdout]    |                                ^^^^^^^^ use of undeclared type `G1Affine`
[INFO] [stdout]    |
[INFO] [stdout] help: consider importing this struct
[INFO] [stdout]    |
[INFO] [stdout] 5  + use pg_curve::G1Affine;
[INFO] [stdout]    |
[INFO] [stdout] 
[INFO] [stdout] 
[INFO] [stdout] error[E0433]: failed to resolve: use of undeclared type `G1Projective`
[INFO] [stdout]   --> benches/groups.rs:99:17
[INFO] [stdout]    |
[INFO] [stdout] 99 |         let a = G1Projective::generator();
[INFO] [stdout]    |                 ^^^^^^^^^^^^ use of undeclared type `G1Projective`
[INFO] [stdout]    |
[INFO] [stdout] help: consider importing this struct
[INFO] [stdout]    |
[INFO] [stdout] 5  + use pg_curve::G1Projective;
[INFO] [stdout]    |
[INFO] [stdout] 
[INFO] [stdout] 
[INFO] [stdout] error[E0433]: failed to resolve: use of undeclared type `G1Affine`
[INFO] [stdout]    --> benches/groups.rs:100:24
[INFO] [stdout]     |
[INFO] [stdout] 100 |         let a_affine = G1Affine::generator();
[INFO] [stdout]     |                        ^^^^^^^^ use of undeclared type `G1Affine`
[INFO] [stdout]     |
[INFO] [stdout] help: consider importing this struct
[INFO] [stdout]     |
[INFO] [stdout] 5   + use pg_curve::G1Affine;
[INFO] [stdout]     |
[INFO] [stdout] 
[INFO] [stdout] 
[INFO] [stdout] error[E0433]: failed to resolve: use of undeclared type `Scalar`
[INFO] [stdout]    --> benches/groups.rs:101:17
[INFO] [stdout]     |
[INFO] [stdout] 101 |         let s = Scalar::from_raw([1, 2, 3, 4]);
[INFO] [stdout]     |                 ^^^^^^ use of undeclared type `Scalar`
[INFO] [stdout]     |
[INFO] [stdout] help: consider importing this struct
[INFO] [stdout]     |
[INFO] [stdout] 5   + use pg_curve::Scalar;
[INFO] [stdout]     |
[INFO] [stdout] 
[INFO] [stdout] 
[INFO] [stdout] error[E0433]: failed to resolve: use of undeclared type `G1Projective`
[INFO] [stdout]    --> benches/groups.rs:104:22
[INFO] [stdout]     |
[INFO] [stdout] 104 |         let v = vec![G1Projective::generator(); N];
[INFO] [stdout]     |                      ^^^^^^^^^^^^ use of undeclared type `G1Projective`
[INFO] [stdout]     |
[INFO] [stdout] help: consider importing this struct
[INFO] [stdout]     |
[INFO] [stdout] 5   + use pg_curve::G1Projective;
[INFO] [stdout]     |
[INFO] [stdout] 
[INFO] [stdout] 
[INFO] [stdout] error[E0433]: failed to resolve: use of undeclared type `G1Affine`
[INFO] [stdout]    --> benches/groups.rs:105:26
[INFO] [stdout]     |
[INFO] [stdout] 105 |         let mut q = vec![G1Affine::identity(); N];
[INFO] [stdout]     |                          ^^^^^^^^ use of undeclared type `G1Affine`
[INFO] [stdout]     |
[INFO] [stdout] help: consider importing this struct
[INFO] [stdout]     |
[INFO] [stdout] 5   + use pg_curve::G1Affine;
[INFO] [stdout]     |
[INFO] [stdout] 
[INFO] [stdout] 
[INFO] [stdout] error[E0433]: failed to resolve: use of undeclared type `G1Affine`
[INFO] [stdout]    --> benches/groups.rs:114:23
[INFO] [stdout]     |
[INFO] [stdout] 114 |             b.iter(|| G1Affine::from(black_box(a)))
[INFO] [stdout]     |                       ^^^^^^^^ use of undeclared type `G1Affine`
[INFO] [stdout]     |
[INFO] [stdout] help: consider importing this struct
[INFO] [stdout]     |
[INFO] [stdout] 5   + use pg_curve::G1Affine;
[INFO] [stdout]     |
[INFO] [stdout] 
[INFO] [stdout] 
[INFO] [stdout] error[E0433]: failed to resolve: use of undeclared type `G1Projective`
[INFO] [stdout]    --> benches/groups.rs:130:17
[INFO] [stdout]     |
[INFO] [stdout] 130 |                 G1Projective::batch_normalize(black_box(&v), black_box(&mut q));
[INFO] [stdout]     |                 ^^^^^^^^^^^^ use of undeclared type `G1Projective`
[INFO] [stdout]     |
[INFO] [stdout] help: consider importing this struct
[INFO] [stdout]     |
[INFO] [stdout] 5   + use pg_curve::G1Projective;
[INFO] [stdout]     |
[INFO] [stdout] 
[INFO] [stdout] 
[INFO] [stdout] error[E0433]: failed to resolve: use of undeclared type `G2Affine`
[INFO] [stdout]    --> benches/groups.rs:139:17
[INFO] [stdout]     |
[INFO] [stdout] 139 |         let a = G2Affine::generator();
[INFO] [stdout]     |                 ^^^^^^^^ use of undeclared type `G2Affine`
[INFO] [stdout]     |
[INFO] [stdout] help: consider importing this struct
[INFO] [stdout]     |
[INFO] [stdout] 5   + use pg_curve::G2Affine;
[INFO] [stdout]     |
[INFO] [stdout] 
[INFO] [stdout] 
[INFO] [stdout] error[E0433]: failed to resolve: use of undeclared type `Scalar`
[INFO] [stdout]    --> benches/groups.rs:140:17
[INFO] [stdout]     |
[INFO] [stdout] 140 |         let s = Scalar::from_raw([1, 2, 3, 4]);
[INFO] [stdout]     |                 ^^^^^^ use of undeclared type `Scalar`
[INFO] [stdout]     |
[INFO] [stdout] help: consider importing this struct
[INFO] [stdout]     |
[INFO] [stdout] 5   + use pg_curve::Scalar;
[INFO] [stdout]     |
[INFO] [stdout] 
[INFO] [stdout] 
[INFO] [stdout] error[E0433]: failed to resolve: use of undeclared type `G2Affine`
[INFO] [stdout]    --> benches/groups.rs:157:32
[INFO] [stdout]     |
[INFO] [stdout] 157 |             move |b| b.iter(|| G2Affine::from_compressed(black_box(&compressed))),
[INFO] [stdout]     |                                ^^^^^^^^ use of undeclared type `G2Affine`
[INFO] [stdout]     |
[INFO] [stdout] help: consider importing this struct
[INFO] [stdout]     |
[INFO] [stdout] 5   + use pg_curve::G2Affine;
[INFO] [stdout]     |
[INFO] [stdout] 
[INFO] [stdout] 
[INFO] [stdout] error[E0433]: failed to resolve: use of undeclared type `G2Affine`
[INFO] [stdout]    --> benches/groups.rs:161:32
[INFO] [stdout]     |
[INFO] [stdout] 161 |             move |b| b.iter(|| G2Affine::from_uncompressed(black_box(&uncompressed))),
[INFO] [stdout]     |                                ^^^^^^^^ use of undeclared type `G2Affine`
[INFO] [stdout]     |
[INFO] [stdout] help: consider importing this struct
[INFO] [stdout]     |
[INFO] [stdout] 5   + use pg_curve::G2Affine;
[INFO] [stdout]     |
[INFO] [stdout] 
[INFO] [stdout] 
[INFO] [stdout] error[E0433]: failed to resolve: use of undeclared type `G2Projective`
[INFO] [stdout]    --> benches/groups.rs:168:17
[INFO] [stdout]     |
[INFO] [stdout] 168 |         let a = G2Projective::generator();
[INFO] [stdout]     |                 ^^^^^^^^^^^^ use of undeclared type `G2Projective`
[INFO] [stdout]     |
[INFO] [stdout] help: consider importing this struct
[INFO] [stdout]     |
[INFO] [stdout] 5   + use pg_curve::G2Projective;
[INFO] [stdout]     |
[INFO] [stdout] 
[INFO] [stdout] 
[INFO] [stdout] error[E0433]: failed to resolve: use of undeclared type `G2Affine`
[INFO] [stdout]    --> benches/groups.rs:169:24
[INFO] [stdout]     |
[INFO] [stdout] 169 |         let a_affine = G2Affine::generator();
[INFO] [stdout]     |                        ^^^^^^^^ use of undeclared type `G2Affine`
[INFO] [stdout]     |
[INFO] [stdout] help: consider importing this struct
[INFO] [stdout]     |
[INFO] [stdout] 5   + use pg_curve::G2Affine;
[INFO] [stdout]     |
[INFO] [stdout] 
[INFO] [stdout] 
[INFO] [stdout] error[E0433]: failed to resolve: use of undeclared type `Scalar`
[INFO] [stdout]    --> benches/groups.rs:170:17
[INFO] [stdout]     |
[INFO] [stdout] 170 |         let s = Scalar::from_raw([1, 2, 3, 4]);
[INFO] [stdout]     |                 ^^^^^^ use of undeclared type `Scalar`
[INFO] [stdout]     |
[INFO] [stdout] help: consider importing this struct
[INFO] [stdout]     |
[INFO] [stdout] 5   + use pg_curve::Scalar;
[INFO] [stdout]     |
[INFO] [stdout] 
[INFO] [stdout] 
[INFO] [stdout] error[E0433]: failed to resolve: use of undeclared type `G2Projective`
[INFO] [stdout]    --> benches/groups.rs:173:22
[INFO] [stdout]     |
[INFO] [stdout] 173 |         let v = vec![G2Projective::generator(); N];
[INFO] [stdout]     |                      ^^^^^^^^^^^^ use of undeclared type `G2Projective`
[INFO] [stdout]     |
[INFO] [stdout] help: consider importing this struct
[INFO] [stdout]     |
[INFO] [stdout] 5   + use pg_curve::G2Projective;
[INFO] [stdout]     |
[INFO] [stdout] 
[INFO] [stdout] 
[INFO] [stdout] error[E0433]: failed to resolve: use of undeclared type `G2Affine`
[INFO] [stdout]    --> benches/groups.rs:174:26
[INFO] [stdout]     |
[INFO] [stdout] 174 |         let mut q = vec![G2Affine::identity(); N];
[INFO] [stdout]     |                          ^^^^^^^^ use of undeclared type `G2Affine`
[INFO] [stdout]     |
[INFO] [stdout] help: consider importing this struct
[INFO] [stdout]     |
[INFO] [stdout] 5   + use pg_curve::G2Affine;
[INFO] [stdout]     |
[INFO] [stdout] 
[INFO] [stdout] 
[INFO] [stdout] error[E0433]: failed to resolve: use of undeclared type `G2Affine`
[INFO] [stdout]    --> benches/groups.rs:183:23
[INFO] [stdout]     |
[INFO] [stdout] 183 |             b.iter(|| G2Affine::from(black_box(a)))
[INFO] [stdout]     |                       ^^^^^^^^ use of undeclared type `G2Affine`
[INFO] [stdout]     |
[INFO] [stdout] help: consider importing this struct
[INFO] [stdout]     |
[INFO] [stdout] 5   + use pg_curve::G2Affine;
[INFO] [stdout]     |
[INFO] [stdout] 
[INFO] [stdout] 
[INFO] [stdout] error[E0433]: failed to resolve: use of undeclared type `G2Projective`
[INFO] [stdout]    --> benches/groups.rs:199:17
[INFO] [stdout]     |
[INFO] [stdout] 199 |                 G2Projective::batch_normalize(black_box(&v), black_box(&mut q));
[INFO] [stdout]     |                 ^^^^^^^^^^^^ use of undeclared type `G2Projective`
[INFO] [stdout]     |
[INFO] [stdout] help: consider importing this struct
[INFO] [stdout]     |
[INFO] [stdout] 5   + use pg_curve::G2Projective;
[INFO] [stdout]     |
[INFO] [stdout] 
[INFO] [stdout] 
[INFO] [stdout] error: aborting due to 38 previous errors
[INFO] [stdout] 
[INFO] [stdout] 
[INFO] [stdout] Some errors have detailed explanations: E0423, E0425, E0433, E0463.
[INFO] [stdout] 
[INFO] [stdout] For more information about an error, try `rustc --explain E0423`.
[INFO] [stdout] 
[INFO] [stderr] error: could not compile `pg-curve` (bench "groups") due to 39 previous errors
[INFO] [stderr] warning: build failed, waiting for other jobs to finish...
[INFO] running `Command { std: "docker" "inspect" "54aa0e13e1304915650842dbb5b5eedbfea99d04275f0fffcab21dd7ba22f9a7", kill_on_drop: false }`
[INFO] running `Command { std: "docker" "rm" "-f" "54aa0e13e1304915650842dbb5b5eedbfea99d04275f0fffcab21dd7ba22f9a7", kill_on_drop: false }`
[INFO] [stdout] 54aa0e13e1304915650842dbb5b5eedbfea99d04275f0fffcab21dd7ba22f9a7
[INFO] checking pg-curve-0.2.0 against nightly-2024-02-05+rustflags=-Dunexpected_cfgs+cargoflags=-Zcheck-cfg for check-cfg
[INFO] extracting crate pg-curve 0.2.0 into /workspace/builds/worker-0-tc2/source
[INFO] validating manifest of crates.io crate pg-curve 0.2.0 on toolchain nightly-2024-02-05
[INFO] running `Command { std: CARGO_HOME="/workspace/cargo-home" RUSTUP_HOME="/workspace/rustup-home" "/workspace/cargo-home/bin/cargo" "+nightly-2024-02-05" "metadata" "--manifest-path" "Cargo.toml" "--no-deps", kill_on_drop: false }`
[INFO] removed /workspace/builds/worker-0-tc2/source/rust-toolchain.toml
[INFO] started tweaking crates.io crate pg-curve 0.2.0
[INFO] finished tweaking crates.io crate pg-curve 0.2.0
[INFO] tweaked toml for crates.io crate pg-curve 0.2.0 written to /workspace/builds/worker-0-tc2/source/Cargo.toml
[INFO] running `Command { std: CARGO_HOME="/workspace/cargo-home" RUSTUP_HOME="/workspace/rustup-home" "/workspace/cargo-home/bin/cargo" "+nightly-2024-02-05" "generate-lockfile" "--manifest-path" "Cargo.toml", kill_on_drop: false }`
[INFO] [stderr]     Updating crates.io index
[INFO] running `Command { std: CARGO_HOME="/workspace/cargo-home" RUSTUP_HOME="/workspace/rustup-home" "/workspace/cargo-home/bin/cargo" "+nightly-2024-02-05" "fetch" "--manifest-path" "Cargo.toml", kill_on_drop: false }`
[INFO] [stderr]     Blocking waiting for file lock on package cache
[INFO] running `Command { std: "docker" "create" "-v" "/var/lib/crater-agent-workspace/builds/worker-0-tc2/target:/opt/rustwide/target:rw,Z" "-v" "/var/lib/crater-agent-workspace/builds/worker-0-tc2/source:/opt/rustwide/workdir:ro,Z" "-v" "/var/lib/crater-agent-workspace/cargo-home:/opt/rustwide/cargo-home:ro,Z" "-v" "/var/lib/crater-agent-workspace/rustup-home:/opt/rustwide/rustup-home:ro,Z" "-e" "SOURCE_DIR=/opt/rustwide/workdir" "-e" "CARGO_TARGET_DIR=/opt/rustwide/target" "-e" "CARGO_HOME=/opt/rustwide/cargo-home" "-e" "RUSTUP_HOME=/opt/rustwide/rustup-home" "-w" "/opt/rustwide/workdir" "-m" "1610612736" "--user" "0:0" "--network" "none" "ghcr.io/rust-lang/crates-build-env/linux@sha256:2788e3201cd34a07e3172128adcd8b3090168a8e3bcc40d7c032b9dda1df7d1c" "/opt/rustwide/cargo-home/bin/cargo" "+nightly-2024-02-05" "metadata" "--no-deps" "--format-version=1", kill_on_drop: false }`
[INFO] [stdout] a8bf5d23d617f0482361f6bf8ec6072fdac09e02cfff2d0a66e81ca17c4abf7e
[INFO] running `Command { std: "docker" "start" "-a" "a8bf5d23d617f0482361f6bf8ec6072fdac09e02cfff2d0a66e81ca17c4abf7e", kill_on_drop: false }`
[INFO] running `Command { std: "docker" "inspect" "a8bf5d23d617f0482361f6bf8ec6072fdac09e02cfff2d0a66e81ca17c4abf7e", kill_on_drop: false }`
[INFO] running `Command { std: "docker" "rm" "-f" "a8bf5d23d617f0482361f6bf8ec6072fdac09e02cfff2d0a66e81ca17c4abf7e", kill_on_drop: false }`
[INFO] [stdout] a8bf5d23d617f0482361f6bf8ec6072fdac09e02cfff2d0a66e81ca17c4abf7e
[INFO] running `Command { std: "docker" "create" "-v" "/var/lib/crater-agent-workspace/builds/worker-0-tc2/target:/opt/rustwide/target:rw,Z" "-v" "/var/lib/crater-agent-workspace/builds/worker-0-tc2/source:/opt/rustwide/workdir:ro,Z" "-v" "/var/lib/crater-agent-workspace/cargo-home:/opt/rustwide/cargo-home:ro,Z" "-v" "/var/lib/crater-agent-workspace/rustup-home:/opt/rustwide/rustup-home:ro,Z" "-e" "SOURCE_DIR=/opt/rustwide/workdir" "-e" "CARGO_TARGET_DIR=/opt/rustwide/target" "-e" "CARGO_INCREMENTAL=0" "-e" "RUST_BACKTRACE=full" "-e" "RUSTFLAGS=--cap-lints=forbid -Dunexpected_cfgs" "-e" "RUSTDOCFLAGS=--cap-lints=forbid" "-e" "CARGO_HOME=/opt/rustwide/cargo-home" "-e" "RUSTUP_HOME=/opt/rustwide/rustup-home" "-w" "/opt/rustwide/workdir" "-m" "1610612736" "--user" "0:0" "--network" "none" "ghcr.io/rust-lang/crates-build-env/linux@sha256:2788e3201cd34a07e3172128adcd8b3090168a8e3bcc40d7c032b9dda1df7d1c" "/opt/rustwide/cargo-home/bin/cargo" "+nightly-2024-02-05" "check" "--frozen" "--all" "--all-targets" "--message-format=json" "-Zcheck-cfg", kill_on_drop: false }`
[INFO] [stdout] 6055a8832f56a476990b6aad5e51833fc196e4c4ea4d187e92083a15eb734181
[INFO] running `Command { std: "docker" "start" "-a" "6055a8832f56a476990b6aad5e51833fc196e4c4ea4d187e92083a15eb734181", kill_on_drop: false }`
[INFO] [stderr]    Compiling radium v0.7.0
[INFO] [stderr]    Compiling proc-macro2 v1.0.78
[INFO] [stderr]     Checking wyz v0.5.1
[INFO] [stderr]     Checking rand_core v0.6.4
[INFO] [stderr]     Checking funty v2.0.0
[INFO] [stderr]     Checking subtle v2.5.0
[INFO] [stderr]     Checking plotters-backend v0.3.5
[INFO] [stderr]     Checking regex-automata v0.1.10
[INFO] [stderr]     Checking regex-syntax v0.8.2
[INFO] [stderr]     Checking textwrap v0.11.0
[INFO] [stderr]     Checking serde_json v1.0.113
[INFO] [stderr]     Checking plotters-svg v0.3.5
[INFO] [stderr]     Checking bstr v0.2.17
[INFO] [stderr]     Checking csv-core v0.1.11
[INFO] [stderr]     Checking half v1.8.2
[INFO] [stderr]     Checking cast v0.3.0
[INFO] [stderr]     Checking itoa v0.4.8
[INFO] [stderr]     Checking bitvec v1.0.1
[INFO] [stderr]     Checking clap v2.34.0
[INFO] [stderr]     Checking serde_cbor v0.11.2
[INFO] [stderr]     Checking criterion-plot v0.4.5
[INFO] [stderr]    Compiling quote v1.0.35
[INFO] [stderr]     Checking csv v1.1.6
[INFO] [stderr]     Checking tinytemplate v1.2.1
[INFO] [stderr]    Compiling syn v2.0.48
[INFO] [stderr]     Checking plotters v0.3.5
[INFO] [stderr]     Checking atty v0.2.14
[INFO] [stderr]     Checking rayon v1.8.1
[INFO] [stderr]     Checking oorandom v11.1.3
[INFO] [stderr]     Checking regex-automata v0.4.5
[INFO] [stderr]     Checking sha3 v0.9.1
[INFO] [stderr]     Checking rand_xorshift v0.3.0
[INFO] [stderr]     Checking regex v1.10.3
[INFO] [stderr]     Checking ff v0.13.0
[INFO] [stderr]     Checking group v0.13.0
[INFO] [stderr]     Checking pairing v0.23.0
[INFO] [stderr]     Checking pg-curve v0.2.0 (/opt/rustwide/workdir)
[INFO] [stdout] error: unexpected `cfg` condition name: `docsrs`
[INFO] [stdout]   --> src/lib.rs:12:13
[INFO] [stdout]    |
[INFO] [stdout] 12 | #![cfg_attr(docsrs, feature(doc_cfg))]
[INFO] [stdout]    |             ^^^^^^
[INFO] [stdout]    |
[INFO] [stdout]    = help: expected names are: `debug_assertions`, `doc`, `doctest`, `feature`, `miri`, `overflow_checks`, `panic`, `proc_macro`, `relocation_model`, `sanitize`, `sanitizer_cfi_generalize_pointers`, `sanitizer_cfi_normalize_integers`, `target_abi`, `target_arch`, `target_endian`, `target_env`, `target_family`, `target_feature`, `target_has_atomic`, `target_has_atomic_equal_alignment`, `target_has_atomic_load_store`, `target_os`, `target_pointer_width`, `target_thread_local`, `target_vendor`, `test`, `unix`, `windows`
[INFO] [stdout]    = help: consider using a Cargo feature instead or adding `println!("cargo:rustc-check-cfg=cfg(docsrs)");` to the top of a `build.rs`
[INFO] [stdout]    = note: see <https://doc.rust-lang.org/nightly/cargo/reference/unstable.html#check-cfg> for more information about checking conditional configuration
[INFO] [stdout]    = note: requested on the command line with `-D unexpected-cfgs`
[INFO] [stdout] 
[INFO] [stdout] 
[INFO] [stdout] error: unexpected `cfg` condition value: `std`
[INFO] [stdout]    --> src/scalar.rs:841:7
[INFO] [stdout]     |
[INFO] [stdout] 841 | #[cfg(feature = "std")]
[INFO] [stdout]     |       ^^^^^^^^^^^^^^^
[INFO] [stdout]     |
[INFO] [stdout]     = note: expected values for `feature` are: `alloc`, `bits`, `default`, `digest`, `experimental`, `group`, `groups`, `nightly`, `pairing`, `pairings`, `zeroize`
[INFO] [stdout]     = help: consider adding `std` as a feature in `Cargo.toml`
[INFO] [stdout]     = note: see <https://doc.rust-lang.org/nightly/cargo/reference/unstable.html#check-cfg> for more information about checking conditional configuration
[INFO] [stdout] 
[INFO] [stdout] 
[INFO] [stdout] error: unexpected `cfg` condition name: `docsrs`
[INFO] [stdout]   --> src/g1.rs:26:12
[INFO] [stdout]    |
[INFO] [stdout] 26 | #[cfg_attr(docsrs, doc(cfg(feature = "groups")))]
[INFO] [stdout]    |            ^^^^^^
[INFO] [stdout]    |
[INFO] [stdout]    = help: consider using a Cargo feature instead or adding `println!("cargo:rustc-check-cfg=cfg(docsrs)");` to the top of a `build.rs`
[INFO] [stdout]    = note: see <https://doc.rust-lang.org/nightly/cargo/reference/unstable.html#check-cfg> for more information about checking conditional configuration
[INFO] [stdout] 
[INFO] [stdout] 
[INFO] [stdout] error: unexpected `cfg` condition name: `docsrs`
[INFO] [stdout]    --> src/g1.rs:440:12
[INFO] [stdout]     |
[INFO] [stdout] 440 | #[cfg_attr(docsrs, doc(cfg(feature = "groups")))]
[INFO] [stdout]     |            ^^^^^^
[INFO] [stdout]     |
[INFO] [stdout]     = help: consider using a Cargo feature instead or adding `println!("cargo:rustc-check-cfg=cfg(docsrs)");` to the top of a `build.rs`
[INFO] [stdout]     = note: see <https://doc.rust-lang.org/nightly/cargo/reference/unstable.html#check-cfg> for more information about checking conditional configuration
[INFO] [stdout] 
[INFO] [stdout] 
[INFO] [stdout] error: unexpected `cfg` condition name: `docsrs`
[INFO] [stdout]   --> src/g2.rs:27:12
[INFO] [stdout]    |
[INFO] [stdout] 27 | #[cfg_attr(docsrs, doc(cfg(feature = "groups")))]
[INFO] [stdout]    |            ^^^^^^
[INFO] [stdout]    |
[INFO] [stdout]    = help: consider using a Cargo feature instead or adding `println!("cargo:rustc-check-cfg=cfg(docsrs)");` to the top of a `build.rs`
[INFO] [stdout]    = note: see <https://doc.rust-lang.org/nightly/cargo/reference/unstable.html#check-cfg> for more information about checking conditional configuration
[INFO] [stdout] 
[INFO] [stdout] 
[INFO] [stdout] error: unexpected `cfg` condition name: `docsrs`
[INFO] [stdout]    --> src/g2.rs:493:12
[INFO] [stdout]     |
[INFO] [stdout] 493 | #[cfg_attr(docsrs, doc(cfg(feature = "groups")))]
[INFO] [stdout]     |            ^^^^^^
[INFO] [stdout]     |
[INFO] [stdout]     = help: consider using a Cargo feature instead or adding `println!("cargo:rustc-check-cfg=cfg(docsrs)");` to the top of a `build.rs`
[INFO] [stdout]     = note: see <https://doc.rust-lang.org/nightly/cargo/reference/unstable.html#check-cfg> for more information about checking conditional configuration
[INFO] [stdout] 
[INFO] [stdout] 
[INFO] [stdout] error: unexpected `cfg` condition name: `docsrs`
[INFO] [stdout]   --> src/pairings.rs:24:12
[INFO] [stdout]    |
[INFO] [stdout] 24 | #[cfg_attr(docsrs, doc(cfg(feature = "pairings")))]
[INFO] [stdout]    |            ^^^^^^
[INFO] [stdout]    |
[INFO] [stdout]    = help: consider using a Cargo feature instead or adding `println!("cargo:rustc-check-cfg=cfg(docsrs)");` to the top of a `build.rs`
[INFO] [stdout]    = note: see <https://doc.rust-lang.org/nightly/cargo/reference/unstable.html#check-cfg> for more information about checking conditional configuration
[INFO] [stdout] 
[INFO] [stdout] 
[INFO] [stdout] error: unexpected `cfg` condition name: `docsrs`
[INFO] [stdout]    --> src/pairings.rs:209:12
[INFO] [stdout]     |
[INFO] [stdout] 209 | #[cfg_attr(docsrs, doc(cfg(feature = "pairings")))]
[INFO] [stdout]     |            ^^^^^^
[INFO] [stdout]     |
[INFO] [stdout]     = help: consider using a Cargo feature instead or adding `println!("cargo:rustc-check-cfg=cfg(docsrs)");` to the top of a `build.rs`
[INFO] [stdout]     = note: see <https://doc.rust-lang.org/nightly/cargo/reference/unstable.html#check-cfg> for more information about checking conditional configuration
[INFO] [stdout] 
[INFO] [stdout] 
[INFO] [stdout] error: unexpected `cfg` condition name: `docsrs`
[INFO] [stdout]    --> src/pairings.rs:559:12
[INFO] [stdout]     |
[INFO] [stdout] 559 | #[cfg_attr(docsrs, doc(cfg(all(feature = "pairings", feature = "alloc"))))]
[INFO] [stdout]     |            ^^^^^^
[INFO] [stdout]     |
[INFO] [stdout]     = help: consider using a Cargo feature instead or adding `println!("cargo:rustc-check-cfg=cfg(docsrs)");` to the top of a `build.rs`
[INFO] [stdout]     = note: see <https://doc.rust-lang.org/nightly/cargo/reference/unstable.html#check-cfg> for more information about checking conditional configuration
[INFO] [stdout] 
[INFO] [stdout] 
[INFO] [stdout] error: unexpected `cfg` condition name: `docsrs`
[INFO] [stdout]    --> src/pairings.rs:620:12
[INFO] [stdout]     |
[INFO] [stdout] 620 | #[cfg_attr(docsrs, doc(cfg(all(feature = "pairings", feature = "alloc"))))]
[INFO] [stdout]     |            ^^^^^^
[INFO] [stdout]     |
[INFO] [stdout]     = help: consider using a Cargo feature instead or adding `println!("cargo:rustc-check-cfg=cfg(docsrs)");` to the top of a `build.rs`
[INFO] [stdout]     = note: see <https://doc.rust-lang.org/nightly/cargo/reference/unstable.html#check-cfg> for more information about checking conditional configuration
[INFO] [stdout] 
[INFO] [stdout] 
[INFO] [stdout] error: unexpected `cfg` condition name: `docsrs`
[INFO] [stdout]    --> src/pairings.rs:677:12
[INFO] [stdout]     |
[INFO] [stdout] 677 | #[cfg_attr(docsrs, doc(cfg(feature = "pairings")))]
[INFO] [stdout]     |            ^^^^^^
[INFO] [stdout]     |
[INFO] [stdout]     = help: consider using a Cargo feature instead or adding `println!("cargo:rustc-check-cfg=cfg(docsrs)");` to the top of a `build.rs`
[INFO] [stdout]     = note: see <https://doc.rust-lang.org/nightly/cargo/reference/unstable.html#check-cfg> for more information about checking conditional configuration
[INFO] [stdout] 
[INFO] [stdout] 
[INFO] [stdout] error: unexpected `cfg` condition name: `docsrs`
[INFO] [stdout]    --> src/pairings.rs:862:12
[INFO] [stdout]     |
[INFO] [stdout] 862 | #[cfg_attr(docsrs, doc(cfg(feature = "pairings")))]
[INFO] [stdout]     |            ^^^^^^
[INFO] [stdout]     |
[INFO] [stdout]     = help: consider using a Cargo feature instead or adding `println!("cargo:rustc-check-cfg=cfg(docsrs)");` to the top of a `build.rs`
[INFO] [stdout]     = note: see <https://doc.rust-lang.org/nightly/cargo/reference/unstable.html#check-cfg> for more information about checking conditional configuration
[INFO] [stdout] 
[INFO] [stdout] 
[INFO] [stdout] error: aborting due to 12 previous errors
[INFO] [stdout] 
[INFO] [stdout] 
[INFO] [stderr] error: could not compile `pg-curve` (lib) due to 13 previous errors
[INFO] [stderr] warning: build failed, waiting for other jobs to finish...
[INFO] running `Command { std: "docker" "inspect" "6055a8832f56a476990b6aad5e51833fc196e4c4ea4d187e92083a15eb734181", kill_on_drop: false }`
[INFO] running `Command { std: "docker" "rm" "-f" "6055a8832f56a476990b6aad5e51833fc196e4c4ea4d187e92083a15eb734181", kill_on_drop: false }`
[INFO] [stdout] 6055a8832f56a476990b6aad5e51833fc196e4c4ea4d187e92083a15eb734181
