[INFO] fetching crate pg-core 0.3.0...
[INFO] checking pg-core-0.3.0 against nightly-2024-02-05 for check-cfg
[INFO] extracting crate pg-core 0.3.0 into /workspace/builds/worker-4-tc1/source
[INFO] validating manifest of crates.io crate pg-core 0.3.0 on toolchain nightly-2024-02-05
[INFO] running `Command { std: CARGO_HOME="/workspace/cargo-home" RUSTUP_HOME="/workspace/rustup-home" "/workspace/cargo-home/bin/cargo" "+nightly-2024-02-05" "metadata" "--manifest-path" "Cargo.toml" "--no-deps", kill_on_drop: false }`
[INFO] started tweaking crates.io crate pg-core 0.3.0
[INFO] finished tweaking crates.io crate pg-core 0.3.0
[INFO] tweaked toml for crates.io crate pg-core 0.3.0 written to /workspace/builds/worker-4-tc1/source/Cargo.toml
[INFO] running `Command { std: CARGO_HOME="/workspace/cargo-home" RUSTUP_HOME="/workspace/rustup-home" "/workspace/cargo-home/bin/cargo" "+nightly-2024-02-05" "generate-lockfile" "--manifest-path" "Cargo.toml", kill_on_drop: false }`
[INFO] [stderr]     Updating crates.io index
[INFO] running `Command { std: CARGO_HOME="/workspace/cargo-home" RUSTUP_HOME="/workspace/rustup-home" "/workspace/cargo-home/bin/cargo" "+nightly-2024-02-05" "fetch" "--manifest-path" "Cargo.toml", kill_on_drop: false }`
[INFO] [stderr]  Downloading crates ...
[INFO] [stderr]   Downloaded serde-transcode v1.1.1
[INFO] [stderr]   Downloaded irma v0.2.1
[INFO] [stderr]   Downloaded pg-curve v0.2.0
[INFO] [stderr]   Downloaded ibs v0.4.0
[INFO] [stderr]   Downloaded ibe v0.3.0
[INFO] running `Command { std: "docker" "create" "-v" "/var/lib/crater-agent-workspace/builds/worker-4-tc1/target:/opt/rustwide/target:rw,Z" "-v" "/var/lib/crater-agent-workspace/builds/worker-4-tc1/source:/opt/rustwide/workdir:ro,Z" "-v" "/var/lib/crater-agent-workspace/cargo-home:/opt/rustwide/cargo-home:ro,Z" "-v" "/var/lib/crater-agent-workspace/rustup-home:/opt/rustwide/rustup-home:ro,Z" "-e" "SOURCE_DIR=/opt/rustwide/workdir" "-e" "CARGO_TARGET_DIR=/opt/rustwide/target" "-e" "CARGO_HOME=/opt/rustwide/cargo-home" "-e" "RUSTUP_HOME=/opt/rustwide/rustup-home" "-w" "/opt/rustwide/workdir" "-m" "1610612736" "--user" "0:0" "--network" "none" "ghcr.io/rust-lang/crates-build-env/linux@sha256:2788e3201cd34a07e3172128adcd8b3090168a8e3bcc40d7c032b9dda1df7d1c" "/opt/rustwide/cargo-home/bin/cargo" "+nightly-2024-02-05" "metadata" "--no-deps" "--format-version=1", kill_on_drop: false }`
[INFO] [stdout] 6872324c50d082aba1112e3c652202ac0093e11de325313154fed6eb1d7d2144
[INFO] running `Command { std: "docker" "start" "-a" "6872324c50d082aba1112e3c652202ac0093e11de325313154fed6eb1d7d2144", kill_on_drop: false }`
[INFO] running `Command { std: "docker" "inspect" "6872324c50d082aba1112e3c652202ac0093e11de325313154fed6eb1d7d2144", kill_on_drop: false }`
[INFO] running `Command { std: "docker" "rm" "-f" "6872324c50d082aba1112e3c652202ac0093e11de325313154fed6eb1d7d2144", kill_on_drop: false }`
[INFO] [stdout] 6872324c50d082aba1112e3c652202ac0093e11de325313154fed6eb1d7d2144
[INFO] running `Command { std: "docker" "create" "-v" "/var/lib/crater-agent-workspace/builds/worker-4-tc1/target:/opt/rustwide/target:rw,Z" "-v" "/var/lib/crater-agent-workspace/builds/worker-4-tc1/source:/opt/rustwide/workdir:ro,Z" "-v" "/var/lib/crater-agent-workspace/cargo-home:/opt/rustwide/cargo-home:ro,Z" "-v" "/var/lib/crater-agent-workspace/rustup-home:/opt/rustwide/rustup-home:ro,Z" "-e" "SOURCE_DIR=/opt/rustwide/workdir" "-e" "CARGO_TARGET_DIR=/opt/rustwide/target" "-e" "CARGO_INCREMENTAL=0" "-e" "RUST_BACKTRACE=full" "-e" "RUSTFLAGS=--cap-lints=forbid" "-e" "RUSTDOCFLAGS=--cap-lints=forbid" "-e" "CARGO_HOME=/opt/rustwide/cargo-home" "-e" "RUSTUP_HOME=/opt/rustwide/rustup-home" "-w" "/opt/rustwide/workdir" "-m" "1610612736" "--user" "0:0" "--network" "none" "ghcr.io/rust-lang/crates-build-env/linux@sha256:2788e3201cd34a07e3172128adcd8b3090168a8e3bcc40d7c032b9dda1df7d1c" "/opt/rustwide/cargo-home/bin/cargo" "+nightly-2024-02-05" "check" "--frozen" "--all" "--all-targets" "--message-format=json", kill_on_drop: false }`
[INFO] [stdout] d7108878583528fa6cb876c895db046009d7b2e31a336271c38d61b5d4b9f0d2
[INFO] running `Command { std: "docker" "start" "-a" "d7108878583528fa6cb876c895db046009d7b2e31a336271c38d61b5d4b9f0d2", kill_on_drop: false }`
[INFO] [stderr]    Compiling libc v0.2.153
[INFO] [stderr]    Compiling vcpkg v0.2.15
[INFO] [stderr]     Checking subtle v2.5.0
[INFO] [stderr]    Compiling generic-array v0.14.7
[INFO] [stderr]    Compiling lock_api v0.4.11
[INFO] [stderr]     Checking log v0.4.20
[INFO] [stderr]     Checking bytes v1.5.0
[INFO] [stderr]     Checking byteorder v1.5.0
[INFO] [stderr]     Checking iovec v0.1.4
[INFO] [stderr]     Checking futures-sink v0.3.30
[INFO] [stderr]     Checking futures-core v0.3.30
[INFO] [stderr]     Checking futures v0.1.31
[INFO] [stderr]     Checking futures-io v0.3.30
[INFO] [stderr]     Checking socket2 v0.5.5
[INFO] [stderr]    Compiling tokio-macros v2.2.0
[INFO] [stderr]     Checking signal-hook-registry v1.4.1
[INFO] [stderr]     Checking mio v0.8.10
[INFO] [stderr]    Compiling radium v0.7.0
[INFO] [stderr]     Checking futures-channel v0.3.30
[INFO] [stderr]     Checking tracing-core v0.1.32
[INFO] [stderr]     Checking foreign-types-shared v0.1.1
[INFO] [stderr]    Compiling semver v1.0.21
[INFO] [stderr]     Checking tap v1.0.1
[INFO] [stderr]    Compiling openssl v0.10.63
[INFO] [stderr]     Checking wyz v0.5.1
[INFO] [stderr]     Checking bytes v0.4.12
[INFO] [stderr]     Checking foreign-types v0.3.2
[INFO] [stderr]    Compiling openssl-macros v0.1.1
[INFO] [stderr]     Checking funty v2.0.0
[INFO] [stderr]    Compiling native-tls v0.2.11
[INFO] [stderr]    Compiling crossbeam-utils v0.8.19
[INFO] [stderr]     Checking hashbrown v0.14.3
[INFO] [stderr]     Checking tracing v0.1.40
[INFO] [stderr]     Checking http v0.2.11
[INFO] [stderr]     Checking openssl-probe v0.1.5
[INFO] [stderr]     Checking parking_lot v0.12.1
[INFO] [stderr]     Checking try-lock v0.2.5
[INFO] [stderr]     Checking tower-service v0.3.2
[INFO] [stderr]     Checking httpdate v1.0.3
[INFO] [stderr]     Checking want v0.3.1
[INFO] [stderr]    Compiling rustc_version v0.4.0
[INFO] [stderr]    Compiling platforms v3.3.0
[INFO] [stderr]    Compiling crunchy v0.2.2
[INFO] [stderr]    Compiling num-traits v0.2.17
[INFO] [stderr]    Compiling tiny-keccak v2.0.2
[INFO] [stderr]    Compiling rustix v0.38.31
[INFO] [stderr]     Checking crypto-common v0.1.6
[INFO] [stderr]     Checking inout v0.1.3
[INFO] [stderr]     Checking bitvec v1.0.1
[INFO] [stderr]     Checking universal-hash v0.5.1
[INFO] [stderr]     Checking block-buffer v0.10.4
[INFO] [stderr]    Compiling rayon-core v1.12.1
[INFO] [stderr]     Checking polyval v0.6.1
[INFO] [stderr]     Checking cipher v0.4.4
[INFO] [stderr]    Compiling curve25519-dalek v4.1.1
[INFO] [stderr]     Checking base64 v0.21.7
[INFO] [stderr]     Checking indexmap v2.2.2
[INFO] [stderr]     Checking digest v0.10.7
[INFO] [stderr]     Checking aead v0.5.2
[INFO] [stderr]     Checking tokio-io v0.1.13
[INFO] [stderr]     Checking tokio v1.36.0
[INFO] [stderr]    Compiling cc v1.0.83
[INFO] [stderr]     Checking ghash v0.5.0
[INFO] [stderr]     Checking aes v0.8.3
[INFO] [stderr]     Checking crossbeam-epoch v0.9.18
[INFO] [stderr]     Checking ctr v0.9.2
[INFO] [stderr]     Checking zeroize v1.7.0
[INFO] [stderr]     Checking http-body v0.4.6
[INFO] [stderr]     Checking serde_urlencoded v0.7.1
[INFO] [stderr]    Compiling curve25519-dalek-derive v0.1.1
[INFO] [stderr]     Checking rustls-pemfile v1.0.4
[INFO] [stderr]    Compiling thiserror-impl v1.0.56
[INFO] [stderr]     Checking encoding_rs v0.8.33
[INFO] [stderr]     Checking half v2.3.1
[INFO] [stderr]     Checking anstyle v1.0.6
[INFO] [stderr]     Checking futures-util v0.3.30
[INFO] [stderr]     Checking crossbeam-deque v0.8.5
[INFO] [stderr]     Checking mime v0.3.17
[INFO] [stderr]     Checking ciborium-io v0.2.2
[INFO] [stderr]     Checking sync_wrapper v0.1.2
[INFO] [stderr]     Checking clap_lex v0.6.0
[INFO] [stderr]     Checking ipnet v2.9.0
[INFO] [stderr]     Checking regex-syntax v0.8.2
[INFO] [stderr]     Checking plotters-backend v0.3.5
[INFO] [stderr]     Checking aes-gcm v0.10.3
[INFO] [stderr]     Checking sha3 v0.10.8
[INFO] [stderr]     Checking ciborium-ll v0.2.2
[INFO] [stderr]     Checking clap_builder v4.4.18
[INFO] [stderr]     Checking itertools v0.10.5
[INFO] [stderr]     Checking plotters-svg v0.3.5
[INFO] [stderr]     Checking cast v0.3.0
[INFO] [stderr]     Checking same-file v1.0.6
[INFO] [stderr]     Checking rayon v1.8.1
[INFO] [stderr]     Checking ciborium v0.2.2
[INFO] [stderr]     Checking tinytemplate v1.2.1
[INFO] [stderr]     Checking walkdir v2.4.0
[INFO] [stderr]     Checking bincode v1.3.3
[INFO] [stderr]     Checking base64ct v1.6.0
[INFO] [stderr]     Checking is-terminal v0.4.10
[INFO] [stderr]     Checking plotters v0.3.5
[INFO] [stderr]     Checking oorandom v11.1.3
[INFO] [stderr]     Checking anes v0.1.6
[INFO] [stderr]     Checking serde-transcode v1.1.1
[INFO] [stderr]    Compiling openssl-sys v0.9.99
[INFO] [stderr]     Checking regex-automata v0.4.5
[INFO] [stderr]     Checking ff v0.13.0
[INFO] [stderr]     Checking group v0.13.0
[INFO] [stderr]     Checking pairing v0.23.0
[INFO] [stderr]     Checking thiserror v1.0.56
[INFO] [stderr]     Checking pg-curve v0.2.0
[INFO] [stderr]     Checking criterion-plot v0.5.0
[INFO] [stderr]     Checking clap v4.4.18
[INFO] [stderr]     Checking ibs v0.4.0
[INFO] [stderr]     Checking ibe v0.3.0
[INFO] [stderr]     Checking regex v1.10.3
[INFO] [stderr]     Checking futures-executor v0.3.30
[INFO] [stderr]     Checking criterion v0.5.1
[INFO] [stderr]     Checking futures v0.3.30
[INFO] [stderr]     Checking tokio-util v0.7.10
[INFO] [stderr]     Checking h2 v0.3.24
[INFO] [stderr]     Checking tokio-native-tls v0.3.1
[INFO] [stderr]     Checking hyper v0.14.28
[INFO] [stderr]     Checking hyper-tls v0.5.0
[INFO] [stderr]     Checking reqwest v0.11.24
[INFO] [stderr]     Checking irma v0.2.1
[INFO] [stderr]     Checking pg-core v0.3.0 (/opt/rustwide/workdir)
[INFO] [stdout] error[E0432]: unresolved import `crate::test`
[INFO] [stdout]    --> src/identity.rs:179:16
[INFO] [stdout]     |
[INFO] [stdout] 179 |     use crate::test::TestSetup;
[INFO] [stdout]     |                ^^^^ could not find `test` in the crate root
[INFO] [stdout] 
[INFO] [stdout] 
[INFO] [stdout] error[E0432]: unresolved import `crate::test`
[INFO] [stdout]    --> src/client/header.rs:202:16
[INFO] [stdout]     |
[INFO] [stdout] 202 |     use crate::test::TestSetup;
[INFO] [stdout]     |                ^^^^ could not find `test` in the crate root
[INFO] [stdout] 
[INFO] [stdout] 
[INFO] [stdout] error[E0432]: unresolved import `crate::test`
[INFO] [stdout]    --> src/client/rust/mod.rs:227:16
[INFO] [stdout]     |
[INFO] [stdout] 227 |     use crate::test::TestSetup;
[INFO] [stdout]     |                ^^^^ could not find `test` in the crate root
[INFO] [stdout] 
[INFO] [stdout] 
[INFO] [stdout] error: aborting due to 3 previous errors
[INFO] [stdout] 
[INFO] [stdout] 
[INFO] [stdout] For more information about this error, try `rustc --explain E0432`.
[INFO] [stdout] 
[INFO] [stderr] error: could not compile `pg-core` (lib test) due to 4 previous errors
[INFO] [stderr] warning: build failed, waiting for other jobs to finish...
[INFO] running `Command { std: "docker" "inspect" "d7108878583528fa6cb876c895db046009d7b2e31a336271c38d61b5d4b9f0d2", kill_on_drop: false }`
[INFO] running `Command { std: "docker" "rm" "-f" "d7108878583528fa6cb876c895db046009d7b2e31a336271c38d61b5d4b9f0d2", kill_on_drop: false }`
[INFO] [stdout] d7108878583528fa6cb876c895db046009d7b2e31a336271c38d61b5d4b9f0d2
