[INFO] fetching crate percy-webapis 0.0.2...
[INFO] checking percy-webapis-0.0.2 against nightly-2024-02-05 for check-cfg
[INFO] extracting crate percy-webapis 0.0.2 into /workspace/builds/worker-0-tc1/source
[INFO] validating manifest of crates.io crate percy-webapis 0.0.2 on toolchain nightly-2024-02-05
[INFO] running `Command { std: CARGO_HOME="/workspace/cargo-home" RUSTUP_HOME="/workspace/rustup-home" "/workspace/cargo-home/bin/cargo" "+nightly-2024-02-05" "metadata" "--manifest-path" "Cargo.toml" "--no-deps", kill_on_drop: false }`
[INFO] started tweaking crates.io crate percy-webapis 0.0.2
[INFO] finished tweaking crates.io crate percy-webapis 0.0.2
[INFO] tweaked toml for crates.io crate percy-webapis 0.0.2 written to /workspace/builds/worker-0-tc1/source/Cargo.toml
[INFO] running `Command { std: CARGO_HOME="/workspace/cargo-home" RUSTUP_HOME="/workspace/rustup-home" "/workspace/cargo-home/bin/cargo" "+nightly-2024-02-05" "generate-lockfile" "--manifest-path" "Cargo.toml", kill_on_drop: false }`
[INFO] [stderr]     Updating crates.io index
[INFO] running `Command { std: CARGO_HOME="/workspace/cargo-home" RUSTUP_HOME="/workspace/rustup-home" "/workspace/cargo-home/bin/cargo" "+nightly-2024-02-05" "fetch" "--manifest-path" "Cargo.toml", kill_on_drop: false }`
[INFO] running `Command { std: "docker" "create" "-v" "/var/lib/crater-agent-workspace/builds/worker-0-tc1/target:/opt/rustwide/target:rw,Z" "-v" "/var/lib/crater-agent-workspace/builds/worker-0-tc1/source:/opt/rustwide/workdir:ro,Z" "-v" "/var/lib/crater-agent-workspace/cargo-home:/opt/rustwide/cargo-home:ro,Z" "-v" "/var/lib/crater-agent-workspace/rustup-home:/opt/rustwide/rustup-home:ro,Z" "-e" "SOURCE_DIR=/opt/rustwide/workdir" "-e" "CARGO_TARGET_DIR=/opt/rustwide/target" "-e" "CARGO_HOME=/opt/rustwide/cargo-home" "-e" "RUSTUP_HOME=/opt/rustwide/rustup-home" "-w" "/opt/rustwide/workdir" "-m" "1610612736" "--user" "0:0" "--network" "none" "ghcr.io/rust-lang/crates-build-env/linux@sha256:2788e3201cd34a07e3172128adcd8b3090168a8e3bcc40d7c032b9dda1df7d1c" "/opt/rustwide/cargo-home/bin/cargo" "+nightly-2024-02-05" "metadata" "--no-deps" "--format-version=1", kill_on_drop: false }`
[INFO] [stdout] 0dc618c5ac1ec9e4fe617dac9be782e7eebf9aae114b98884f5fe53d6de56c9c
[INFO] running `Command { std: "docker" "start" "-a" "0dc618c5ac1ec9e4fe617dac9be782e7eebf9aae114b98884f5fe53d6de56c9c", kill_on_drop: false }`
[INFO] running `Command { std: "docker" "inspect" "0dc618c5ac1ec9e4fe617dac9be782e7eebf9aae114b98884f5fe53d6de56c9c", kill_on_drop: false }`
[INFO] running `Command { std: "docker" "rm" "-f" "0dc618c5ac1ec9e4fe617dac9be782e7eebf9aae114b98884f5fe53d6de56c9c", kill_on_drop: false }`
[INFO] [stdout] 0dc618c5ac1ec9e4fe617dac9be782e7eebf9aae114b98884f5fe53d6de56c9c
[INFO] running `Command { std: "docker" "create" "-v" "/var/lib/crater-agent-workspace/builds/worker-0-tc1/target:/opt/rustwide/target:rw,Z" "-v" "/var/lib/crater-agent-workspace/builds/worker-0-tc1/source:/opt/rustwide/workdir:ro,Z" "-v" "/var/lib/crater-agent-workspace/cargo-home:/opt/rustwide/cargo-home:ro,Z" "-v" "/var/lib/crater-agent-workspace/rustup-home:/opt/rustwide/rustup-home:ro,Z" "-e" "SOURCE_DIR=/opt/rustwide/workdir" "-e" "CARGO_TARGET_DIR=/opt/rustwide/target" "-e" "CARGO_INCREMENTAL=0" "-e" "RUST_BACKTRACE=full" "-e" "RUSTFLAGS=--cap-lints=forbid" "-e" "RUSTDOCFLAGS=--cap-lints=forbid" "-e" "CARGO_HOME=/opt/rustwide/cargo-home" "-e" "RUSTUP_HOME=/opt/rustwide/rustup-home" "-w" "/opt/rustwide/workdir" "-m" "1610612736" "--user" "0:0" "--network" "none" "ghcr.io/rust-lang/crates-build-env/linux@sha256:2788e3201cd34a07e3172128adcd8b3090168a8e3bcc40d7c032b9dda1df7d1c" "/opt/rustwide/cargo-home/bin/cargo" "+nightly-2024-02-05" "check" "--frozen" "--all" "--all-targets" "--message-format=json", kill_on_drop: false }`
[INFO] [stdout] 020a8c0d9b45fbfa98807bcd29dadb4ff2e7eac73b3ec8396c4a75668999e166
[INFO] running `Command { std: "docker" "start" "-a" "020a8c0d9b45fbfa98807bcd29dadb4ff2e7eac73b3ec8396c4a75668999e166", kill_on_drop: false }`
[INFO] [stderr]    Compiling wasm-bindgen-shared v0.2.90
[INFO] [stderr]    Compiling log v0.4.20
[INFO] [stderr]    Compiling bumpalo v3.14.0
[INFO] [stderr]    Compiling wasm-bindgen v0.2.90
[INFO] [stderr]    Compiling syn v2.0.48
[INFO] [stderr]    Compiling wasm-bindgen-backend v0.2.90
[INFO] [stderr]    Compiling wasm-bindgen-macro-support v0.2.90
[INFO] [stderr]    Compiling wasm-bindgen-macro v0.2.90
[INFO] [stderr]     Checking percy-webapis v0.0.2 (/opt/rustwide/workdir)
[INFO] [stdout] error[E0433]: failed to resolve: unresolved import
[INFO] [stdout]   --> src/lib.rs:57:75
[INFO] [stdout]    |
[INFO] [stdout] 57 |     pub fn add_event_listener(this: &Element, event: &str, cb: &Closure<Fn()>);
[INFO] [stdout]    |                                                                           ^ unresolved import
[INFO] [stdout] 
[INFO] [stdout] 
[INFO] [stdout] error[E0433]: failed to resolve: unresolved import
[INFO] [stdout]   --> src/lib.rs:57:75
[INFO] [stdout]    |
[INFO] [stdout] 57 |     pub fn add_event_listener(this: &Element, event: &str, cb: &Closure<Fn()>);
[INFO] [stdout]    |                                                                           ^ unresolved import
[INFO] [stdout] 
[INFO] [stdout] 
[INFO] [stdout] error[E0412]: cannot find type `Element` in this scope
[INFO] [stdout]   --> src/lib.rs:17:62
[INFO] [stdout]    |
[INFO] [stdout] 17 |     pub fn create_element(this: &HTMLDocument, tag: &str) -> Element;
[INFO] [stdout]    |                                                              ^^^^^^^ not found in this scope
[INFO] [stdout] 
[INFO] [stdout] 
[INFO] [stdout] error[E0412]: cannot find type `Element` in this scope
[INFO] [stdout]   --> src/lib.rs:17:12
[INFO] [stdout]    |
[INFO] [stdout] 17 |     pub fn create_element(this: &HTMLDocument, tag: &str) -> Element;
[INFO] [stdout]    |            ^^^^^^^^^^^^^^ not found in this scope
[INFO] [stdout]    |
[INFO] [stdout] help: you might be missing a type parameter
[INFO] [stdout]    |
[INFO] [stdout] 17 |     pub fn create_element<Element>(this: &HTMLDocument, tag: &str) -> Element;
[INFO] [stdout]    |                          +++++++++
[INFO] [stdout] 
[INFO] [stdout] 
[INFO] [stdout] error[E0412]: cannot find type `Element` in this scope
[INFO] [stdout]   --> src/lib.rs:17:62
[INFO] [stdout]    |
[INFO] [stdout] 17 |     pub fn create_element(this: &HTMLDocument, tag: &str) -> Element;
[INFO] [stdout]    |                                                              ^^^^^^^ not found in this scope
[INFO] [stdout] 
[INFO] [stdout] 
[INFO] [stdout] error[E0412]: cannot find type `Element` in this scope
[INFO] [stdout]   --> src/lib.rs:20:64
[INFO] [stdout]    |
[INFO] [stdout] 20 |     pub fn get_element_by_id(this: &HTMLDocument, id: &str) -> Element;
[INFO] [stdout]    |                                                                ^^^^^^^ not found in this scope
[INFO] [stdout] 
[INFO] [stdout] 
[INFO] [stdout] error[E0412]: cannot find type `Element` in this scope
[INFO] [stdout]   --> src/lib.rs:17:12
[INFO] [stdout]    |
[INFO] [stdout] 17 |     pub fn create_element(this: &HTMLDocument, tag: &str) -> Element;
[INFO] [stdout]    |            ^^^^^^^^^^^^^^ not found in this scope
[INFO] [stdout]    |
[INFO] [stdout] help: you might be missing a type parameter
[INFO] [stdout]    |
[INFO] [stdout] 17 |     pub fn create_element<Element>(this: &HTMLDocument, tag: &str) -> Element;
[INFO] [stdout]    |                          +++++++++
[INFO] [stdout] 
[INFO] [stdout] 
[INFO] [stdout] error[E0412]: cannot find type `Element` in this scope
[INFO] [stdout]   --> src/lib.rs:20:12
[INFO] [stdout]    |
[INFO] [stdout] 20 |     pub fn get_element_by_id(this: &HTMLDocument, id: &str) -> Element;
[INFO] [stdout]    |            ^^^^^^^^^^^^^^^^^ not found in this scope
[INFO] [stdout]    |
[INFO] [stdout] help: you might be missing a type parameter
[INFO] [stdout]    |
[INFO] [stdout] 20 |     pub fn get_element_by_id<Element>(this: &HTMLDocument, id: &str) -> Element;
[INFO] [stdout]    |                             +++++++++
[INFO] [stdout] 
[INFO] [stdout] 
[INFO] [stdout] error[E0412]: cannot find type `Element` in this scope
[INFO] [stdout]   --> src/lib.rs:20:64
[INFO] [stdout]    |
[INFO] [stdout] 20 |     pub fn get_element_by_id(this: &HTMLDocument, id: &str) -> Element;
[INFO] [stdout]    |                                                                ^^^^^^^ not found in this scope
[INFO] [stdout] 
[INFO] [stdout] 
[INFO] [stdout] error[E0412]: cannot find type `HTMLCanvasElement` in this scope
[INFO] [stdout]   --> src/lib.rs:23:69
[INFO] [stdout]    |
[INFO] [stdout] 23 |     pub fn create_canvas_element(this: &HTMLDocument, tag: &str) -> HTMLCanvasElement;
[INFO] [stdout]    |                                                                     ^^^^^^^^^^^^^^^^^ not found in this scope
[INFO] [stdout] 
[INFO] [stdout] 
[INFO] [stdout] error[E0412]: cannot find type `Element` in this scope
[INFO] [stdout]   --> src/lib.rs:20:12
[INFO] [stdout]    |
[INFO] [stdout] 20 |     pub fn get_element_by_id(this: &HTMLDocument, id: &str) -> Element;
[INFO] [stdout]    |            ^^^^^^^^^^^^^^^^^ not found in this scope
[INFO] [stdout]    |
[INFO] [stdout] help: you might be missing a type parameter
[INFO] [stdout]    |
[INFO] [stdout] 20 |     pub fn get_element_by_id<Element>(this: &HTMLDocument, id: &str) -> Element;
[INFO] [stdout]    |                             +++++++++
[INFO] [stdout] 
[INFO] [stdout] 
[INFO] [stdout] error[E0412]: cannot find type `HTMLCanvasElement` in this scope
[INFO] [stdout]   --> src/lib.rs:23:12
[INFO] [stdout]    |
[INFO] [stdout] 23 |     pub fn create_canvas_element(this: &HTMLDocument, tag: &str) -> HTMLCanvasElement;
[INFO] [stdout]    |            ^^^^^^^^^^^^^^^^^^^^^ not found in this scope
[INFO] [stdout]    |
[INFO] [stdout] help: you might be missing a type parameter
[INFO] [stdout]    |
[INFO] [stdout] 23 |     pub fn create_canvas_element<HTMLCanvasElement>(this: &HTMLDocument, tag: &str) -> HTMLCanvasElement;
[INFO] [stdout]    |                                 +++++++++++++++++++
[INFO] [stdout] 
[INFO] [stdout] 
[INFO] [stdout] error[E0412]: cannot find type `HTMLCanvasElement` in this scope
[INFO] [stdout]   --> src/lib.rs:23:69
[INFO] [stdout]    |
[INFO] [stdout] 23 |     pub fn create_canvas_element(this: &HTMLDocument, tag: &str) -> HTMLCanvasElement;
[INFO] [stdout]    |                                                                     ^^^^^^^^^^^^^^^^^ not found in this scope
[INFO] [stdout] 
[INFO] [stdout] 
[INFO] [stdout] error[E0412]: cannot find type `Element` in this scope
[INFO] [stdout]   --> src/lib.rs:29:41
[INFO] [stdout]    |
[INFO] [stdout] 29 |     pub fn body(this: &HTMLDocument) -> Element;
[INFO] [stdout]    |                                         ^^^^^^^ not found in this scope
[INFO] [stdout] 
[INFO] [stdout] 
[INFO] [stdout] error[E0412]: cannot find type `HTMLCanvasElement` in this scope
[INFO] [stdout]   --> src/lib.rs:23:12
[INFO] [stdout]    |
[INFO] [stdout] 23 |     pub fn create_canvas_element(this: &HTMLDocument, tag: &str) -> HTMLCanvasElement;
[INFO] [stdout]    |            ^^^^^^^^^^^^^^^^^^^^^ not found in this scope
[INFO] [stdout]    |
[INFO] [stdout] help: you might be missing a type parameter
[INFO] [stdout]    |
[INFO] [stdout] 23 |     pub fn create_canvas_element<HTMLCanvasElement>(this: &HTMLDocument, tag: &str) -> HTMLCanvasElement;
[INFO] [stdout]    |                                 +++++++++++++++++++
[INFO] [stdout] 
[INFO] [stdout] 
[INFO] [stdout] error[E0412]: cannot find type `Element` in this scope
[INFO] [stdout]   --> src/lib.rs:29:12
[INFO] [stdout]    |
[INFO] [stdout] 29 |     pub fn body(this: &HTMLDocument) -> Element;
[INFO] [stdout]    |            ^^^^ not found in this scope
[INFO] [stdout]    |
[INFO] [stdout] help: you might be missing a type parameter
[INFO] [stdout]    |
[INFO] [stdout] 29 |     pub fn body<Element>(this: &HTMLDocument) -> Element;
[INFO] [stdout]    |                +++++++++
[INFO] [stdout] 
[INFO] [stdout] 
[INFO] [stdout] error[E0412]: cannot find type `Element` in this scope
[INFO] [stdout]   --> src/lib.rs:29:41
[INFO] [stdout]    |
[INFO] [stdout] 29 |     pub fn body(this: &HTMLDocument) -> Element;
[INFO] [stdout]    |                                         ^^^^^^^ not found in this scope
[INFO] [stdout] 
[INFO] [stdout] 
[INFO] [stdout] error[E0412]: cannot find type `Element` in this scope
[INFO] [stdout]   --> src/lib.rs:32:16
[INFO] [stdout]    |
[INFO] [stdout] 32 | impl Clone for Element {
[INFO] [stdout]    |                ^^^^^^^ not found in this scope
[INFO] [stdout] 
[INFO] [stdout] 
[INFO] [stdout] error[E0412]: cannot find type `Element` in this scope
[INFO] [stdout]   --> src/lib.rs:33:24
[INFO] [stdout]    |
[INFO] [stdout] 33 |     fn clone(&self) -> Element {
[INFO] [stdout]    |                        ^^^^^^^ not found in this scope
[INFO] [stdout] 
[INFO] [stdout] 
[INFO] [stdout] error[E0412]: cannot find type `Element` in this scope
[INFO] [stdout]   --> src/lib.rs:29:12
[INFO] [stdout]    |
[INFO] [stdout] 29 |     pub fn body(this: &HTMLDocument) -> Element;
[INFO] [stdout]    |            ^^^^ not found in this scope
[INFO] [stdout]    |
[INFO] [stdout] help: you might be missing a type parameter
[INFO] [stdout]    |
[INFO] [stdout] 29 |     pub fn body<Element>(this: &HTMLDocument) -> Element;
[INFO] [stdout]    |                +++++++++
[INFO] [stdout] 
[INFO] [stdout] 
[INFO] [stdout] error[E0422]: cannot find struct, variant or union type `Element` in this scope
[INFO] [stdout]   --> src/lib.rs:34:9
[INFO] [stdout]    |
[INFO] [stdout] 34 |         Element {
[INFO] [stdout]    |         ^^^^^^^ not found in this scope
[INFO] [stdout] 
[INFO] [stdout] 
[INFO] [stdout] error[E0412]: cannot find type `Element` in this scope
[INFO] [stdout]   --> src/lib.rs:32:16
[INFO] [stdout]    |
[INFO] [stdout] 32 | impl Clone for Element {
[INFO] [stdout]    |                ^^^^^^^ not found in this scope
[INFO] [stdout] 
[INFO] [stdout] 
[INFO] [stdout] error[E0412]: cannot find type `Element` in this scope
[INFO] [stdout]   --> src/lib.rs:91:49
[INFO] [stdout]    |
[INFO] [stdout] 91 |     pub fn item(this: &NodeList, idx: usize) -> Element;
[INFO] [stdout]    |                                                 ^^^^^^^ not found in this scope
[INFO] [stdout] 
[INFO] [stdout] 
[INFO] [stdout] error[E0412]: cannot find type `Element` in this scope
[INFO] [stdout]   --> src/lib.rs:33:24
[INFO] [stdout]    |
[INFO] [stdout] 33 |     fn clone(&self) -> Element {
[INFO] [stdout]    |                        ^^^^^^^ not found in this scope
[INFO] [stdout] 
[INFO] [stdout] 
[INFO] [stdout] error[E0412]: cannot find type `Element` in this scope
[INFO] [stdout]   --> src/lib.rs:91:12
[INFO] [stdout]    |
[INFO] [stdout] 91 |     pub fn item(this: &NodeList, idx: usize) -> Element;
[INFO] [stdout]    |            ^^^^ not found in this scope
[INFO] [stdout]    |
[INFO] [stdout] help: you might be missing a type parameter
[INFO] [stdout]    |
[INFO] [stdout] 91 |     pub fn item<Element>(this: &NodeList, idx: usize) -> Element;
[INFO] [stdout]    |                +++++++++
[INFO] [stdout] 
[INFO] [stdout] 
[INFO] [stdout] error[E0422]: cannot find struct, variant or union type `Element` in this scope
[INFO] [stdout]   --> src/lib.rs:34:9
[INFO] [stdout]    |
[INFO] [stdout] 34 |         Element {
[INFO] [stdout]    |         ^^^^^^^ not found in this scope
[INFO] [stdout] 
[INFO] [stdout] 
[INFO] [stdout] error[E0412]: cannot find type `Element` in this scope
[INFO] [stdout]   --> src/lib.rs:91:49
[INFO] [stdout]    |
[INFO] [stdout] 91 |     pub fn item(this: &NodeList, idx: usize) -> Element;
[INFO] [stdout]    |                                                 ^^^^^^^ not found in this scope
[INFO] [stdout] 
[INFO] [stdout] 
[INFO] [stdout] error[E0412]: cannot find type `Element` in this scope
[INFO] [stdout]   --> src/lib.rs:91:12
[INFO] [stdout]    |
[INFO] [stdout] 91 |     pub fn item(this: &NodeList, idx: usize) -> Element;
[INFO] [stdout]    |            ^^^^ not found in this scope
[INFO] [stdout]    |
[INFO] [stdout] help: you might be missing a type parameter
[INFO] [stdout]    |
[INFO] [stdout] 91 |     pub fn item<Element>(this: &NodeList, idx: usize) -> Element;
[INFO] [stdout]    |                +++++++++
[INFO] [stdout] 
[INFO] [stdout] 
[INFO] [stdout] warning: the feature `use_extern_macros` has been stable since 1.30.0 and no longer requires an attribute to enable
[INFO] [stdout]  --> src/lib.rs:1:12
[INFO] [stdout]   |
[INFO] [stdout] 1 | #![feature(use_extern_macros)]
[INFO] [stdout]   |            ^^^^^^^^^^^^^^^^^
[INFO] [stdout]   |
[INFO] [stdout]   = note: `#[warn(stable_features)]` on by default
[INFO] [stdout] 
[INFO] [stdout] 
[INFO] [stdout] warning: the feature `use_extern_macros` has been stable since 1.30.0 and no longer requires an attribute to enable
[INFO] [stdout]  --> src/lib.rs:1:12
[INFO] [stdout]   |
[INFO] [stdout] 1 | #![feature(use_extern_macros)]
[INFO] [stdout]   |            ^^^^^^^^^^^^^^^^^
[INFO] [stdout]   |
[INFO] [stdout]   = note: `#[warn(stable_features)]` on by default
[INFO] [stdout] 
[INFO] [stdout] 
[INFO] [stdout] error: aborting due to 14 previous errors; 1 warning emitted
[INFO] [stdout] 
[INFO] [stdout] 
[INFO] [stdout] Some errors have detailed explanations: E0412, E0422, E0433.
[INFO] [stdout] 
[INFO] [stdout] For more information about an error, try `rustc --explain E0412`.
[INFO] [stdout] 
[INFO] [stdout] error: aborting due to 14 previous errors; 1 warning emitted
[INFO] [stdout] 
[INFO] [stdout] 
[INFO] [stdout] Some errors have detailed explanations: E0412, E0422, E0433.
[INFO] [stdout] 
[INFO] [stdout] For more information about an error, try `rustc --explain E0412`.
[INFO] [stdout] 
[INFO] [stderr] error: could not compile `percy-webapis` (lib test) due to 15 previous errors; 1 warning emitted
[INFO] [stderr] warning: build failed, waiting for other jobs to finish...
[INFO] [stderr] error: could not compile `percy-webapis` (lib) due to 15 previous errors; 1 warning emitted
[INFO] running `Command { std: "docker" "inspect" "020a8c0d9b45fbfa98807bcd29dadb4ff2e7eac73b3ec8396c4a75668999e166", kill_on_drop: false }`
[INFO] running `Command { std: "docker" "rm" "-f" "020a8c0d9b45fbfa98807bcd29dadb4ff2e7eac73b3ec8396c4a75668999e166", kill_on_drop: false }`
[INFO] [stdout] 020a8c0d9b45fbfa98807bcd29dadb4ff2e7eac73b3ec8396c4a75668999e166
[INFO] checking percy-webapis-0.0.2 against nightly-2024-02-05+rustflags=-Dunexpected_cfgs+cargoflags=-Zcheck-cfg for check-cfg
[INFO] extracting crate percy-webapis 0.0.2 into /workspace/builds/worker-0-tc2/source
[INFO] validating manifest of crates.io crate percy-webapis 0.0.2 on toolchain nightly-2024-02-05
[INFO] running `Command { std: CARGO_HOME="/workspace/cargo-home" RUSTUP_HOME="/workspace/rustup-home" "/workspace/cargo-home/bin/cargo" "+nightly-2024-02-05" "metadata" "--manifest-path" "Cargo.toml" "--no-deps", kill_on_drop: false }`
[INFO] started tweaking crates.io crate percy-webapis 0.0.2
[INFO] finished tweaking crates.io crate percy-webapis 0.0.2
[INFO] tweaked toml for crates.io crate percy-webapis 0.0.2 written to /workspace/builds/worker-0-tc2/source/Cargo.toml
[INFO] running `Command { std: CARGO_HOME="/workspace/cargo-home" RUSTUP_HOME="/workspace/rustup-home" "/workspace/cargo-home/bin/cargo" "+nightly-2024-02-05" "generate-lockfile" "--manifest-path" "Cargo.toml", kill_on_drop: false }`
[INFO] [stderr]     Updating crates.io index
[INFO] running `Command { std: CARGO_HOME="/workspace/cargo-home" RUSTUP_HOME="/workspace/rustup-home" "/workspace/cargo-home/bin/cargo" "+nightly-2024-02-05" "fetch" "--manifest-path" "Cargo.toml", kill_on_drop: false }`
[INFO] running `Command { std: "docker" "create" "-v" "/var/lib/crater-agent-workspace/builds/worker-0-tc2/target:/opt/rustwide/target:rw,Z" "-v" "/var/lib/crater-agent-workspace/builds/worker-0-tc2/source:/opt/rustwide/workdir:ro,Z" "-v" "/var/lib/crater-agent-workspace/cargo-home:/opt/rustwide/cargo-home:ro,Z" "-v" "/var/lib/crater-agent-workspace/rustup-home:/opt/rustwide/rustup-home:ro,Z" "-e" "SOURCE_DIR=/opt/rustwide/workdir" "-e" "CARGO_TARGET_DIR=/opt/rustwide/target" "-e" "CARGO_HOME=/opt/rustwide/cargo-home" "-e" "RUSTUP_HOME=/opt/rustwide/rustup-home" "-w" "/opt/rustwide/workdir" "-m" "1610612736" "--user" "0:0" "--network" "none" "ghcr.io/rust-lang/crates-build-env/linux@sha256:2788e3201cd34a07e3172128adcd8b3090168a8e3bcc40d7c032b9dda1df7d1c" "/opt/rustwide/cargo-home/bin/cargo" "+nightly-2024-02-05" "metadata" "--no-deps" "--format-version=1", kill_on_drop: false }`
[INFO] [stdout] 66b0014327933b83ed65649e1745dc59157ae2268e921bef390649a9aebcea8b
[INFO] running `Command { std: "docker" "start" "-a" "66b0014327933b83ed65649e1745dc59157ae2268e921bef390649a9aebcea8b", kill_on_drop: false }`
[INFO] running `Command { std: "docker" "inspect" "66b0014327933b83ed65649e1745dc59157ae2268e921bef390649a9aebcea8b", kill_on_drop: false }`
[INFO] running `Command { std: "docker" "rm" "-f" "66b0014327933b83ed65649e1745dc59157ae2268e921bef390649a9aebcea8b", kill_on_drop: false }`
[INFO] [stdout] 66b0014327933b83ed65649e1745dc59157ae2268e921bef390649a9aebcea8b
[INFO] running `Command { std: "docker" "create" "-v" "/var/lib/crater-agent-workspace/builds/worker-0-tc2/target:/opt/rustwide/target:rw,Z" "-v" "/var/lib/crater-agent-workspace/builds/worker-0-tc2/source:/opt/rustwide/workdir:ro,Z" "-v" "/var/lib/crater-agent-workspace/cargo-home:/opt/rustwide/cargo-home:ro,Z" "-v" "/var/lib/crater-agent-workspace/rustup-home:/opt/rustwide/rustup-home:ro,Z" "-e" "SOURCE_DIR=/opt/rustwide/workdir" "-e" "CARGO_TARGET_DIR=/opt/rustwide/target" "-e" "CARGO_INCREMENTAL=0" "-e" "RUST_BACKTRACE=full" "-e" "RUSTFLAGS=--cap-lints=forbid -Dunexpected_cfgs" "-e" "RUSTDOCFLAGS=--cap-lints=forbid" "-e" "CARGO_HOME=/opt/rustwide/cargo-home" "-e" "RUSTUP_HOME=/opt/rustwide/rustup-home" "-w" "/opt/rustwide/workdir" "-m" "1610612736" "--user" "0:0" "--network" "none" "ghcr.io/rust-lang/crates-build-env/linux@sha256:2788e3201cd34a07e3172128adcd8b3090168a8e3bcc40d7c032b9dda1df7d1c" "/opt/rustwide/cargo-home/bin/cargo" "+nightly-2024-02-05" "check" "--frozen" "--all" "--all-targets" "--message-format=json" "-Zcheck-cfg", kill_on_drop: false }`
[INFO] [stdout] 2212183198f76f3819fa54546e5fd2929e32de4eae2261b2484bfa8ac229f8c8
[INFO] running `Command { std: "docker" "start" "-a" "2212183198f76f3819fa54546e5fd2929e32de4eae2261b2484bfa8ac229f8c8", kill_on_drop: false }`
[INFO] [stderr]    Compiling wasm-bindgen-shared v0.2.90
[INFO] [stderr]    Compiling log v0.4.20
[INFO] [stderr]    Compiling bumpalo v3.14.0
[INFO] [stderr]    Compiling wasm-bindgen v0.2.90
[INFO] [stderr]    Compiling syn v2.0.48
[INFO] [stderr]    Compiling wasm-bindgen-backend v0.2.90
[INFO] [stderr]    Compiling wasm-bindgen-macro-support v0.2.90
[INFO] [stderr]    Compiling wasm-bindgen-macro v0.2.90
[INFO] [stderr]     Checking percy-webapis v0.0.2 (/opt/rustwide/workdir)
[INFO] [stdout] error[E0433]: failed to resolve: unresolved import
[INFO] [stdout]   --> src/lib.rs:57:75
[INFO] [stdout]    |
[INFO] [stdout] 57 |     pub fn add_event_listener(this: &Element, event: &str, cb: &Closure<Fn()>);
[INFO] [stdout]    |                                                                           ^ unresolved import
[INFO] [stdout] 
[INFO] [stdout] 
[INFO] [stdout] error[E0433]: failed to resolve: unresolved import
[INFO] [stdout]   --> src/lib.rs:57:75
[INFO] [stdout]    |
[INFO] [stdout] 57 |     pub fn add_event_listener(this: &Element, event: &str, cb: &Closure<Fn()>);
[INFO] [stdout]    |                                                                           ^ unresolved import
[INFO] [stdout] 
[INFO] [stdout] 
[INFO] [stdout] error[E0412]: cannot find type `Element` in this scope
[INFO] [stdout]   --> src/lib.rs:17:62
[INFO] [stdout]    |
[INFO] [stdout] 17 |     pub fn create_element(this: &HTMLDocument, tag: &str) -> Element;
[INFO] [stdout]    |                                                              ^^^^^^^ not found in this scope
[INFO] [stdout] 
[INFO] [stdout] 
[INFO] [stdout] error[E0412]: cannot find type `Element` in this scope
[INFO] [stdout]   --> src/lib.rs:17:62
[INFO] [stdout]    |
[INFO] [stdout] 17 |     pub fn create_element(this: &HTMLDocument, tag: &str) -> Element;
[INFO] [stdout]    |                                                              ^^^^^^^ not found in this scope
[INFO] [stdout] 
[INFO] [stdout] 
[INFO] [stdout] error[E0412]: cannot find type `Element` in this scope
[INFO] [stdout]   --> src/lib.rs:17:12
[INFO] [stdout]    |
[INFO] [stdout] 17 |     pub fn create_element(this: &HTMLDocument, tag: &str) -> Element;
[INFO] [stdout]    |            ^^^^^^^^^^^^^^ not found in this scope
[INFO] [stdout]    |
[INFO] [stdout] help: you might be missing a type parameter
[INFO] [stdout]    |
[INFO] [stdout] 17 |     pub fn create_element<Element>(this: &HTMLDocument, tag: &str) -> Element;
[INFO] [stdout]    |                          +++++++++
[INFO] [stdout] 
[INFO] [stdout] 
[INFO] [stdout] error[E0412]: cannot find type `Element` in this scope
[INFO] [stdout]   --> src/lib.rs:17:12
[INFO] [stdout]    |
[INFO] [stdout] 17 |     pub fn create_element(this: &HTMLDocument, tag: &str) -> Element;
[INFO] [stdout]    |            ^^^^^^^^^^^^^^ not found in this scope
[INFO] [stdout]    |
[INFO] [stdout] help: you might be missing a type parameter
[INFO] [stdout]    |
[INFO] [stdout] 17 |     pub fn create_element<Element>(this: &HTMLDocument, tag: &str) -> Element;
[INFO] [stdout]    |                          +++++++++
[INFO] [stdout] 
[INFO] [stdout] 
[INFO] [stdout] error[E0412]: cannot find type `Element` in this scope
[INFO] [stdout]   --> src/lib.rs:20:64
[INFO] [stdout]    |
[INFO] [stdout] 20 |     pub fn get_element_by_id(this: &HTMLDocument, id: &str) -> Element;
[INFO] [stdout]    |                                                                ^^^^^^^ not found in this scope
[INFO] [stdout] 
[INFO] [stdout] 
[INFO] [stdout] error[E0412]: cannot find type `Element` in this scope
[INFO] [stdout]   --> src/lib.rs:20:64
[INFO] [stdout]    |
[INFO] [stdout] 20 |     pub fn get_element_by_id(this: &HTMLDocument, id: &str) -> Element;
[INFO] [stdout]    |                                                                ^^^^^^^ not found in this scope
[INFO] [stdout] 
[INFO] [stdout] 
[INFO] [stdout] error[E0412]: cannot find type `Element` in this scope
[INFO] [stdout]   --> src/lib.rs:20:12
[INFO] [stdout]    |
[INFO] [stdout] 20 |     pub fn get_element_by_id(this: &HTMLDocument, id: &str) -> Element;
[INFO] [stdout]    |            ^^^^^^^^^^^^^^^^^ not found in this scope
[INFO] [stdout]    |
[INFO] [stdout] help: you might be missing a type parameter
[INFO] [stdout]    |
[INFO] [stdout] 20 |     pub fn get_element_by_id<Element>(this: &HTMLDocument, id: &str) -> Element;
[INFO] [stdout]    |                             +++++++++
[INFO] [stdout] 
[INFO] [stdout] 
[INFO] [stdout] error[E0412]: cannot find type `Element` in this scope
[INFO] [stdout]   --> src/lib.rs:20:12
[INFO] [stdout]    |
[INFO] [stdout] 20 |     pub fn get_element_by_id(this: &HTMLDocument, id: &str) -> Element;
[INFO] [stdout]    |            ^^^^^^^^^^^^^^^^^ not found in this scope
[INFO] [stdout]    |
[INFO] [stdout] help: you might be missing a type parameter
[INFO] [stdout]    |
[INFO] [stdout] 20 |     pub fn get_element_by_id<Element>(this: &HTMLDocument, id: &str) -> Element;
[INFO] [stdout]    |                             +++++++++
[INFO] [stdout] 
[INFO] [stdout] 
[INFO] [stdout] error[E0412]: cannot find type `HTMLCanvasElement` in this scope
[INFO] [stdout]   --> src/lib.rs:23:69
[INFO] [stdout]    |
[INFO] [stdout] 23 |     pub fn create_canvas_element(this: &HTMLDocument, tag: &str) -> HTMLCanvasElement;
[INFO] [stdout]    |                                                                     ^^^^^^^^^^^^^^^^^ not found in this scope
[INFO] [stdout] 
[INFO] [stdout] 
[INFO] [stdout] error[E0412]: cannot find type `HTMLCanvasElement` in this scope
[INFO] [stdout]   --> src/lib.rs:23:12
[INFO] [stdout]    |
[INFO] [stdout] 23 |     pub fn create_canvas_element(this: &HTMLDocument, tag: &str) -> HTMLCanvasElement;
[INFO] [stdout]    |            ^^^^^^^^^^^^^^^^^^^^^ not found in this scope
[INFO] [stdout]    |
[INFO] [stdout] help: you might be missing a type parameter
[INFO] [stdout]    |
[INFO] [stdout] 23 |     pub fn create_canvas_element<HTMLCanvasElement>(this: &HTMLDocument, tag: &str) -> HTMLCanvasElement;
[INFO] [stdout]    |                                 +++++++++++++++++++
[INFO] [stdout] 
[INFO] [stdout] 
[INFO] [stdout] error[E0412]: cannot find type `HTMLCanvasElement` in this scope
[INFO] [stdout]   --> src/lib.rs:23:69
[INFO] [stdout]    |
[INFO] [stdout] 23 |     pub fn create_canvas_element(this: &HTMLDocument, tag: &str) -> HTMLCanvasElement;
[INFO] [stdout]    |                                                                     ^^^^^^^^^^^^^^^^^ not found in this scope
[INFO] [stdout] 
[INFO] [stdout] 
[INFO] [stdout] error[E0412]: cannot find type `Element` in this scope
[INFO] [stdout]   --> src/lib.rs:29:41
[INFO] [stdout]    |
[INFO] [stdout] 29 |     pub fn body(this: &HTMLDocument) -> Element;
[INFO] [stdout]    |                                         ^^^^^^^ not found in this scope
[INFO] [stdout] 
[INFO] [stdout] 
[INFO] [stdout] error[E0412]: cannot find type `HTMLCanvasElement` in this scope
[INFO] [stdout]   --> src/lib.rs:23:12
[INFO] [stdout]    |
[INFO] [stdout] 23 |     pub fn create_canvas_element(this: &HTMLDocument, tag: &str) -> HTMLCanvasElement;
[INFO] [stdout]    |            ^^^^^^^^^^^^^^^^^^^^^ not found in this scope
[INFO] [stdout]    |
[INFO] [stdout] help: you might be missing a type parameter
[INFO] [stdout]    |
[INFO] [stdout] 23 |     pub fn create_canvas_element<HTMLCanvasElement>(this: &HTMLDocument, tag: &str) -> HTMLCanvasElement;
[INFO] [stdout]    |                                 +++++++++++++++++++
[INFO] [stdout] 
[INFO] [stdout] 
[INFO] [stdout] error[E0412]: cannot find type `Element` in this scope
[INFO] [stdout]   --> src/lib.rs:29:41
[INFO] [stdout]    |
[INFO] [stdout] 29 |     pub fn body(this: &HTMLDocument) -> Element;
[INFO] [stdout]    |                                         ^^^^^^^ not found in this scope
[INFO] [stdout] 
[INFO] [stdout] 
[INFO] [stdout] error[E0412]: cannot find type `Element` in this scope
[INFO] [stdout]   --> src/lib.rs:29:12
[INFO] [stdout]    |
[INFO] [stdout] 29 |     pub fn body(this: &HTMLDocument) -> Element;
[INFO] [stdout]    |            ^^^^ not found in this scope
[INFO] [stdout]    |
[INFO] [stdout] help: you might be missing a type parameter
[INFO] [stdout]    |
[INFO] [stdout] 29 |     pub fn body<Element>(this: &HTMLDocument) -> Element;
[INFO] [stdout]    |                +++++++++
[INFO] [stdout] 
[INFO] [stdout] 
[INFO] [stdout] error[E0412]: cannot find type `Element` in this scope
[INFO] [stdout]   --> src/lib.rs:29:12
[INFO] [stdout]    |
[INFO] [stdout] 29 |     pub fn body(this: &HTMLDocument) -> Element;
[INFO] [stdout]    |            ^^^^ not found in this scope
[INFO] [stdout]    |
[INFO] [stdout] help: you might be missing a type parameter
[INFO] [stdout]    |
[INFO] [stdout] 29 |     pub fn body<Element>(this: &HTMLDocument) -> Element;
[INFO] [stdout]    |                +++++++++
[INFO] [stdout] 
[INFO] [stdout] 
[INFO] [stdout] error[E0412]: cannot find type `Element` in this scope
[INFO] [stdout]   --> src/lib.rs:32:16
[INFO] [stdout]    |
[INFO] [stdout] 32 | impl Clone for Element {
[INFO] [stdout]    |                ^^^^^^^ not found in this scope
[INFO] [stdout] 
[INFO] [stdout] 
[INFO] [stdout] error[E0412]: cannot find type `Element` in this scope
[INFO] [stdout]   --> src/lib.rs:32:16
[INFO] [stdout]    |
[INFO] [stdout] 32 | impl Clone for Element {
[INFO] [stdout]    |                ^^^^^^^ not found in this scope
[INFO] [stdout] 
[INFO] [stdout] 
[INFO] [stdout] error[E0412]: cannot find type `Element` in this scope
[INFO] [stdout]   --> src/lib.rs:33:24
[INFO] [stdout]    |
[INFO] [stdout] 33 |     fn clone(&self) -> Element {
[INFO] [stdout]    |                        ^^^^^^^ not found in this scope
[INFO] [stdout] 
[INFO] [stdout] 
[INFO] [stdout] error[E0422]: cannot find struct, variant or union type `Element` in this scope
[INFO] [stdout]   --> src/lib.rs:34:9
[INFO] [stdout]    |
[INFO] [stdout] 34 |         Element {
[INFO] [stdout]    |         ^^^^^^^ not found in this scope
[INFO] [stdout] 
[INFO] [stdout] 
[INFO] [stdout] error[E0412]: cannot find type `Element` in this scope
[INFO] [stdout]   --> src/lib.rs:33:24
[INFO] [stdout]    |
[INFO] [stdout] 33 |     fn clone(&self) -> Element {
[INFO] [stdout]    |                        ^^^^^^^ not found in this scope
[INFO] [stdout] 
[INFO] [stdout] 
[INFO] [stdout] error[E0412]: cannot find type `Element` in this scope
[INFO] [stdout]   --> src/lib.rs:91:49
[INFO] [stdout]    |
[INFO] [stdout] 91 |     pub fn item(this: &NodeList, idx: usize) -> Element;
[INFO] [stdout]    |                                                 ^^^^^^^ not found in this scope
[INFO] [stdout] 
[INFO] [stdout] 
[INFO] [stdout] error[E0422]: cannot find struct, variant or union type `Element` in this scope
[INFO] [stdout]   --> src/lib.rs:34:9
[INFO] [stdout]    |
[INFO] [stdout] 34 |         Element {
[INFO] [stdout]    |         ^^^^^^^ not found in this scope
[INFO] [stdout] 
[INFO] [stdout] 
[INFO] [stdout] error[E0412]: cannot find type `Element` in this scope
[INFO] [stdout]   --> src/lib.rs:91:49
[INFO] [stdout]    |
[INFO] [stdout] 91 |     pub fn item(this: &NodeList, idx: usize) -> Element;
[INFO] [stdout]    |                                                 ^^^^^^^ not found in this scope
[INFO] [stdout] 
[INFO] [stdout] 
[INFO] [stdout] error[E0412]: cannot find type `Element` in this scope
[INFO] [stdout]   --> src/lib.rs:91:12
[INFO] [stdout]    |
[INFO] [stdout] 91 |     pub fn item(this: &NodeList, idx: usize) -> Element;
[INFO] [stdout]    |            ^^^^ not found in this scope
[INFO] [stdout]    |
[INFO] [stdout] help: you might be missing a type parameter
[INFO] [stdout]    |
[INFO] [stdout] 91 |     pub fn item<Element>(this: &NodeList, idx: usize) -> Element;
[INFO] [stdout]    |                +++++++++
[INFO] [stdout] 
[INFO] [stdout] 
[INFO] [stdout] error[E0412]: cannot find type `Element` in this scope
[INFO] [stdout]   --> src/lib.rs:91:12
[INFO] [stdout]    |
[INFO] [stdout] 91 |     pub fn item(this: &NodeList, idx: usize) -> Element;
[INFO] [stdout]    |            ^^^^ not found in this scope
[INFO] [stdout]    |
[INFO] [stdout] help: you might be missing a type parameter
[INFO] [stdout]    |
[INFO] [stdout] 91 |     pub fn item<Element>(this: &NodeList, idx: usize) -> Element;
[INFO] [stdout]    |                +++++++++
[INFO] [stdout] 
[INFO] [stdout] 
[INFO] [stdout] warning: the feature `use_extern_macros` has been stable since 1.30.0 and no longer requires an attribute to enable
[INFO] [stdout]  --> src/lib.rs:1:12
[INFO] [stdout]   |
[INFO] [stdout] 1 | #![feature(use_extern_macros)]
[INFO] [stdout]   |            ^^^^^^^^^^^^^^^^^
[INFO] [stdout]   |
[INFO] [stdout]   = note: `#[warn(stable_features)]` on by default
[INFO] [stdout] 
[INFO] [stdout] 
[INFO] [stdout] warning: the feature `use_extern_macros` has been stable since 1.30.0 and no longer requires an attribute to enable
[INFO] [stdout]  --> src/lib.rs:1:12
[INFO] [stdout]   |
[INFO] [stdout] 1 | #![feature(use_extern_macros)]
[INFO] [stdout]   |            ^^^^^^^^^^^^^^^^^
[INFO] [stdout]   |
[INFO] [stdout]   = note: `#[warn(stable_features)]` on by default
[INFO] [stdout] 
[INFO] [stdout] 
[INFO] [stdout] error: aborting due to 14 previous errors; 1 warning emitted
[INFO] [stdout] 
[INFO] [stdout] 
[INFO] [stdout] Some errors have detailed explanations: E0412, E0422, E0433.
[INFO] [stdout] 
[INFO] [stdout] For more information about an error, try `rustc --explain E0412`.
[INFO] [stdout] 
[INFO] [stdout] error: aborting due to 14 previous errors; 1 warning emitted
[INFO] [stdout] 
[INFO] [stdout] 
[INFO] [stdout] Some errors have detailed explanations: E0412, E0422, E0433.
[INFO] [stdout] 
[INFO] [stdout] For more information about an error, try `rustc --explain E0412`.
[INFO] [stdout] 
[INFO] [stderr] error: could not compile `percy-webapis` (lib test) due to 15 previous errors; 1 warning emitted
[INFO] [stderr] warning: build failed, waiting for other jobs to finish...
[INFO] [stderr] error: could not compile `percy-webapis` (lib) due to 15 previous errors; 1 warning emitted
[INFO] running `Command { std: "docker" "inspect" "2212183198f76f3819fa54546e5fd2929e32de4eae2261b2484bfa8ac229f8c8", kill_on_drop: false }`
[INFO] running `Command { std: "docker" "rm" "-f" "2212183198f76f3819fa54546e5fd2929e32de4eae2261b2484bfa8ac229f8c8", kill_on_drop: false }`
[INFO] [stdout] 2212183198f76f3819fa54546e5fd2929e32de4eae2261b2484bfa8ac229f8c8
