[INFO] fetching crate peg-syntax-ext 0.5.7...
[INFO] checking peg-syntax-ext-0.5.7 against nightly-2024-02-05 for check-cfg
[INFO] extracting crate peg-syntax-ext 0.5.7 into /workspace/builds/worker-4-tc1/source
[INFO] validating manifest of crates.io crate peg-syntax-ext 0.5.7 on toolchain nightly-2024-02-05
[INFO] running `Command { std: CARGO_HOME="/workspace/cargo-home" RUSTUP_HOME="/workspace/rustup-home" "/workspace/cargo-home/bin/cargo" "+nightly-2024-02-05" "metadata" "--manifest-path" "Cargo.toml" "--no-deps", kill_on_drop: false }`
[INFO] started tweaking crates.io crate peg-syntax-ext 0.5.7
[INFO] finished tweaking crates.io crate peg-syntax-ext 0.5.7
[INFO] tweaked toml for crates.io crate peg-syntax-ext 0.5.7 written to /workspace/builds/worker-4-tc1/source/Cargo.toml
[INFO] running `Command { std: CARGO_HOME="/workspace/cargo-home" RUSTUP_HOME="/workspace/rustup-home" "/workspace/cargo-home/bin/cargo" "+nightly-2024-02-05" "generate-lockfile" "--manifest-path" "Cargo.toml", kill_on_drop: false }`
[INFO] [stderr]     Updating crates.io index
[INFO] running `Command { std: CARGO_HOME="/workspace/cargo-home" RUSTUP_HOME="/workspace/rustup-home" "/workspace/cargo-home/bin/cargo" "+nightly-2024-02-05" "fetch" "--manifest-path" "Cargo.toml", kill_on_drop: false }`
[INFO] [stderr] warning: support for rustc plugins has been removed from rustc. library `peg_syntax_ext` should not specify `plugin = true`
[INFO] [stderr] warning: support for `plugin = true` will be removed from cargo in the future
[INFO] [stderr]  Downloading crates ...
[INFO] [stderr]   Downloaded peg v0.5.7
[INFO] running `Command { std: "docker" "create" "-v" "/var/lib/crater-agent-workspace/builds/worker-4-tc1/target:/opt/rustwide/target:rw,Z" "-v" "/var/lib/crater-agent-workspace/builds/worker-4-tc1/source:/opt/rustwide/workdir:ro,Z" "-v" "/var/lib/crater-agent-workspace/cargo-home:/opt/rustwide/cargo-home:ro,Z" "-v" "/var/lib/crater-agent-workspace/rustup-home:/opt/rustwide/rustup-home:ro,Z" "-e" "SOURCE_DIR=/opt/rustwide/workdir" "-e" "CARGO_TARGET_DIR=/opt/rustwide/target" "-e" "CARGO_HOME=/opt/rustwide/cargo-home" "-e" "RUSTUP_HOME=/opt/rustwide/rustup-home" "-w" "/opt/rustwide/workdir" "-m" "1610612736" "--user" "0:0" "--network" "none" "ghcr.io/rust-lang/crates-build-env/linux@sha256:2788e3201cd34a07e3172128adcd8b3090168a8e3bcc40d7c032b9dda1df7d1c" "/opt/rustwide/cargo-home/bin/cargo" "+nightly-2024-02-05" "metadata" "--no-deps" "--format-version=1", kill_on_drop: false }`
[INFO] [stdout] 392ab246b624144997b0ef244e7117afb2e2346187cd7172aaea9dffbb669573
[INFO] running `Command { std: "docker" "start" "-a" "392ab246b624144997b0ef244e7117afb2e2346187cd7172aaea9dffbb669573", kill_on_drop: false }`
[INFO] running `Command { std: "docker" "inspect" "392ab246b624144997b0ef244e7117afb2e2346187cd7172aaea9dffbb669573", kill_on_drop: false }`
[INFO] running `Command { std: "docker" "rm" "-f" "392ab246b624144997b0ef244e7117afb2e2346187cd7172aaea9dffbb669573", kill_on_drop: false }`
[INFO] [stdout] 392ab246b624144997b0ef244e7117afb2e2346187cd7172aaea9dffbb669573
[INFO] running `Command { std: "docker" "create" "-v" "/var/lib/crater-agent-workspace/builds/worker-4-tc1/target:/opt/rustwide/target:rw,Z" "-v" "/var/lib/crater-agent-workspace/builds/worker-4-tc1/source:/opt/rustwide/workdir:ro,Z" "-v" "/var/lib/crater-agent-workspace/cargo-home:/opt/rustwide/cargo-home:ro,Z" "-v" "/var/lib/crater-agent-workspace/rustup-home:/opt/rustwide/rustup-home:ro,Z" "-e" "SOURCE_DIR=/opt/rustwide/workdir" "-e" "CARGO_TARGET_DIR=/opt/rustwide/target" "-e" "CARGO_INCREMENTAL=0" "-e" "RUST_BACKTRACE=full" "-e" "RUSTFLAGS=--cap-lints=forbid" "-e" "RUSTDOCFLAGS=--cap-lints=forbid" "-e" "CARGO_HOME=/opt/rustwide/cargo-home" "-e" "RUSTUP_HOME=/opt/rustwide/rustup-home" "-w" "/opt/rustwide/workdir" "-m" "1610612736" "--user" "0:0" "--network" "none" "ghcr.io/rust-lang/crates-build-env/linux@sha256:2788e3201cd34a07e3172128adcd8b3090168a8e3bcc40d7c032b9dda1df7d1c" "/opt/rustwide/cargo-home/bin/cargo" "+nightly-2024-02-05" "check" "--frozen" "--all" "--all-targets" "--message-format=json", kill_on_drop: false }`
[INFO] [stdout] 3d6b0d36752572342156796506147194700b60771592ae68065d6e74a7849d99
[INFO] running `Command { std: "docker" "start" "-a" "3d6b0d36752572342156796506147194700b60771592ae68065d6e74a7849d99", kill_on_drop: false }`
[INFO] [stderr] warning: support for rustc plugins has been removed from rustc. library `peg_syntax_ext` should not specify `plugin = true`
[INFO] [stderr] warning: support for `plugin = true` will be removed from cargo in the future
[INFO] [stderr]     Checking quote v0.3.15
[INFO] [stderr]     Checking peg v0.5.7
[INFO] [stderr]     Checking peg-syntax-ext v0.5.7 (/opt/rustwide/workdir)
[INFO] [stdout] error[E0557]: feature has been removed
[INFO] [stdout]  --> lib.rs:1:12
[INFO] [stdout]   |
[INFO] [stdout] 1 | #![feature(plugin_registrar, rustc_private)]
[INFO] [stdout]   |            ^^^^^^^^^^^^^^^^ feature has been removed
[INFO] [stdout]   |
[INFO] [stdout]   = note: plugins are no longer supported
[INFO] [stdout] 
[INFO] [stdout] 
[INFO] [stdout] error[E0557]: feature has been removed
[INFO] [stdout]  --> lib.rs:1:12
[INFO] [stdout]   |
[INFO] [stdout] 1 | #![feature(plugin_registrar, rustc_private)]
[INFO] [stdout]   |            ^^^^^^^^^^^^^^^^ feature has been removed
[INFO] [stdout]   |
[INFO] [stdout]   = note: plugins are no longer supported
[INFO] [stdout] 
[INFO] [stdout] 
[INFO] [stdout] error[E0463]: can't find crate for `rustc_plugin`
[INFO] [stdout]  --> lib.rs:2:1
[INFO] [stdout]   |
[INFO] [stdout] 2 | extern crate rustc_plugin;
[INFO] [stdout]   | ^^^^^^^^^^^^^^^^^^^^^^^^^^ can't find crate
[INFO] [stdout]   |
[INFO] [stdout]   = help: maybe you need to install the missing components with: `rustup component add rust-src rustc-dev llvm-tools-preview`
[INFO] [stdout] 
[INFO] [stdout] 
[INFO] [stdout] error[E0463]: can't find crate for `rustc_plugin`
[INFO] [stdout]  --> lib.rs:2:1
[INFO] [stdout]   |
[INFO] [stdout] 2 | extern crate rustc_plugin;
[INFO] [stdout]   | ^^^^^^^^^^^^^^^^^^^^^^^^^^ can't find crate
[INFO] [stdout]   |
[INFO] [stdout]   = help: maybe you need to install the missing components with: `rustup component add rust-src rustc-dev llvm-tools-preview`
[INFO] [stdout] 
[INFO] [stdout] 
[INFO] [stdout] error[E0463]: can't find crate for `syntax`
[INFO] [stdout]  --> lib.rs:3:14
[INFO] [stdout]   |
[INFO] [stdout] 3 | #[macro_use] pub extern crate syntax;
[INFO] [stdout]   |              ^^^^^^^^^^^^^^^^^^^^^^^^ can't find crate
[INFO] [stdout] 
[INFO] [stdout] 
[INFO] [stdout] error[E0463]: can't find crate for `rustc_errors`
[INFO] [stdout]  --> lib.rs:4:1
[INFO] [stdout]   |
[INFO] [stdout] 4 | extern crate rustc_errors as errors;
[INFO] [stdout]   | ^^^^^^^^^^^^^^^^^^^^^^^^^^^^^^^^^^^^ can't find crate
[INFO] [stdout]   |
[INFO] [stdout]   = help: maybe you need to install the missing components with: `rustup component add rust-src rustc-dev llvm-tools-preview`
[INFO] [stdout] 
[INFO] [stdout] 
[INFO] [stdout] error[E0463]: can't find crate for `smallvec`
[INFO] [stdout]  --> lib.rs:5:14
[INFO] [stdout]   |
[INFO] [stdout] 5 | #[macro_use] extern crate smallvec;
[INFO] [stdout]   |              ^^^^^^^^^^^^^^^^^^^^^^ can't find crate
[INFO] [stdout] 
[INFO] [stdout] 
[INFO] [stdout] error[E0463]: can't find crate for `syntax`
[INFO] [stdout]  --> lib.rs:3:14
[INFO] [stdout]   |
[INFO] [stdout] 3 | #[macro_use] pub extern crate syntax;
[INFO] [stdout]   |              ^^^^^^^^^^^^^^^^^^^^^^^^ can't find crate
[INFO] [stdout] 
[INFO] [stdout] 
[INFO] [stdout] error[E0463]: can't find crate for `rustc_errors`
[INFO] [stdout]  --> lib.rs:4:1
[INFO] [stdout]   |
[INFO] [stdout] 4 | extern crate rustc_errors as errors;
[INFO] [stdout]   | ^^^^^^^^^^^^^^^^^^^^^^^^^^^^^^^^^^^^ can't find crate
[INFO] [stdout]   |
[INFO] [stdout]   = help: maybe you need to install the missing components with: `rustup component add rust-src rustc-dev llvm-tools-preview`
[INFO] [stdout] 
[INFO] [stdout] 
[INFO] [stdout] error[E0463]: can't find crate for `smallvec`
[INFO] [stdout]  --> lib.rs:5:14
[INFO] [stdout]   |
[INFO] [stdout] 5 | #[macro_use] extern crate smallvec;
[INFO] [stdout]   |              ^^^^^^^^^^^^^^^^^^^^^^ can't find crate
[INFO] [stdout] 
[INFO] [stdout] 
[INFO] [stdout] error: cannot find attribute `plugin_registrar` in this scope
[INFO] [stdout]   --> lib.rs:23:3
[INFO] [stdout]    |
[INFO] [stdout] 23 | #[plugin_registrar]
[INFO] [stdout]    |   ^^^^^^^^^^^^^^^^
[INFO] [stdout]    |
[INFO] [stdout]    = note: `plugin_registrar` is in scope, but it is a function, not an attribute
[INFO] [stdout] 
[INFO] [stdout] 
[INFO] [stdout] error: cannot find attribute `plugin_registrar` in this scope
[INFO] [stdout]   --> lib.rs:23:3
[INFO] [stdout]    |
[INFO] [stdout] 23 | #[plugin_registrar]
[INFO] [stdout]    |   ^^^^^^^^^^^^^^^^
[INFO] [stdout]    |
[INFO] [stdout]    = note: `plugin_registrar` is in scope, but it is a function, not an attribute
[INFO] [stdout] 
[INFO] [stdout] 
[INFO] [stdout] error: cannot find macro `panictry` in this scope
[INFO] [stdout]   --> lib.rs:80:28
[INFO] [stdout]    |
[INFO] [stdout] 80 |     while let Some(item) = panictry!(p.parse_item()) {
[INFO] [stdout]    |                            ^^^^^^^^
[INFO] [stdout] 
[INFO] [stdout] 
[INFO] [stdout] error: cannot find macro `smallvec` in this scope
[INFO] [stdout]   --> lib.rs:84:21
[INFO] [stdout]    |
[INFO] [stdout] 84 |     MacEager::items(smallvec![cx.item_mod(sp, sp, ident, vec![], items)])
[INFO] [stdout]    |                     ^^^^^^^^
[INFO] [stdout]    |
[INFO] [stdout] note: `smallvec` is imported here, but it is an unresolved item, not a macro
[INFO] [stdout]   --> lib.rs:5:14
[INFO] [stdout]    |
[INFO] [stdout] 5  | #[macro_use] extern crate smallvec;
[INFO] [stdout]    |              ^^^^^^^^^^^^^^^^^^^^^^
[INFO] [stdout] 
[INFO] [stdout] 
[INFO] [stdout] error: cannot find macro `panictry` in this scope
[INFO] [stdout]   --> lib.rs:93:39
[INFO] [stdout]    |
[INFO] [stdout] 93 |     let arg = cx.expander().fold_expr(panictry!(parser.parse_expr()));
[INFO] [stdout]    |                                       ^^^^^^^^
[INFO] [stdout] 
[INFO] [stdout] 
[INFO] [stdout] error: cannot find macro `panictry` in this scope
[INFO] [stdout]   --> lib.rs:80:28
[INFO] [stdout]    |
[INFO] [stdout] 80 |     while let Some(item) = panictry!(p.parse_item()) {
[INFO] [stdout]    |                            ^^^^^^^^
[INFO] [stdout] 
[INFO] [stdout] 
[INFO] [stdout] error: cannot find macro `smallvec` in this scope
[INFO] [stdout]   --> lib.rs:84:21
[INFO] [stdout]    |
[INFO] [stdout] 84 |     MacEager::items(smallvec![cx.item_mod(sp, sp, ident, vec![], items)])
[INFO] [stdout]    |                     ^^^^^^^^
[INFO] [stdout]    |
[INFO] [stdout] note: `smallvec` is imported here, but it is an unresolved item, not a macro
[INFO] [stdout]   --> lib.rs:5:14
[INFO] [stdout]    |
[INFO] [stdout] 5  | #[macro_use] extern crate smallvec;
[INFO] [stdout]    |              ^^^^^^^^^^^^^^^^^^^^^^
[INFO] [stdout] 
[INFO] [stdout] 
[INFO] [stdout] warning: trait objects without an explicit `dyn` are deprecated
[INFO] [stdout]   --> lib.rs:34:113
[INFO] [stdout]    |
[INFO] [stdout] 34 | fn expand_peg_str<'s>(cx: &'s mut ExtCtxt, sp: source_map::Span, ident: ast::Ident, tts: Vec<TokenTree>) -> Box<MacResult + 's> {
[INFO] [stdout]    |                                                                                                                 ^^^^^^^^^^^^^^
[INFO] [stdout]    |
[INFO] [stdout]    = warning: this is accepted in the current edition (Rust 2015) but is a hard error in Rust 2021!
[INFO] [stdout]    = note: for more information, see <https://doc.rust-lang.org/nightly/edition-guide/rust-2021/warnings-promoted-to-error.html>
[INFO] [stdout]    = note: `#[warn(bare_trait_objects)]` on by default
[INFO] [stdout] help: use `dyn`
[INFO] [stdout]    |
[INFO] [stdout] 34 | fn expand_peg_str<'s>(cx: &'s mut ExtCtxt, sp: source_map::Span, ident: ast::Ident, tts: Vec<TokenTree>) -> Box<dyn MacResult + 's> {
[INFO] [stdout]    |                                                                                                                 +++
[INFO] [stdout] 
[INFO] [stdout] 
[INFO] [stdout] error: cannot find macro `panictry` in this scope
[INFO] [stdout]   --> lib.rs:93:39
[INFO] [stdout]    |
[INFO] [stdout] 93 |     let arg = cx.expander().fold_expr(panictry!(parser.parse_expr()));
[INFO] [stdout]    |                                       ^^^^^^^^
[INFO] [stdout] 
[INFO] [stdout] 
[INFO] [stdout] warning: trait objects without an explicit `dyn` are deprecated
[INFO] [stdout]   --> lib.rs:34:113
[INFO] [stdout]    |
[INFO] [stdout] 34 | fn expand_peg_str<'s>(cx: &'s mut ExtCtxt, sp: source_map::Span, ident: ast::Ident, tts: Vec<TokenTree>) -> Box<MacResult + 's> {
[INFO] [stdout]    |                                                                                                                 ^^^^^^^^^^^^^^
[INFO] [stdout]    |
[INFO] [stdout]    = warning: this is accepted in the current edition (Rust 2015) but is a hard error in Rust 2021!
[INFO] [stdout]    = note: for more information, see <https://doc.rust-lang.org/nightly/edition-guide/rust-2021/warnings-promoted-to-error.html>
[INFO] [stdout]    = note: `#[warn(bare_trait_objects)]` on by default
[INFO] [stdout] help: use `dyn`
[INFO] [stdout]    |
[INFO] [stdout] 34 | fn expand_peg_str<'s>(cx: &'s mut ExtCtxt, sp: source_map::Span, ident: ast::Ident, tts: Vec<TokenTree>) -> Box<dyn MacResult + 's> {
[INFO] [stdout]    |                                                                                                                 +++
[INFO] [stdout] 
[INFO] [stdout] 
[INFO] [stdout] error: aborting due to 9 previous errors; 1 warning emitted
[INFO] [stdout] 
[INFO] [stdout] 
[INFO] [stdout] Some errors have detailed explanations: E0463, E0557.
[INFO] [stdout] 
[INFO] [stdout] For more information about an error, try `rustc --explain E0463`.
[INFO] [stdout] 
[INFO] [stdout] error: aborting due to 9 previous errors; 1 warning emitted
[INFO] [stdout] 
[INFO] [stdout] 
[INFO] [stdout] Some errors have detailed explanations: E0463, E0557.
[INFO] [stdout] 
[INFO] [stdout] For more information about an error, try `rustc --explain E0463`.
[INFO] [stdout] 
[INFO] [stderr] error: could not compile `peg-syntax-ext` (lib test) due to 10 previous errors; 1 warning emitted
[INFO] [stderr] warning: build failed, waiting for other jobs to finish...
[INFO] [stderr] error: could not compile `peg-syntax-ext` (lib) due to 10 previous errors; 1 warning emitted
[INFO] running `Command { std: "docker" "inspect" "3d6b0d36752572342156796506147194700b60771592ae68065d6e74a7849d99", kill_on_drop: false }`
[INFO] running `Command { std: "docker" "rm" "-f" "3d6b0d36752572342156796506147194700b60771592ae68065d6e74a7849d99", kill_on_drop: false }`
[INFO] [stdout] 3d6b0d36752572342156796506147194700b60771592ae68065d6e74a7849d99
[INFO] checking peg-syntax-ext-0.5.7 against nightly-2024-02-05+rustflags=-Dunexpected_cfgs+cargoflags=-Zcheck-cfg for check-cfg
[INFO] extracting crate peg-syntax-ext 0.5.7 into /workspace/builds/worker-4-tc2/source
[INFO] validating manifest of crates.io crate peg-syntax-ext 0.5.7 on toolchain nightly-2024-02-05
[INFO] running `Command { std: CARGO_HOME="/workspace/cargo-home" RUSTUP_HOME="/workspace/rustup-home" "/workspace/cargo-home/bin/cargo" "+nightly-2024-02-05" "metadata" "--manifest-path" "Cargo.toml" "--no-deps", kill_on_drop: false }`
[INFO] started tweaking crates.io crate peg-syntax-ext 0.5.7
[INFO] finished tweaking crates.io crate peg-syntax-ext 0.5.7
[INFO] tweaked toml for crates.io crate peg-syntax-ext 0.5.7 written to /workspace/builds/worker-4-tc2/source/Cargo.toml
[INFO] running `Command { std: CARGO_HOME="/workspace/cargo-home" RUSTUP_HOME="/workspace/rustup-home" "/workspace/cargo-home/bin/cargo" "+nightly-2024-02-05" "generate-lockfile" "--manifest-path" "Cargo.toml", kill_on_drop: false }`
[INFO] [stderr]     Updating crates.io index
[INFO] running `Command { std: CARGO_HOME="/workspace/cargo-home" RUSTUP_HOME="/workspace/rustup-home" "/workspace/cargo-home/bin/cargo" "+nightly-2024-02-05" "fetch" "--manifest-path" "Cargo.toml", kill_on_drop: false }`
[INFO] [stderr] warning: support for rustc plugins has been removed from rustc. library `peg_syntax_ext` should not specify `plugin = true`
[INFO] [stderr] warning: support for `plugin = true` will be removed from cargo in the future
[INFO] running `Command { std: "docker" "create" "-v" "/var/lib/crater-agent-workspace/builds/worker-4-tc2/target:/opt/rustwide/target:rw,Z" "-v" "/var/lib/crater-agent-workspace/builds/worker-4-tc2/source:/opt/rustwide/workdir:ro,Z" "-v" "/var/lib/crater-agent-workspace/cargo-home:/opt/rustwide/cargo-home:ro,Z" "-v" "/var/lib/crater-agent-workspace/rustup-home:/opt/rustwide/rustup-home:ro,Z" "-e" "SOURCE_DIR=/opt/rustwide/workdir" "-e" "CARGO_TARGET_DIR=/opt/rustwide/target" "-e" "CARGO_HOME=/opt/rustwide/cargo-home" "-e" "RUSTUP_HOME=/opt/rustwide/rustup-home" "-w" "/opt/rustwide/workdir" "-m" "1610612736" "--user" "0:0" "--network" "none" "ghcr.io/rust-lang/crates-build-env/linux@sha256:2788e3201cd34a07e3172128adcd8b3090168a8e3bcc40d7c032b9dda1df7d1c" "/opt/rustwide/cargo-home/bin/cargo" "+nightly-2024-02-05" "metadata" "--no-deps" "--format-version=1", kill_on_drop: false }`
[INFO] [stdout] 1ab06e866456c5ce2bff1fc09767bad934e6eac5dc7443a704e5094518e52868
[INFO] running `Command { std: "docker" "start" "-a" "1ab06e866456c5ce2bff1fc09767bad934e6eac5dc7443a704e5094518e52868", kill_on_drop: false }`
[INFO] running `Command { std: "docker" "inspect" "1ab06e866456c5ce2bff1fc09767bad934e6eac5dc7443a704e5094518e52868", kill_on_drop: false }`
[INFO] running `Command { std: "docker" "rm" "-f" "1ab06e866456c5ce2bff1fc09767bad934e6eac5dc7443a704e5094518e52868", kill_on_drop: false }`
[INFO] [stdout] 1ab06e866456c5ce2bff1fc09767bad934e6eac5dc7443a704e5094518e52868
[INFO] running `Command { std: "docker" "create" "-v" "/var/lib/crater-agent-workspace/builds/worker-4-tc2/target:/opt/rustwide/target:rw,Z" "-v" "/var/lib/crater-agent-workspace/builds/worker-4-tc2/source:/opt/rustwide/workdir:ro,Z" "-v" "/var/lib/crater-agent-workspace/cargo-home:/opt/rustwide/cargo-home:ro,Z" "-v" "/var/lib/crater-agent-workspace/rustup-home:/opt/rustwide/rustup-home:ro,Z" "-e" "SOURCE_DIR=/opt/rustwide/workdir" "-e" "CARGO_TARGET_DIR=/opt/rustwide/target" "-e" "CARGO_INCREMENTAL=0" "-e" "RUST_BACKTRACE=full" "-e" "RUSTFLAGS=--cap-lints=forbid -Dunexpected_cfgs" "-e" "RUSTDOCFLAGS=--cap-lints=forbid" "-e" "CARGO_HOME=/opt/rustwide/cargo-home" "-e" "RUSTUP_HOME=/opt/rustwide/rustup-home" "-w" "/opt/rustwide/workdir" "-m" "1610612736" "--user" "0:0" "--network" "none" "ghcr.io/rust-lang/crates-build-env/linux@sha256:2788e3201cd34a07e3172128adcd8b3090168a8e3bcc40d7c032b9dda1df7d1c" "/opt/rustwide/cargo-home/bin/cargo" "+nightly-2024-02-05" "check" "--frozen" "--all" "--all-targets" "--message-format=json" "-Zcheck-cfg", kill_on_drop: false }`
[INFO] [stdout] 0c9c785fd2ff0650f17b03519fa17a3dc949f4d4bc9101d4c6de58475bf7e226
[INFO] running `Command { std: "docker" "start" "-a" "0c9c785fd2ff0650f17b03519fa17a3dc949f4d4bc9101d4c6de58475bf7e226", kill_on_drop: false }`
[INFO] [stderr] warning: support for rustc plugins has been removed from rustc. library `peg_syntax_ext` should not specify `plugin = true`
[INFO] [stderr] warning: support for `plugin = true` will be removed from cargo in the future
[INFO] [stderr]     Checking quote v0.3.15
[INFO] [stderr]     Checking peg v0.5.7
[INFO] [stderr]     Checking peg-syntax-ext v0.5.7 (/opt/rustwide/workdir)
[INFO] [stdout] error[E0557]: feature has been removed
[INFO] [stdout]  --> lib.rs:1:12
[INFO] [stdout]   |
[INFO] [stdout] 1 | #![feature(plugin_registrar, rustc_private)]
[INFO] [stdout]   |            ^^^^^^^^^^^^^^^^ feature has been removed
[INFO] [stdout]   |
[INFO] [stdout]   = note: plugins are no longer supported
[INFO] [stdout] 
[INFO] [stdout] 
[INFO] [stdout] error[E0557]: feature has been removed
[INFO] [stdout]  --> lib.rs:1:12
[INFO] [stdout]   |
[INFO] [stdout] 1 | #![feature(plugin_registrar, rustc_private)]
[INFO] [stdout]   |            ^^^^^^^^^^^^^^^^ feature has been removed
[INFO] [stdout]   |
[INFO] [stdout]   = note: plugins are no longer supported
[INFO] [stdout] 
[INFO] [stdout] 
[INFO] [stdout] error[E0463]: can't find crate for `rustc_plugin`
[INFO] [stdout]  --> lib.rs:2:1
[INFO] [stdout]   |
[INFO] [stdout] 2 | extern crate rustc_plugin;
[INFO] [stdout]   | ^^^^^^^^^^^^^^^^^^^^^^^^^^ can't find crate
[INFO] [stdout]   |
[INFO] [stdout]   = help: maybe you need to install the missing components with: `rustup component add rust-src rustc-dev llvm-tools-preview`
[INFO] [stdout] 
[INFO] [stdout] 
[INFO] [stdout] error[E0463]: can't find crate for `syntax`
[INFO] [stdout]  --> lib.rs:3:14
[INFO] [stdout]   |
[INFO] [stdout] 3 | #[macro_use] pub extern crate syntax;
[INFO] [stdout]   |              ^^^^^^^^^^^^^^^^^^^^^^^^ can't find crate
[INFO] [stdout] 
[INFO] [stdout] 
[INFO] [stdout] error[E0463]: can't find crate for `rustc_plugin`
[INFO] [stdout]  --> lib.rs:2:1
[INFO] [stdout]   |
[INFO] [stdout] 2 | extern crate rustc_plugin;
[INFO] [stdout]   | ^^^^^^^^^^^^^^^^^^^^^^^^^^ can't find crate
[INFO] [stdout]   |
[INFO] [stdout]   = help: maybe you need to install the missing components with: `rustup component add rust-src rustc-dev llvm-tools-preview`
[INFO] [stdout] 
[INFO] [stdout] 
[INFO] [stdout] error[E0463]: can't find crate for `rustc_errors`
[INFO] [stdout]  --> lib.rs:4:1
[INFO] [stdout]   |
[INFO] [stdout] 4 | extern crate rustc_errors as errors;
[INFO] [stdout]   | ^^^^^^^^^^^^^^^^^^^^^^^^^^^^^^^^^^^^ can't find crate
[INFO] [stdout]   |
[INFO] [stdout]   = help: maybe you need to install the missing components with: `rustup component add rust-src rustc-dev llvm-tools-preview`
[INFO] [stdout] 
[INFO] [stdout] 
[INFO] [stdout] error[E0463]: can't find crate for `smallvec`
[INFO] [stdout]  --> lib.rs:5:14
[INFO] [stdout]   |
[INFO] [stdout] 5 | #[macro_use] extern crate smallvec;
[INFO] [stdout]   |              ^^^^^^^^^^^^^^^^^^^^^^ can't find crate
[INFO] [stdout] 
[INFO] [stdout] 
[INFO] [stdout] error[E0463]: can't find crate for `syntax`
[INFO] [stdout]  --> lib.rs:3:14
[INFO] [stdout]   |
[INFO] [stdout] 3 | #[macro_use] pub extern crate syntax;
[INFO] [stdout]   |              ^^^^^^^^^^^^^^^^^^^^^^^^ can't find crate
[INFO] [stdout] 
[INFO] [stdout] 
[INFO] [stdout] error[E0463]: can't find crate for `rustc_errors`
[INFO] [stdout]  --> lib.rs:4:1
[INFO] [stdout]   |
[INFO] [stdout] 4 | extern crate rustc_errors as errors;
[INFO] [stdout]   | ^^^^^^^^^^^^^^^^^^^^^^^^^^^^^^^^^^^^ can't find crate
[INFO] [stdout]   |
[INFO] [stdout]   = help: maybe you need to install the missing components with: `rustup component add rust-src rustc-dev llvm-tools-preview`
[INFO] [stdout] 
[INFO] [stdout] 
[INFO] [stdout] error[E0463]: can't find crate for `smallvec`
[INFO] [stdout]  --> lib.rs:5:14
[INFO] [stdout]   |
[INFO] [stdout] 5 | #[macro_use] extern crate smallvec;
[INFO] [stdout]   |              ^^^^^^^^^^^^^^^^^^^^^^ can't find crate
[INFO] [stdout] 
[INFO] [stdout] 
[INFO] [stdout] error: cannot find attribute `plugin_registrar` in this scope
[INFO] [stdout]   --> lib.rs:23:3
[INFO] [stdout]    |
[INFO] [stdout] 23 | #[plugin_registrar]
[INFO] [stdout]    |   ^^^^^^^^^^^^^^^^
[INFO] [stdout]    |
[INFO] [stdout]    = note: `plugin_registrar` is in scope, but it is a function, not an attribute
[INFO] [stdout] 
[INFO] [stdout] 
[INFO] [stdout] error: cannot find attribute `plugin_registrar` in this scope
[INFO] [stdout]   --> lib.rs:23:3
[INFO] [stdout]    |
[INFO] [stdout] 23 | #[plugin_registrar]
[INFO] [stdout]    |   ^^^^^^^^^^^^^^^^
[INFO] [stdout]    |
[INFO] [stdout]    = note: `plugin_registrar` is in scope, but it is a function, not an attribute
[INFO] [stdout] 
[INFO] [stdout] 
[INFO] [stdout] error: cannot find macro `panictry` in this scope
[INFO] [stdout]   --> lib.rs:80:28
[INFO] [stdout]    |
[INFO] [stdout] 80 |     while let Some(item) = panictry!(p.parse_item()) {
[INFO] [stdout]    |                            ^^^^^^^^
[INFO] [stdout] 
[INFO] [stdout] 
[INFO] [stdout] error: cannot find macro `panictry` in this scope
[INFO] [stdout]   --> lib.rs:80:28
[INFO] [stdout]    |
[INFO] [stdout] 80 |     while let Some(item) = panictry!(p.parse_item()) {
[INFO] [stdout]    |                            ^^^^^^^^
[INFO] [stdout] 
[INFO] [stdout] 
[INFO] [stdout] error: cannot find macro `smallvec` in this scope
[INFO] [stdout]   --> lib.rs:84:21
[INFO] [stdout]    |
[INFO] [stdout] 84 |     MacEager::items(smallvec![cx.item_mod(sp, sp, ident, vec![], items)])
[INFO] [stdout]    |                     ^^^^^^^^
[INFO] [stdout]    |
[INFO] [stdout] note: `smallvec` is imported here, but it is an unresolved item, not a macro
[INFO] [stdout]   --> lib.rs:5:14
[INFO] [stdout]    |
[INFO] [stdout] 5  | #[macro_use] extern crate smallvec;
[INFO] [stdout]    |              ^^^^^^^^^^^^^^^^^^^^^^
[INFO] [stdout] 
[INFO] [stdout] 
[INFO] [stdout] error: cannot find macro `smallvec` in this scope
[INFO] [stdout]   --> lib.rs:84:21
[INFO] [stdout]    |
[INFO] [stdout] 84 |     MacEager::items(smallvec![cx.item_mod(sp, sp, ident, vec![], items)])
[INFO] [stdout]    |                     ^^^^^^^^
[INFO] [stdout]    |
[INFO] [stdout] note: `smallvec` is imported here, but it is an unresolved item, not a macro
[INFO] [stdout]   --> lib.rs:5:14
[INFO] [stdout]    |
[INFO] [stdout] 5  | #[macro_use] extern crate smallvec;
[INFO] [stdout]    |              ^^^^^^^^^^^^^^^^^^^^^^
[INFO] [stdout] 
[INFO] [stdout] 
[INFO] [stdout] error: cannot find macro `panictry` in this scope
[INFO] [stdout]   --> lib.rs:93:39
[INFO] [stdout]    |
[INFO] [stdout] 93 |     let arg = cx.expander().fold_expr(panictry!(parser.parse_expr()));
[INFO] [stdout]    |                                       ^^^^^^^^
[INFO] [stdout] 
[INFO] [stdout] 
[INFO] [stdout] error: cannot find macro `panictry` in this scope
[INFO] [stdout]   --> lib.rs:93:39
[INFO] [stdout]    |
[INFO] [stdout] 93 |     let arg = cx.expander().fold_expr(panictry!(parser.parse_expr()));
[INFO] [stdout]    |                                       ^^^^^^^^
[INFO] [stdout] 
[INFO] [stdout] 
[INFO] [stdout] warning: trait objects without an explicit `dyn` are deprecated
[INFO] [stdout]   --> lib.rs:34:113
[INFO] [stdout]    |
[INFO] [stdout] 34 | fn expand_peg_str<'s>(cx: &'s mut ExtCtxt, sp: source_map::Span, ident: ast::Ident, tts: Vec<TokenTree>) -> Box<MacResult + 's> {
[INFO] [stdout]    |                                                                                                                 ^^^^^^^^^^^^^^
[INFO] [stdout]    |
[INFO] [stdout]    = warning: this is accepted in the current edition (Rust 2015) but is a hard error in Rust 2021!
[INFO] [stdout]    = note: for more information, see <https://doc.rust-lang.org/nightly/edition-guide/rust-2021/warnings-promoted-to-error.html>
[INFO] [stdout]    = note: `#[warn(bare_trait_objects)]` on by default
[INFO] [stdout] help: use `dyn`
[INFO] [stdout]    |
[INFO] [stdout] 34 | fn expand_peg_str<'s>(cx: &'s mut ExtCtxt, sp: source_map::Span, ident: ast::Ident, tts: Vec<TokenTree>) -> Box<dyn MacResult + 's> {
[INFO] [stdout]    |                                                                                                                 +++
[INFO] [stdout] 
[INFO] [stdout] 
[INFO] [stdout] warning: trait objects without an explicit `dyn` are deprecated
[INFO] [stdout]   --> lib.rs:34:113
[INFO] [stdout]    |
[INFO] [stdout] 34 | fn expand_peg_str<'s>(cx: &'s mut ExtCtxt, sp: source_map::Span, ident: ast::Ident, tts: Vec<TokenTree>) -> Box<MacResult + 's> {
[INFO] [stdout]    |                                                                                                                 ^^^^^^^^^^^^^^
[INFO] [stdout]    |
[INFO] [stdout]    = warning: this is accepted in the current edition (Rust 2015) but is a hard error in Rust 2021!
[INFO] [stdout]    = note: for more information, see <https://doc.rust-lang.org/nightly/edition-guide/rust-2021/warnings-promoted-to-error.html>
[INFO] [stdout]    = note: `#[warn(bare_trait_objects)]` on by default
[INFO] [stdout] help: use `dyn`
[INFO] [stdout]    |
[INFO] [stdout] 34 | fn expand_peg_str<'s>(cx: &'s mut ExtCtxt, sp: source_map::Span, ident: ast::Ident, tts: Vec<TokenTree>) -> Box<dyn MacResult + 's> {
[INFO] [stdout]    |                                                                                                                 +++
[INFO] [stdout] 
[INFO] [stdout] 
[INFO] [stdout] error: aborting due to 9 previous errors; 1 warning emitted
[INFO] [stdout] 
[INFO] [stdout] 
[INFO] [stdout] Some errors have detailed explanations: E0463, E0557.
[INFO] [stdout] 
[INFO] [stdout] For more information about an error, try `rustc --explain E0463`.
[INFO] [stdout] 
[INFO] [stdout] error: aborting due to 9 previous errors; 1 warning emitted
[INFO] [stdout] 
[INFO] [stdout] 
[INFO] [stdout] Some errors have detailed explanations: E0463, E0557.
[INFO] [stdout] 
[INFO] [stdout] For more information about an error, try `rustc --explain E0463`.
[INFO] [stdout] 
[INFO] [stderr] error: could not compile `peg-syntax-ext` (lib test) due to 10 previous errors; 1 warning emitted
[INFO] [stderr] warning: build failed, waiting for other jobs to finish...
[INFO] [stderr] error: could not compile `peg-syntax-ext` (lib) due to 10 previous errors; 1 warning emitted
[INFO] running `Command { std: "docker" "inspect" "0c9c785fd2ff0650f17b03519fa17a3dc949f4d4bc9101d4c6de58475bf7e226", kill_on_drop: false }`
[INFO] running `Command { std: "docker" "rm" "-f" "0c9c785fd2ff0650f17b03519fa17a3dc949f4d4bc9101d4c6de58475bf7e226", kill_on_drop: false }`
[INFO] [stdout] 0c9c785fd2ff0650f17b03519fa17a3dc949f4d4bc9101d4c6de58475bf7e226
