[INFO] fetching crate peerbook 0.1.11...
[INFO] checking peerbook-0.1.11 against nightly-2024-02-05 for check-cfg
[INFO] extracting crate peerbook 0.1.11 into /workspace/builds/worker-3-tc1/source
[INFO] validating manifest of crates.io crate peerbook 0.1.11 on toolchain nightly-2024-02-05
[INFO] running `Command { std: CARGO_HOME="/workspace/cargo-home" RUSTUP_HOME="/workspace/rustup-home" "/workspace/cargo-home/bin/cargo" "+nightly-2024-02-05" "metadata" "--manifest-path" "Cargo.toml" "--no-deps", kill_on_drop: false }`
[INFO] started tweaking crates.io crate peerbook 0.1.11
[INFO] finished tweaking crates.io crate peerbook 0.1.11
[INFO] tweaked toml for crates.io crate peerbook 0.1.11 written to /workspace/builds/worker-3-tc1/source/Cargo.toml
[INFO] running `Command { std: CARGO_HOME="/workspace/cargo-home" RUSTUP_HOME="/workspace/rustup-home" "/workspace/cargo-home/bin/cargo" "+nightly-2024-02-05" "generate-lockfile" "--manifest-path" "Cargo.toml", kill_on_drop: false }`
[INFO] [stderr]     Updating crates.io index
[INFO] running `Command { std: CARGO_HOME="/workspace/cargo-home" RUSTUP_HOME="/workspace/rustup-home" "/workspace/cargo-home/bin/cargo" "+nightly-2024-02-05" "fetch" "--manifest-path" "Cargo.toml", kill_on_drop: false }`
[INFO] [stderr]  Downloading crates ...
[INFO] [stderr]   Downloaded multistream-select v0.12.1
[INFO] [stderr]   Downloaded asynchronous-codec v0.6.2
[INFO] [stderr]   Downloaded libp2p-mplex v0.37.0
[INFO] [stderr]   Downloaded libp2p-swarm v0.40.1
[INFO] [stderr]   Downloaded tatami v0.1.6
[INFO] [stderr]   Downloaded libp2p-dns v0.37.0
[INFO] [stderr]   Downloaded libp2p-request-response v0.22.1
[INFO] [stderr]   Downloaded yamux v0.10.2
[INFO] [stderr]   Downloaded rtnetlink v0.10.1
[INFO] [stderr]   Downloaded aes-gcm v0.9.2
[INFO] [stderr]   Downloaded libp2p-websocket v0.39.0
[INFO] [stderr]   Downloaded libp2p-kad v0.41.0
[INFO] [stderr]   Downloaded libp2p-noise v0.40.0
[INFO] [stderr]   Downloaded libp2p-tcp v0.37.0
[INFO] [stderr]   Downloaded netlink-sys v0.8.5
[INFO] [stderr]   Downloaded futures-rustls v0.22.2
[INFO] [stderr]   Downloaded libp2p v0.49.0
[INFO] [stderr]   Downloaded libp2p-identify v0.40.0
[INFO] [stderr]   Downloaded prometheus-client-derive-text-encode v0.3.0
[INFO] [stderr]   Downloaded netlink-packet-utils v0.5.2
[INFO] [stderr]   Downloaded quicksink v0.1.2
[INFO] [stderr]   Downloaded ghash v0.4.4
[INFO] [stderr]   Downloaded libp2p-core v0.37.0
[INFO] [stderr]   Downloaded confy v0.5.1
[INFO] [stderr]   Downloaded ctr v0.7.0
[INFO] [stderr]   Downloaded netlink-packet-route v0.12.0
[INFO] [stderr]   Downloaded libp2p-wasm-ext v0.37.0
[INFO] [stderr]   Downloaded parity-send-wrapper v0.1.0
[INFO] [stderr]   Downloaded libp2p-pnet v0.22.3
[INFO] [stderr]   Downloaded prometheus-client v0.18.1
[INFO] [stderr]   Downloaded prost-codec v0.2.0
[INFO] [stderr]   Downloaded snow v0.9.3
[INFO] [stderr]   Downloaded libp2p-swarm-derive v0.30.1
[INFO] [stderr]   Downloaded windows v0.34.0
[INFO] [stderr]   Downloaded libp2p-ping v0.40.1
[INFO] [stderr]   Downloaded libp2p-autonat v0.8.0
[INFO] [stderr]   Downloaded libp2p-deflate v0.37.0
[INFO] [stderr]   Downloaded libp2p-mdns v0.41.0
[INFO] [stderr]   Downloaded libp2p-gossipsub v0.42.1
[INFO] [stderr]   Downloaded libp2p-metrics v0.10.0
[INFO] [stderr]   Downloaded libp2p-plaintext v0.37.0
[INFO] [stderr]   Downloaded libp2p-relay v0.13.0
[INFO] [stderr]   Downloaded libp2p-rendezvous v0.10.0
[INFO] [stderr]   Downloaded if-watch v2.0.0
[INFO] [stderr]   Downloaded libp2p-uds v0.36.0
[INFO] [stderr]   Downloaded libp2p-yamux v0.41.1
[INFO] running `Command { std: "docker" "create" "-v" "/var/lib/crater-agent-workspace/builds/worker-3-tc1/target:/opt/rustwide/target:rw,Z" "-v" "/var/lib/crater-agent-workspace/builds/worker-3-tc1/source:/opt/rustwide/workdir:ro,Z" "-v" "/var/lib/crater-agent-workspace/cargo-home:/opt/rustwide/cargo-home:ro,Z" "-v" "/var/lib/crater-agent-workspace/rustup-home:/opt/rustwide/rustup-home:ro,Z" "-e" "SOURCE_DIR=/opt/rustwide/workdir" "-e" "CARGO_TARGET_DIR=/opt/rustwide/target" "-e" "CARGO_HOME=/opt/rustwide/cargo-home" "-e" "RUSTUP_HOME=/opt/rustwide/rustup-home" "-w" "/opt/rustwide/workdir" "-m" "1610612736" "--user" "0:0" "--network" "none" "ghcr.io/rust-lang/crates-build-env/linux@sha256:2788e3201cd34a07e3172128adcd8b3090168a8e3bcc40d7c032b9dda1df7d1c" "/opt/rustwide/cargo-home/bin/cargo" "+nightly-2024-02-05" "metadata" "--no-deps" "--format-version=1", kill_on_drop: false }`
[INFO] [stdout] 0c2b123d47fd20d0fe2321c9895c7a4f738c35b4829528156dece17df33c63f8
[INFO] running `Command { std: "docker" "start" "-a" "0c2b123d47fd20d0fe2321c9895c7a4f738c35b4829528156dece17df33c63f8", kill_on_drop: false }`
[INFO] running `Command { std: "docker" "inspect" "0c2b123d47fd20d0fe2321c9895c7a4f738c35b4829528156dece17df33c63f8", kill_on_drop: false }`
[INFO] running `Command { std: "docker" "rm" "-f" "0c2b123d47fd20d0fe2321c9895c7a4f738c35b4829528156dece17df33c63f8", kill_on_drop: false }`
[INFO] [stdout] 0c2b123d47fd20d0fe2321c9895c7a4f738c35b4829528156dece17df33c63f8
[INFO] running `Command { std: "docker" "create" "-v" "/var/lib/crater-agent-workspace/builds/worker-3-tc1/target:/opt/rustwide/target:rw,Z" "-v" "/var/lib/crater-agent-workspace/builds/worker-3-tc1/source:/opt/rustwide/workdir:ro,Z" "-v" "/var/lib/crater-agent-workspace/cargo-home:/opt/rustwide/cargo-home:ro,Z" "-v" "/var/lib/crater-agent-workspace/rustup-home:/opt/rustwide/rustup-home:ro,Z" "-e" "SOURCE_DIR=/opt/rustwide/workdir" "-e" "CARGO_TARGET_DIR=/opt/rustwide/target" "-e" "CARGO_INCREMENTAL=0" "-e" "RUST_BACKTRACE=full" "-e" "RUSTFLAGS=--cap-lints=forbid" "-e" "RUSTDOCFLAGS=--cap-lints=forbid" "-e" "CARGO_HOME=/opt/rustwide/cargo-home" "-e" "RUSTUP_HOME=/opt/rustwide/rustup-home" "-w" "/opt/rustwide/workdir" "-m" "1610612736" "--user" "0:0" "--network" "none" "ghcr.io/rust-lang/crates-build-env/linux@sha256:2788e3201cd34a07e3172128adcd8b3090168a8e3bcc40d7c032b9dda1df7d1c" "/opt/rustwide/cargo-home/bin/cargo" "+nightly-2024-02-05" "check" "--frozen" "--all" "--all-targets" "--message-format=json", kill_on_drop: false }`
[INFO] [stdout] e1658d7869bf483b089ea05188392ae68482c82878935a5672f5e7d2649a0ffb
[INFO] running `Command { std: "docker" "start" "-a" "e1658d7869bf483b089ea05188392ae68482c82878935a5672f5e7d2649a0ffb", kill_on_drop: false }`
[INFO] [stderr]    Compiling libc v0.2.153
[INFO] [stderr]    Compiling syn v1.0.109
[INFO] [stderr]    Compiling typenum v1.17.0
[INFO] [stderr]     Checking futures-core v0.3.30
[INFO] [stderr]     Checking futures-io v0.3.30
[INFO] [stderr]    Compiling generic-array v0.14.7
[INFO] [stderr]    Compiling itertools v0.10.5
[INFO] [stderr]    Compiling heck v0.4.1
[INFO] [stderr]    Compiling rustix v0.38.31
[INFO] [stderr]    Compiling linux-raw-sys v0.4.13
[INFO] [stderr]    Compiling bitflags v2.4.2
[INFO] [stderr]    Compiling bytes v1.5.0
[INFO] [stderr]    Compiling anyhow v1.0.79
[INFO] [stderr]    Compiling prettyplease v0.1.25
[INFO] [stderr]    Compiling syn v2.0.48
[INFO] [stderr]    Compiling regex-syntax v0.8.2
[INFO] [stderr]     Checking futures-channel v0.3.30
[INFO] [stderr]    Compiling fastrand v2.0.1
[INFO] [stderr]    Compiling fixedbitset v0.4.2
[INFO] [stderr]     Checking futures-task v0.3.30
[INFO] [stderr]    Compiling home v0.5.9
[INFO] [stderr]    Compiling lazy_static v1.4.0
[INFO] [stderr]    Compiling multimap v0.8.3
[INFO] [stderr]     Checking byteorder v1.5.0
[INFO] [stderr]     Checking subtle v2.5.0
[INFO] [stderr]    Compiling petgraph v0.6.4
[INFO] [stderr]    Compiling crunchy v0.2.2
[INFO] [stderr]     Checking cpufeatures v0.2.12
[INFO] [stderr]    Compiling getrandom v0.1.16
[INFO] [stderr]    Compiling serde v1.0.196
[INFO] [stderr]     Checking unicode-normalization v0.1.22
[INFO] [stderr]     Checking unicode-bidi v0.3.15
[INFO] [stderr]     Checking base64 v0.13.1
[INFO] [stderr]     Checking signature v1.6.4
[INFO] [stderr]     Checking ed25519 v1.5.3
[INFO] [stderr]     Checking futures-timer v3.0.2
[INFO] [stderr]     Checking asn1_der v0.7.6
[INFO] [stderr]     Checking either v1.9.0
[INFO] [stderr]     Checking idna v0.5.0
[INFO] [stderr]    Compiling paste v1.0.14
[INFO] [stderr]    Compiling io-lifetimes v1.0.11
[INFO] [stderr]    Compiling polling v2.8.0
[INFO] [stderr]    Compiling cc v1.0.83
[INFO] [stderr]    Compiling rustix v0.37.27
[INFO] [stderr]     Checking url v2.5.0
[INFO] [stderr]     Checking futures-lite v2.2.0
[INFO] [stderr]    Compiling regex-automata v0.4.5
[INFO] [stderr]    Compiling async-io v1.13.0
[INFO] [stderr]     Checking linux-raw-sys v0.3.8
[INFO] [stderr]     Checking futures-lite v1.13.0
[INFO] [stderr]     Checking digest v0.9.0
[INFO] [stderr]     Checking crypto-common v0.1.6
[INFO] [stderr]     Checking block-buffer v0.10.4
[INFO] [stderr]     Checking getrandom v0.2.12
[INFO] [stderr]     Checking num_cpus v1.16.0
[INFO] [stderr]     Checking digest v0.10.7
[INFO] [stderr]    Compiling tempfile v3.10.0
[INFO] [stderr]    Compiling which v4.4.2
[INFO] [stderr]     Checking rand_core v0.5.1
[INFO] [stderr]     Checking rand_core v0.6.4
[INFO] [stderr]    Compiling libsecp256k1-core v0.3.0
[INFO] [stderr]     Checking block-buffer v0.9.0
[INFO] [stderr]     Checking parking_lot_core v0.9.9
[INFO] [stderr]     Checking crypto-mac v0.8.0
[INFO] [stderr]     Checking sha2 v0.9.9
[INFO] [stderr]     Checking rand_chacha v0.3.1
[INFO] [stderr]     Checking sha2 v0.10.8
[INFO] [stderr]     Checking hmac v0.8.1
[INFO] [stderr]     Checking parking_lot v0.12.1
[INFO] [stderr]     Checking rand_chacha v0.2.2
[INFO] [stderr]     Checking hmac-drbg v0.3.0
[INFO] [stderr]     Checking rand v0.8.5
[INFO] [stderr]     Checking socket2 v0.5.5
[INFO] [stderr]     Checking mio v0.8.10
[INFO] [stderr]     Checking socket2 v0.4.10
[INFO] [stderr]    Compiling ring v0.16.20
[INFO] [stderr]    Compiling ring v0.17.7
[INFO] [stderr]     Checking rand v0.7.3
[INFO] [stderr]     Checking async-lock v2.8.0
[INFO] [stderr]    Compiling libsecp256k1-gen-genmult v0.3.0
[INFO] [stderr]    Compiling libsecp256k1-gen-ecmult v0.3.0
[INFO] [stderr]     Checking untrusted v0.9.0
[INFO] [stderr]     Checking atomic-waker v1.1.2
[INFO] [stderr]     Checking spin v0.9.8
[INFO] [stderr]    Compiling pkg-config v0.3.29
[INFO] [stderr]     Checking piper v0.2.1
[INFO] [stderr]     Checking async-channel v2.1.1
[INFO] [stderr]     Checking untrusted v0.7.1
[INFO] [stderr]     Checking spin v0.5.2
[INFO] [stderr]    Compiling regex v1.10.3
[INFO] [stderr]     Checking ipnet v2.9.0
[INFO] [stderr]    Compiling toml v0.5.11
[INFO] [stderr]     Checking async-executor v1.8.0
[INFO] [stderr]    Compiling libsecp256k1 v0.7.1
[INFO] [stderr]    Compiling ahash v0.7.7
[INFO] [stderr]     Checking quick-error v1.2.3
[INFO] [stderr]     Checking miniz_oxide v0.7.2
[INFO] [stderr]     Checking nix v0.24.3
[INFO] [stderr]     Checking matches v0.1.10
[INFO] [stderr]     Checking match_cfg v0.1.0
[INFO] [stderr]    Compiling httparse v1.8.0
[INFO] [stderr]    Compiling rustls v0.20.9
[INFO] [stderr]    Compiling synstructure v0.12.6
[INFO] [stderr]    Compiling proc-macro-error v1.0.4
[INFO] [stderr]    Compiling libz-sys v1.1.15
[INFO] [stderr]    Compiling wasm-bindgen-backend v0.2.90
[INFO] [stderr]     Checking hostname v0.3.1
[INFO] [stderr]     Checking idna v0.2.3
[INFO] [stderr]    Compiling snow v0.9.3
[INFO] [stderr]     Checking flate2 v1.0.28
[INFO] [stderr]     Checking parking_lot_core v0.8.6
[INFO] [stderr]     Checking inout v0.1.3
[INFO] [stderr]     Checking aho-corasick v1.1.2
[INFO] [stderr]     Checking linked-hash-map v0.5.6
[INFO] [stderr]     Checking nohash-hasher v0.2.0
[INFO] [stderr]     Checking parking_lot v0.11.2
[INFO] [stderr]     Checking lru-cache v0.1.2
[INFO] [stderr]     Checking cipher v0.4.4
[INFO] [stderr]     Checking resolv-conf v0.7.0
[INFO] [stderr]     Checking hashbrown v0.12.3
[INFO] [stderr]     Checking sha-1 v0.9.8
[INFO] [stderr]     Checking hex v0.4.3
[INFO] [stderr]    Compiling wasm-bindgen-macro-support v0.2.90
[INFO] [stderr]     Checking pin-project-lite v0.1.12
[INFO] [stderr]     Checking keccak v0.1.5
[INFO] [stderr]     Checking quicksink v0.1.2
[INFO] [stderr]     Checking salsa20 v0.10.2
[INFO] [stderr]     Checking dns-parser v0.8.0
[INFO] [stderr]     Checking uint v0.9.5
[INFO] [stderr]     Checking bimap v0.6.3
[INFO] [stderr]     Checking hex_fmt v0.3.0
[INFO] [stderr]     Checking sha3 v0.10.8
[INFO] [stderr]     Checking parity-send-wrapper v0.1.0
[INFO] [stderr]     Checking dirs-sys v0.3.7
[INFO] [stderr]     Checking lru v0.8.1
[INFO] [stderr]     Checking directories v4.0.1
[INFO] [stderr]    Compiling prost-derive v0.11.9
[INFO] [stderr]    Compiling enum-as-inner v0.5.1
[INFO] [stderr]    Compiling prometheus-client-derive-text-encode v0.3.0
[INFO] [stderr]    Compiling libp2p-swarm-derive v0.30.1
[INFO] [stderr]    Compiling futures-macro v0.3.30
[INFO] [stderr]    Compiling thiserror-impl v1.0.56
[INFO] [stderr]    Compiling serde_derive v1.0.196
[INFO] [stderr]    Compiling zeroize_derive v1.4.2
[INFO] [stderr]    Compiling pin-project-internal v1.1.4
[INFO] [stderr]    Compiling tracing-attributes v0.1.27
[INFO] [stderr]    Compiling tokio-macros v2.2.0
[INFO] [stderr]    Compiling async-trait v0.1.77
[INFO] [stderr]    Compiling wasm-bindgen-macro v0.2.90
[INFO] [stderr]     Checking prometheus-client v0.18.1
[INFO] [stderr]     Checking zeroize v1.3.0
[INFO] [stderr]     Checking webpki v0.22.4
[INFO] [stderr]     Checking sct v0.7.1
[INFO] [stderr]     Checking curve25519-dalek v3.2.1
[INFO] [stderr]     Checking wasm-bindgen v0.2.90
[INFO] [stderr]     Checking tokio v1.36.0
[INFO] [stderr]     Checking webpki-roots v0.22.6
[INFO] [stderr]     Checking futures-util v0.3.30
[INFO] [stderr]     Checking js-sys v0.3.67
[INFO] [stderr]     Checking thiserror v1.0.56
[INFO] [stderr]     Checking x25519-dalek v1.2.0
[INFO] [stderr]    Compiling proc-macro-crate v1.1.3
[INFO] [stderr]     Checking netlink-packet-utils v0.5.2
[INFO] [stderr]     Checking tracing v0.1.40
[INFO] [stderr]     Checking netlink-packet-core v0.4.2
[INFO] [stderr]     Checking pin-project v1.1.4
[INFO] [stderr]     Checking polling v3.4.0
[INFO] [stderr]     Checking blocking v1.5.1
[INFO] [stderr]    Compiling multihash-derive v0.8.1
[INFO] [stderr]    Compiling prost v0.11.9
[INFO] [stderr]     Checking netlink-packet-route v0.12.0
[INFO] [stderr]     Checking async-io v2.3.1
[INFO] [stderr]    Compiling prost-types v0.11.9
[INFO] [stderr]     Checking async-global-executor v2.4.1
[INFO] [stderr]     Checking futures-rustls v0.22.2
[INFO] [stderr]    Compiling prost-build v0.11.9
[INFO] [stderr]     Checking futures-executor v0.3.30
[INFO] [stderr]     Checking asynchronous-codec v0.6.2
[INFO] [stderr]    Compiling libp2p-core v0.37.0
[INFO] [stderr]    Compiling libp2p-identify v0.40.0
[INFO] [stderr]    Compiling libp2p-relay v0.13.0
[INFO] [stderr]    Compiling libp2p-plaintext v0.37.0
[INFO] [stderr]    Compiling libp2p-autonat v0.8.0
[INFO] [stderr]    Compiling libp2p-kad v0.41.0
[INFO] [stderr]    Compiling libp2p-rendezvous v0.10.0
[INFO] [stderr]    Compiling libp2p-noise v0.40.0
[INFO] [stderr]    Compiling libp2p-gossipsub v0.42.1
[INFO] [stderr]     Checking futures v0.3.30
[INFO] [stderr]     Checking unsigned-varint v0.7.2
[INFO] [stderr]     Checking rw-stream-sink v0.3.0
[INFO] [stderr]     Checking netlink-sys v0.8.5
[INFO] [stderr]     Checking wasm-timer v0.2.5
[INFO] [stderr]     Checking yamux v0.10.2
[INFO] [stderr]     Checking soketto v0.7.1
[INFO] [stderr]     Checking libp2p-pnet v0.22.3
[INFO] [stderr]     Checking multihash v0.16.3
[INFO] [stderr]     Checking multistream-select v0.12.1
[INFO] [stderr]     Checking prost-codec v0.2.0
[INFO] [stderr]     Checking wasm-bindgen-futures v0.4.40
[INFO] [stderr]     Checking netlink-proto v0.10.0
[INFO] [stderr]     Checking trust-dns-proto v0.22.0
[INFO] [stderr]     Checking tokio-util v0.7.10
[INFO] [stderr]     Checking tokio-stream v0.1.14
[INFO] [stderr]     Checking rtnetlink v0.10.1
[INFO] [stderr]     Checking if-watch v2.0.0
[INFO] [stderr]     Checking multiaddr v0.14.0
[INFO] [stderr]     Checking ed25519-dalek v1.0.1
[INFO] [stderr]     Checking serde_json v1.0.113
[INFO] [stderr]     Checking confy v0.5.1
[INFO] [stderr]     Checking trust-dns-resolver v0.22.0
[INFO] [stderr]     Checking libp2p-swarm v0.40.1
[INFO] [stderr]     Checking libp2p-mplex v0.37.0
[INFO] [stderr]     Checking libp2p-tcp v0.37.0
[INFO] [stderr]     Checking libp2p-deflate v0.37.0
[INFO] [stderr]     Checking libp2p-websocket v0.39.0
[INFO] [stderr]     Checking libp2p-yamux v0.41.1
[INFO] [stderr]     Checking libp2p-dns v0.37.0
[INFO] [stderr]     Checking libp2p-uds v0.36.0
[INFO] [stderr]     Checking libp2p-wasm-ext v0.37.0
[INFO] [stderr]     Checking libp2p-request-response v0.22.1
[INFO] [stderr]     Checking libp2p-ping v0.40.1
[INFO] [stderr]     Checking libp2p-mdns v0.41.0
[INFO] [stderr]     Checking libp2p v0.49.0
[INFO] [stderr]     Checking tatami v0.1.6
[INFO] [stderr]     Checking peerbook v0.1.11 (/opt/rustwide/workdir)
[INFO] [stdout] error[E0432]: unresolved import `tatami::Shoji`
[INFO] [stdout]  --> src/integration/mod.rs:1:22
[INFO] [stdout]   |
[INFO] [stdout] 1 | use tatami::{PeerId, Shoji};
[INFO] [stdout]   |                      ^^^^^ no `Shoji` in the root
[INFO] [stdout] 
[INFO] [stdout] 
[INFO] [stdout] error[E0432]: unresolved import `tatami::Shoji`
[INFO] [stdout]  --> src/integration/mod.rs:1:22
[INFO] [stdout]   |
[INFO] [stdout] 1 | use tatami::{PeerId, Shoji};
[INFO] [stdout]   |                      ^^^^^ no `Shoji` in the root
[INFO] [stdout] 
[INFO] [stdout] 
[INFO] [stdout] error[E0432]: unresolved imports `tatami::Module`, `tatami::Shoji`
[INFO] [stdout]  --> src/integration/module.rs:3:14
[INFO] [stdout]   |
[INFO] [stdout] 3 | use tatami::{Module, PeerId, PeerMessage, Shoji, TatamiEvent};
[INFO] [stdout]   |              ^^^^^^                       ^^^^^ no `Shoji` in the root
[INFO] [stdout]   |              |
[INFO] [stdout]   |              no `Module` in the root
[INFO] [stdout]   |
[INFO] [stdout]   = help: consider importing this unresolved item through its public re-export instead:
[INFO] [stdout]           crate::integration::Shoji
[INFO] [stdout] 
[INFO] [stdout] 
[INFO] [stdout] error[E0432]: unresolved imports `tatami::Module`, `tatami::Shoji`
[INFO] [stdout]  --> src/integration/module.rs:3:14
[INFO] [stdout]   |
[INFO] [stdout] 3 | use tatami::{Module, PeerId, PeerMessage, Shoji, TatamiEvent};
[INFO] [stdout]   |              ^^^^^^                       ^^^^^ no `Shoji` in the root
[INFO] [stdout]   |              |
[INFO] [stdout]   |              no `Module` in the root
[INFO] [stdout]   |
[INFO] [stdout]   = help: consider importing this unresolved item through its public re-export instead:
[INFO] [stdout]           crate::integration::Shoji
[INFO] [stdout] 
[INFO] [stdout] 
[INFO] [stdout] error: aborting due to 2 previous errors
[INFO] [stdout] 
[INFO] [stdout] 
[INFO] [stdout] For more information about this error, try `rustc --explain E0432`.
[INFO] [stdout] 
[INFO] [stdout] error: aborting due to 2 previous errors
[INFO] [stdout] 
[INFO] [stdout] 
[INFO] [stdout] For more information about this error, try `rustc --explain E0432`.
[INFO] [stdout] 
[INFO] [stderr] error: could not compile `peerbook` (lib) due to 3 previous errors
[INFO] [stderr] warning: build failed, waiting for other jobs to finish...
[INFO] [stderr] error: could not compile `peerbook` (lib test) due to 3 previous errors
[INFO] running `Command { std: "docker" "inspect" "e1658d7869bf483b089ea05188392ae68482c82878935a5672f5e7d2649a0ffb", kill_on_drop: false }`
[INFO] running `Command { std: "docker" "rm" "-f" "e1658d7869bf483b089ea05188392ae68482c82878935a5672f5e7d2649a0ffb", kill_on_drop: false }`
[INFO] [stdout] e1658d7869bf483b089ea05188392ae68482c82878935a5672f5e7d2649a0ffb
[INFO] checking peerbook-0.1.11 against nightly-2024-02-05+rustflags=-Dunexpected_cfgs+cargoflags=-Zcheck-cfg for check-cfg
[INFO] extracting crate peerbook 0.1.11 into /workspace/builds/worker-3-tc2/source
[INFO] validating manifest of crates.io crate peerbook 0.1.11 on toolchain nightly-2024-02-05
[INFO] running `Command { std: CARGO_HOME="/workspace/cargo-home" RUSTUP_HOME="/workspace/rustup-home" "/workspace/cargo-home/bin/cargo" "+nightly-2024-02-05" "metadata" "--manifest-path" "Cargo.toml" "--no-deps", kill_on_drop: false }`
[INFO] started tweaking crates.io crate peerbook 0.1.11
[INFO] finished tweaking crates.io crate peerbook 0.1.11
[INFO] tweaked toml for crates.io crate peerbook 0.1.11 written to /workspace/builds/worker-3-tc2/source/Cargo.toml
[INFO] running `Command { std: CARGO_HOME="/workspace/cargo-home" RUSTUP_HOME="/workspace/rustup-home" "/workspace/cargo-home/bin/cargo" "+nightly-2024-02-05" "generate-lockfile" "--manifest-path" "Cargo.toml", kill_on_drop: false }`
[INFO] [stderr]     Updating crates.io index
[INFO] running `Command { std: CARGO_HOME="/workspace/cargo-home" RUSTUP_HOME="/workspace/rustup-home" "/workspace/cargo-home/bin/cargo" "+nightly-2024-02-05" "fetch" "--manifest-path" "Cargo.toml", kill_on_drop: false }`
[INFO] running `Command { std: "docker" "create" "-v" "/var/lib/crater-agent-workspace/builds/worker-3-tc2/target:/opt/rustwide/target:rw,Z" "-v" "/var/lib/crater-agent-workspace/builds/worker-3-tc2/source:/opt/rustwide/workdir:ro,Z" "-v" "/var/lib/crater-agent-workspace/cargo-home:/opt/rustwide/cargo-home:ro,Z" "-v" "/var/lib/crater-agent-workspace/rustup-home:/opt/rustwide/rustup-home:ro,Z" "-e" "SOURCE_DIR=/opt/rustwide/workdir" "-e" "CARGO_TARGET_DIR=/opt/rustwide/target" "-e" "CARGO_HOME=/opt/rustwide/cargo-home" "-e" "RUSTUP_HOME=/opt/rustwide/rustup-home" "-w" "/opt/rustwide/workdir" "-m" "1610612736" "--user" "0:0" "--network" "none" "ghcr.io/rust-lang/crates-build-env/linux@sha256:2788e3201cd34a07e3172128adcd8b3090168a8e3bcc40d7c032b9dda1df7d1c" "/opt/rustwide/cargo-home/bin/cargo" "+nightly-2024-02-05" "metadata" "--no-deps" "--format-version=1", kill_on_drop: false }`
[INFO] [stdout] 07db6d4e5f1a6f7936f370939aa4367f5b9aa6dc7df02a2cb570258fd5265bd7
[INFO] running `Command { std: "docker" "start" "-a" "07db6d4e5f1a6f7936f370939aa4367f5b9aa6dc7df02a2cb570258fd5265bd7", kill_on_drop: false }`
[INFO] running `Command { std: "docker" "inspect" "07db6d4e5f1a6f7936f370939aa4367f5b9aa6dc7df02a2cb570258fd5265bd7", kill_on_drop: false }`
[INFO] running `Command { std: "docker" "rm" "-f" "07db6d4e5f1a6f7936f370939aa4367f5b9aa6dc7df02a2cb570258fd5265bd7", kill_on_drop: false }`
[INFO] [stdout] 07db6d4e5f1a6f7936f370939aa4367f5b9aa6dc7df02a2cb570258fd5265bd7
[INFO] running `Command { std: "docker" "create" "-v" "/var/lib/crater-agent-workspace/builds/worker-3-tc2/target:/opt/rustwide/target:rw,Z" "-v" "/var/lib/crater-agent-workspace/builds/worker-3-tc2/source:/opt/rustwide/workdir:ro,Z" "-v" "/var/lib/crater-agent-workspace/cargo-home:/opt/rustwide/cargo-home:ro,Z" "-v" "/var/lib/crater-agent-workspace/rustup-home:/opt/rustwide/rustup-home:ro,Z" "-e" "SOURCE_DIR=/opt/rustwide/workdir" "-e" "CARGO_TARGET_DIR=/opt/rustwide/target" "-e" "CARGO_INCREMENTAL=0" "-e" "RUST_BACKTRACE=full" "-e" "RUSTFLAGS=--cap-lints=forbid -Dunexpected_cfgs" "-e" "RUSTDOCFLAGS=--cap-lints=forbid" "-e" "CARGO_HOME=/opt/rustwide/cargo-home" "-e" "RUSTUP_HOME=/opt/rustwide/rustup-home" "-w" "/opt/rustwide/workdir" "-m" "1610612736" "--user" "0:0" "--network" "none" "ghcr.io/rust-lang/crates-build-env/linux@sha256:2788e3201cd34a07e3172128adcd8b3090168a8e3bcc40d7c032b9dda1df7d1c" "/opt/rustwide/cargo-home/bin/cargo" "+nightly-2024-02-05" "check" "--frozen" "--all" "--all-targets" "--message-format=json" "-Zcheck-cfg", kill_on_drop: false }`
[INFO] [stdout] c9ccea0225a6fb593225183c4b9f5ae5795ef7473de2e3b4faf9f53aa4120afe
[INFO] running `Command { std: "docker" "start" "-a" "c9ccea0225a6fb593225183c4b9f5ae5795ef7473de2e3b4faf9f53aa4120afe", kill_on_drop: false }`
[INFO] [stderr]    Compiling libc v0.2.153
[INFO] [stderr]    Compiling syn v1.0.109
[INFO] [stderr]    Compiling typenum v1.17.0
[INFO] [stderr]     Checking futures-core v0.3.30
[INFO] [stderr]     Checking futures-io v0.3.30
[INFO] [stderr]    Compiling generic-array v0.14.7
[INFO] [stderr]    Compiling itertools v0.10.5
[INFO] [stderr]    Compiling heck v0.4.1
[INFO] [stderr]    Compiling rustix v0.38.31
[INFO] [stderr]    Compiling linux-raw-sys v0.4.13
[INFO] [stderr]    Compiling bitflags v2.4.2
[INFO] [stderr]    Compiling regex-syntax v0.8.2
[INFO] [stderr]    Compiling anyhow v1.0.79
[INFO] [stderr]    Compiling bytes v1.5.0
[INFO] [stderr]    Compiling syn v2.0.48
[INFO] [stderr]    Compiling prettyplease v0.1.25
[INFO] [stderr]     Checking futures-channel v0.3.30
[INFO] [stderr]    Compiling fixedbitset v0.4.2
[INFO] [stderr]     Checking futures-task v0.3.30
[INFO] [stderr]    Compiling fastrand v2.0.1
[INFO] [stderr]    Compiling home v0.5.9
[INFO] [stderr]    Compiling petgraph v0.6.4
[INFO] [stderr]    Compiling multimap v0.8.3
[INFO] [stderr]    Compiling lazy_static v1.4.0
[INFO] [stderr]     Checking byteorder v1.5.0
[INFO] [stderr]     Checking subtle v2.5.0
[INFO] [stderr]    Compiling crunchy v0.2.2
[INFO] [stderr]     Checking cpufeatures v0.2.12
[INFO] [stderr]    Compiling getrandom v0.1.16
[INFO] [stderr]    Compiling serde v1.0.196
[INFO] [stderr]     Checking unicode-normalization v0.1.22
[INFO] [stderr]     Checking unicode-bidi v0.3.15
[INFO] [stderr]     Checking base64 v0.13.1
[INFO] [stderr]     Checking signature v1.6.4
[INFO] [stderr]     Checking ed25519 v1.5.3
[INFO] [stderr]     Checking either v1.9.0
[INFO] [stderr]     Checking futures-timer v3.0.2
[INFO] [stderr]     Checking asn1_der v0.7.6
[INFO] [stderr]    Compiling io-lifetimes v1.0.11
[INFO] [stderr]     Checking idna v0.5.0
[INFO] [stderr]    Compiling paste v1.0.14
[INFO] [stderr]    Compiling polling v2.8.0
[INFO] [stderr]    Compiling rustix v0.37.27
[INFO] [stderr]     Checking url v2.5.0
[INFO] [stderr]    Compiling cc v1.0.83
[INFO] [stderr]     Checking futures-lite v2.2.0
[INFO] [stderr]    Compiling async-io v1.13.0
[INFO] [stderr]    Compiling regex-automata v0.4.5
[INFO] [stderr]     Checking linux-raw-sys v0.3.8
[INFO] [stderr]     Checking getrandom v0.2.12
[INFO] [stderr]     Checking num_cpus v1.16.0
[INFO] [stderr]    Compiling digest v0.9.0
[INFO] [stderr]     Checking rand_core v0.6.4
[INFO] [stderr]    Compiling libsecp256k1-core v0.3.0
[INFO] [stderr]     Checking parking_lot_core v0.9.9
[INFO] [stderr]     Checking mio v0.8.10
[INFO] [stderr]     Checking rand_chacha v0.3.1
[INFO] [stderr]     Checking rand_core v0.5.1
[INFO] [stderr]     Checking crypto-common v0.1.6
[INFO] [stderr]     Checking block-buffer v0.10.4
[INFO] [stderr]     Checking block-buffer v0.9.0
[INFO] [stderr]     Checking rand v0.8.5
[INFO] [stderr]     Checking parking_lot v0.12.1
[INFO] [stderr]     Checking digest v0.10.7
[INFO] [stderr]     Checking crypto-mac v0.8.0
[INFO] [stderr]     Checking sha2 v0.9.9
[INFO] [stderr]    Compiling tempfile v3.10.0
[INFO] [stderr]    Compiling which v4.4.2
[INFO] [stderr]     Checking hmac v0.8.1
[INFO] [stderr]     Checking sha2 v0.10.8
[INFO] [stderr]     Checking rand_chacha v0.2.2
[INFO] [stderr]     Checking hmac-drbg v0.3.0
[INFO] [stderr]     Checking socket2 v0.5.5
[INFO] [stderr]     Checking rand v0.7.3
[INFO] [stderr]     Checking socket2 v0.4.10
[INFO] [stderr]    Compiling libsecp256k1-gen-genmult v0.3.0
[INFO] [stderr]    Compiling libsecp256k1-gen-ecmult v0.3.0
[INFO] [stderr]    Compiling ring v0.16.20
[INFO] [stderr]    Compiling ring v0.17.7
[INFO] [stderr]     Checking async-lock v2.8.0
[INFO] [stderr]     Checking futures-lite v1.13.0
[INFO] [stderr]    Compiling pkg-config v0.3.29
[INFO] [stderr]     Checking atomic-waker v1.1.2
[INFO] [stderr]     Checking untrusted v0.9.0
[INFO] [stderr]     Checking spin v0.9.8
[INFO] [stderr]     Checking piper v0.2.1
[INFO] [stderr]     Checking async-channel v2.1.1
[INFO] [stderr]     Checking untrusted v0.7.1
[INFO] [stderr]    Compiling libsecp256k1 v0.7.1
[INFO] [stderr]     Checking ipnet v2.9.0
[INFO] [stderr]     Checking spin v0.5.2
[INFO] [stderr]     Checking async-executor v1.8.0
[INFO] [stderr]    Compiling ahash v0.7.7
[INFO] [stderr]     Checking quick-error v1.2.3
[INFO] [stderr]    Compiling regex v1.10.3
[INFO] [stderr]     Checking miniz_oxide v0.7.2
[INFO] [stderr]     Checking nix v0.24.3
[INFO] [stderr]     Checking match_cfg v0.1.0
[INFO] [stderr]    Compiling httparse v1.8.0
[INFO] [stderr]     Checking matches v0.1.10
[INFO] [stderr]    Compiling libz-sys v1.1.15
[INFO] [stderr]    Compiling rustls v0.20.9
[INFO] [stderr]    Compiling toml v0.5.11
[INFO] [stderr]     Checking idna v0.2.3
[INFO] [stderr]     Checking hostname v0.3.1
[INFO] [stderr]    Compiling snow v0.9.3
[INFO] [stderr]     Checking parking_lot_core v0.8.6
[INFO] [stderr]     Checking inout v0.1.3
[INFO] [stderr]     Checking aho-corasick v1.1.2
[INFO] [stderr]     Checking nohash-hasher v0.2.0
[INFO] [stderr]     Checking linked-hash-map v0.5.6
[INFO] [stderr]    Compiling wasm-bindgen-backend v0.2.90
[INFO] [stderr]    Compiling proc-macro-error v1.0.4
[INFO] [stderr]    Compiling synstructure v0.12.6
[INFO] [stderr]     Checking flate2 v1.0.28
[INFO] [stderr]     Checking lru-cache v0.1.2
[INFO] [stderr]     Checking parking_lot v0.11.2
[INFO] [stderr]     Checking hashbrown v0.12.3
[INFO] [stderr]     Checking cipher v0.4.4
[INFO] [stderr]     Checking resolv-conf v0.7.0
[INFO] [stderr]     Checking sha-1 v0.9.8
[INFO] [stderr]     Checking pin-project-lite v0.1.12
[INFO] [stderr]     Checking keccak v0.1.5
[INFO] [stderr]     Checking hex v0.4.3
[INFO] [stderr]     Checking salsa20 v0.10.2
[INFO] [stderr]     Checking quicksink v0.1.2
[INFO] [stderr]     Checking dns-parser v0.8.0
[INFO] [stderr]     Checking hex_fmt v0.3.0
[INFO] [stderr]     Checking parity-send-wrapper v0.1.0
[INFO] [stderr]     Checking bimap v0.6.3
[INFO] [stderr]     Checking sha3 v0.10.8
[INFO] [stderr]     Checking lru v0.8.1
[INFO] [stderr]     Checking dirs-sys v0.3.7
[INFO] [stderr]    Compiling wasm-bindgen-macro-support v0.2.90
[INFO] [stderr]     Checking uint v0.9.5
[INFO] [stderr]     Checking directories v4.0.1
[INFO] [stderr]    Compiling prost-derive v0.11.9
[INFO] [stderr]    Compiling enum-as-inner v0.5.1
[INFO] [stderr]    Compiling prometheus-client-derive-text-encode v0.3.0
[INFO] [stderr]    Compiling libp2p-swarm-derive v0.30.1
[INFO] [stderr]    Compiling futures-macro v0.3.30
[INFO] [stderr]    Compiling thiserror-impl v1.0.56
[INFO] [stderr]    Compiling serde_derive v1.0.196
[INFO] [stderr]    Compiling zeroize_derive v1.4.2
[INFO] [stderr]    Compiling pin-project-internal v1.1.4
[INFO] [stderr]    Compiling tracing-attributes v0.1.27
[INFO] [stderr]    Compiling tokio-macros v2.2.0
[INFO] [stderr]    Compiling async-trait v0.1.77
[INFO] [stderr]    Compiling wasm-bindgen-macro v0.2.90
[INFO] [stderr]     Checking prometheus-client v0.18.1
[INFO] [stderr]     Checking zeroize v1.3.0
[INFO] [stderr]     Checking curve25519-dalek v3.2.1
[INFO] [stderr]     Checking tokio v1.36.0
[INFO] [stderr]     Checking webpki v0.22.4
[INFO] [stderr]     Checking sct v0.7.1
[INFO] [stderr]     Checking wasm-bindgen v0.2.90
[INFO] [stderr]     Checking futures-util v0.3.30
[INFO] [stderr]     Checking webpki-roots v0.22.6
[INFO] [stderr]     Checking x25519-dalek v1.2.0
[INFO] [stderr]     Checking pin-project v1.1.4
[INFO] [stderr]     Checking thiserror v1.0.56
[INFO] [stderr]     Checking tracing v0.1.40
[INFO] [stderr]     Checking js-sys v0.3.67
[INFO] [stderr]    Compiling proc-macro-crate v1.1.3
[INFO] [stderr]     Checking netlink-packet-utils v0.5.2
[INFO] [stderr]    Compiling prost v0.11.9
[INFO] [stderr]     Checking polling v3.4.0
[INFO] [stderr]     Checking blocking v1.5.1
[INFO] [stderr]     Checking netlink-packet-core v0.4.2
[INFO] [stderr]    Compiling multihash-derive v0.8.1
[INFO] [stderr]     Checking netlink-packet-route v0.12.0
[INFO] [stderr]     Checking async-io v2.3.1
[INFO] [stderr]    Compiling prost-types v0.11.9
[INFO] [stderr]     Checking async-global-executor v2.4.1
[INFO] [stderr]     Checking futures-rustls v0.22.2
[INFO] [stderr]    Compiling prost-build v0.11.9
[INFO] [stderr]     Checking futures-executor v0.3.30
[INFO] [stderr]     Checking asynchronous-codec v0.6.2
[INFO] [stderr]    Compiling libp2p-core v0.37.0
[INFO] [stderr]    Compiling libp2p-rendezvous v0.10.0
[INFO] [stderr]    Compiling libp2p-identify v0.40.0
[INFO] [stderr]    Compiling libp2p-plaintext v0.37.0
[INFO] [stderr]    Compiling libp2p-gossipsub v0.42.1
[INFO] [stderr]    Compiling libp2p-kad v0.41.0
[INFO] [stderr]    Compiling libp2p-autonat v0.8.0
[INFO] [stderr]    Compiling libp2p-noise v0.40.0
[INFO] [stderr]    Compiling libp2p-relay v0.13.0
[INFO] [stderr]     Checking futures v0.3.30
[INFO] [stderr]     Checking unsigned-varint v0.7.2
[INFO] [stderr]     Checking rw-stream-sink v0.3.0
[INFO] [stderr]     Checking netlink-sys v0.8.5
[INFO] [stderr]     Checking wasm-timer v0.2.5
[INFO] [stderr]     Checking yamux v0.10.2
[INFO] [stderr]     Checking soketto v0.7.1
[INFO] [stderr]     Checking multihash v0.16.3
[INFO] [stderr]     Checking multistream-select v0.12.1
[INFO] [stderr]     Checking netlink-proto v0.10.0
[INFO] [stderr]     Checking trust-dns-proto v0.22.0
[INFO] [stderr]     Checking prost-codec v0.2.0
[INFO] [stderr]     Checking rtnetlink v0.10.1
[INFO] [stderr]     Checking wasm-bindgen-futures v0.4.40
[INFO] [stderr]     Checking tokio-util v0.7.10
[INFO] [stderr]     Checking libp2p-pnet v0.22.3
[INFO] [stderr]     Checking tokio-stream v0.1.14
[INFO] [stderr]     Checking if-watch v2.0.0
[INFO] [stderr]     Checking ed25519-dalek v1.0.1
[INFO] [stderr]     Checking multiaddr v0.14.0
[INFO] [stderr]     Checking serde_json v1.0.113
[INFO] [stderr]     Checking confy v0.5.1
[INFO] [stderr]     Checking trust-dns-resolver v0.22.0
[INFO] [stderr]     Checking libp2p-swarm v0.40.1
[INFO] [stderr]     Checking libp2p-deflate v0.37.0
[INFO] [stderr]     Checking libp2p-tcp v0.37.0
[INFO] [stderr]     Checking libp2p-uds v0.36.0
[INFO] [stderr]     Checking libp2p-websocket v0.39.0
[INFO] [stderr]     Checking libp2p-yamux v0.41.1
[INFO] [stderr]     Checking libp2p-mplex v0.37.0
[INFO] [stderr]     Checking libp2p-wasm-ext v0.37.0
[INFO] [stderr]     Checking libp2p-dns v0.37.0
[INFO] [stderr]     Checking libp2p-request-response v0.22.1
[INFO] [stderr]     Checking libp2p-mdns v0.41.0
[INFO] [stderr]     Checking libp2p-ping v0.40.1
[INFO] [stderr]     Checking libp2p v0.49.0
[INFO] [stderr]     Checking tatami v0.1.6
[INFO] [stderr]     Checking peerbook v0.1.11 (/opt/rustwide/workdir)
[INFO] [stdout] error[E0432]: unresolved import `tatami::Shoji`
[INFO] [stdout]  --> src/integration/mod.rs:1:22
[INFO] [stdout]   |
[INFO] [stdout] 1 | use tatami::{PeerId, Shoji};
[INFO] [stdout]   |                      ^^^^^ no `Shoji` in the root
[INFO] [stdout] 
[INFO] [stdout] 
[INFO] [stdout] error[E0432]: unresolved imports `tatami::Module`, `tatami::Shoji`
[INFO] [stdout]  --> src/integration/module.rs:3:14
[INFO] [stdout]   |
[INFO] [stdout] 3 | use tatami::{Module, PeerId, PeerMessage, Shoji, TatamiEvent};
[INFO] [stdout]   |              ^^^^^^                       ^^^^^ no `Shoji` in the root
[INFO] [stdout]   |              |
[INFO] [stdout]   |              no `Module` in the root
[INFO] [stdout]   |
[INFO] [stdout]   = help: consider importing this unresolved item through its public re-export instead:
[INFO] [stdout]           crate::integration::Shoji
[INFO] [stdout] 
[INFO] [stdout] 
[INFO] [stdout] error[E0432]: unresolved import `tatami::Shoji`
[INFO] [stdout]  --> src/integration/mod.rs:1:22
[INFO] [stdout]   |
[INFO] [stdout] 1 | use tatami::{PeerId, Shoji};
[INFO] [stdout]   |                      ^^^^^ no `Shoji` in the root
[INFO] [stdout] 
[INFO] [stdout] 
[INFO] [stdout] error[E0432]: unresolved imports `tatami::Module`, `tatami::Shoji`
[INFO] [stdout]  --> src/integration/module.rs:3:14
[INFO] [stdout]   |
[INFO] [stdout] 3 | use tatami::{Module, PeerId, PeerMessage, Shoji, TatamiEvent};
[INFO] [stdout]   |              ^^^^^^                       ^^^^^ no `Shoji` in the root
[INFO] [stdout]   |              |
[INFO] [stdout]   |              no `Module` in the root
[INFO] [stdout]   |
[INFO] [stdout]   = help: consider importing this unresolved item through its public re-export instead:
[INFO] [stdout]           crate::integration::Shoji
[INFO] [stdout] 
[INFO] [stdout] 
[INFO] [stdout] error: aborting due to 2 previous errors
[INFO] [stdout] 
[INFO] [stdout] 
[INFO] [stdout] For more information about this error, try `rustc --explain E0432`.
[INFO] [stdout] 
[INFO] [stderr] error: could not compile `peerbook` (lib test) due to 3 previous errors
[INFO] [stderr] warning: build failed, waiting for other jobs to finish...
[INFO] [stdout] error: aborting due to 2 previous errors
[INFO] [stdout] 
[INFO] [stdout] 
[INFO] [stdout] For more information about this error, try `rustc --explain E0432`.
[INFO] [stdout] 
[INFO] [stderr] error: could not compile `peerbook` (lib) due to 3 previous errors
[INFO] running `Command { std: "docker" "inspect" "c9ccea0225a6fb593225183c4b9f5ae5795ef7473de2e3b4faf9f53aa4120afe", kill_on_drop: false }`
[INFO] running `Command { std: "docker" "rm" "-f" "c9ccea0225a6fb593225183c4b9f5ae5795ef7473de2e3b4faf9f53aa4120afe", kill_on_drop: false }`
[INFO] [stdout] c9ccea0225a6fb593225183c4b9f5ae5795ef7473de2e3b4faf9f53aa4120afe
