[INFO] fetching crate pdl-derive 0.2.3...
[INFO] checking pdl-derive-0.2.3 against nightly-2024-02-05 for check-cfg
[INFO] extracting crate pdl-derive 0.2.3 into /workspace/builds/worker-3-tc1/source
[INFO] validating manifest of crates.io crate pdl-derive 0.2.3 on toolchain nightly-2024-02-05
[INFO] running `Command { std: CARGO_HOME="/workspace/cargo-home" RUSTUP_HOME="/workspace/rustup-home" "/workspace/cargo-home/bin/cargo" "+nightly-2024-02-05" "metadata" "--manifest-path" "Cargo.toml" "--no-deps", kill_on_drop: false }`
[INFO] started tweaking crates.io crate pdl-derive 0.2.3
[INFO] finished tweaking crates.io crate pdl-derive 0.2.3
[INFO] tweaked toml for crates.io crate pdl-derive 0.2.3 written to /workspace/builds/worker-3-tc1/source/Cargo.toml
[INFO] running `Command { std: CARGO_HOME="/workspace/cargo-home" RUSTUP_HOME="/workspace/rustup-home" "/workspace/cargo-home/bin/cargo" "+nightly-2024-02-05" "generate-lockfile" "--manifest-path" "Cargo.toml", kill_on_drop: false }`
[INFO] [stderr]     Updating crates.io index
[INFO] running `Command { std: CARGO_HOME="/workspace/cargo-home" RUSTUP_HOME="/workspace/rustup-home" "/workspace/cargo-home/bin/cargo" "+nightly-2024-02-05" "fetch" "--manifest-path" "Cargo.toml", kill_on_drop: false }`
[INFO] [stderr]  Downloading crates ...
[INFO] [stderr]   Downloaded pdl-runtime v0.2.3
[INFO] [stderr]   Downloaded pdl-compiler v0.2.3
[INFO] running `Command { std: "docker" "create" "-v" "/var/lib/crater-agent-workspace/builds/worker-3-tc1/target:/opt/rustwide/target:rw,Z" "-v" "/var/lib/crater-agent-workspace/builds/worker-3-tc1/source:/opt/rustwide/workdir:ro,Z" "-v" "/var/lib/crater-agent-workspace/cargo-home:/opt/rustwide/cargo-home:ro,Z" "-v" "/var/lib/crater-agent-workspace/rustup-home:/opt/rustwide/rustup-home:ro,Z" "-e" "SOURCE_DIR=/opt/rustwide/workdir" "-e" "CARGO_TARGET_DIR=/opt/rustwide/target" "-e" "CARGO_HOME=/opt/rustwide/cargo-home" "-e" "RUSTUP_HOME=/opt/rustwide/rustup-home" "-w" "/opt/rustwide/workdir" "-m" "1610612736" "--user" "0:0" "--network" "none" "ghcr.io/rust-lang/crates-build-env/linux@sha256:2788e3201cd34a07e3172128adcd8b3090168a8e3bcc40d7c032b9dda1df7d1c" "/opt/rustwide/cargo-home/bin/cargo" "+nightly-2024-02-05" "metadata" "--no-deps" "--format-version=1", kill_on_drop: false }`
[INFO] [stdout] c5488f2e70f1c14c6f84f7bd2cfe0c413424d26133d69eda769ef67dad91ec68
[INFO] running `Command { std: "docker" "start" "-a" "c5488f2e70f1c14c6f84f7bd2cfe0c413424d26133d69eda769ef67dad91ec68", kill_on_drop: false }`
[INFO] running `Command { std: "docker" "inspect" "c5488f2e70f1c14c6f84f7bd2cfe0c413424d26133d69eda769ef67dad91ec68", kill_on_drop: false }`
[INFO] running `Command { std: "docker" "rm" "-f" "c5488f2e70f1c14c6f84f7bd2cfe0c413424d26133d69eda769ef67dad91ec68", kill_on_drop: false }`
[INFO] [stdout] c5488f2e70f1c14c6f84f7bd2cfe0c413424d26133d69eda769ef67dad91ec68
[INFO] running `Command { std: "docker" "create" "-v" "/var/lib/crater-agent-workspace/builds/worker-3-tc1/target:/opt/rustwide/target:rw,Z" "-v" "/var/lib/crater-agent-workspace/builds/worker-3-tc1/source:/opt/rustwide/workdir:ro,Z" "-v" "/var/lib/crater-agent-workspace/cargo-home:/opt/rustwide/cargo-home:ro,Z" "-v" "/var/lib/crater-agent-workspace/rustup-home:/opt/rustwide/rustup-home:ro,Z" "-e" "SOURCE_DIR=/opt/rustwide/workdir" "-e" "CARGO_TARGET_DIR=/opt/rustwide/target" "-e" "CARGO_INCREMENTAL=0" "-e" "RUST_BACKTRACE=full" "-e" "RUSTFLAGS=--cap-lints=forbid" "-e" "RUSTDOCFLAGS=--cap-lints=forbid" "-e" "CARGO_HOME=/opt/rustwide/cargo-home" "-e" "RUSTUP_HOME=/opt/rustwide/rustup-home" "-w" "/opt/rustwide/workdir" "-m" "1610612736" "--user" "0:0" "--network" "none" "ghcr.io/rust-lang/crates-build-env/linux@sha256:2788e3201cd34a07e3172128adcd8b3090168a8e3bcc40d7c032b9dda1df7d1c" "/opt/rustwide/cargo-home/bin/cargo" "+nightly-2024-02-05" "check" "--frozen" "--all" "--all-targets" "--message-format=json", kill_on_drop: false }`
[INFO] [stdout] f6f94c91d5b1b05b85d1a87b97acf69a6c107a5df0b1e06a448f42b93ec4a526
[INFO] running `Command { std: "docker" "start" "-a" "f6f94c91d5b1b05b85d1a87b97acf69a6c107a5df0b1e06a448f42b93ec4a526", kill_on_drop: false }`
[INFO] [stderr]    Compiling proc-macro2 v1.0.78
[INFO] [stderr]    Compiling serde v1.0.196
[INFO] [stderr]    Compiling ucd-trie v0.1.6
[INFO] [stderr]    Compiling memchr v2.7.1
[INFO] [stderr]    Compiling once_cell v1.19.0
[INFO] [stderr]    Compiling serde_json v1.0.113
[INFO] [stderr]    Compiling prettyplease v0.2.16
[INFO] [stderr]     Checking unicode-ident v1.0.12
[INFO] [stderr]     Checking termcolor v1.4.1
[INFO] [stderr]     Checking heck v0.4.1
[INFO] [stderr]    Compiling unicode-width v0.1.11
[INFO] [stderr]    Compiling ryu v1.0.16
[INFO] [stderr]    Compiling itoa v1.0.10
[INFO] [stderr]     Checking bytes v1.5.0
[INFO] [stderr]     Checking codespan-reporting v0.11.1
[INFO] [stderr]     Checking quote v1.0.35
[INFO] [stderr]     Checking syn v2.0.48
[INFO] [stderr]    Compiling serde_derive v1.0.196
[INFO] [stderr]    Compiling thiserror-impl v1.0.56
[INFO] [stderr]    Compiling thiserror v1.0.56
[INFO] [stderr]    Compiling pest v2.7.7
[INFO] [stderr]     Checking pdl-runtime v0.2.3
[INFO] [stderr]    Compiling pest_meta v2.7.7
[INFO] [stderr]    Compiling pest_generator v2.7.7
[INFO] [stderr]    Compiling pest_derive v2.7.7
[INFO] [stderr]     Checking argh_shared v0.1.12
[INFO] [stderr]    Compiling argh_derive v0.1.12
[INFO] [stderr]     Checking argh v0.1.12
[INFO] [stderr]     Checking pdl-compiler v0.2.3
[INFO] [stderr]     Checking pdl-derive v0.2.3 (/opt/rustwide/workdir)
[INFO] [stdout] error: error: unable to find file
[INFO] [stdout]   --> tests/examples.rs:21:11
[INFO] [stdout]    |
[INFO] [stdout] 21 |     #[pdl("../examples/pcap.pdl")]
[INFO] [stdout]    |           ^^^^^^^^^^^^^^^^^^^^^^
[INFO] [stdout] 
[INFO] [stdout] 
[INFO] [stdout] error[E0432]: unresolved import `pcap`
[INFO] [stdout]   --> tests/examples.rs:24:9
[INFO] [stdout]    |
[INFO] [stdout] 24 |     use pcap::*;
[INFO] [stdout]    |         ^^^^ use of undeclared crate or module `pcap`
[INFO] [stdout] 
[INFO] [stdout] 
[INFO] [stdout] error[E0422]: cannot find struct, variant or union type `PcapFileBuilder` in this scope
[INFO] [stdout]   --> tests/examples.rs:27:21
[INFO] [stdout]    |
[INFO] [stdout] 27 |     let pcap_file = PcapFileBuilder {
[INFO] [stdout]    |                     ^^^^^^^^^^^^^^^ not found in this scope
[INFO] [stdout] 
[INFO] [stdout] 
[INFO] [stdout] error[E0422]: cannot find struct, variant or union type `PcapHeader` in this scope
[INFO] [stdout]   --> tests/examples.rs:28:17
[INFO] [stdout]    |
[INFO] [stdout] 28 |         header: PcapHeader {
[INFO] [stdout]    |                 ^^^^^^^^^^ not found in this scope
[INFO] [stdout] 
[INFO] [stdout] 
[INFO] [stdout] error[E0422]: cannot find struct, variant or union type `PcapRecord` in this scope
[INFO] [stdout]   --> tests/examples.rs:36:23
[INFO] [stdout]    |
[INFO] [stdout] 36 |         records: vec![PcapRecord {
[INFO] [stdout]    |                       ^^^^^^^^^^ not found in this scope
[INFO] [stdout] 
[INFO] [stdout] 
[INFO] [stdout] error[E0433]: failed to resolve: use of undeclared type `PcapFile`
[INFO] [stdout]   --> tests/examples.rs:45:13
[INFO] [stdout]    |
[INFO] [stdout] 45 |     assert!(PcapFile::parse(&pcap_file.to_vec()).is_ok());
[INFO] [stdout]    |             ^^^^^^^^ use of undeclared type `PcapFile`
[INFO] [stdout] 
[INFO] [stdout] 
[INFO] [stdout] warning: unused import: `pdl_runtime::Packet`
[INFO] [stdout]   --> tests/examples.rs:25:9
[INFO] [stdout]    |
[INFO] [stdout] 25 |     use pdl_runtime::Packet;
[INFO] [stdout]    |         ^^^^^^^^^^^^^^^^^^^
[INFO] [stdout]    |
[INFO] [stdout]    = note: `#[warn(unused_imports)]` on by default
[INFO] [stdout] 
[INFO] [stdout] 
[INFO] [stdout] error: aborting due to 6 previous errors; 1 warning emitted
[INFO] [stdout] 
[INFO] [stdout] 
[INFO] [stdout] Some errors have detailed explanations: E0422, E0432, E0433.
[INFO] [stdout] 
[INFO] [stdout] For more information about an error, try `rustc --explain E0422`.
[INFO] [stdout] 
[INFO] [stderr] error: could not compile `pdl-derive` (test "examples") due to 7 previous errors; 1 warning emitted
[INFO] running `Command { std: "docker" "inspect" "f6f94c91d5b1b05b85d1a87b97acf69a6c107a5df0b1e06a448f42b93ec4a526", kill_on_drop: false }`
[INFO] running `Command { std: "docker" "rm" "-f" "f6f94c91d5b1b05b85d1a87b97acf69a6c107a5df0b1e06a448f42b93ec4a526", kill_on_drop: false }`
[INFO] [stdout] f6f94c91d5b1b05b85d1a87b97acf69a6c107a5df0b1e06a448f42b93ec4a526
